[INFO] fetching crate framefinery-codecs 0.0.3...
[INFO] testing framefinery-codecs-0.0.3 against 1.98.0-beta.8+cargoflags=--release for beta-release-1.99-2
[INFO] extracting crate framefinery-codecs 0.0.3 into /workspace/builds/worker-1-tc1/source
[INFO] started tweaking crates.io crate framefinery-codecs 0.0.3
[INFO] finished tweaking crates.io crate framefinery-codecs 0.0.3
[INFO] tweaked toml for crates.io crate framefinery-codecs 0.0.3 written to /workspace/builds/worker-1-tc1/source/Cargo.toml
[INFO] validating manifest of crates.io crate framefinery-codecs 0.0.3 on toolchain 1.98.0-beta.8
[INFO] running `Command { std: CARGO_HOME="/workspace/cargo-home" RUSTUP_HOME="/workspace/rustup-home" "/workspace/cargo-home/bin/cargo" "+1.98.0-beta.8" "metadata" "--manifest-path" "Cargo.toml" "--no-deps", kill_on_drop: false }`
[INFO] crate crates.io crate framefinery-codecs 0.0.3 already has a lockfile, it will not be regenerated
[INFO] running `Command { std: CARGO_HOME="/workspace/cargo-home" RUSTUP_HOME="/workspace/rustup-home" "/workspace/cargo-home/bin/cargo" "+1.98.0-beta.8" "fetch" "--manifest-path" "Cargo.toml", kill_on_drop: false }`
[INFO] [stderr]     Updating crates.io index
[INFO] [stderr]  Downloading crates ...
[INFO] [stderr]   Downloaded plotters v0.3.7
[INFO] [stderr]   Downloaded plotters-svg v0.3.7
[INFO] [stderr]   Downloaded is-terminal v0.4.17
[INFO] [stderr]   Downloaded plotters-backend v0.3.7
[INFO] [stderr]   Downloaded tinytemplate v1.2.1
[INFO] [stderr]   Downloaded anes v0.1.6
[INFO] [stderr]   Downloaded criterion-plot v0.5.0
[INFO] [stderr]   Downloaded criterion v0.5.1
[INFO] [stderr]   Downloaded framefinery-api v0.0.3
[INFO] running `Command { std: "docker" "create" "-v" "/var/lib/crater-agent-workspace/builds/worker-1-tc1/source:/opt/rustwide/workdir:ro,Z" "-v" "/var/lib/crater-agent-workspace/builds/worker-1-tc1/target:/opt/rustwide/target:rw,Z" "-v" "/var/lib/crater-agent-workspace/cargo-home:/opt/rustwide/cargo-home:ro,Z" "-v" "/var/lib/crater-agent-workspace/rustup-home:/opt/rustwide/rustup-home:ro,Z" "-m" "1610612736" "--network" "none" "ghcr.io/rust-lang/crates-build-env/linux@sha256:8683fc1fc2eb5c9ac98e0d076ab094b2ffac7f99da555d2b6a2e27f346de2ec7" "sleep" "infinity", kill_on_drop: false }`
[INFO] [stdout] e89c4a377084953aa94edc592bcb815ba43d9bbe58d887675203f38a3ec4a3b7
[INFO] running `Command { std: "docker" "start" "e89c4a377084953aa94edc592bcb815ba43d9bbe58d887675203f38a3ec4a3b7", kill_on_drop: false }`
[INFO] running `Command { std: "docker" "inspect" "e89c4a377084953aa94edc592bcb815ba43d9bbe58d887675203f38a3ec4a3b7", kill_on_drop: false }`
[INFO] running `Command { std: "docker" "exec" "-e" "SOURCE_DIR=/opt/rustwide/workdir" "-e" "CARGO_HOME=/opt/rustwide/cargo-home" "-e" "RUSTUP_HOME=/opt/rustwide/rustup-home" "-e" "CARGO_TARGET_DIR=/opt/rustwide/target" "-w" "/opt/rustwide/workdir" "--user" "0:0" "e89c4a377084953aa94edc592bcb815ba43d9bbe58d887675203f38a3ec4a3b7" "/opt/rustwide/cargo-home/bin/cargo" "+1.98.0-beta.8" "metadata" "--no-deps" "--format-version=1", kill_on_drop: false }`
[INFO] running `Command { std: "docker" "inspect" "e89c4a377084953aa94edc592bcb815ba43d9bbe58d887675203f38a3ec4a3b7", kill_on_drop: false }`
[INFO] running `Command { std: "docker" "exec" "-e" "SOURCE_DIR=/opt/rustwide/workdir" "-e" "CARGO_HOME=/opt/rustwide/cargo-home" "-e" "RUSTUP_HOME=/opt/rustwide/rustup-home" "-e" "CARGO_TARGET_DIR=/opt/rustwide/target" "-e" "CARGO_INCREMENTAL=0" "-e" "RUST_BACKTRACE=full" "-e" "RUSTFLAGS=--cap-lints=warn" "-e" "RUSTDOCFLAGS=--cap-lints=warn" "-w" "/opt/rustwide/workdir" "--user" "0:0" "e89c4a377084953aa94edc592bcb815ba43d9bbe58d887675203f38a3ec4a3b7" "/opt/rustwide/cargo-home/bin/cargo" "+1.98.0-beta.8" "build" "--frozen" "--message-format=json" "--release", kill_on_drop: false }`
[INFO] [stderr]    Compiling framefinery-api v0.0.3
[INFO] [stderr]    Compiling framefinery-codecs v0.0.3 (/opt/rustwide/workdir)
[INFO] [stderr]     Finished `release` profile [optimized] target(s) in 1.51s
[INFO] running `Command { std: "docker" "inspect" "e89c4a377084953aa94edc592bcb815ba43d9bbe58d887675203f38a3ec4a3b7", kill_on_drop: false }`
[INFO] running `Command { std: "docker" "exec" "-e" "SOURCE_DIR=/opt/rustwide/workdir" "-e" "CARGO_HOME=/opt/rustwide/cargo-home" "-e" "RUSTUP_HOME=/opt/rustwide/rustup-home" "-e" "CARGO_TARGET_DIR=/opt/rustwide/target" "-e" "CARGO_INCREMENTAL=0" "-e" "RUST_BACKTRACE=full" "-e" "RUSTFLAGS=--cap-lints=warn" "-e" "RUSTDOCFLAGS=--cap-lints=warn" "-w" "/opt/rustwide/workdir" "--user" "0:0" "e89c4a377084953aa94edc592bcb815ba43d9bbe58d887675203f38a3ec4a3b7" "/opt/rustwide/cargo-home/bin/cargo" "+1.98.0-beta.8" "test" "--frozen" "--no-run" "--message-format=json" "--release", kill_on_drop: false }`
[INFO] [stderr]    Compiling crossbeam-utils v0.8.22
[INFO] [stderr]    Compiling zerocopy v0.8.55
[INFO] [stderr]    Compiling crossbeam-epoch v0.9.20
[INFO] [stderr]    Compiling serde v1.0.229
[INFO] [stderr]    Compiling crossbeam-deque v0.8.7
[INFO] [stderr]    Compiling syn v2.0.119
[INFO] [stderr]    Compiling syn v3.0.3
[INFO] [stderr]    Compiling num-traits v0.2.19
[INFO] [stderr]    Compiling serde_json v1.0.151
[INFO] [stderr]    Compiling rayon-core v1.13.0
[INFO] [stderr]    Compiling either v1.17.0
[INFO] [stderr]    Compiling memchr v2.8.3
[INFO] [stderr]    Compiling plotters-backend v0.3.7
[INFO] [stderr]    Compiling ciborium-io v0.2.2
[INFO] [stderr]    Compiling clap_builder v4.6.2
[INFO] [stderr]    Compiling itertools v0.10.5
[INFO] [stderr]    Compiling regex-automata v0.4.16
[INFO] [stderr]    Compiling plotters-svg v0.3.7
[INFO] [stderr]    Compiling cast v0.3.0
[INFO] [stderr]    Compiling criterion-plot v0.5.0
[INFO] [stderr]    Compiling serde_derive v1.0.229
[INFO] [stderr]    Compiling clap v4.6.4
[INFO] [stderr]    Compiling plotters v0.3.7
[INFO] [stderr]    Compiling regex v1.13.1
[INFO] [stderr]    Compiling zerocopy-derive v0.8.55
[INFO] [stderr]    Compiling is-terminal v0.4.17
[INFO] [stderr]    Compiling rayon v1.12.0
[INFO] [stderr]    Compiling anes v0.1.6
[INFO] [stderr]    Compiling oorandom v11.1.5
[INFO] [stderr]    Compiling tinytemplate v1.2.1
[INFO] [stderr]    Compiling half v2.7.1
[INFO] [stderr]    Compiling ciborium-ll v0.2.2
[INFO] [stderr]    Compiling ciborium v0.2.2
[INFO] [stderr]    Compiling criterion v0.5.1
[INFO] [stderr]    Compiling framefinery-codecs v0.0.3 (/opt/rustwide/workdir)
[INFO] [stderr]     Finished `release` profile [optimized] target(s) in 39.59s
[INFO] running `Command { std: "docker" "inspect" "e89c4a377084953aa94edc592bcb815ba43d9bbe58d887675203f38a3ec4a3b7", kill_on_drop: false }`
[INFO] running `Command { std: "docker" "exec" "-e" "SOURCE_DIR=/opt/rustwide/workdir" "-e" "CARGO_HOME=/opt/rustwide/cargo-home" "-e" "RUSTUP_HOME=/opt/rustwide/rustup-home" "-e" "CARGO_TARGET_DIR=/opt/rustwide/target" "-e" "CARGO_INCREMENTAL=0" "-e" "RUST_BACKTRACE=full" "-e" "RUSTFLAGS=--cap-lints=warn" "-e" "RUSTDOCFLAGS=--cap-lints=warn" "-w" "/opt/rustwide/workdir" "--user" "0:0" "e89c4a377084953aa94edc592bcb815ba43d9bbe58d887675203f38a3ec4a3b7" "/opt/rustwide/cargo-home/bin/cargo" "+1.98.0-beta.8" "test" "--frozen" "--release", kill_on_drop: false }`
[INFO] [stderr]     Finished `release` profile [optimized] target(s) in 0.07s
[INFO] [stderr]      Running unittests src/lib.rs (/opt/rustwide/target/release/deps/framefinery_codecs-8f8adcf097fdb9a2)
[INFO] [stdout] 
[INFO] [stdout] running 10 tests
[INFO] [stdout] test bitstream::tests::bit_packing_msb_first ... ok
[INFO] [stdout] test bitstream::tests::byte_alignment_writes_zero_padding ... ok
[INFO] [stdout] test bitstream::tests::emulation_prevention_inserts_after_two_zeroes ... ok
[INFO] [stdout] test bitstream::tests::rbsp_trailing_bits_adds_stop_bit_and_padding ... ok
[INFO] [stdout] test instrumentation::tests::instrumentation_counters_add_and_set_values ... ok
[INFO] [stdout] test bitstream::tests::syntax_bit_writer_records_field_offsets ... ok
[INFO] [stdout] test instrumentation::tests::counting_writer_tracks_successful_writes ... ok
[INFO] [stdout] test trace::tests::trace_event_creates_jsonl_record ... ok
[INFO] [stdout] test trace::tests::trace_sink_writes_jsonl_file ... FAILED
[INFO] [stdout] test instrumentation::tests::jsonl_sink_appends_lines ... FAILED
[INFO] [stdout] 
[INFO] [stdout] failures:
[INFO] [stdout] 
[INFO] [stdout] ---- trace::tests::trace_sink_writes_jsonl_file stdout ----
[INFO] [stdout] 
[INFO] [stdout] thread 'trace::tests::trace_sink_writes_jsonl_file' (911) panicked at src/trace.rs:113:34:
[INFO] [stdout] called `Result::unwrap()` on an `Err` value: Os { code: 30, kind: ReadOnlyFilesystem, message: "Read-only file system" }
[INFO] [stdout] stack backtrace:
[INFO] [stdout]    0:     0x556e48a17131 - <<std[97b98282bc616a66]::sys::backtrace::BacktraceLock>::print::DisplayBacktrace as core[832e9a552fc17241]::fmt::Display>::fmt
[INFO] [stdout]    1:     0x556e48a2b86a - core[832e9a552fc17241]::fmt::write
[INFO] [stdout]    2:     0x556e48a1b7cc - <alloc[3ecab9f82c41dc7d]::vec::Vec<u8> as std[97b98282bc616a66]::io::Write>::write_fmt
[INFO] [stdout]    3:     0x556e489f4986 - std[97b98282bc616a66]::panicking::default_hook::{closure#0}
[INFO] [stdout]    4:     0x556e48a0ef09 - std[97b98282bc616a66]::panicking::default_hook
[INFO] [stdout]    5:     0x556e489a8f30 - test[39766f3d73431624]::test_main_inner::<test[39766f3d73431624]::test_main_static::{closure#0}>::{closure#0}
[INFO] [stdout]    6:     0x556e48a0f0c2 - std[97b98282bc616a66]::panicking::panic_with_hook
[INFO] [stdout]    7:     0x556e489f4a32 - std[97b98282bc616a66]::panicking::panic_handler::{closure#0}
[INFO] [stdout]    8:     0x556e489ec0d9 - std[97b98282bc616a66]::sys::backtrace::__rust_end_short_backtrace::<std[97b98282bc616a66]::panicking::panic_handler::{closure#0}, !>
[INFO] [stdout]    9:     0x556e489f562d - __rustc[e3d8617bb01b7f69]::rust_begin_unwind
[INFO] [stdout]   10:     0x556e48a2bf9c - core[832e9a552fc17241]::panicking::panic_fmt
[INFO] [stdout]   11:     0x556e48a2bd72 - core[832e9a552fc17241]::result::unwrap_failed
[INFO] [stdout]   12:     0x556e489991e6 - framefinery_codecs[ceb6f40983c56d11]::trace::tests::trace_sink_writes_jsonl_file
[INFO] [stdout]   13:     0x556e4899b369 - <framefinery_codecs[ceb6f40983c56d11]::trace::tests::trace_sink_writes_jsonl_file::{closure#0} as core[832e9a552fc17241]::ops::function::FnOnce<()>>::call_once
[INFO] [stdout]   14:     0x556e4899c26b - test[39766f3d73431624]::__rust_begin_short_backtrace::<core[832e9a552fc17241]::result::Result<(), alloc[3ecab9f82c41dc7d]::string::String>, fn() -> core[832e9a552fc17241]::result::Result<(), alloc[3ecab9f82c41dc7d]::string::String>>
[INFO] [stdout]   15:     0x556e489a98b5 - test[39766f3d73431624]::run_test::{closure#0}
[INFO] [stdout]   16:     0x556e489a4364 - std[97b98282bc616a66]::sys::backtrace::__rust_begin_short_backtrace::<test[39766f3d73431624]::run_test::{closure#1}, ()>
[INFO] [stdout]   17:     0x556e489aca02 - <std[97b98282bc616a66]::thread::lifecycle::spawn_unchecked<test[39766f3d73431624]::run_test::{closure#1}, ()>::{closure#1} as core[832e9a552fc17241]::ops::function::FnOnce<()>>::call_once::{shim:vtable#0}
[INFO] [stdout]   18:     0x556e48a1664f - <std[97b98282bc616a66]::sys::thread::unix::Thread>::new::thread_start
[INFO] [stdout]   19:     0x783b504f507a - <unknown>
[INFO] [stdout]   20:     0x783b50588534 - clone
[INFO] [stdout]   21:                0x0 - <unknown>
[INFO] [stdout] 
[INFO] [stdout] ---- instrumentation::tests::jsonl_sink_appends_lines stdout ----
[INFO] [stdout] 
[INFO] [stdout] thread 'instrumentation::tests::jsonl_sink_appends_lines' (909) panicked at src/instrumentation.rs:229:34:
[INFO] [stdout] called `Result::unwrap()` on an `Err` value: Os { code: 30, kind: ReadOnlyFilesystem, message: "Read-only file system" }
[INFO] [stdout] stack backtrace:
[INFO] [stdout]    0:     0x556e48a17131 - <<std[97b98282bc616a66]::sys::backtrace::BacktraceLock>::print::DisplayBacktrace as core[832e9a552fc17241]::fmt::Display>::fmt
[INFO] [stdout]    1:     0x556e48a2b86a - core[832e9a552fc17241]::fmt::write
[INFO] [stdout]    2:     0x556e48a1b7cc - <alloc[3ecab9f82c41dc7d]::vec::Vec<u8> as std[97b98282bc616a66]::io::Write>::write_fmt
[INFO] [stdout]    3:     0x556e489f4986 - std[97b98282bc616a66]::panicking::default_hook::{closure#0}
[INFO] [stdout]    4:     0x556e48a0ef09 - std[97b98282bc616a66]::panicking::default_hook
[INFO] [stdout]    5:     0x556e489a8f30 - test[39766f3d73431624]::test_main_inner::<test[39766f3d73431624]::test_main_static::{closure#0}>::{closure#0}
[INFO] [stdout]    6:     0x556e48a0f0c2 - std[97b98282bc616a66]::panicking::panic_with_hook
[INFO] [stdout]    7:     0x556e489f4a32 - std[97b98282bc616a66]::panicking::panic_handler::{closure#0}
[INFO] [stdout]    8:     0x556e489ec0d9 - std[97b98282bc616a66]::sys::backtrace::__rust_end_short_backtrace::<std[97b98282bc616a66]::panicking::panic_handler::{closure#0}, !>
[INFO] [stdout]    9:     0x556e489f562d - __rustc[e3d8617bb01b7f69]::rust_begin_unwind
[INFO] [stdout]   10:     0x556e48a2bf9c - core[832e9a552fc17241]::panicking::panic_fmt
[INFO] [stdout]   11:     0x556e48a2bd72 - core[832e9a552fc17241]::result::unwrap_failed
[INFO] [stdout]   12:     0x556e4899ad3c - <framefinery_codecs[ceb6f40983c56d11]::instrumentation::tests::jsonl_sink_appends_lines::{closure#0} as core[832e9a552fc17241]::ops::function::FnOnce<()>>::call_once
[INFO] [stdout]   13:     0x556e4899c26b - test[39766f3d73431624]::__rust_begin_short_backtrace::<core[832e9a552fc17241]::result::Result<(), alloc[3ecab9f82c41dc7d]::string::String>, fn() -> core[832e9a552fc17241]::result::Result<(), alloc[3ecab9f82c41dc7d]::string::String>>
[INFO] [stdout]   14:     0x556e489a98b5 - test[39766f3d73431624]::run_test::{closure#0}
[INFO] [stdout]   15:     0x556e489a4364 - std[97b98282bc616a66]::sys::backtrace::__rust_begin_short_backtrace::<test[39766f3d73431624]::run_test::{closure#1}, ()>
[INFO] [stdout]   16:     0x556e489aca02 - <std[97b98282bc616a66]::thread::lifecycle::spawn_unchecked<test[39766f3d73431624]::run_test::{closure#1}, ()>::{closure#1} as core[832e9a552fc17241]::ops::function::FnOnce<()>>::call_once::{shim:vtable#0}
[INFO] [stdout]   17:     0x556e48a1664f - <std[97b98282bc616a66]::sys::thread::unix::Thread>::new::thread_start
[INFO] [stdout]   18:     0x783b504f507a - <unknown>
[INFO] [stdout]   19:     0x783b50588534 - clone
[INFO] [stdout]   20:                0x0 - <unknown>
[INFO] [stdout] 
[INFO] [stdout] 
[INFO] [stdout] failures:
[INFO] [stdout]     instrumentation::tests::jsonl_sink_appends_lines
[INFO] [stdout]     trace::tests::trace_sink_writes_jsonl_file
[INFO] [stdout] 
[INFO] [stdout] test result: FAILED. 8 passed; 2 failed; 0 ignored; 0 measured; 0 filtered out; finished in 0.00s
[INFO] [stdout] 
[INFO] [stderr] error: test failed, to rerun pass `--lib`
[INFO] running `Command { std: "docker" "inspect" "e89c4a377084953aa94edc592bcb815ba43d9bbe58d887675203f38a3ec4a3b7", kill_on_drop: false }`
[INFO] running `Command { std: "docker" "rm" "-f" "e89c4a377084953aa94edc592bcb815ba43d9bbe58d887675203f38a3ec4a3b7", kill_on_drop: false }`
[INFO] [stdout] e89c4a377084953aa94edc592bcb815ba43d9bbe58d887675203f38a3ec4a3b7
