[INFO] fetching crate automation-simulator-lib 0.1.2...
[INFO] testing automation-simulator-lib-0.1.2 against 1.98.0-beta.8+cargoflags=--release for beta-release-1.99-2
[INFO] extracting crate automation-simulator-lib 0.1.2 into /workspace/builds/worker-4-tc1/source
[INFO] started tweaking crates.io crate automation-simulator-lib 0.1.2
[INFO] removed 0 missing tests
[INFO] finished tweaking crates.io crate automation-simulator-lib 0.1.2
[INFO] tweaked toml for crates.io crate automation-simulator-lib 0.1.2 written to /workspace/builds/worker-4-tc1/source/Cargo.toml
[INFO] validating manifest of crates.io crate automation-simulator-lib 0.1.2 on toolchain 1.98.0-beta.8
[INFO] running `Command { std: CARGO_HOME="/workspace/cargo-home" RUSTUP_HOME="/workspace/rustup-home" "/workspace/cargo-home/bin/cargo" "+1.98.0-beta.8" "metadata" "--manifest-path" "Cargo.toml" "--no-deps", kill_on_drop: false }`
[INFO] crate crates.io crate automation-simulator-lib 0.1.2 already has a lockfile, it will not be regenerated
[INFO] running `Command { std: CARGO_HOME="/workspace/cargo-home" RUSTUP_HOME="/workspace/rustup-home" "/workspace/cargo-home/bin/cargo" "+1.98.0-beta.8" "fetch" "--manifest-path" "Cargo.toml", kill_on_drop: false }`
[INFO] [stderr]     Updating crates.io index
[INFO] [stderr]  Downloading crates ...
[INFO] [stderr]   Downloaded redox_syscall v0.7.4
[INFO] [stderr]   Downloaded libredox v0.1.16
[INFO] [stderr]   Downloaded cargo-husky v1.5.0
[INFO] [stderr]   Downloaded tokio v1.51.1
[INFO] running `Command { std: "docker" "create" "-v" "/var/lib/crater-agent-workspace/builds/worker-4-tc1/source:/opt/rustwide/workdir:ro,Z" "-v" "/var/lib/crater-agent-workspace/builds/worker-4-tc1/target:/opt/rustwide/target:rw,Z" "-v" "/var/lib/crater-agent-workspace/cargo-home:/opt/rustwide/cargo-home:ro,Z" "-v" "/var/lib/crater-agent-workspace/rustup-home:/opt/rustwide/rustup-home:ro,Z" "-m" "1610612736" "--network" "none" "ghcr.io/rust-lang/crates-build-env/linux@sha256:8683fc1fc2eb5c9ac98e0d076ab094b2ffac7f99da555d2b6a2e27f346de2ec7" "sleep" "infinity", kill_on_drop: false }`
[INFO] [stdout] b39cdf0d27f6621b58c7bfd01403bc33deb8e8367290bc63562369f908c0a578
[INFO] running `Command { std: "docker" "start" "b39cdf0d27f6621b58c7bfd01403bc33deb8e8367290bc63562369f908c0a578", kill_on_drop: false }`
[INFO] running `Command { std: "docker" "inspect" "b39cdf0d27f6621b58c7bfd01403bc33deb8e8367290bc63562369f908c0a578", kill_on_drop: false }`
[INFO] running `Command { std: "docker" "exec" "-e" "SOURCE_DIR=/opt/rustwide/workdir" "-e" "CARGO_HOME=/opt/rustwide/cargo-home" "-e" "RUSTUP_HOME=/opt/rustwide/rustup-home" "-e" "CARGO_TARGET_DIR=/opt/rustwide/target" "-w" "/opt/rustwide/workdir" "--user" "0:0" "b39cdf0d27f6621b58c7bfd01403bc33deb8e8367290bc63562369f908c0a578" "/opt/rustwide/cargo-home/bin/cargo" "+1.98.0-beta.8" "metadata" "--no-deps" "--format-version=1", kill_on_drop: false }`
[INFO] running `Command { std: "docker" "inspect" "b39cdf0d27f6621b58c7bfd01403bc33deb8e8367290bc63562369f908c0a578", kill_on_drop: false }`
[INFO] running `Command { std: "docker" "exec" "-e" "SOURCE_DIR=/opt/rustwide/workdir" "-e" "CARGO_HOME=/opt/rustwide/cargo-home" "-e" "RUSTUP_HOME=/opt/rustwide/rustup-home" "-e" "CARGO_TARGET_DIR=/opt/rustwide/target" "-e" "CARGO_INCREMENTAL=0" "-e" "RUST_BACKTRACE=full" "-e" "RUSTFLAGS=--cap-lints=warn" "-e" "RUSTDOCFLAGS=--cap-lints=warn" "-w" "/opt/rustwide/workdir" "--user" "0:0" "b39cdf0d27f6621b58c7bfd01403bc33deb8e8367290bc63562369f908c0a578" "/opt/rustwide/cargo-home/bin/cargo" "+1.98.0-beta.8" "build" "--frozen" "--message-format=json" "--release", kill_on_drop: false }`
[INFO] [stderr]    Compiling proc-macro2 v1.0.106
[INFO] [stderr]    Compiling quote v1.0.45
[INFO] [stderr]    Compiling libc v0.2.184
[INFO] [stderr]    Compiling serde_core v1.0.228
[INFO] [stderr]    Compiling shlex v1.3.0
[INFO] [stderr]    Compiling find-msvc-tools v0.1.9
[INFO] [stderr]    Compiling typenum v1.19.0
[INFO] [stderr]    Compiling version_check v0.9.5
[INFO] [stderr]    Compiling cc v1.2.59
[INFO] [stderr]    Compiling icu_normalizer_data v2.2.0
[INFO] [stderr]    Compiling icu_properties_data v2.2.0
[INFO] [stderr]    Compiling stable_deref_trait v1.2.1
[INFO] [stderr]    Compiling parking_lot_core v0.9.12
[INFO] [stderr]    Compiling crossbeam-utils v0.8.21
[INFO] [stderr]    Compiling serde v1.0.228
[INFO] [stderr]    Compiling generic-array v0.14.9
[INFO] [stderr]    Compiling num-traits v0.2.19
[INFO] [stderr]    Compiling cfg-if v1.0.4
[INFO] [stderr]    Compiling writeable v0.6.3
[INFO] [stderr]    Compiling smallvec v1.15.1
[INFO] [stderr]    Compiling litemap v0.8.2
[INFO] [stderr]    Compiling thiserror v2.0.18
[INFO] [stderr]    Compiling futures-core v0.3.32
[INFO] [stderr]    Compiling rustls v0.23.37
[INFO] [stderr]    Compiling utf8_iter v1.0.4
[INFO] [stderr]    Compiling pin-project-lite v0.2.17
[INFO] [stderr]    Compiling pkg-config v0.3.33
[INFO] [stderr]    Compiling vcpkg v0.2.15
[INFO] [stderr]    Compiling syn v2.0.117
[INFO] [stderr]    Compiling scopeguard v1.2.0
[INFO] [stderr]    Compiling zeroize v1.8.2
[INFO] [stderr]    Compiling lock_api v0.4.14
[INFO] [stderr]    Compiling rustls-pki-types v1.14.0
[INFO] [stderr]    Compiling getrandom v0.2.17
[INFO] [stderr]    Compiling ring v0.17.14
[INFO] [stderr]    Compiling libsqlite3-sys v0.30.1
[INFO] [stderr]    Compiling futures-sink v0.3.32
[INFO] [stderr]    Compiling zmij v1.0.21
[INFO] [stderr]    Compiling untrusted v0.9.0
[INFO] [stderr]    Compiling percent-encoding v2.3.2
[INFO] [stderr]    Compiling equivalent v1.0.2
[INFO] [stderr]    Compiling memchr v2.8.0
[INFO] [stderr]    Compiling once_cell v1.21.4
[INFO] [stderr]    Compiling form_urlencoded v1.2.2
[INFO] [stderr]    Compiling block-buffer v0.10.4
[INFO] [stderr]    Compiling crypto-common v0.1.6
[INFO] [stderr]    Compiling mio v1.2.0
[INFO] [stderr]    Compiling socket2 v0.6.3
[INFO] [stderr]    Compiling serde_json v1.0.149
[INFO] [stderr]    Compiling futures-io v0.3.32
[INFO] [stderr]    Compiling bytes v1.11.1
[INFO] [stderr]    Compiling slab v0.4.12
[INFO] [stderr]    Compiling foldhash v0.1.5
[INFO] [stderr]    Compiling futures-task v0.3.32
[INFO] [stderr]    Compiling allocator-api2 v0.2.21
[INFO] [stderr]    Compiling futures-util v0.3.32
[INFO] [stderr]    Compiling digest v0.10.7
[INFO] [stderr]    Compiling tokio v1.51.1
[INFO] [stderr]    Compiling hashbrown v0.15.5
[INFO] [stderr]    Compiling parking_lot v0.12.5
[INFO] [stderr]    Compiling concurrent-queue v2.5.0
[INFO] [stderr]    Compiling tracing-core v0.1.36
[INFO] [stderr]    Compiling webpki-roots v1.0.6
[INFO] [stderr]    Compiling errno v0.3.14
[INFO] [stderr]    Compiling synstructure v0.13.2
[INFO] [stderr]    Compiling iana-time-zone v0.1.65
[INFO] [stderr]    Compiling rustls-webpki v0.103.10
[INFO] [stderr]    Compiling getrandom v0.4.2
[INFO] [stderr]    Compiling subtle v2.6.1
[INFO] [stderr]    Compiling parking v2.2.1
[INFO] [stderr]    Compiling log v0.4.29
[INFO] [stderr]    Compiling cpufeatures v0.2.17
[INFO] [stderr]    Compiling hashbrown v0.16.1
[INFO] [stderr]    Compiling itoa v1.0.18
[INFO] [stderr]    Compiling crc-catalog v2.4.0
[INFO] [stderr]    Compiling crc v3.4.0
[INFO] [stderr]    Compiling sha2 v0.10.9
[INFO] [stderr]    Compiling indexmap v2.13.1
[INFO] [stderr]    Compiling event-listener v5.4.1
[INFO] [stderr]    Compiling zerofrom-derive v0.1.7
[INFO] [stderr]    Compiling yoke-derive v0.8.2
[INFO] [stderr]    Compiling zerovec-derive v0.11.3
[INFO] [stderr]    Compiling displaydoc v0.2.5
[INFO] [stderr]    Compiling serde_derive v1.0.228
[INFO] [stderr]    Compiling thiserror-impl v2.0.18
[INFO] [stderr]    Compiling zerofrom v0.1.7
[INFO] [stderr]    Compiling yoke v0.8.2
[INFO] [stderr]    Compiling zerotrie v0.2.4
[INFO] [stderr]    Compiling zerovec v0.11.6
[INFO] [stderr]    Compiling tinystr v0.8.3
[INFO] [stderr]    Compiling icu_locale_core v2.2.0
[INFO] [stderr]    Compiling potential_utf v0.1.5
[INFO] [stderr]    Compiling icu_collections v2.2.0
[INFO] [stderr]    Compiling tracing-attributes v0.1.31
[INFO] [stderr]    Compiling icu_provider v2.2.0
[INFO] [stderr]    Compiling tracing v0.1.44
[INFO] [stderr]    Compiling tokio-stream v0.1.18
[INFO] [stderr]    Compiling icu_properties v2.2.0
[INFO] [stderr]    Compiling icu_normalizer v2.2.0
[INFO] [stderr]    Compiling tokio-macros v2.7.0
[INFO] [stderr]    Compiling idna_adapter v1.2.1
[INFO] [stderr]    Compiling either v1.15.0
[INFO] [stderr]    Compiling idna v1.1.0
[INFO] [stderr]    Compiling chrono v0.4.44
[INFO] [stderr]    Compiling url v2.5.8
[INFO] [stderr]    Compiling signal-hook-registry v1.4.8
[INFO] [stderr]    Compiling webpki-roots v0.26.11
[INFO] [stderr]    Compiling hashlink v0.10.0
[INFO] [stderr]    Compiling futures-intrusive v0.5.0
[INFO] [stderr]    Compiling crossbeam-queue v0.3.12
[INFO] [stderr]    Compiling spin v0.9.8
[INFO] [stderr]    Compiling zerocopy v0.8.48
[INFO] [stderr]    Compiling base64 v0.22.1
[INFO] [stderr]    Compiling uuid v1.23.0
[INFO] [stderr]    Compiling ryu v1.0.23
[INFO] [stderr]    Compiling serde_urlencoded v0.7.1
[INFO] [stderr]    Compiling sqlx-core v0.8.6
[INFO] [stderr]    Compiling flume v0.11.1
[INFO] [stderr]    Compiling futures-executor v0.3.32
[INFO] [stderr]    Compiling atoi v2.0.0
[INFO] [stderr]    Compiling futures-channel v0.3.32
[INFO] [stderr]    Compiling heck v0.5.0
[INFO] [stderr]    Compiling hex v0.4.3
[INFO] [stderr]    Compiling dotenvy v0.15.7
[INFO] [stderr]    Compiling rand_core v0.6.4
[INFO] [stderr]    Compiling winnow v1.0.1
[INFO] [stderr]    Compiling sqlx-sqlite v0.8.6
[INFO] [stderr]    Compiling toml_parser v1.1.2+spec-1.1.0
[INFO] [stderr]    Compiling toml_datetime v0.7.5+spec-1.1.0
[INFO] [stderr]    Compiling serde_spanned v1.1.1
[INFO] [stderr]    Compiling winnow v0.7.15
[INFO] [stderr]    Compiling ppv-lite86 v0.2.21
[INFO] [stderr]    Compiling toml_writer v1.1.1+spec-1.1.0
[INFO] [stderr]    Compiling rand_chacha v0.3.1
[INFO] [stderr]    Compiling sqlx-macros-core v0.8.6
[INFO] [stderr]    Compiling toml v0.9.12+spec-1.1.0
[INFO] [stderr]    Compiling rand v0.8.5
[INFO] [stderr]    Compiling sqlx-macros v0.8.6
[INFO] [stderr]    Compiling async-trait v0.1.89
[INFO] [stderr]    Compiling tap v1.0.1
[INFO] [stderr]    Compiling sqlx v0.8.6
[INFO] [stderr]    Compiling automation-simulator-lib v0.1.2 (/opt/rustwide/workdir)
[INFO] [stderr]     Finished `release` profile [optimized] target(s) in 5m 35s
[INFO] running `Command { std: "docker" "inspect" "b39cdf0d27f6621b58c7bfd01403bc33deb8e8367290bc63562369f908c0a578", kill_on_drop: false }`
[INFO] running `Command { std: "docker" "exec" "-e" "SOURCE_DIR=/opt/rustwide/workdir" "-e" "CARGO_HOME=/opt/rustwide/cargo-home" "-e" "RUSTUP_HOME=/opt/rustwide/rustup-home" "-e" "CARGO_TARGET_DIR=/opt/rustwide/target" "-e" "CARGO_INCREMENTAL=0" "-e" "RUST_BACKTRACE=full" "-e" "RUSTFLAGS=--cap-lints=warn" "-e" "RUSTDOCFLAGS=--cap-lints=warn" "-w" "/opt/rustwide/workdir" "--user" "0:0" "b39cdf0d27f6621b58c7bfd01403bc33deb8e8367290bc63562369f908c0a578" "/opt/rustwide/cargo-home/bin/cargo" "+1.98.0-beta.8" "test" "--frozen" "--no-run" "--message-format=json" "--release", kill_on_drop: false }`
[INFO] [stderr]    Compiling getrandom v0.3.4
[INFO] [stderr]    Compiling bitflags v2.11.0
[INFO] [stderr]    Compiling fastrand v2.4.1
[INFO] [stderr]    Compiling wait-timeout v0.2.1
[INFO] [stderr]    Compiling bit-vec v0.8.0
[INFO] [stderr]    Compiling cargo-husky v1.5.0
[INFO] [stderr]    Compiling console v0.16.3
[INFO] [stderr]    Compiling regex-syntax v0.8.10
[INFO] [stderr]    Compiling rustix v1.1.4
[INFO] [stderr]    Compiling bit-set v0.8.0
[INFO] [stderr]    Compiling similar v2.7.0
[INFO] [stderr]    Compiling rand_core v0.9.5
[INFO] [stderr]    Compiling unarray v0.1.4
[INFO] [stderr]    Compiling rand v0.9.2
[INFO] [stderr]    Compiling rand_xorshift v0.4.0
[INFO] [stderr]    Compiling rand_chacha v0.9.0
[INFO] [stderr]    Compiling tempfile v3.27.0
[INFO] [stderr]    Compiling rusty-fork v0.3.1
[INFO] [stderr]    Compiling insta v1.47.2
[INFO] [stderr]    Compiling proptest v1.11.0
[INFO] [stderr]    Compiling automation-simulator-lib v0.1.2 (/opt/rustwide/workdir)
[INFO] [stderr]     Finished `release` profile [optimized] target(s) in 1m 58s
[INFO] running `Command { std: "docker" "inspect" "b39cdf0d27f6621b58c7bfd01403bc33deb8e8367290bc63562369f908c0a578", kill_on_drop: false }`
[INFO] running `Command { std: "docker" "exec" "-e" "SOURCE_DIR=/opt/rustwide/workdir" "-e" "CARGO_HOME=/opt/rustwide/cargo-home" "-e" "RUSTUP_HOME=/opt/rustwide/rustup-home" "-e" "CARGO_TARGET_DIR=/opt/rustwide/target" "-e" "CARGO_INCREMENTAL=0" "-e" "RUST_BACKTRACE=full" "-e" "RUSTFLAGS=--cap-lints=warn" "-e" "RUSTDOCFLAGS=--cap-lints=warn" "-w" "/opt/rustwide/workdir" "--user" "0:0" "b39cdf0d27f6621b58c7bfd01403bc33deb8e8367290bc63562369f908c0a578" "/opt/rustwide/cargo-home/bin/cargo" "+1.98.0-beta.8" "test" "--frozen" "--release", kill_on_drop: false }`
[INFO] [stderr]     Finished `release` profile [optimized] target(s) in 0.37s
[INFO] [stderr]      Running unittests src/lib.rs (/opt/rustwide/target/release/deps/automation_simulator_lib-38d336732b6c3ebd)
[INFO] [stdout] 
[INFO] [stdout] running 60 tests
[INFO] [stdout] test catalog::tests::empty_directory_loads_to_empty_catalog ... ok
[INFO] [stdout] test catalog::tests::non_monotone_soil_rejected ... ok
[INFO] [stdout] test catalog::tests::seeded_catalog_loads_and_resolves ... ok
[INFO] [stdout] test catalog::tests::sensor_gateway_resolves_when_present ... ok
[INFO] [stdout] test catalog::tests::unknown_sensor_gateway_rejected ... ok
[INFO] [stdout] test catalog::tests::well_formed_single_category_loads ... ok
[INFO] [stdout] test catalog::tests::inline_emitter_without_spacing_rejected ... ok
[INFO] [stdout] test engine::clock::tests::duration_accessors_agree ... ok
[INFO] [stdout] test engine::clock::tests::step_advances_now_monotonically ... ok
[INFO] [stdout] test engine::clock::tests::to_datetime_crosses_midnight ... ok
[INFO] [stdout] test engine::flow::tests::zero_area_produces_zero_flux ... ok
[INFO] [stdout] test engine::soil::tests::inflow_raises_vwc ... ok
[INFO] [stdout] test engine::soil::tests::vwc_never_exceeds_saturation ... ok
[INFO] [stdout] test engine::soil::tests::vwc_never_goes_negative ... ok
[INFO] [stdout] test engine::soil::tests::zero_inputs_preserve_vwc ... ok
[INFO] [stdout] test catalog::tests::key_and_id_must_match ... ok
[INFO] [stdout] test engine::weather::tests::climatology_has_twelve_months ... ok
[INFO] [stdout] test engine::weather::tests::et0_is_monotone_with_month ... ok
[INFO] [stdout] test engine::weather::tests::override_wins_when_active ... ok
[INFO] [stdout] test engine::world::tests::advance_records_history ... ok
[INFO] [stdout] test engine::weather::tests::sample_is_deterministic ... ok
[INFO] [stdout] test engine::world::tests::opening_zone_raises_moisture ... ok
[INFO] [stdout] test engine::world::tests::unknown_climate_zone_rejected ... ok
[INFO] [stdout] test engine::world::tests::unknown_soil_type_rejected ... ok
[INFO] [stdout] test engine::flow::tests::higher_gph_produces_higher_flux ... ok
[INFO] [stdout] test engine::flow::tests::inline_drip_count_scales_with_area ... ok
[INFO] [stdout] test engine::flow::tests::inline_drip_flux_is_plausible ... ok
[INFO] [stdout] test engine::soil::tests::drainage_only_fires_above_field_capacity ... ok
[INFO] [stdout] test engine::soil::tests::et_reduces_vwc_only ... ok
[INFO] [stdout] test hw::simulated::tests::opening_a_zone_through_the_controller_raises_moisture ... ok
[INFO] [stdout] test hw::simulated::tests::status_joins_controller_and_zone_snapshots ... ok
[INFO] [stdout] test hw::simulated::tests::unknown_zone_returns_semantic_error ... ok
[INFO] [stdout] test sim::hardware::tests::controller_double_assigned_zone_rejected ... ok
[INFO] [stdout] test hw::simulated::tests::weather_now_returns_a_sample ... ok
[INFO] [stdout] test sim::hardware::tests::sensor_happy_path ... ok
[INFO] [stdout] test sim::hardware::tests::weather_station_property_level ... ok
[INFO] [stdout] test sim::id::tests::id_round_trips_through_toml ... ok
[INFO] [stdout] test sim::id::tests::ids_of_different_kinds_do_not_compare ... ok
[INFO] [stdout] test sim::property::tests::blank_name_rejected ... ok
[INFO] [stdout] test sim::property::tests::happy_path_validates ... ok
[INFO] [stdout] test sim::property::tests::implausible_mains_pressure_rejected ... ok
[INFO] [stdout] test sim::property::tests::non_positive_lot_area_rejected ... ok
[INFO] [stdout] test sim::property::tests::toml_round_trip ... ok
[INFO] [stdout] test sim::property::tests::duplicate_yard_id_rejected ... ok
[INFO] [stdout] test sim::plant::tests::absurd_water_need_rejected ... ok
[INFO] [stdout] test sim::plant::tests::plant_happy_path ... ok
[INFO] [stdout] test sim::scenario::tests::unknown_zone_caught_by_cross_check ... ok
[INFO] [stdout] test sim::zone::tests::manifold_happy_path ... ok
[INFO] [stdout] test sim::zone::tests::plant_kind_round_trips_as_kebab_case ... ok
[INFO] [stdout] test sim::zone::tests::unusual_emitter_still_validates ... ok
[INFO] [stdout] test sim::zone::tests::zero_area_rejected ... ok
[INFO] [stdout] test sim::zone::tests::zero_capacity_manifold_rejected ... ok
[INFO] [stdout] test sim::zone::tests::zone_happy_path ... ok
[INFO] [stdout] test sim::scenario::tests::weather_override_past_end_rejected ... ok
[INFO] [stdout] test sim::scenario::tests::blank_name_rejected ... ok
[INFO] [stdout] test sim::scenario::tests::cross_check_ok_when_zone_present ... ok
[INFO] [stdout] test sim::scenario::tests::happy_path ... ok
[INFO] [stdout] test sim::hardware::tests::controller_happy_path ... ok
[INFO] [stdout] test sim::plant::tests::zero_water_need_rejected ... ok
[INFO] [stderr]      Running tests/db_roundtrip.rs (/opt/rustwide/target/release/deps/db_roundtrip-aa20f0156862c304)
[INFO] [stdout] test engine::world::tests::two_runs_with_same_seed_match ... ok
[INFO] [stdout] 
[INFO] [stdout] test result: ok. 60 passed; 0 failed; 0 ignored; 0 measured; 0 filtered out; finished in 0.02s
[INFO] [stdout] 
[INFO] [stdout] 
[INFO] [stdout] running 5 tests
[INFO] [stdout] test migrate_is_idempotent ... ok
[INFO] [stdout] test check_constraint_rejects_negative_area ... ok
[INFO] [stdout] test property_inserts_and_reads_back ... ok
[INFO] [stdout] test foreign_key_rejects_orphan_zone ... ok
[INFO] [stdout] test full_graph_round_trips ... ok
[INFO] [stdout] 
[INFO] [stdout] test result: ok. 5 passed; 0 failed; 0 ignored; 0 measured; 0 filtered out; finished in 0.02s
[INFO] [stdout] 
[INFO] [stderr]      Running tests/engine_30day_scenario.rs (/opt/rustwide/target/release/deps/engine_30day_scenario-04aefda7c448b839)
[INFO] [stdout] 
[INFO] [stdout] running 3 tests
[INFO] [stdout] test moisture_time_series_is_deterministic ... ok
[INFO] [stdout] test moisture_time_series_matches_snapshot ... ok
[INFO] [stdout] test soil_stays_in_plausible_range_over_30_days ... ok
[INFO] [stdout] 
[INFO] [stdout] test result: ok. 3 passed; 0 failed; 0 ignored; 0 measured; 0 filtered out; finished in 0.10s
[INFO] [stdout] 
[INFO] [stderr]      Running tests/engine_properties.rs (/opt/rustwide/target/release/deps/engine_properties-e1ca8943902976e8)
[INFO] [stdout] 
[INFO] [stdout] running 1 test
[INFO] [stdout] test soil_step_never_produces_nan_or_out_of_bounds ... ok
[INFO] [stdout] 
[INFO] [stdout] test result: ok. 1 passed; 0 failed; 0 ignored; 0 measured; 0 filtered out; finished in 0.01s
[INFO] [stdout] 
[INFO] [stderr]      Running tests/no_hardcoded_property_names.rs (/opt/rustwide/target/release/deps/no_hardcoded_property_names-b28c4ddc5377b38c)
[INFO] [stdout] 
[INFO] [stdout] running 1 test
[INFO] [stdout] test domain_model_has_no_brand_or_property_specific_names ... ok
[INFO] [stdout] 
[INFO] [stdout] test result: ok. 1 passed; 0 failed; 0 ignored; 0 measured; 0 filtered out; finished in 0.00s
[INFO] [stdout] 
[INFO] [stderr]      Running tests/scenario_20day_demo.rs (/opt/rustwide/target/release/deps/scenario_20day_demo-ed3467ccbfd721a3)
[INFO] [stdout] 
[INFO] [stdout] running 4 tests
[INFO] [stdout] test replay_is_deterministic ... FAILED
[INFO] [stdout] test replay_produces_plausible_moisture_history ... FAILED
[INFO] [stdout] test scenario_validates_against_property_zones ... FAILED
[INFO] [stdout] test scenario_validates_with_expected_shape ... FAILED
[INFO] [stdout] 
[INFO] [stdout] failures:
[INFO] [stdout] 
[INFO] [stdout] ---- replay_is_deterministic stdout ----
[INFO] [stdout] 
[INFO] [stdout] thread 'replay_is_deterministic' (4311) panicked at tests/scenario_20day_demo.rs:44:45:
[INFO] [stdout] read scenario: Os { code: 2, kind: NotFound, message: "No such file or directory" }
[INFO] [stdout] stack backtrace:
[INFO] [stdout]    0:     0x5a0f1635c481 - <<std[97b98282bc616a66]::sys::backtrace::BacktraceLock>::print::DisplayBacktrace as core[832e9a552fc17241]::fmt::Display>::fmt
[INFO] [stdout]    1:     0x5a0f16371d5a - core[832e9a552fc17241]::fmt::write
[INFO] [stdout]    2:     0x5a0f1636093c - <alloc[3ecab9f82c41dc7d]::vec::Vec<u8> as std[97b98282bc616a66]::io::Write>::write_fmt
[INFO] [stdout]    3:     0x5a0f1633a426 - std[97b98282bc616a66]::panicking::default_hook::{closure#0}
[INFO] [stdout]    4:     0x5a0f163541b9 - std[97b98282bc616a66]::panicking::default_hook
[INFO] [stdout]    5:     0x5a0f162b93b0 - test[39766f3d73431624]::test_main_inner::<test[39766f3d73431624]::test_main_static::{closure#0}>::{closure#0}
[INFO] [stdout]    6:     0x5a0f16354372 - std[97b98282bc616a66]::panicking::panic_with_hook
[INFO] [stdout]    7:     0x5a0f1633a4d2 - std[97b98282bc616a66]::panicking::panic_handler::{closure#0}
[INFO] [stdout]    8:     0x5a0f16331c99 - std[97b98282bc616a66]::sys::backtrace::__rust_end_short_backtrace::<std[97b98282bc616a66]::panicking::panic_handler::{closure#0}, !>
[INFO] [stdout]    9:     0x5a0f1633b0cd - __rustc[e3d8617bb01b7f69]::rust_begin_unwind
[INFO] [stdout]   10:     0x5a0f163724fc - core[832e9a552fc17241]::panicking::panic_fmt
[INFO] [stdout]   11:     0x5a0f163722d2 - core[832e9a552fc17241]::result::unwrap_failed
[INFO] [stdout]   12:     0x5a0f162a7a7b - scenario_20day_demo[997590d5f34ed061]::load_scenario
[INFO] [stdout]   13:     0x5a0f162a9abc - <scenario_20day_demo[997590d5f34ed061]::replay_is_deterministic::{closure#0} as core[832e9a552fc17241]::ops::function::FnOnce<()>>::call_once
[INFO] [stdout]   14:     0x5a0f162ac6eb - test[39766f3d73431624]::__rust_begin_short_backtrace::<core[832e9a552fc17241]::result::Result<(), alloc[3ecab9f82c41dc7d]::string::String>, fn() -> core[832e9a552fc17241]::result::Result<(), alloc[3ecab9f82c41dc7d]::string::String>>
[INFO] [stdout]   15:     0x5a0f162b9d35 - test[39766f3d73431624]::run_test::{closure#0}
[INFO] [stdout]   16:     0x5a0f162b47e4 - std[97b98282bc616a66]::sys::backtrace::__rust_begin_short_backtrace::<test[39766f3d73431624]::run_test::{closure#1}, ()>
[INFO] [stdout]   17:     0x5a0f162bce82 - <std[97b98282bc616a66]::thread::lifecycle::spawn_unchecked<test[39766f3d73431624]::run_test::{closure#1}, ()>::{closure#1} as core[832e9a552fc17241]::ops::function::FnOnce<()>>::call_once::{shim:vtable#0}
[INFO] [stdout]   18:     0x5a0f1635b96f - <std[97b98282bc616a66]::sys::thread::unix::Thread>::new::thread_start
[INFO] [stdout]   19:     0x7b594419707a - <unknown>
[INFO] [stdout]   20:     0x7b594422a534 - clone
[INFO] [stdout]   21:                0x0 - <unknown>
[INFO] [stdout] 
[INFO] [stdout] ---- replay_produces_plausible_moisture_history stdout ----
[INFO] [stdout] 
[INFO] [stdout] thread 'replay_produces_plausible_moisture_history' (4312) panicked at tests/scenario_20day_demo.rs:44:45:
[INFO] [stdout] read scenario: Os { code: 2, kind: NotFound, message: "No such file or directory" }
[INFO] [stdout] stack backtrace:
[INFO] [stdout]    0:     0x5a0f1635c481 - <<std[97b98282bc616a66]::sys::backtrace::BacktraceLock>::print::DisplayBacktrace as core[832e9a552fc17241]::fmt::Display>::fmt
[INFO] [stdout]    1:     0x5a0f16371d5a - core[832e9a552fc17241]::fmt::write
[INFO] [stdout]    2:     0x5a0f1636093c - <alloc[3ecab9f82c41dc7d]::vec::Vec<u8> as std[97b98282bc616a66]::io::Write>::write_fmt
[INFO] [stdout]    3:     0x5a0f1633a426 - std[97b98282bc616a66]::panicking::default_hook::{closure#0}
[INFO] [stdout]    4:     0x5a0f163541b9 - std[97b98282bc616a66]::panicking::default_hook
[INFO] [stdout]    5:     0x5a0f162b93b0 - test[39766f3d73431624]::test_main_inner::<test[39766f3d73431624]::test_main_static::{closure#0}>::{closure#0}
[INFO] [stdout]    6:     0x5a0f16354372 - std[97b98282bc616a66]::panicking::panic_with_hook
[INFO] [stdout]    7:     0x5a0f1633a4d2 - std[97b98282bc616a66]::panicking::panic_handler::{closure#0}
[INFO] [stdout]    8:     0x5a0f16331c99 - std[97b98282bc616a66]::sys::backtrace::__rust_end_short_backtrace::<std[97b98282bc616a66]::panicking::panic_handler::{closure#0}, !>
[INFO] [stdout]    9:     0x5a0f1633b0cd - __rustc[e3d8617bb01b7f69]::rust_begin_unwind
[INFO] [stdout]   10:     0x5a0f163724fc - core[832e9a552fc17241]::panicking::panic_fmt
[INFO] [stdout]   11:     0x5a0f163722d2 - core[832e9a552fc17241]::result::unwrap_failed
[INFO] [stdout]   12:     0x5a0f162a7a7b - scenario_20day_demo[997590d5f34ed061]::load_scenario
[INFO] [stdout]   13:     0x5a0f162aa359 - <scenario_20day_demo[997590d5f34ed061]::replay_produces_plausible_moisture_history::{closure#0} as core[832e9a552fc17241]::ops::function::FnOnce<()>>::call_once
[INFO] [stdout]   14:     0x5a0f162ac6eb - test[39766f3d73431624]::__rust_begin_short_backtrace::<core[832e9a552fc17241]::result::Result<(), alloc[3ecab9f82c41dc7d]::string::String>, fn() -> core[832e9a552fc17241]::result::Result<(), alloc[3ecab9f82c41dc7d]::string::String>>
[INFO] [stdout]   15:     0x5a0f162b9d35 - test[39766f3d73431624]::run_test::{closure#0}
[INFO] [stdout]   16:     0x5a0f162b47e4 - std[97b98282bc616a66]::sys::backtrace::__rust_begin_short_backtrace::<test[39766f3d73431624]::run_test::{closure#1}, ()>
[INFO] [stdout]   17:     0x5a0f162bce82 - <std[97b98282bc616a66]::thread::lifecycle::spawn_unchecked<test[39766f3d73431624]::run_test::{closure#1}, ()>::{closure#1} as core[832e9a552fc17241]::ops::function::FnOnce<()>>::call_once::{shim:vtable#0}
[INFO] [stdout]   18:     0x5a0f1635b96f - <std[97b98282bc616a66]::sys::thread::unix::Thread>::new::thread_start
[INFO] [stdout]   19:     0x7b594419707a - <unknown>
[INFO] [stdout]   20:     0x7b594422a534 - clone
[INFO] [stdout]   21:                0x0 - <unknown>
[INFO] [stdout] 
[INFO] [stdout] ---- scenario_validates_against_property_zones stdout ----
[INFO] [stdout] 
[INFO] [stdout] thread 'scenario_validates_against_property_zones' (4313) panicked at tests/scenario_20day_demo.rs:44:45:
[INFO] [stdout] read scenario: Os { code: 2, kind: NotFound, message: "No such file or directory" }
[INFO] [stdout] stack backtrace:
[INFO] [stdout]    0:     0x5a0f1635c481 - <<std[97b98282bc616a66]::sys::backtrace::BacktraceLock>::print::DisplayBacktrace as core[832e9a552fc17241]::fmt::Display>::fmt
[INFO] [stdout]    1:     0x5a0f16371d5a - core[832e9a552fc17241]::fmt::write
[INFO] [stdout]    2:     0x5a0f1636093c - <alloc[3ecab9f82c41dc7d]::vec::Vec<u8> as std[97b98282bc616a66]::io::Write>::write_fmt
[INFO] [stdout]    3:     0x5a0f1633a426 - std[97b98282bc616a66]::panicking::default_hook::{closure#0}
[INFO] [stdout]    4:     0x5a0f163541b9 - std[97b98282bc616a66]::panicking::default_hook
[INFO] [stdout]    5:     0x5a0f162b93b0 - test[39766f3d73431624]::test_main_inner::<test[39766f3d73431624]::test_main_static::{closure#0}>::{closure#0}
[INFO] [stdout]    6:     0x5a0f16354372 - std[97b98282bc616a66]::panicking::panic_with_hook
[INFO] [stdout]    7:     0x5a0f1633a4d2 - std[97b98282bc616a66]::panicking::panic_handler::{closure#0}
[INFO] [stdout]    8:     0x5a0f16331c99 - std[97b98282bc616a66]::sys::backtrace::__rust_end_short_backtrace::<std[97b98282bc616a66]::panicking::panic_handler::{closure#0}, !>
[INFO] [stdout]    9:     0x5a0f1633b0cd - __rustc[e3d8617bb01b7f69]::rust_begin_unwind
[INFO] [stdout]   10:     0x5a0f163724fc - core[832e9a552fc17241]::panicking::panic_fmt
[INFO] [stdout]   11:     0x5a0f163722d2 - core[832e9a552fc17241]::result::unwrap_failed
[INFO] [stdout]   12:     0x5a0f162a7a7b - scenario_20day_demo[997590d5f34ed061]::load_scenario
[INFO] [stdout]   13:     0x5a0f162a9d50 - <scenario_20day_demo[997590d5f34ed061]::scenario_validates_against_property_zones::{closure#0} as core[832e9a552fc17241]::ops::function::FnOnce<()>>::call_once
[INFO] [stdout]   14:     0x5a0f162ac6eb - test[39766f3d73431624]::__rust_begin_short_backtrace::<core[832e9a552fc17241]::result::Result<(), alloc[3ecab9f82c41dc7d]::string::String>, fn() -> core[832e9a552fc17241]::result::Result<(), alloc[3ecab9f82c41dc7d]::string::String>>
[INFO] [stdout]   15:     0x5a0f162b9d35 - test[39766f3d73431624]::run_test::{closure#0}
[INFO] [stdout]   16:     0x5a0f162b47e4 - std[97b98282bc616a66]::sys::backtrace::__rust_begin_short_backtrace::<test[39766f3d73431624]::run_test::{closure#1}, ()>
[INFO] [stdout]   17:     0x5a0f162bce82 - <std[97b98282bc616a66]::thread::lifecycle::spawn_unchecked<test[39766f3d73431624]::run_test::{closure#1}, ()>::{closure#1} as core[832e9a552fc17241]::ops::function::FnOnce<()>>::call_once::{shim:vtable#0}
[INFO] [stdout]   18:     0x5a0f1635b96f - <std[97b98282bc616a66]::sys::thread::unix::Thread>::new::thread_start
[INFO] [stdout]   19:     0x7b594419707a - <unknown>
[INFO] [stdout]   20:     0x7b594422a534 - clone
[INFO] [stdout]   21:                0x0 - <unknown>
[INFO] [stdout] 
[INFO] [stdout] ---- scenario_validates_with_expected_shape stdout ----
[INFO] [stdout] 
[INFO] [stdout] thread 'scenario_validates_with_expected_shape' (4314) panicked at tests/scenario_20day_demo.rs:44:45:
[INFO] [stdout] read scenario: Os { code: 2, kind: NotFound, message: "No such file or directory" }
[INFO] [stdout] stack backtrace:
[INFO] [stdout]    0:     0x5a0f1635c481 - <<std[97b98282bc616a66]::sys::backtrace::BacktraceLock>::print::DisplayBacktrace as core[832e9a552fc17241]::fmt::Display>::fmt
[INFO] [stdout]    1:     0x5a0f16371d5a - core[832e9a552fc17241]::fmt::write
[INFO] [stdout]    2:     0x5a0f1636093c - <alloc[3ecab9f82c41dc7d]::vec::Vec<u8> as std[97b98282bc616a66]::io::Write>::write_fmt
[INFO] [stdout]    3:     0x5a0f1633a426 - std[97b98282bc616a66]::panicking::default_hook::{closure#0}
[INFO] [stdout]    4:     0x5a0f163541b9 - std[97b98282bc616a66]::panicking::default_hook
[INFO] [stdout]    5:     0x5a0f162b93b0 - test[39766f3d73431624]::test_main_inner::<test[39766f3d73431624]::test_main_static::{closure#0}>::{closure#0}
[INFO] [stdout]    6:     0x5a0f16354372 - std[97b98282bc616a66]::panicking::panic_with_hook
[INFO] [stdout]    7:     0x5a0f1633a4d2 - std[97b98282bc616a66]::panicking::panic_handler::{closure#0}
[INFO] [stdout]    8:     0x5a0f16331c99 - std[97b98282bc616a66]::sys::backtrace::__rust_end_short_backtrace::<std[97b98282bc616a66]::panicking::panic_handler::{closure#0}, !>
[INFO] [stdout]    9:     0x5a0f1633b0cd - __rustc[e3d8617bb01b7f69]::rust_begin_unwind
[INFO] [stdout]   10:     0x5a0f163724fc - core[832e9a552fc17241]::panicking::panic_fmt
[INFO] [stdout]   11:     0x5a0f163722d2 - core[832e9a552fc17241]::result::unwrap_failed
[INFO] [stdout]   12:     0x5a0f162a7a7b - scenario_20day_demo[997590d5f34ed061]::load_scenario
[INFO] [stdout]   13:     0x5a0f162a9c62 - <scenario_20day_demo[997590d5f34ed061]::scenario_validates_with_expected_shape::{closure#0} as core[832e9a552fc17241]::ops::function::FnOnce<()>>::call_once
[INFO] [stdout]   14:     0x5a0f162ac6eb - test[39766f3d73431624]::__rust_begin_short_backtrace::<core[832e9a552fc17241]::result::Result<(), alloc[3ecab9f82c41dc7d]::string::String>, fn() -> core[832e9a552fc17241]::result::Result<(), alloc[3ecab9f82c41dc7d]::string::String>>
[INFO] [stdout]   15:     0x5a0f162b9d35 - test[39766f3d73431624]::run_test::{closure#0}
[INFO] [stdout]   16:     0x5a0f162b47e4 - std[97b98282bc616a66]::sys::backtrace::__rust_begin_short_backtrace::<test[39766f3d73431624]::run_test::{closure#1}, ()>
[INFO] [stdout]   17:     0x5a0f162bce82 - <std[97b98282bc616a66]::thread::lifecycle::spawn_unchecked<test[39766f3d73431624]::run_test::{closure#1}, ()>::{closure#1} as core[832e9a552fc17241]::ops::function::FnOnce<()>>::call_once::{shim:vtable#0}
[INFO] [stdout]   18:     0x5a0f1635b96f - <std[97b98282bc616a66]::sys::thread::unix::Thread>::new::thread_start
[INFO] [stdout]   19:     0x7b594419707a - <unknown>
[INFO] [stdout]   20:     0x7b594422a534 - clone
[INFO] [stdout]   21:                0x0 - <unknown>
[INFO] [stdout] 
[INFO] [stdout] 
[INFO] [stdout] failures:
[INFO] [stdout]     replay_is_deterministic
[INFO] [stdout]     replay_produces_plausible_moisture_history
[INFO] [stdout]     scenario_validates_against_property_zones
[INFO] [stdout]     scenario_validates_with_expected_shape
[INFO] [stdout] 
[INFO] [stdout] test result: FAILED. 0 passed; 4 failed; 0 ignored; 0 measured; 0 filtered out; finished in 0.00s
[INFO] [stdout] 
[INFO] [stderr] error: test failed, to rerun pass `--test scenario_20day_demo`
[INFO] running `Command { std: "docker" "inspect" "b39cdf0d27f6621b58c7bfd01403bc33deb8e8367290bc63562369f908c0a578", kill_on_drop: false }`
[INFO] running `Command { std: "docker" "rm" "-f" "b39cdf0d27f6621b58c7bfd01403bc33deb8e8367290bc63562369f908c0a578", kill_on_drop: false }`
[INFO] [stdout] b39cdf0d27f6621b58c7bfd01403bc33deb8e8367290bc63562369f908c0a578
