[INFO] fetching crate api-shooter-game 0.1.0...
[INFO] testing api-shooter-game-0.1.0 against 1.98.0-beta.8+cargoflags=--release for beta-release-1.99-2
[INFO] extracting crate api-shooter-game 0.1.0 into /workspace/builds/worker-3-tc1/source
[INFO] started tweaking crates.io crate api-shooter-game 0.1.0
[INFO] finished tweaking crates.io crate api-shooter-game 0.1.0
[INFO] tweaked toml for crates.io crate api-shooter-game 0.1.0 written to /workspace/builds/worker-3-tc1/source/Cargo.toml
[INFO] validating manifest of crates.io crate api-shooter-game 0.1.0 on toolchain 1.98.0-beta.8
[INFO] running `Command { std: CARGO_HOME="/workspace/cargo-home" RUSTUP_HOME="/workspace/rustup-home" "/workspace/cargo-home/bin/cargo" "+1.98.0-beta.8" "metadata" "--manifest-path" "Cargo.toml" "--no-deps", kill_on_drop: false }`
[INFO] crate crates.io crate api-shooter-game 0.1.0 already has a lockfile, it will not be regenerated
[INFO] running `Command { std: CARGO_HOME="/workspace/cargo-home" RUSTUP_HOME="/workspace/rustup-home" "/workspace/cargo-home/bin/cargo" "+1.98.0-beta.8" "fetch" "--manifest-path" "Cargo.toml", kill_on_drop: false }`
[INFO] [stderr]     Updating crates.io index
[INFO] [stderr]     Blocking waiting for file lock on package cache
[INFO] [stderr]  Downloading crates ...
[INFO] [stderr]   Downloaded quad-rand v0.2.3
[INFO] [stderr]   Downloaded macroquad_macro v0.1.8
[INFO] [stderr]   Downloaded adler2 v2.0.0
[INFO] [stderr]   Downloaded objc-rs v0.2.8
[INFO] [stderr]   Downloaded autocfg v1.4.0
[INFO] [stderr]   Downloaded zerocopy-derive v0.8.25
[INFO] [stderr]   Downloaded crc32fast v1.4.2
[INFO] [stderr]   Downloaded bytemuck v1.23.0
[INFO] [stderr]   Downloaded miniz_oxide v0.8.8
[INFO] [stderr]   Downloaded flate2 v1.1.1
[INFO] [stderr]   Downloaded miniquad v0.4.8
[INFO] [stderr]   Downloaded fontdue v0.9.3
[INFO] [stderr]   Downloaded hashbrown v0.15.3
[INFO] [stderr]   Downloaded ttf-parser v0.21.1
[INFO] [stderr]   Downloaded zerocopy v0.8.25
[INFO] [stderr]   Downloaded ndk-sys v0.2.2
[INFO] [stderr]   Downloaded macroquad v0.4.14
[INFO] [stderr]   Downloaded image v0.24.9
[INFO] running `Command { std: "docker" "create" "-v" "/var/lib/crater-agent-workspace/builds/worker-3-tc1/source:/opt/rustwide/workdir:ro,Z" "-v" "/var/lib/crater-agent-workspace/builds/worker-3-tc1/target:/opt/rustwide/target:rw,Z" "-v" "/var/lib/crater-agent-workspace/cargo-home:/opt/rustwide/cargo-home:ro,Z" "-v" "/var/lib/crater-agent-workspace/rustup-home:/opt/rustwide/rustup-home:ro,Z" "-m" "1610612736" "--network" "none" "ghcr.io/rust-lang/crates-build-env/linux@sha256:8683fc1fc2eb5c9ac98e0d076ab094b2ffac7f99da555d2b6a2e27f346de2ec7" "sleep" "infinity", kill_on_drop: false }`
[INFO] [stdout] 8c3cd02c35b59b2e4434b95fa33fa47893fb0b2fb804db560cda00d580d7f89d
[INFO] running `Command { std: "docker" "start" "8c3cd02c35b59b2e4434b95fa33fa47893fb0b2fb804db560cda00d580d7f89d", kill_on_drop: false }`
[INFO] running `Command { std: "docker" "inspect" "8c3cd02c35b59b2e4434b95fa33fa47893fb0b2fb804db560cda00d580d7f89d", kill_on_drop: false }`
[INFO] running `Command { std: "docker" "exec" "-e" "SOURCE_DIR=/opt/rustwide/workdir" "-e" "CARGO_HOME=/opt/rustwide/cargo-home" "-e" "RUSTUP_HOME=/opt/rustwide/rustup-home" "-e" "CARGO_TARGET_DIR=/opt/rustwide/target" "-w" "/opt/rustwide/workdir" "--user" "0:0" "8c3cd02c35b59b2e4434b95fa33fa47893fb0b2fb804db560cda00d580d7f89d" "/opt/rustwide/cargo-home/bin/cargo" "+1.98.0-beta.8" "metadata" "--no-deps" "--format-version=1", kill_on_drop: false }`
[INFO] running `Command { std: "docker" "inspect" "8c3cd02c35b59b2e4434b95fa33fa47893fb0b2fb804db560cda00d580d7f89d", kill_on_drop: false }`
[INFO] running `Command { std: "docker" "exec" "-e" "SOURCE_DIR=/opt/rustwide/workdir" "-e" "CARGO_HOME=/opt/rustwide/cargo-home" "-e" "RUSTUP_HOME=/opt/rustwide/rustup-home" "-e" "CARGO_TARGET_DIR=/opt/rustwide/target" "-e" "CARGO_INCREMENTAL=0" "-e" "RUST_BACKTRACE=full" "-e" "RUSTFLAGS=--cap-lints=warn" "-e" "RUSTDOCFLAGS=--cap-lints=warn" "-w" "/opt/rustwide/workdir" "--user" "0:0" "8c3cd02c35b59b2e4434b95fa33fa47893fb0b2fb804db560cda00d580d7f89d" "/opt/rustwide/cargo-home/bin/cargo" "+1.98.0-beta.8" "build" "--frozen" "--message-format=json" "--release", kill_on_drop: false }`
[INFO] [stderr]    Compiling cfg-if v1.0.0
[INFO] [stderr]    Compiling libc v0.2.172
[INFO] [stderr]    Compiling simd-adler32 v0.3.7
[INFO] [stderr]    Compiling zerocopy v0.8.25
[INFO] [stderr]    Compiling autocfg v1.4.0
[INFO] [stderr]    Compiling adler2 v2.0.0
[INFO] [stderr]    Compiling bitflags v1.3.2
[INFO] [stderr]    Compiling allocator-api2 v0.2.21
[INFO] [stderr]    Compiling miniquad v0.4.8
[INFO] [stderr]    Compiling foldhash v0.1.5
[INFO] [stderr]    Compiling equivalent v1.0.2
[INFO] [stderr]    Compiling color_quant v1.1.0
[INFO] [stderr]    Compiling bytemuck v1.23.0
[INFO] [stderr]    Compiling byteorder v1.5.0
[INFO] [stderr]    Compiling ttf-parser v0.21.1
[INFO] [stderr]    Compiling macroquad_macro v0.1.8
[INFO] [stderr]    Compiling crc32fast v1.4.2
[INFO] [stderr]    Compiling glam v0.27.0
[INFO] [stderr]    Compiling quad-rand v0.2.3
[INFO] [stderr]    Compiling miniz_oxide v0.8.8
[INFO] [stderr]    Compiling fdeflate v0.3.7
[INFO] [stderr]    Compiling hashbrown v0.15.3
[INFO] [stderr]    Compiling num-traits v0.2.19
[INFO] [stderr]    Compiling getrandom v0.2.16
[INFO] [stderr]    Compiling flate2 v1.1.1
[INFO] [stderr]    Compiling rand_core v0.6.4
[INFO] [stderr]    Compiling fontdue v0.9.3
[INFO] [stderr]    Compiling png v0.17.16
[INFO] [stderr]    Compiling ppv-lite86 v0.2.21
[INFO] [stderr]    Compiling image v0.24.9
[INFO] [stderr]    Compiling rand_chacha v0.3.1
[INFO] [stderr]    Compiling rand v0.8.5
[INFO] [stderr]    Compiling macroquad v0.4.14
[INFO] [stderr]    Compiling api-shooter-game v0.1.0 (/opt/rustwide/workdir)
[INFO] [stderr]     Finished `release` profile [optimized] target(s) in 25.02s
[INFO] running `Command { std: "docker" "inspect" "8c3cd02c35b59b2e4434b95fa33fa47893fb0b2fb804db560cda00d580d7f89d", kill_on_drop: false }`
[INFO] running `Command { std: "docker" "exec" "-e" "SOURCE_DIR=/opt/rustwide/workdir" "-e" "CARGO_HOME=/opt/rustwide/cargo-home" "-e" "RUSTUP_HOME=/opt/rustwide/rustup-home" "-e" "CARGO_TARGET_DIR=/opt/rustwide/target" "-e" "CARGO_INCREMENTAL=0" "-e" "RUST_BACKTRACE=full" "-e" "RUSTFLAGS=--cap-lints=warn" "-e" "RUSTDOCFLAGS=--cap-lints=warn" "-w" "/opt/rustwide/workdir" "--user" "0:0" "8c3cd02c35b59b2e4434b95fa33fa47893fb0b2fb804db560cda00d580d7f89d" "/opt/rustwide/cargo-home/bin/cargo" "+1.98.0-beta.8" "test" "--frozen" "--no-run" "--message-format=json" "--release", kill_on_drop: false }`
[INFO] [stderr]    Compiling api-shooter-game v0.1.0 (/opt/rustwide/workdir)
[INFO] [stderr]     Finished `release` profile [optimized] target(s) in 0.78s
[INFO] running `Command { std: "docker" "inspect" "8c3cd02c35b59b2e4434b95fa33fa47893fb0b2fb804db560cda00d580d7f89d", kill_on_drop: false }`
[INFO] running `Command { std: "docker" "exec" "-e" "SOURCE_DIR=/opt/rustwide/workdir" "-e" "CARGO_HOME=/opt/rustwide/cargo-home" "-e" "RUSTUP_HOME=/opt/rustwide/rustup-home" "-e" "CARGO_TARGET_DIR=/opt/rustwide/target" "-e" "CARGO_INCREMENTAL=0" "-e" "RUST_BACKTRACE=full" "-e" "RUSTFLAGS=--cap-lints=warn" "-e" "RUSTDOCFLAGS=--cap-lints=warn" "-w" "/opt/rustwide/workdir" "--user" "0:0" "8c3cd02c35b59b2e4434b95fa33fa47893fb0b2fb804db560cda00d580d7f89d" "/opt/rustwide/cargo-home/bin/cargo" "+1.98.0-beta.8" "test" "--frozen" "--release", kill_on_drop: false }`
[INFO] [stderr]     Finished `release` profile [optimized] target(s) in 0.06s
[INFO] [stdout] 
[INFO] [stderr]      Running unittests src/lib.rs (/opt/rustwide/target/release/deps/api_shooter_game-6c819fd4f50df130)
[INFO] [stdout] running 13 tests
[INFO] [stdout] test bullet::tests::test_enemy_bullet_creation ... ok
[INFO] [stdout] test bullet::tests::test_http_error_attacks ... ok
[INFO] [stdout] test bullet::tests::test_bullet_creation ... ok
[INFO] [stdout] test enemy::tests::test_enemy_movement_bounds ... ok
[INFO] [stdout] test enemy::tests::test_enemy_name_format ... ok
[INFO] [stdout] test enemy::tests::test_enemy_types ... ok
[INFO] [stdout] test enemy::tests::test_weakness_coverage ... ok
[INFO] [stdout] test integration_tests::test_all_components_work_together ... ok
[INFO] [stdout] test enemy::tests::test_enemy_creation ... FAILED
[INFO] [stdout] test integration_tests::test_game_state_creation ... ok
[INFO] [stdout] test player::tests::test_player_initial_position ... ok
[INFO] [stdout] test bullet::tests::test_bullet_types ... ok
[INFO] [stdout] test player::tests::test_player_creation ... ok
[INFO] [stderr] error: test failed, to rerun pass `--lib`
[INFO] [stdout] 
[INFO] [stdout] failures:
[INFO] [stdout] 
[INFO] [stdout] ---- enemy::tests::test_enemy_creation stdout ----
[INFO] [stdout] 
[INFO] [stdout] thread 'enemy::tests::test_enemy_creation' (839) panicked at src/enemy.rs:79:9:
[INFO] [stdout] assertion failed: ["GET", "POST", "PUT"].contains(&enemy.weakness.as_str())
[INFO] [stdout] stack backtrace:
[INFO] [stdout]    0:     0x632a13692941 - <<std[97b98282bc616a66]::sys::backtrace::BacktraceLock>::print::DisplayBacktrace as core[832e9a552fc17241]::fmt::Display>::fmt
[INFO] [stdout]    1:     0x632a136a6d3a - core[832e9a552fc17241]::fmt::write
[INFO] [stdout]    2:     0x632a13696dfc - <alloc[3ecab9f82c41dc7d]::vec::Vec<u8> as std[97b98282bc616a66]::io::Write>::write_fmt
[INFO] [stdout]    3:     0x632a13671066 - std[97b98282bc616a66]::panicking::default_hook::{closure#0}
[INFO] [stdout]    4:     0x632a1368ab69 - std[97b98282bc616a66]::panicking::default_hook
[INFO] [stdout]    5:     0x632a13622a50 - test[39766f3d73431624]::test_main_inner::<test[39766f3d73431624]::test_main_static::{closure#0}>::{closure#0}
[INFO] [stdout]    6:     0x632a1368ad22 - std[97b98282bc616a66]::panicking::panic_with_hook
[INFO] [stdout]    7:     0x632a13671144 - std[97b98282bc616a66]::panicking::panic_handler::{closure#0}
[INFO] [stdout]    8:     0x632a13668a69 - std[97b98282bc616a66]::sys::backtrace::__rust_end_short_backtrace::<std[97b98282bc616a66]::panicking::panic_handler::{closure#0}, !>
[INFO] [stdout]    9:     0x632a13671d0d - __rustc[e3d8617bb01b7f69]::rust_begin_unwind
[INFO] [stdout]   10:     0x632a136a746c - core[832e9a552fc17241]::panicking::panic_fmt
[INFO] [stdout]   11:     0x632a136a7432 - core[832e9a552fc17241]::panicking::panic
[INFO] [stdout]   12:     0x632a1361348a - api_shooter_game[eb9de84f59440670]::enemy::tests::test_enemy_creation
[INFO] [stdout]   13:     0x632a13615319 - <api_shooter_game[eb9de84f59440670]::enemy::tests::test_enemy_creation::{closure#0} as core[832e9a552fc17241]::ops::function::FnOnce<()>>::call_once
[INFO] [stdout]   14:     0x632a13615d8b - test[39766f3d73431624]::__rust_begin_short_backtrace::<core[832e9a552fc17241]::result::Result<(), alloc[3ecab9f82c41dc7d]::string::String>, fn() -> core[832e9a552fc17241]::result::Result<(), alloc[3ecab9f82c41dc7d]::string::String>>
[INFO] [stdout]   15:     0x632a136233d5 - test[39766f3d73431624]::run_test::{closure#0}
[INFO] [stdout]   16:     0x632a1361de84 - std[97b98282bc616a66]::sys::backtrace::__rust_begin_short_backtrace::<test[39766f3d73431624]::run_test::{closure#1}, ()>
[INFO] [stdout]   17:     0x632a13626522 - <std[97b98282bc616a66]::thread::lifecycle::spawn_unchecked<test[39766f3d73431624]::run_test::{closure#1}, ()>::{closure#1} as core[832e9a552fc17241]::ops::function::FnOnce<()>>::call_once::{shim:vtable#0}
[INFO] [stdout]   18:     0x632a136921cf - <std[97b98282bc616a66]::sys::thread::unix::Thread>::new::thread_start
[INFO] [stdout]   19:     0x7d7377f7b07a - <unknown>
[INFO] [stdout]   20:     0x7d737800e534 - clone
[INFO] [stdout]   21:                0x0 - <unknown>
[INFO] [stdout] 
[INFO] [stdout] 
[INFO] [stdout] failures:
[INFO] [stdout]     enemy::tests::test_enemy_creation
[INFO] [stdout] 
[INFO] [stdout] test result: FAILED. 12 passed; 1 failed; 0 ignored; 0 measured; 0 filtered out; finished in 0.07s
[INFO] [stdout] 
[INFO] running `Command { std: "docker" "inspect" "8c3cd02c35b59b2e4434b95fa33fa47893fb0b2fb804db560cda00d580d7f89d", kill_on_drop: false }`
[INFO] running `Command { std: "docker" "rm" "-f" "8c3cd02c35b59b2e4434b95fa33fa47893fb0b2fb804db560cda00d580d7f89d", kill_on_drop: false }`
[INFO] [stdout] 8c3cd02c35b59b2e4434b95fa33fa47893fb0b2fb804db560cda00d580d7f89d
