[INFO] fetching crate RatioUp 1.4.1...
[INFO] testing RatioUp-1.4.1 against 1.99.0-beta.1+cargoflags=--release for beta-release-1.99-2
[INFO] extracting crate RatioUp 1.4.1 into /workspace/builds/worker-3-tc2/source
[INFO] removed /workspace/builds/worker-3-tc2/source/.cargo/config.toml
[INFO] removed /workspace/builds/worker-3-tc2/source/rust-toolchain.toml
[INFO] started tweaking crates.io crate RatioUp 1.4.1
[INFO] finished tweaking crates.io crate RatioUp 1.4.1
[INFO] tweaked toml for crates.io crate RatioUp 1.4.1 written to /workspace/builds/worker-3-tc2/source/Cargo.toml
[INFO] validating manifest of crates.io crate RatioUp 1.4.1 on toolchain 1.99.0-beta.1
[INFO] running `Command { std: CARGO_HOME="/workspace/cargo-home" RUSTUP_HOME="/workspace/rustup-home" "/workspace/cargo-home/bin/cargo" "+1.99.0-beta.1" "metadata" "--manifest-path" "Cargo.toml" "--no-deps", kill_on_drop: false }`
[INFO] crate crates.io crate RatioUp 1.4.1 already has a lockfile, it will not be regenerated
[INFO] running `Command { std: CARGO_HOME="/workspace/cargo-home" RUSTUP_HOME="/workspace/rustup-home" "/workspace/cargo-home/bin/cargo" "+1.99.0-beta.1" "fetch" "--manifest-path" "Cargo.toml", kill_on_drop: false }`
[INFO] [stderr]     Blocking waiting for file lock on package cache
[INFO] running `Command { std: "docker" "create" "-v" "/var/lib/crater-agent-workspace/builds/worker-3-tc2/source:/opt/rustwide/workdir:ro,Z" "-v" "/var/lib/crater-agent-workspace/builds/worker-3-tc2/target:/opt/rustwide/target:rw,Z" "-v" "/var/lib/crater-agent-workspace/cargo-home:/opt/rustwide/cargo-home:ro,Z" "-v" "/var/lib/crater-agent-workspace/rustup-home:/opt/rustwide/rustup-home:ro,Z" "-m" "1610612736" "--network" "none" "ghcr.io/rust-lang/crates-build-env/linux@sha256:8683fc1fc2eb5c9ac98e0d076ab094b2ffac7f99da555d2b6a2e27f346de2ec7" "sleep" "infinity", kill_on_drop: false }`
[INFO] [stdout] 5231d699b8a4c12e0ed79e53f7362c35d6205bcbdc8928f5bcdd5a139671f37a
[INFO] running `Command { std: "docker" "start" "5231d699b8a4c12e0ed79e53f7362c35d6205bcbdc8928f5bcdd5a139671f37a", kill_on_drop: false }`
[INFO] running `Command { std: "docker" "inspect" "5231d699b8a4c12e0ed79e53f7362c35d6205bcbdc8928f5bcdd5a139671f37a", kill_on_drop: false }`
[INFO] running `Command { std: "docker" "exec" "-e" "SOURCE_DIR=/opt/rustwide/workdir" "-e" "CARGO_HOME=/opt/rustwide/cargo-home" "-e" "RUSTUP_HOME=/opt/rustwide/rustup-home" "-e" "CARGO_TARGET_DIR=/opt/rustwide/target" "-w" "/opt/rustwide/workdir" "--user" "0:0" "5231d699b8a4c12e0ed79e53f7362c35d6205bcbdc8928f5bcdd5a139671f37a" "/opt/rustwide/cargo-home/bin/cargo" "+1.99.0-beta.1" "metadata" "--no-deps" "--format-version=1", kill_on_drop: false }`
[INFO] running `Command { std: "docker" "inspect" "5231d699b8a4c12e0ed79e53f7362c35d6205bcbdc8928f5bcdd5a139671f37a", kill_on_drop: false }`
[INFO] running `Command { std: "docker" "exec" "-e" "SOURCE_DIR=/opt/rustwide/workdir" "-e" "CARGO_HOME=/opt/rustwide/cargo-home" "-e" "RUSTUP_HOME=/opt/rustwide/rustup-home" "-e" "CARGO_TARGET_DIR=/opt/rustwide/target" "-e" "CARGO_INCREMENTAL=0" "-e" "RUST_BACKTRACE=full" "-e" "RUSTFLAGS=--cap-lints=warn" "-e" "RUSTDOCFLAGS=--cap-lints=warn" "-w" "/opt/rustwide/workdir" "--user" "0:0" "5231d699b8a4c12e0ed79e53f7362c35d6205bcbdc8928f5bcdd5a139671f37a" "/opt/rustwide/cargo-home/bin/cargo" "+1.99.0-beta.1" "build" "--frozen" "--message-format=json" "--release", kill_on_drop: false }`
[INFO] [stderr]    Compiling libc v0.2.189
[INFO] [stderr]    Compiling proc-macro2 v1.0.107
[INFO] [stderr]    Compiling quote v1.0.47
[INFO] [stderr]    Compiling cfg-if v1.0.4
[INFO] [stderr]    Compiling smallvec v1.15.2
[INFO] [stderr]    Compiling log v0.4.34
[INFO] [stderr]    Compiling stable_deref_trait v1.2.1
[INFO] [stderr]    Compiling parking_lot_core v0.9.12
[INFO] [stderr]    Compiling find-msvc-tools v0.1.11
[INFO] [stderr]    Compiling scopeguard v1.2.0
[INFO] [stderr]    Compiling pin-project-lite v0.2.17
[INFO] [stderr]    Compiling bytes v1.12.1
[INFO] [stderr]    Compiling shlex v2.0.1
[INFO] [stderr]    Compiling once_cell v1.21.4
[INFO] [stderr]    Compiling fs_extra v1.3.0
[INFO] [stderr]    Compiling futures-core v0.3.34
[INFO] [stderr]    Compiling pkg-config v0.3.34
[INFO] [stderr]    Compiling dunce v1.0.5
[INFO] [stderr]    Compiling lock_api v0.4.14
[INFO] [stderr]    Compiling litemap v0.8.3
[INFO] [stderr]    Compiling writeable v0.6.4
[INFO] [stderr]    Compiling aws-lc-rs v1.18.0
[INFO] [stderr]    Compiling icu_normalizer_data v2.3.0
[INFO] [stderr]    Compiling zeroize v1.9.0
[INFO] [stderr]    Compiling utf8_iter v1.0.4
[INFO] [stderr]    Compiling memchr v2.8.3
[INFO] [stderr]    Compiling icu_properties_data v2.3.0
[INFO] [stderr]    Compiling tracing-core v0.1.36
[INFO] [stderr]    Compiling slab v0.4.12
[INFO] [stderr]    Compiling crc32fast v1.5.1
[INFO] [stderr]    Compiling futures-sink v0.3.34
[INFO] [stderr]    Compiling percent-encoding v2.3.2
[INFO] [stderr]    Compiling httparse v1.10.1
[INFO] [stderr]    Compiling rustls-pki-types v1.15.1
[INFO] [stderr]    Compiling rustls v0.23.43
[INFO] [stderr]    Compiling simd-adler32 v0.3.10
[INFO] [stderr]    Compiling futures-task v0.3.34
[INFO] [stderr]    Compiling adler2 v2.0.1
[INFO] [stderr]    Compiling untrusted v0.9.0
[INFO] [stderr]    Compiling hashbrown v0.17.1
[INFO] [stderr]    Compiling futures-util v0.3.34
[INFO] [stderr]    Compiling getrandom v0.4.3
[INFO] [stderr]    Compiling tower-service v0.3.3
[INFO] [stderr]    Compiling regex-syntax v0.8.11
[INFO] [stderr]    Compiling try-lock v0.2.5
[INFO] [stderr]    Compiling subtle v2.6.1
[INFO] [stderr]    Compiling http v1.5.0
[INFO] [stderr]    Compiling miniz_oxide v0.9.1
[INFO] [stderr]    Compiling rand_core v0.10.1
[INFO] [stderr]    Compiling atomic-waker v1.1.2
[INFO] [stderr]    Compiling bitflags v2.13.1
[INFO] [stderr]    Compiling want v0.3.1
[INFO] [stderr]    Compiling aho-corasick v1.1.5
[INFO] [stderr]    Compiling form_urlencoded v1.2.2
[INFO] [stderr]    Compiling futures-channel v0.3.34
[INFO] [stderr]    Compiling flate2 v1.1.10
[INFO] [stderr]    Compiling indexmap v2.14.0
[INFO] [stderr]    Compiling serde_core v1.0.229
[INFO] [stderr]    Compiling syn v3.0.4
[INFO] [stderr]    Compiling syn v2.0.119
[INFO] [stderr]    Compiling inotify-sys v0.1.8
[INFO] [stderr]    Compiling autocfg v1.5.1
[INFO] [stderr]    Compiling jobserver v0.1.35
[INFO] [stderr]    Compiling cpufeatures v0.3.1
[INFO] [stderr]    Compiling compression-core v0.4.32
[INFO] [stderr]    Compiling chacha20 v0.10.2
[INFO] [stderr]    Compiling sync_wrapper v1.0.2
[INFO] [stderr]    Compiling openssl-probe v0.2.1
[INFO] [stderr]    Compiling cc v1.4.4
[INFO] [stderr]    Compiling compression-codecs v0.4.38
[INFO] [stderr]    Compiling tower-layer v0.3.3
[INFO] [stderr]    Compiling crossbeam-utils v0.8.22
[INFO] [stderr]    Compiling base64 v0.22.1
[INFO] [stderr]    Compiling serde v1.0.229
[INFO] [stderr]    Compiling num-traits v0.2.19
[INFO] [stderr]    Compiling ipnet v2.12.1
[INFO] [stderr]    Compiling rustls-native-certs v0.8.4
[INFO] [stderr]    Compiling mio v1.2.2
[INFO] [stderr]    Compiling errno v0.3.14
[INFO] [stderr]    Compiling socket2 v0.6.5
[INFO] [stderr]    Compiling signal-hook-registry v1.4.8
[INFO] [stderr]    Compiling parking_lot v0.12.5
[INFO] [stderr]    Compiling http-body v1.1.0
[INFO] [stderr]    Compiling http-body-util v0.1.5
[INFO] [stderr]    Compiling rand v0.10.2
[INFO] [stderr]    Compiling lazy_static v1.5.0
[INFO] [stderr]    Compiling walkdir v2.5.0
[INFO] [stderr]    Compiling sharded-slab v0.1.7
[INFO] [stderr]    Compiling inotify v0.11.5
[INFO] [stderr]    Compiling notify-types v2.1.0
[INFO] [stderr]    Compiling tracing-log v0.2.0
[INFO] [stderr]    Compiling encoding_rs v0.8.35
[INFO] [stderr]    Compiling cmake v0.1.58
[INFO] [stderr]    Compiling regex-automata v0.4.18
[INFO] [stderr]    Compiling rand_regex v0.19.0
[INFO] [stderr]    Compiling thread_local v1.1.10
[INFO] [stderr]    Compiling nu-ansi-term v0.50.3
[INFO] [stderr]    Compiling mime v0.3.17
[INFO] [stderr]    Compiling strum v0.28.0
[INFO] [stderr]    Compiling hashbrown v0.14.5
[INFO] [stderr]    Compiling notify v8.2.0
[INFO] [stderr]    Compiling toml-span v0.7.1
[INFO] [stderr]    Compiling sha1_smol v1.0.1
[INFO] [stderr]    Compiling tracing-subscriber v0.3.23
[INFO] [stderr]    Compiling fastrand v2.5.0
[INFO] [stderr]    Compiling xdg v3.0.0
[INFO] [stderr]    Compiling aws-lc-sys v0.44.0
[INFO] [stderr]    Compiling dashmap v6.2.1
[INFO] [stderr]    Compiling chrono v0.4.45
[INFO] [stderr]    Compiling synstructure v0.13.2
[INFO] [stderr]    Compiling regex v1.13.1
[INFO] [stderr]    Compiling zerovec-derive v0.11.6
[INFO] [stderr]    Compiling displaydoc v0.2.7
[INFO] [stderr]    Compiling tokio-macros v2.7.2
[INFO] [stderr]    Compiling sanitize-filename v0.6.0
[INFO] [stderr]    Compiling zerofrom-derive v0.1.7
[INFO] [stderr]    Compiling yoke-derive v0.8.2
[INFO] [stderr]    Compiling tracing-attributes v0.1.31
[INFO] [stderr]    Compiling strum_macros v0.28.0
[INFO] [stderr]    Compiling tokio v1.53.1
[INFO] [stderr]    Compiling zerofrom v0.1.8
[INFO] [stderr]    Compiling yoke v0.8.3
[INFO] [stderr]    Compiling zerovec v0.11.8
[INFO] [stderr]    Compiling zerotrie v0.2.5
[INFO] [stderr]    Compiling tracing v0.1.44
[INFO] [stderr]    Compiling tinystr v0.8.4
[INFO] [stderr]    Compiling potential_utf v0.1.6
[INFO] [stderr]    Compiling icu_collections v2.3.0
[INFO] [stderr]    Compiling icu_locale_core v2.3.0
[INFO] [stderr]    Compiling icu_provider v2.3.1
[INFO] [stderr]    Compiling icu_properties v2.3.0
[INFO] [stderr]    Compiling icu_normalizer v2.3.0
[INFO] [stderr]    Compiling idna_adapter v1.2.2
[INFO] [stderr]    Compiling idna v1.1.0
[INFO] [stderr]    Compiling url v2.5.8
[INFO] [stderr]    Compiling fake-torrent-client v0.9.11
[INFO] [stderr]    Compiling tokio-util v0.7.19
[INFO] [stderr]    Compiling tower v0.5.3
[INFO] [stderr]    Compiling async-compression v0.4.43
[INFO] [stderr]    Compiling h2 v0.4.19
[INFO] [stderr]    Compiling tower-http v0.6.11
[INFO] [stderr]    Compiling hyper v1.11.1
[INFO] [stderr]    Compiling hyper-util v0.1.20
[INFO] [stderr]    Compiling rustls-webpki v0.103.15
[INFO] [stderr]    Compiling tokio-rustls v0.26.4
[INFO] [stderr]    Compiling rustls-platform-verifier v0.7.0
[INFO] [stderr]    Compiling hyper-rustls v0.27.9
[INFO] [stderr]    Compiling reqwest v0.13.4
[INFO] [stderr]    Compiling RatioUp v1.4.1 (/opt/rustwide/workdir)
[INFO] [stderr]     Finished `release` profile [optimized] target(s) in 2m 46s
[INFO] running `Command { std: "docker" "inspect" "5231d699b8a4c12e0ed79e53f7362c35d6205bcbdc8928f5bcdd5a139671f37a", kill_on_drop: false }`
[INFO] running `Command { std: "docker" "exec" "-e" "SOURCE_DIR=/opt/rustwide/workdir" "-e" "CARGO_HOME=/opt/rustwide/cargo-home" "-e" "RUSTUP_HOME=/opt/rustwide/rustup-home" "-e" "CARGO_TARGET_DIR=/opt/rustwide/target" "-e" "CARGO_INCREMENTAL=0" "-e" "RUST_BACKTRACE=full" "-e" "RUSTFLAGS=--cap-lints=warn" "-e" "RUSTDOCFLAGS=--cap-lints=warn" "-w" "/opt/rustwide/workdir" "--user" "0:0" "5231d699b8a4c12e0ed79e53f7362c35d6205bcbdc8928f5bcdd5a139671f37a" "/opt/rustwide/cargo-home/bin/cargo" "+1.99.0-beta.1" "test" "--frozen" "--no-run" "--message-format=json" "--release", kill_on_drop: false }`
[INFO] [stderr]    Compiling bitflags v2.13.1
[INFO] [stderr]    Compiling rustix v1.1.4
[INFO] [stderr]    Compiling linux-raw-sys v0.12.1
[INFO] [stderr]    Compiling inotify v0.11.5
[INFO] [stderr]    Compiling notify-types v2.1.0
[INFO] [stderr]    Compiling tower-http v0.6.11
[INFO] [stderr]    Compiling reqwest v0.13.4
[INFO] [stderr]    Compiling notify v8.2.0
[INFO] [stderr]    Compiling tempfile v3.27.0
[INFO] [stderr]    Compiling RatioUp v1.4.1 (/opt/rustwide/workdir)
[INFO] [stderr]     Finished `release` profile [optimized] target(s) in 21.59s
[INFO] running `Command { std: "docker" "inspect" "5231d699b8a4c12e0ed79e53f7362c35d6205bcbdc8928f5bcdd5a139671f37a", kill_on_drop: false }`
[INFO] running `Command { std: "docker" "exec" "-e" "SOURCE_DIR=/opt/rustwide/workdir" "-e" "CARGO_HOME=/opt/rustwide/cargo-home" "-e" "RUSTUP_HOME=/opt/rustwide/rustup-home" "-e" "CARGO_TARGET_DIR=/opt/rustwide/target" "-e" "CARGO_INCREMENTAL=0" "-e" "RUST_BACKTRACE=full" "-e" "RUSTFLAGS=--cap-lints=warn" "-e" "RUSTDOCFLAGS=--cap-lints=warn" "-w" "/opt/rustwide/workdir" "--user" "0:0" "5231d699b8a4c12e0ed79e53f7362c35d6205bcbdc8928f5bcdd5a139671f37a" "/opt/rustwide/cargo-home/bin/cargo" "+1.99.0-beta.1" "test" "--frozen" "--release", kill_on_drop: false }`
[INFO] [stderr]     Finished `release` profile [optimized] target(s) in 0.21s
[INFO] [stderr]      Running unittests src/main.rs (/opt/rustwide/target/release/deps/RatioUp-5f0f645dee526f7c)
[INFO] [stdout] 
[INFO] [stdout] running 109 tests
[INFO] [stdout] test announcer::scheduler::tests::test_add_jitter_bounds ... ok
[INFO] [stdout] test announcer::scheduler::tests::test_add_jitter_short_interval ... ok
[INFO] [stdout] test announcer::scheduler::tests::test_time_until_announce_min_interval_dominates ... ok
[INFO] [stdout] test announcer::scheduler::tests::test_add_jitter_typical_tracker_interval ... ok
[INFO] [stdout] test announcer::scheduler::tests::test_time_until_announce_zero_interval ... ok
[INFO] [stdout] test announcer::scheduler::tests::test_time_until_announce_full_interval_remaining ... ok
[INFO] [stdout] test announcer::tracker::tests::test_build_url_no_placeholders_remain ... ok
[INFO] [stdout] test announcer::tracker::tests::test_build_url_separator_with_existing_query ... ok
[INFO] [stdout] test announcer::tracker::tests::test_build_url_separator_without_query ... ok
[INFO] [stdout] test announcer::tracker::tests::test_build_url_started_event_uploaded_zero ... ok
[INFO] [stdout] test announcer::tracker::tests::test_build_url_stopped_event ... ok
[INFO] [stdout] test announcer::tracker::tests::test_parse_http_response_failure_reason ... ok
[INFO] [stdout] test announcer::tracker::tests::test_parse_http_response_invalid_bencode ... ok
[INFO] [stdout] test announcer::tracker::tests::test_parse_http_response_non_dict ... ok
[INFO] [stdout] test announcer::tracker::tests::test_parse_http_response_tracker_id ... ok
[INFO] [stdout] test announcer::tracker::tests::test_parse_http_response_normal ... ok
[INFO] [stdout] test announcer::tracker::tests::test_parse_http_response_warning_message ... ok
[INFO] [stdout] test announcer::tracker::tests::test_supported_url ... ok
[INFO] [stdout] test announcer::udp::tests::test_announce_packet_structure ... ok
[INFO] [stdout] test announcer::udp::tests::test_parse_peers_from_response_buffer ... ok
[INFO] [stdout] test announcer::udp::tests::test_peer_id_short_is_zero_padded ... ok
[INFO] [stdout] test announcer::udp::tests::test_tracker_error_display ... ok
[INFO] [stdout] test announcer::udp::tests::test_resolve_tracker_addr_no_port ... ok
[INFO] [stdout] test announcer::udp::tests::test_tracker_request_creation ... ok
[INFO] [stdout] test bencode::tests::test_decode_byte_string ... ok
[INFO] [stdout] test bencode::tests::test_decode_dictionary_empty ... ok
[INFO] [stdout] test bencode::tests::test_decode_dictionary_nested ... ok
[INFO] [stdout] test bencode::tests::test_decode_dictionary_simple ... ok
[INFO] [stdout] test bencode::tests::test_decode_error_invalid_format ... ok
[INFO] [stdout] test bencode::tests::test_decode_error_string_truncated ... ok
[INFO] [stdout] test bencode::tests::test_decode_error_unexpected_end ... ok
[INFO] [stdout] test announcer::udp::tests::test_resolve_tracker_addr_invalid_scheme ... ok
[INFO] [stdout] test bencode::tests::test_decode_byte_string_empty ... ok
[INFO] [stdout] test bencode::tests::test_decode_byte_string_binary ... ok
[INFO] [stdout] test bencode::tests::test_decode_failure_reason ... ok
[INFO] [stdout] test bencode::tests::test_decode_integer_negative ... ok
[INFO] [stdout] test bencode::tests::test_decode_integer_positive ... ok
[INFO] [stdout] test bencode::tests::test_decode_integer_zero ... ok
[INFO] [stdout] test bencode::tests::test_decode_list_empty ... ok
[INFO] [stdout] test bencode::tests::test_decode_list_integers ... ok
[INFO] [stdout] test bencode::tests::test_decode_list_nested ... ok
[INFO] [stdout] test bencode::tests::test_decode_tracker_response ... ok
[INFO] [stdout] test bencode::tests::test_decode_list_mixed ... ok
[INFO] [stdout] test announcer::scheduler::tests::test_time_until_announce_saturates_at_zero ... ok
[INFO] [stdout] test bencode::tests::test_encode_byte_string ... ok
[INFO] [stdout] test bencode::tests::test_encode_dictionary ... ok
[INFO] [stdout] test bencode::tests::test_encode_integer_negative ... ok
[INFO] [stdout] test bencode::tests::test_encode_integer ... ok
[INFO] [stdout] test bencode::tests::test_encode_list ... ok
[INFO] [stdout] test bencode::tests::test_roundtrip_complex ... ok
[INFO] [stdout] test bencode::tests::test_roundtrip_string ... ok
[INFO] [stdout] test config::tests::test_speed_ok ... ok
[INFO] [stdout] test directory::tests::test_load_torrents_empty_directory ... ok
[INFO] [stdout] test config::tests::test_load_from_file_valid_fields ... ok
[INFO] [stdout] test announcer::udp::tests::test_resolve_tracker_addr_valid ... ok
[INFO] [stdout] test config::tests::test_load_from_file_missing_file ... ok
[INFO] [stdout] test config::tests::test_load_from_file_swapped_rates_are_corrected ... ok
[INFO] [stdout] test json_output::tests::test_writable ... ok
[INFO] [stdout] test json_output::tests::test_writable_nonexistent_parent_is_rejected ... ok
[INFO] [stdout] test json_output::tests::test_writable_trailing_slash_is_rejected ... ok
[INFO] [stdout] test torrent::tests::test_can_download_or_upload ... ok
[INFO] [stdout] test bencode::tests::test_roundtrip_integer ... ok
[INFO] [stdout] test torrent::tests::test_effective_interval_min_greater_than_interval ... ok
[INFO] [stdout] test torrent::tests::test_effective_interval_min_zero ... ok
[INFO] [stdout] test torrent::tests::test_effective_interval_min_less_than_interval ... ok
[INFO] [stdout] test torrent::tests::test_from_bencode_missing_info ... ok
[INFO] [stdout] test config::tests::test_load_from_file_invalid_port_rejected ... ok
[INFO] [stdout] test torrent::tests::test_from_bencode_negative_length ... ok
[INFO] [stdout] test torrent::tests::test_from_bencode_no_valid_urls ... ok
[INFO] [stdout] test torrent::tests::test_from_bencode_missing_name ... ok
[INFO] [stdout] test torrent::tests::test_from_bencode_top_level_not_dict ... ok
[INFO] [stdout] test torrent::tests::test_from_file_nonexistent ... ok
[INFO] [stdout] test tests::test_torrent_directory ... ok
[INFO] [stdout] test torrent::tests::test_effective_interval_min_equals_interval ... ok
[INFO] [stdout] test torrent::tests::test_parse_audio_archive_torrent ... ok
[INFO] [stdout] test config::tests::test_load_from_file_torrent_dir_and_output_stats ... ok
[INFO] [stdout] test torrent::tests::test_effective_interval_no_min ... ok
[INFO] [stdout] test config::tests::test_load_from_file_client_string ... ok
[INFO] [stdout] test directory::tests::test_load_torrents_skips_non_torrent_files ... ok
[INFO] [stdout] test config::tests::test_load_from_file_invalid_toml ... ok
[INFO] [stdout] test config::tests::test_load_from_file_numwant ... ok
[INFO] [stdout] test config::tests::test_load_from_file_use_pid_file ... ok
[INFO] [stdout] test torrent::tests::test_from_file_sets_source_path ... ok
[INFO] [stdout] test torrent::tests::test_parse_ubuntu_torrent ... ok
[INFO] [stdout] test directory::tests::test_load_torrents_skips_duplicates ... ok
[INFO] [stdout] test announcer::udp::tests::test_transaction_id_generation ... ok
[INFO] [stdout] test directory::tests::test_load_torrents_counts_valid_files ... FAILED
[INFO] [stdout] test bencode::tests::test_encode_byte_string_empty ... ok
[INFO] [stdout] test torrent::tests::test_should_announce_lenient_min_interval ... ok
[INFO] [stdout] test torrent::tests::test_should_announce_zero_interval_no_min ... ok
[INFO] [stdout] test torrent::tests::test_to_json_info_hash_all_zeros ... ok
[INFO] [stdout] test torrent::tests::test_to_json_contains_all_scalar_fields ... ok
[INFO] [stdout] test torrent::tests::test_to_json_name_with_quotes ... ok
[INFO] [stdout] test torrent::tests::test_to_json_multiple_urls ... ok
[INFO] [stdout] test torrent::tests::test_torrent_error_display ... ok
[INFO] [stdout] test utils::tests::test_bytes ... ok
[INFO] [stdout] test utils::tests::test_beyond_gigabytes_with_u32 ... ok
[INFO] [stdout] test torrent::tests::test_to_json_info_hash_known_value ... ok
[INFO] [stdout] test utils::tests::test_gigabytes ... ok
[INFO] [stdout] test utils::tests::test_hex_encode ... ok
[INFO] [stdout] test utils::tests::test_kilobytes ... ok
[INFO] [stdout] test utils::tests::test_megabytes ... ok
[INFO] [stdout] test utils::tests::test_percent_encoding_example ... ok
[INFO] [stdout] test utils::tests::test_terabytes_u64 ... ok
[INFO] [stdout] test watcher::tests::test_torrent_extension_check ... ok
[INFO] [stdout] test utils::tests::test_sha1 ... ok
[INFO] [stdout] test torrent::tests::test_should_announce_blocked_by_min_interval ... ok
[INFO] [stdout] test announcer::scheduler::tests::test_joinset_tasks_run_concurrently ... ok
[INFO] [stdout] test torrent::tests::test_get_average_speeds ... ok
[INFO] [stdout] 
[INFO] [stdout] failures:
[INFO] [stdout] 
[INFO] [stdout] ---- directory::tests::test_load_torrents_counts_valid_files stdout ----
[INFO] [stdout] 
[INFO] [stdout] thread 'directory::tests::test_load_torrents_counts_valid_files' (4186) panicked at src/directory.rs:74:9:
[INFO] [stdout] assertion `left == right` failed
[INFO] [stdout]   left: 0
[INFO] [stdout]  right: 1
[INFO] [stdout] stack backtrace:
[INFO] [stdout]    0:     0x5910e46cf171 - <<std[104cf6e2632825ea]::sys::backtrace::BacktraceLock>::print::DisplayBacktrace as core[7c831bd917ebf35f]::fmt::Display>::fmt
[INFO] [stdout]    1:     0x5910e46e656a - core[7c831bd917ebf35f]::fmt::write
[INFO] [stdout]    2:     0x5910e46d3e2c - <alloc[2fdc3f7464fcf288]::vec::Vec<u8> as core[7c831bd917ebf35f]::io::write::Write>::write_fmt
[INFO] [stdout]    3:     0x5910e46a7976 - std[104cf6e2632825ea]::panicking::default_hook::{closure#0}
[INFO] [stdout]    4:     0x5910e46c5009 - std[104cf6e2632825ea]::panicking::default_hook
[INFO] [stdout]    5:     0x5910e45d4610 - test[73009c9f9aebf890]::test_main_inner::<test[73009c9f9aebf890]::test_main_static::{closure#0}>::{closure#0}
[INFO] [stdout]    6:     0x5910e46c5332 - std[104cf6e2632825ea]::panicking::panic_with_hook
[INFO] [stdout]    7:     0x5910e46a7a22 - std[104cf6e2632825ea]::panicking::panic_handler::{closure#0}
[INFO] [stdout]    8:     0x5910e469fc09 - std[104cf6e2632825ea]::sys::backtrace::__rust_end_short_backtrace::<std[104cf6e2632825ea]::panicking::panic_handler::{closure#0}, !>
[INFO] [stdout]    9:     0x5910e46a88cd - __rustc[b0d56fa5b193ad05]::rust_begin_unwind
[INFO] [stdout]   10:     0x5910e46e6d4c - core[7c831bd917ebf35f]::panicking::panic_fmt
[INFO] [stdout]   11:     0x5910e46e6c63 - core[7c831bd917ebf35f]::panicking::assert_failed_inner
[INFO] [stdout]   12:     0x5910e46e1518 - core[7c831bd917ebf35f]::panicking::assert_failed::<usize, usize>
[INFO] [stdout]   13:     0x5910e459390a - RatioUp[103b1cfebf3b8ff8]::directory::tests::test_load_torrents_counts_valid_files::{closure#0}
[INFO] [stdout]   14:     0x5910e45a086a - <tokio[a473c7ff16be7791]::runtime::context::scoped::Scoped<tokio[a473c7ff16be7791]::runtime::scheduler::Context>>::set::<<tokio[a473c7ff16be7791]::runtime::scheduler::current_thread::CoreGuard>::enter<<tokio[a473c7ff16be7791]::runtime::scheduler::current_thread::CoreGuard>::block_on<core[7c831bd917ebf35f]::pin::Pin<&mut core[7c831bd917ebf35f]::pin::Pin<&mut dyn core[7c831bd917ebf35f]::future::future::Future<Output = ()>>>>::{closure#0}, core[7c831bd917ebf35f]::option::Option<()>>::{closure#0}, (alloc[2fdc3f7464fcf288]::boxed::Box<tokio[a473c7ff16be7791]::runtime::scheduler::current_thread::Core>, core[7c831bd917ebf35f]::option::Option<()>)>
[INFO] [stdout]   15:     0x5910e45a1245 - <tokio[a473c7ff16be7791]::runtime::scheduler::current_thread::CurrentThread>::block_on::<core[7c831bd917ebf35f]::pin::Pin<&mut dyn core[7c831bd917ebf35f]::future::future::Future<Output = ()>>>
[INFO] [stdout]   16:     0x5910e458fa82 - <tokio[a473c7ff16be7791]::runtime::runtime::Runtime>::block_on::<core[7c831bd917ebf35f]::pin::Pin<&mut dyn core[7c831bd917ebf35f]::future::future::Future<Output = ()>>>
[INFO] [stdout]   17:     0x5910e4597588 - RatioUp[103b1cfebf3b8ff8]::directory::tests::test_load_torrents_counts_valid_files
[INFO] [stdout]   18:     0x5910e458de39 - <RatioUp[103b1cfebf3b8ff8]::directory::tests::test_load_torrents_counts_valid_files::{closure#0} as core[7c831bd917ebf35f]::ops::function::FnOnce<()>>::call_once
[INFO] [stdout]   19:     0x5910e45c78fb - test[73009c9f9aebf890]::__rust_begin_short_backtrace::<core[7c831bd917ebf35f]::result::Result<(), alloc[2fdc3f7464fcf288]::string::String>, fn() -> core[7c831bd917ebf35f]::result::Result<(), alloc[2fdc3f7464fcf288]::string::String>>
[INFO] [stdout]   20:     0x5910e45d4f65 - test[73009c9f9aebf890]::run_test::{closure#0}
[INFO] [stdout]   21:     0x5910e45ce324 - std[104cf6e2632825ea]::sys::backtrace::__rust_begin_short_backtrace::<test[73009c9f9aebf890]::run_test::{closure#1}, ()>
[INFO] [stdout]   22:     0x5910e45d80c2 - <std[104cf6e2632825ea]::thread::lifecycle::spawn_unchecked<test[73009c9f9aebf890]::run_test::{closure#1}, ()>::{closure#1} as core[7c831bd917ebf35f]::ops::function::FnOnce<()>>::call_once::{shim:vtable#0}
[INFO] [stdout]   23:     0x5910e46cdd59 - <std[104cf6e2632825ea]::sys::thread::unix::Thread>::new::thread_start
[INFO] [stdout]   24:     0x763cd699307a - <unknown>
[INFO] [stdout]   25:     0x763cd6a26534 - clone
[INFO] [stdout]   26:                0x0 - <unknown>
[INFO] [stdout] 
[INFO] [stdout] 
[INFO] [stdout] failures:
[INFO] [stdout]     directory::tests::test_load_torrents_counts_valid_files
[INFO] [stdout] 
[INFO] [stdout] test result: FAILED. 108 passed; 1 failed; 0 ignored; 0 measured; 0 filtered out; finished in 2.02s
[INFO] [stdout] 
[INFO] [stderr] error: test failed, to rerun pass `--bin RatioUp`
[INFO] running `Command { std: "docker" "inspect" "5231d699b8a4c12e0ed79e53f7362c35d6205bcbdc8928f5bcdd5a139671f37a", kill_on_drop: false }`
[INFO] running `Command { std: "docker" "rm" "-f" "5231d699b8a4c12e0ed79e53f7362c35d6205bcbdc8928f5bcdd5a139671f37a", kill_on_drop: false }`
[INFO] [stdout] 5231d699b8a4c12e0ed79e53f7362c35d6205bcbdc8928f5bcdd5a139671f37a
