[INFO] cloning repository https://github.com/teacond/morse_player
[INFO] running `Command { std: "git" "-c" "credential.helper=" "-c" "credential.helper=/workspace/cargo-home/bin/git-credential-null" "clone" "--bare" "https://github.com/teacond/morse_player" "/workspace/cache/git-repos/https%3A%2F%2Fgithub.com%2Fteacond%2Fmorse_player", kill_on_drop: false }`
[INFO] [stderr] Cloning into bare repository '/workspace/cache/git-repos/https%3A%2F%2Fgithub.com%2Fteacond%2Fmorse_player'...
[INFO] running `Command { std: "git" "rev-parse" "HEAD", kill_on_drop: false }`
[INFO] [stdout] e3c6fa2dffca390b48af01d1aaad60187460781f
[INFO] testing teacond/morse_player against 1.99.0-beta.1+cargoflags=--release for beta-release-1.99-2
[INFO] running `Command { std: "git" "clone" "/workspace/cache/git-repos/https%3A%2F%2Fgithub.com%2Fteacond%2Fmorse_player" "/workspace/builds/worker-2-tc2/source", kill_on_drop: false }`
[INFO] [stderr] Cloning into '/workspace/builds/worker-2-tc2/source'...
[INFO] [stderr] done.
[INFO] started tweaking git repo https://github.com/teacond/morse_player
[INFO] finished tweaking git repo https://github.com/teacond/morse_player
[INFO] tweaked toml for git repo https://github.com/teacond/morse_player written to /workspace/builds/worker-2-tc2/source/Cargo.toml
[INFO] validating manifest of git repo https://github.com/teacond/morse_player on toolchain 1.99.0-beta.1
[INFO] running `Command { std: CARGO_HOME="/workspace/cargo-home" RUSTUP_HOME="/workspace/rustup-home" "/workspace/cargo-home/bin/cargo" "+1.99.0-beta.1" "metadata" "--manifest-path" "Cargo.toml" "--no-deps", kill_on_drop: false }`
[INFO] crate git repo https://github.com/teacond/morse_player already has a lockfile, it will not be regenerated
[INFO] running `Command { std: CARGO_HOME="/workspace/cargo-home" RUSTUP_HOME="/workspace/rustup-home" "/workspace/cargo-home/bin/cargo" "+1.99.0-beta.1" "fetch" "--manifest-path" "Cargo.toml", kill_on_drop: false }`
[INFO] running `Command { std: "docker" "create" "-v" "/var/lib/crater-agent-workspace/builds/worker-2-tc2/source:/opt/rustwide/workdir:ro,Z" "-v" "/var/lib/crater-agent-workspace/builds/worker-2-tc2/target:/opt/rustwide/target:rw,Z" "-v" "/var/lib/crater-agent-workspace/cargo-home:/opt/rustwide/cargo-home:ro,Z" "-v" "/var/lib/crater-agent-workspace/rustup-home:/opt/rustwide/rustup-home:ro,Z" "-m" "1610612736" "--network" "none" "ghcr.io/rust-lang/crates-build-env/linux@sha256:8683fc1fc2eb5c9ac98e0d076ab094b2ffac7f99da555d2b6a2e27f346de2ec7" "sleep" "infinity", kill_on_drop: false }`
[INFO] [stdout] 4d30eeebc853db1abf7753231f1783104c8bc8db4667bef07d6405ae244aaf53
[INFO] running `Command { std: "docker" "start" "4d30eeebc853db1abf7753231f1783104c8bc8db4667bef07d6405ae244aaf53", kill_on_drop: false }`
[INFO] running `Command { std: "docker" "inspect" "4d30eeebc853db1abf7753231f1783104c8bc8db4667bef07d6405ae244aaf53", kill_on_drop: false }`
[INFO] running `Command { std: "docker" "exec" "-e" "SOURCE_DIR=/opt/rustwide/workdir" "-e" "CARGO_HOME=/opt/rustwide/cargo-home" "-e" "RUSTUP_HOME=/opt/rustwide/rustup-home" "-e" "CARGO_TARGET_DIR=/opt/rustwide/target" "-w" "/opt/rustwide/workdir" "--user" "0:0" "4d30eeebc853db1abf7753231f1783104c8bc8db4667bef07d6405ae244aaf53" "/opt/rustwide/cargo-home/bin/cargo" "+1.99.0-beta.1" "metadata" "--no-deps" "--format-version=1", kill_on_drop: false }`
[INFO] running `Command { std: "docker" "inspect" "4d30eeebc853db1abf7753231f1783104c8bc8db4667bef07d6405ae244aaf53", kill_on_drop: false }`
[INFO] running `Command { std: "docker" "exec" "-e" "SOURCE_DIR=/opt/rustwide/workdir" "-e" "CARGO_HOME=/opt/rustwide/cargo-home" "-e" "RUSTUP_HOME=/opt/rustwide/rustup-home" "-e" "CARGO_TARGET_DIR=/opt/rustwide/target" "-e" "CARGO_INCREMENTAL=0" "-e" "RUST_BACKTRACE=full" "-e" "RUSTFLAGS=--cap-lints=warn" "-e" "RUSTDOCFLAGS=--cap-lints=warn" "-w" "/opt/rustwide/workdir" "--user" "0:0" "4d30eeebc853db1abf7753231f1783104c8bc8db4667bef07d6405ae244aaf53" "/opt/rustwide/cargo-home/bin/cargo" "+1.99.0-beta.1" "build" "--frozen" "--message-format=json" "--release", kill_on_drop: false }`
[INFO] [stderr]    Compiling bytemuck v1.25.0
[INFO] [stderr]    Compiling log v0.4.33
[INFO] [stderr]    Compiling arrayvec v0.7.7
[INFO] [stderr]    Compiling libm v0.2.16
[INFO] [stderr]    Compiling rand_core v0.10.1
[INFO] [stderr]    Compiling getrandom v0.4.3
[INFO] [stderr]    Compiling num-traits v0.2.19
[INFO] [stderr]    Compiling alsa-sys v0.4.0
[INFO] [stderr]    Compiling smallvec v1.15.2
[INFO] [stderr]    Compiling cpufeatures v0.3.0
[INFO] [stderr]    Compiling cpal v0.17.3
[INFO] [stderr]    Compiling bitflags v2.13.0
[INFO] [stderr]    Compiling quote v1.0.46
[INFO] [stderr]    Compiling extended v0.1.0
[INFO] [stderr]    Compiling serde_core v1.0.228
[INFO] [stderr]    Compiling serde_json v1.0.151
[INFO] [stderr]    Compiling dasp_sample v0.11.0
[INFO] [stderr]    Compiling bytes v1.12.0
[INFO] [stderr]    Compiling rtrb v0.3.4
[INFO] [stderr]    Compiling memchr v2.8.2
[INFO] [stderr]    Compiling parking_lot_core v0.9.12
[INFO] [stderr]    Compiling strum v0.28.0
[INFO] [stderr]    Compiling syn v2.0.118
[INFO] [stderr]    Compiling chacha20 v0.10.1
[INFO] [stderr]    Compiling symphonia-core v0.5.5
[INFO] [stderr]    Compiling parking_lot v0.12.5
[INFO] [stderr]    Compiling rand v0.10.1
[INFO] [stderr]    Compiling alsa v0.11.0
[INFO] [stderr]    Compiling symphonia-metadata v0.5.5
[INFO] [stderr]    Compiling symphonia-codec-aac v0.5.5
[INFO] [stderr]    Compiling symphonia-codec-pcm v0.5.5
[INFO] [stderr]    Compiling symphonia-utils-xiph v0.5.5
[INFO] [stderr]    Compiling symphonia-bundle-mp3 v0.5.5
[INFO] [stderr]    Compiling symphonia-format-riff v0.5.5
[INFO] [stderr]    Compiling symphonia-bundle-flac v0.5.5
[INFO] [stderr]    Compiling symphonia-format-ogg v0.5.5
[INFO] [stderr]    Compiling symphonia-format-isomp4 v0.5.5
[INFO] [stderr]    Compiling symphonia-codec-vorbis v0.5.5
[INFO] [stderr]    Compiling num-integer v0.1.46
[INFO] [stderr]    Compiling rand_distr v0.6.0
[INFO] [stderr]    Compiling num-bigint v0.4.6
[INFO] [stderr]    Compiling symphonia v0.5.5
[INFO] [stderr]    Compiling num-rational v0.4.2
[INFO] [stderr]    Compiling tokio-macros v2.7.0
[INFO] [stderr]    Compiling thiserror-impl v2.0.18
[INFO] [stderr]    Compiling derive_more-impl v2.1.1
[INFO] [stderr]    Compiling strum_macros v0.28.0
[INFO] [stderr]    Compiling tokio v1.53.1
[INFO] [stderr]    Compiling derive_more v2.1.1
[INFO] [stderr]    Compiling thiserror v2.0.18
[INFO] [stderr]    Compiling rodio v0.22.2
[INFO] [stderr]    Compiling tokio-util v0.7.19
[INFO] [stderr]    Compiling morse_player v0.3.4 (/opt/rustwide/workdir)
[INFO] [stderr]     Finished `release` profile [optimized] target(s) in 51.77s
[INFO] running `Command { std: "docker" "inspect" "4d30eeebc853db1abf7753231f1783104c8bc8db4667bef07d6405ae244aaf53", kill_on_drop: false }`
[INFO] running `Command { std: "docker" "exec" "-e" "SOURCE_DIR=/opt/rustwide/workdir" "-e" "CARGO_HOME=/opt/rustwide/cargo-home" "-e" "RUSTUP_HOME=/opt/rustwide/rustup-home" "-e" "CARGO_TARGET_DIR=/opt/rustwide/target" "-e" "CARGO_INCREMENTAL=0" "-e" "RUST_BACKTRACE=full" "-e" "RUSTFLAGS=--cap-lints=warn" "-e" "RUSTDOCFLAGS=--cap-lints=warn" "-w" "/opt/rustwide/workdir" "--user" "0:0" "4d30eeebc853db1abf7753231f1783104c8bc8db4667bef07d6405ae244aaf53" "/opt/rustwide/cargo-home/bin/cargo" "+1.99.0-beta.1" "test" "--frozen" "--no-run" "--message-format=json" "--release", kill_on_drop: false }`
[INFO] [stderr]    Compiling morse_player v0.3.4 (/opt/rustwide/workdir)
[INFO] [stderr]     Finished `release` profile [optimized] target(s) in 1.81s
[INFO] running `Command { std: "docker" "inspect" "4d30eeebc853db1abf7753231f1783104c8bc8db4667bef07d6405ae244aaf53", kill_on_drop: false }`
[INFO] running `Command { std: "docker" "exec" "-e" "SOURCE_DIR=/opt/rustwide/workdir" "-e" "CARGO_HOME=/opt/rustwide/cargo-home" "-e" "RUSTUP_HOME=/opt/rustwide/rustup-home" "-e" "CARGO_TARGET_DIR=/opt/rustwide/target" "-e" "CARGO_INCREMENTAL=0" "-e" "RUST_BACKTRACE=full" "-e" "RUSTFLAGS=--cap-lints=warn" "-e" "RUSTDOCFLAGS=--cap-lints=warn" "-w" "/opt/rustwide/workdir" "--user" "0:0" "4d30eeebc853db1abf7753231f1783104c8bc8db4667bef07d6405ae244aaf53" "/opt/rustwide/cargo-home/bin/cargo" "+1.99.0-beta.1" "test" "--frozen" "--release", kill_on_drop: false }`
[INFO] [stderr]     Finished `release` profile [optimized] target(s) in 0.13s
[INFO] [stderr]      Running unittests src/lib.rs (/opt/rustwide/target/release/deps/morse_player-b0382d6618112571)
[INFO] [stdout] 
[INFO] [stdout] running 1 test
[INFO] [stderr] ALSA lib confmisc.c:855:(parse_card) [error.core] cannot find card '0'
[INFO] [stderr] ALSA lib conf.c:5211:(_snd_config_evaluate) [error.core] function snd_func_card_inum returned error: No such file or directory
[INFO] [stderr] ALSA lib confmisc.c:422:(snd_func_concat) [error.core] error evaluating strings
[INFO] [stderr] ALSA lib conf.c:5211:(_snd_config_evaluate) [error.core] function snd_func_concat returned error: No such file or directory
[INFO] [stderr] ALSA lib confmisc.c:1342:(snd_func_refer) [error.core] error evaluating name
[INFO] [stderr] ALSA lib conf.c:5211:(_snd_config_evaluate) [error.core] function snd_func_refer returned error: No such file or directory
[INFO] [stderr] ALSA lib conf.c:5734:(snd_config_expand) [error.core] Evaluate error: No such file or directory
[INFO] [stderr] ALSA lib pcm.c:2722:(snd_pcm_open_noupdate) [error.pcm] Unknown PCM default
[INFO] [stdout] test tests::test_text_duration ... FAILED
[INFO] [stdout] 
[INFO] [stdout] failures:
[INFO] [stdout] 
[INFO] [stdout] ---- tests::test_text_duration stdout ----
[INFO] [stdout] 
[INFO] [stdout] thread 'tests::test_text_duration' (1215) panicked at src/lib.rs:28:47:
[INFO] [stdout] called `Result::unwrap()` on an `Err` value: DefaultSinkConfigError(DeviceNotAvailable)
[INFO] [stdout] stack backtrace:
[INFO] [stdout]    0:     0x616424e601d1 - <<std[104cf6e2632825ea]::sys::backtrace::BacktraceLock>::print::DisplayBacktrace as core[7c831bd917ebf35f]::fmt::Display>::fmt
[INFO] [stdout]    1:     0x616424e7505a - core[7c831bd917ebf35f]::fmt::write
[INFO] [stdout]    2:     0x616424e6466c - <alloc[2fdc3f7464fcf288]::vec::Vec<u8> as core[7c831bd917ebf35f]::io::write::Write>::write_fmt
[INFO] [stdout]    3:     0x616424e3c6a6 - std[104cf6e2632825ea]::panicking::default_hook::{closure#0}
[INFO] [stdout]    4:     0x616424e58819 - std[104cf6e2632825ea]::panicking::default_hook
[INFO] [stdout]    5:     0x616424dd01c0 - test[73009c9f9aebf890]::test_main_inner::<test[73009c9f9aebf890]::test_main_static::{closure#0}>::{closure#0}
[INFO] [stdout]    6:     0x616424e589d2 - std[104cf6e2632825ea]::panicking::panic_with_hook
[INFO] [stdout]    7:     0x616424e3c752 - std[104cf6e2632825ea]::panicking::panic_handler::{closure#0}
[INFO] [stdout]    8:     0x616424e350f9 - std[104cf6e2632825ea]::sys::backtrace::__rust_end_short_backtrace::<std[104cf6e2632825ea]::panicking::panic_handler::{closure#0}, !>
[INFO] [stdout]    9:     0x616424e3d34d - __rustc[b0d56fa5b193ad05]::rust_begin_unwind
[INFO] [stdout]   10:     0x616424e757bc - core[7c831bd917ebf35f]::panicking::panic_fmt
[INFO] [stdout]   11:     0x616424e75592 - core[7c831bd917ebf35f]::result::unwrap_failed
[INFO] [stdout]   12:     0x616424db4234 - morse_player[313aafeb56408f2c]::tests::test_text_duration
[INFO] [stdout]   13:     0x616424db6f49 - <morse_player[313aafeb56408f2c]::tests::test_text_duration::{closure#0} as core[7c831bd917ebf35f]::ops::function::FnOnce<()>>::call_once
[INFO] [stdout]   14:     0x616424dc34ab - test[73009c9f9aebf890]::__rust_begin_short_backtrace::<core[7c831bd917ebf35f]::result::Result<(), alloc[2fdc3f7464fcf288]::string::String>, fn() -> core[7c831bd917ebf35f]::result::Result<(), alloc[2fdc3f7464fcf288]::string::String>>
[INFO] [stdout]   15:     0x616424dd0b15 - test[73009c9f9aebf890]::run_test::{closure#0}
[INFO] [stdout]   16:     0x616424dc9ed4 - std[104cf6e2632825ea]::sys::backtrace::__rust_begin_short_backtrace::<test[73009c9f9aebf890]::run_test::{closure#1}, ()>
[INFO] [stdout]   17:     0x616424dd3c72 - <std[104cf6e2632825ea]::thread::lifecycle::spawn_unchecked<test[73009c9f9aebf890]::run_test::{closure#1}, ()>::{closure#1} as core[7c831bd917ebf35f]::ops::function::FnOnce<()>>::call_once::{shim:vtable#0}
[INFO] [stdout]   18:     0x616424e5faa9 - <std[104cf6e2632825ea]::sys::thread::unix::Thread>::new::thread_start
[INFO] [stdout]   19:     0x72128baac07a - <unknown>
[INFO] [stdout]   20:     0x72128bb3f534 - clone
[INFO] [stdout]   21:                0x0 - <unknown>
[INFO] [stdout] 
[INFO] [stdout] 
[INFO] [stdout] failures:
[INFO] [stdout]     tests::test_text_duration
[INFO] [stdout] 
[INFO] [stdout] test result: FAILED. 0 passed; 1 failed; 0 ignored; 0 measured; 0 filtered out; finished in 0.02s
[INFO] [stdout] 
[INFO] [stderr] error: test failed, to rerun pass `--lib`
[INFO] running `Command { std: "docker" "inspect" "4d30eeebc853db1abf7753231f1783104c8bc8db4667bef07d6405ae244aaf53", kill_on_drop: false }`
[INFO] running `Command { std: "docker" "rm" "-f" "4d30eeebc853db1abf7753231f1783104c8bc8db4667bef07d6405ae244aaf53", kill_on_drop: false }`
[INFO] [stdout] 4d30eeebc853db1abf7753231f1783104c8bc8db4667bef07d6405ae244aaf53
