[INFO] cloning repository https://github.com/sahawndx119/snap-food-
[INFO] running `Command { std: "git" "-c" "credential.helper=" "-c" "credential.helper=/workspace/cargo-home/bin/git-credential-null" "clone" "--bare" "https://github.com/sahawndx119/snap-food-" "/workspace/cache/git-repos/https%3A%2F%2Fgithub.com%2Fsahawndx119%2Fsnap-food-", kill_on_drop: false }`
[INFO] [stderr] Cloning into bare repository '/workspace/cache/git-repos/https%3A%2F%2Fgithub.com%2Fsahawndx119%2Fsnap-food-'...
[INFO] running `Command { std: "git" "rev-parse" "HEAD", kill_on_drop: false }`
[INFO] [stdout] 658d96def5af3bb9b6b20046e3bf2cbb758ec843
[INFO] testing sahawndx119/snap-food- against 1.99.0-beta.1+cargoflags=--release for beta-release-1.99-2
[INFO] running `Command { std: "git" "clone" "/workspace/cache/git-repos/https%3A%2F%2Fgithub.com%2Fsahawndx119%2Fsnap-food-" "/workspace/builds/worker-0-tc2/source", kill_on_drop: false }`
[INFO] [stderr] Cloning into '/workspace/builds/worker-0-tc2/source'...
[INFO] [stderr] done.
[INFO] started tweaking git repo https://github.com/sahawndx119/snap-food-
[INFO] finished tweaking git repo https://github.com/sahawndx119/snap-food-
[INFO] tweaked toml for git repo https://github.com/sahawndx119/snap-food- written to /workspace/builds/worker-0-tc2/source/Cargo.toml
[INFO] validating manifest of git repo https://github.com/sahawndx119/snap-food- on toolchain 1.99.0-beta.1
[INFO] running `Command { std: CARGO_HOME="/workspace/cargo-home" RUSTUP_HOME="/workspace/rustup-home" "/workspace/cargo-home/bin/cargo" "+1.99.0-beta.1" "metadata" "--manifest-path" "Cargo.toml" "--no-deps", kill_on_drop: false }`
[INFO] crate git repo https://github.com/sahawndx119/snap-food- already has a lockfile, it will not be regenerated
[INFO] running `Command { std: CARGO_HOME="/workspace/cargo-home" RUSTUP_HOME="/workspace/rustup-home" "/workspace/cargo-home/bin/cargo" "+1.99.0-beta.1" "fetch" "--manifest-path" "Cargo.toml", kill_on_drop: false }`
[INFO] [stderr]     Blocking waiting for file lock on package cache
[INFO] running `Command { std: "docker" "create" "-v" "/var/lib/crater-agent-workspace/builds/worker-0-tc2/source:/opt/rustwide/workdir:ro,Z" "-v" "/var/lib/crater-agent-workspace/builds/worker-0-tc2/target:/opt/rustwide/target:rw,Z" "-v" "/var/lib/crater-agent-workspace/cargo-home:/opt/rustwide/cargo-home:ro,Z" "-v" "/var/lib/crater-agent-workspace/rustup-home:/opt/rustwide/rustup-home:ro,Z" "-m" "1610612736" "--network" "none" "ghcr.io/rust-lang/crates-build-env/linux@sha256:8683fc1fc2eb5c9ac98e0d076ab094b2ffac7f99da555d2b6a2e27f346de2ec7" "sleep" "infinity", kill_on_drop: false }`
[INFO] [stdout] 82e855fc4cb6e2a52a68d9ba02edc965038f64e6bb34c02e79aede1f2102130c
[INFO] running `Command { std: "docker" "start" "82e855fc4cb6e2a52a68d9ba02edc965038f64e6bb34c02e79aede1f2102130c", kill_on_drop: false }`
[INFO] running `Command { std: "docker" "inspect" "82e855fc4cb6e2a52a68d9ba02edc965038f64e6bb34c02e79aede1f2102130c", kill_on_drop: false }`
[INFO] running `Command { std: "docker" "exec" "-e" "SOURCE_DIR=/opt/rustwide/workdir" "-e" "CARGO_HOME=/opt/rustwide/cargo-home" "-e" "RUSTUP_HOME=/opt/rustwide/rustup-home" "-e" "CARGO_TARGET_DIR=/opt/rustwide/target" "-w" "/opt/rustwide/workdir" "--user" "0:0" "82e855fc4cb6e2a52a68d9ba02edc965038f64e6bb34c02e79aede1f2102130c" "/opt/rustwide/cargo-home/bin/cargo" "+1.99.0-beta.1" "metadata" "--no-deps" "--format-version=1", kill_on_drop: false }`
[INFO] running `Command { std: "docker" "inspect" "82e855fc4cb6e2a52a68d9ba02edc965038f64e6bb34c02e79aede1f2102130c", kill_on_drop: false }`
[INFO] running `Command { std: "docker" "exec" "-e" "SOURCE_DIR=/opt/rustwide/workdir" "-e" "CARGO_HOME=/opt/rustwide/cargo-home" "-e" "RUSTUP_HOME=/opt/rustwide/rustup-home" "-e" "CARGO_TARGET_DIR=/opt/rustwide/target" "-e" "CARGO_INCREMENTAL=0" "-e" "RUST_BACKTRACE=full" "-e" "RUSTFLAGS=--cap-lints=warn" "-e" "RUSTDOCFLAGS=--cap-lints=warn" "-w" "/opt/rustwide/workdir" "--user" "0:0" "82e855fc4cb6e2a52a68d9ba02edc965038f64e6bb34c02e79aede1f2102130c" "/opt/rustwide/cargo-home/bin/cargo" "+1.99.0-beta.1" "build" "--frozen" "--message-format=json" "--release", kill_on_drop: false }`
[INFO] [stderr]    Compiling proc-macro2 v1.0.95
[INFO] [stderr]    Compiling unicode-ident v1.0.18
[INFO] [stderr]    Compiling autocfg v1.4.0
[INFO] [stderr]    Compiling serde v1.0.219
[INFO] [stderr]    Compiling serde_json v1.0.140
[INFO] [stderr]    Compiling itoa v1.0.15
[INFO] [stderr]    Compiling ryu v1.0.20
[INFO] [stderr]    Compiling iana-time-zone v0.1.63
[INFO] [stderr]    Compiling memchr v2.7.4
[INFO] [stderr]    Compiling colored v3.0.0
[INFO] [stderr]    Compiling num-traits v0.2.19
[INFO] [stderr]    Compiling quote v1.0.40
[INFO] [stderr]    Compiling syn v2.0.101
[INFO] [stderr]    Compiling chrono v0.4.41
[INFO] [stderr]    Compiling serde_derive v1.0.219
[INFO] [stderr]    Compiling mini_projects3 v0.1.0 (/opt/rustwide/workdir)
[INFO] [stderr]     Finished `release` profile [optimized] target(s) in 19.78s
[INFO] running `Command { std: "docker" "inspect" "82e855fc4cb6e2a52a68d9ba02edc965038f64e6bb34c02e79aede1f2102130c", kill_on_drop: false }`
[INFO] running `Command { std: "docker" "exec" "-e" "SOURCE_DIR=/opt/rustwide/workdir" "-e" "CARGO_HOME=/opt/rustwide/cargo-home" "-e" "RUSTUP_HOME=/opt/rustwide/rustup-home" "-e" "CARGO_TARGET_DIR=/opt/rustwide/target" "-e" "CARGO_INCREMENTAL=0" "-e" "RUST_BACKTRACE=full" "-e" "RUSTFLAGS=--cap-lints=warn" "-e" "RUSTDOCFLAGS=--cap-lints=warn" "-w" "/opt/rustwide/workdir" "--user" "0:0" "82e855fc4cb6e2a52a68d9ba02edc965038f64e6bb34c02e79aede1f2102130c" "/opt/rustwide/cargo-home/bin/cargo" "+1.99.0-beta.1" "test" "--frozen" "--no-run" "--message-format=json" "--release", kill_on_drop: false }`
[INFO] [stderr]    Compiling mini_projects3 v0.1.0 (/opt/rustwide/workdir)
[INFO] [stderr]     Finished `release` profile [optimized] target(s) in 1.47s
[INFO] running `Command { std: "docker" "inspect" "82e855fc4cb6e2a52a68d9ba02edc965038f64e6bb34c02e79aede1f2102130c", kill_on_drop: false }`
[INFO] running `Command { std: "docker" "exec" "-e" "SOURCE_DIR=/opt/rustwide/workdir" "-e" "CARGO_HOME=/opt/rustwide/cargo-home" "-e" "RUSTUP_HOME=/opt/rustwide/rustup-home" "-e" "CARGO_TARGET_DIR=/opt/rustwide/target" "-e" "CARGO_INCREMENTAL=0" "-e" "RUST_BACKTRACE=full" "-e" "RUSTFLAGS=--cap-lints=warn" "-e" "RUSTDOCFLAGS=--cap-lints=warn" "-w" "/opt/rustwide/workdir" "--user" "0:0" "82e855fc4cb6e2a52a68d9ba02edc965038f64e6bb34c02e79aede1f2102130c" "/opt/rustwide/cargo-home/bin/cargo" "+1.99.0-beta.1" "test" "--frozen" "--release", kill_on_drop: false }`
[INFO] [stderr]     Finished `release` profile [optimized] target(s) in 0.05s
[INFO] [stderr]      Running unittests src/lib.rs (/opt/rustwide/target/release/deps/mini_projects3-1578a9474362663a)
[INFO] [stderr]      Running unittests src/main.rs (/opt/rustwide/target/release/deps/mini_projects3-04a967f9ecb46bfd)
[INFO] [stdout] 
[INFO] [stdout] running 0 tests
[INFO] [stdout] 
[INFO] [stdout] test result: ok. 0 passed; 0 failed; 0 ignored; 0 measured; 0 filtered out; finished in 0.00s
[INFO] [stdout] 
[INFO] [stdout] 
[INFO] [stderr]      Running tests/entry_trait.rs (/opt/rustwide/target/release/deps/entry_trait-4446e1c18011d212)
[INFO] [stdout] running 0 tests
[INFO] [stdout] 
[INFO] [stdout] test result: ok. 0 passed; 0 failed; 0 ignored; 0 measured; 0 filtered out; finished in 0.00s
[INFO] [stdout] 
[INFO] [stdout] 
[INFO] [stdout] running 9 tests
[INFO] [stdout] test login_test_admin_wrong_password ... ok
[INFO] [stdout] test login_another_role_for_user ... ok
[INFO] [stdout] test login_another_role_for_admin ... ok
[INFO] [stdout] test login_test_resturantowner_wrong_password ... ok
[INFO] [stdout] test login_test_user_wrong_password ... ok
[INFO] [stdout] test login_test_resturantowner_correct ... FAILED
[INFO] [stdout] test login_test_user_correct ... FAILED
[INFO] [stdout] test login_test_admin_correct ... FAILED
[INFO] [stdout] test login_another_role_for_resturantowner ... ok
[INFO] [stdout] 
[INFO] [stdout] failures:
[INFO] [stdout] 
[INFO] [stdout] ---- login_test_resturantowner_correct stdout ----
[INFO] [stdout] Please enter your username
[INFO] [stdout] Username : 
[INFO] [stdout] Please enter your username
[INFO] [stdout] Password : 
[INFO] [stdout] Please enter your resturant's name
[INFO] [stdout] Resturant's name
[INFO] [stdout] 
[INFO] [stdout] thread 'login_test_resturantowner_correct' (632) panicked at tests/entry_trait.rs:37:5:
[INFO] [stdout] assertion failed: ResturantOwner::login().is_ok()
[INFO] [stdout] stack backtrace:
[INFO] [stdout]    0:     0x62aa7da77701 - <<std[104cf6e2632825ea]::sys::backtrace::BacktraceLock>::print::DisplayBacktrace as core[7c831bd917ebf35f]::fmt::Display>::fmt
[INFO] [stdout]    1:     0x62aa7da8c1da - core[7c831bd917ebf35f]::fmt::write
[INFO] [stdout]    2:     0x62aa7da7bc4c - <alloc[2fdc3f7464fcf288]::vec::Vec<u8> as core[7c831bd917ebf35f]::io::write::Write>::write_fmt
[INFO] [stdout]    3:     0x62aa7da53726 - std[104cf6e2632825ea]::panicking::default_hook::{closure#0}
[INFO] [stdout]    4:     0x62aa7da6fa59 - std[104cf6e2632825ea]::panicking::default_hook
[INFO] [stdout]    5:     0x62aa7d9f6100 - test[73009c9f9aebf890]::test_main_inner::<test[73009c9f9aebf890]::test_main_static::{closure#0}>::{closure#0}
[INFO] [stdout]    6:     0x62aa7da6fc12 - std[104cf6e2632825ea]::panicking::panic_with_hook
[INFO] [stdout]    7:     0x62aa7da53804 - std[104cf6e2632825ea]::panicking::panic_handler::{closure#0}
[INFO] [stdout]    8:     0x62aa7da4b849 - std[104cf6e2632825ea]::sys::backtrace::__rust_end_short_backtrace::<std[104cf6e2632825ea]::panicking::panic_handler::{closure#0}, !>
[INFO] [stdout]    9:     0x62aa7da5444d - __rustc[b0d56fa5b193ad05]::rust_begin_unwind
[INFO] [stdout]   10:     0x62aa7da8c90c - core[7c831bd917ebf35f]::panicking::panic_fmt
[INFO] [stdout]   11:     0x62aa7da8c8d2 - core[7c831bd917ebf35f]::panicking::panic
[INFO] [stdout]   12:     0x62aa7d9e9285 - <entry_trait[b6d562143bc9ba54]::login_test_resturantowner_correct::{closure#0} as core[7c831bd917ebf35f]::ops::function::FnOnce<()>>::call_once
[INFO] [stdout]   13:     0x62aa7d9e93eb - test[73009c9f9aebf890]::__rust_begin_short_backtrace::<core[7c831bd917ebf35f]::result::Result<(), alloc[2fdc3f7464fcf288]::string::String>, fn() -> core[7c831bd917ebf35f]::result::Result<(), alloc[2fdc3f7464fcf288]::string::String>>
[INFO] [stdout]   14:     0x62aa7d9f6a55 - test[73009c9f9aebf890]::run_test::{closure#0}
[INFO] [stdout]   15:     0x62aa7d9efe14 - std[104cf6e2632825ea]::sys::backtrace::__rust_begin_short_backtrace::<test[73009c9f9aebf890]::run_test::{closure#1}, ()>
[INFO] [stdout]   16:     0x62aa7d9f9bb2 - <std[104cf6e2632825ea]::thread::lifecycle::spawn_unchecked<test[73009c9f9aebf890]::run_test::{closure#1}, ()>::{closure#1} as core[7c831bd917ebf35f]::ops::function::FnOnce<()>>::call_once::{shim:vtable#0}
[INFO] [stdout]   17:     0x62aa7da76c69 - <std[104cf6e2632825ea]::sys::thread::unix::Thread>::new::thread_start
[INFO] [stdout]   18:     0x7790ec2a207a - <unknown>
[INFO] [stdout]   19:     0x7790ec335534 - clone
[INFO] [stdout]   20:                0x0 - <unknown>
[INFO] [stdout] 
[INFO] [stdout] ---- login_test_user_correct stdout ----
[INFO] [stdout] Please enter your username
[INFO] [stdout] Username : 
[INFO] [stdout] Please enter your username
[INFO] [stdout] Password : 
[INFO] [stdout] 
[INFO] [stdout] thread 'login_test_user_correct' (634) panicked at tests/entry_trait.rs:5:5:
[INFO] [stdout] assertion failed: User::login().is_ok()
[INFO] [stdout] stack backtrace:
[INFO] [stdout]    0:     0x62aa7da77701 - <<std[104cf6e2632825ea]::sys::backtrace::BacktraceLock>::print::DisplayBacktrace as core[7c831bd917ebf35f]::fmt::Display>::fmt
[INFO] [stdout]    1:     0x62aa7da8c1da - core[7c831bd917ebf35f]::fmt::write
[INFO] [stdout]    2:     0x62aa7da7bc4c - <alloc[2fdc3f7464fcf288]::vec::Vec<u8> as core[7c831bd917ebf35f]::io::write::Write>::write_fmt
[INFO] [stdout]    3:     0x62aa7da53726 - std[104cf6e2632825ea]::panicking::default_hook::{closure#0}
[INFO] [stdout]    4:     0x62aa7da6fa59 - std[104cf6e2632825ea]::panicking::default_hook
[INFO] [stdout]    5:     0x62aa7d9f6100 - test[73009c9f9aebf890]::test_main_inner::<test[73009c9f9aebf890]::test_main_static::{closure#0}>::{closure#0}
[INFO] [stdout]    6:     0x62aa7da6fc12 - std[104cf6e2632825ea]::panicking::panic_with_hook
[INFO] [stdout]    7:     0x62aa7da53804 - std[104cf6e2632825ea]::panicking::panic_handler::{closure#0}
[INFO] [stdout]    8:     0x62aa7da4b849 - std[104cf6e2632825ea]::sys::backtrace::__rust_end_short_backtrace::<std[104cf6e2632825ea]::panicking::panic_handler::{closure#0}, !>
[INFO] [stdout]    9:     0x62aa7da5444d - __rustc[b0d56fa5b193ad05]::rust_begin_unwind
[INFO] [stdout]   10:     0x62aa7da8c90c - core[7c831bd917ebf35f]::panicking::panic_fmt
[INFO] [stdout]   11:     0x62aa7da8c8d2 - core[7c831bd917ebf35f]::panicking::panic
[INFO] [stdout]   12:     0x62aa7d9e8f87 - <entry_trait[b6d562143bc9ba54]::login_test_user_correct::{closure#0} as core[7c831bd917ebf35f]::ops::function::FnOnce<()>>::call_once
[INFO] [stdout]   13:     0x62aa7d9e93eb - test[73009c9f9aebf890]::__rust_begin_short_backtrace::<core[7c831bd917ebf35f]::result::Result<(), alloc[2fdc3f7464fcf288]::string::String>, fn() -> core[7c831bd917ebf35f]::result::Result<(), alloc[2fdc3f7464fcf288]::string::String>>
[INFO] [stdout]   14:     0x62aa7d9f6a55 - test[73009c9f9aebf890]::run_test::{closure#0}
[INFO] [stdout]   15:     0x62aa7d9efe14 - std[104cf6e2632825ea]::sys::backtrace::__rust_begin_short_backtrace::<test[73009c9f9aebf890]::run_test::{closure#1}, ()>
[INFO] [stdout]   16:     0x62aa7d9f9bb2 - <std[104cf6e2632825ea]::thread::lifecycle::spawn_unchecked<test[73009c9f9aebf890]::run_test::{closure#1}, ()>::{closure#1} as core[7c831bd917ebf35f]::ops::function::FnOnce<()>>::call_once::{shim:vtable#0}
[INFO] [stdout]   17:     0x62aa7da76c69 - <std[104cf6e2632825ea]::sys::thread::unix::Thread>::new::thread_start
[INFO] [stdout]   18:     0x7790ec2a207a - <unknown>
[INFO] [stdout]   19:     0x7790ec335534 - clone
[INFO] [stdout]   20:                0x0 - <unknown>
[INFO] [stdout] 
[INFO] [stdout] ---- login_test_admin_correct stdout ----
[INFO] [stdout] Please enter your username
[INFO] [stdout] Username : 
[INFO] [stdout] Please enter your username
[INFO] [stdout] Password : 
[INFO] [stdout] 
[INFO] [stdout] thread 'login_test_admin_correct' (630) panicked at tests/entry_trait.rs:22:5:
[INFO] [stdout] assertion failed: Admin::login().is_ok()
[INFO] [stdout] stack backtrace:
[INFO] [stdout]    0:     0x62aa7da77701 - <<std[104cf6e2632825ea]::sys::backtrace::BacktraceLock>::print::DisplayBacktrace as core[7c831bd917ebf35f]::fmt::Display>::fmt
[INFO] [stdout]    1:     0x62aa7da8c1da - core[7c831bd917ebf35f]::fmt::write
[INFO] [stdout]    2:     0x62aa7da7bc4c - <alloc[2fdc3f7464fcf288]::vec::Vec<u8> as core[7c831bd917ebf35f]::io::write::Write>::write_fmt
[INFO] [stdout]    3:     0x62aa7da53726 - std[104cf6e2632825ea]::panicking::default_hook::{closure#0}
[INFO] [stdout]    4:     0x62aa7da6fa59 - std[104cf6e2632825ea]::panicking::default_hook
[INFO] [stdout]    5:     0x62aa7d9f6100 - test[73009c9f9aebf890]::test_main_inner::<test[73009c9f9aebf890]::test_main_static::{closure#0}>::{closure#0}
[INFO] [stdout]    6:     0x62aa7da6fc12 - std[104cf6e2632825ea]::panicking::panic_with_hook
[INFO] [stdout]    7:     0x62aa7da53804 - std[104cf6e2632825ea]::panicking::panic_handler::{closure#0}
[INFO] [stdout]    8:     0x62aa7da4b849 - std[104cf6e2632825ea]::sys::backtrace::__rust_end_short_backtrace::<std[104cf6e2632825ea]::panicking::panic_handler::{closure#0}, !>
[INFO] [stdout]    9:     0x62aa7da5444d - __rustc[b0d56fa5b193ad05]::rust_begin_unwind
[INFO] [stdout]   10:     0x62aa7da8c90c - core[7c831bd917ebf35f]::panicking::panic_fmt
[INFO] [stdout]   11:     0x62aa7da8c8d2 - core[7c831bd917ebf35f]::panicking::panic
[INFO] [stdout]   12:     0x62aa7d9e9010 - <entry_trait[b6d562143bc9ba54]::login_test_admin_correct::{closure#0} as core[7c831bd917ebf35f]::ops::function::FnOnce<()>>::call_once
[INFO] [stdout]   13:     0x62aa7d9e93eb - test[73009c9f9aebf890]::__rust_begin_short_backtrace::<core[7c831bd917ebf35f]::result::Result<(), alloc[2fdc3f7464fcf288]::string::String>, fn() -> core[7c831bd917ebf35f]::result::Result<(), alloc[2fdc3f7464fcf288]::string::String>>
[INFO] [stdout]   14:     0x62aa7d9f6a55 - test[73009c9f9aebf890]::run_test::{closure#0}
[INFO] [stdout]   15:     0x62aa7d9efe14 - std[104cf6e2632825ea]::sys::backtrace::__rust_begin_short_backtrace::<test[73009c9f9aebf890]::run_test::{closure#1}, ()>
[INFO] [stdout]   16:     0x62aa7d9f9bb2 - <std[104cf6e2632825ea]::thread::lifecycle::spawn_unchecked<test[73009c9f9aebf890]::run_test::{closure#1}, ()>::{closure#1} as core[7c831bd917ebf35f]::ops::function::FnOnce<()>>::call_once::{shim:vtable#0}
[INFO] [stdout]   17:     0x62aa7da76c69 - <std[104cf6e2632825ea]::sys::thread::unix::Thread>::new::thread_start
[INFO] [stdout]   18:     0x7790ec2a207a - <unknown>
[INFO] [stdout]   19:     0x7790ec335534 - clone
[INFO] [stdout]   20:                0x0 - <unknown>
[INFO] [stdout] 
[INFO] [stdout] 
[INFO] [stdout] failures:
[INFO] [stdout]     login_test_admin_correct
[INFO] [stdout]     login_test_resturantowner_correct
[INFO] [stdout]     login_test_user_correct
[INFO] [stdout] 
[INFO] [stdout] test result: FAILED. 6 passed; 3 failed; 0 ignored; 0 measured; 0 filtered out; finished in 0.08s
[INFO] [stdout] 
[INFO] [stderr] error: test failed, to rerun pass `--test entry_trait`
[INFO] running `Command { std: "docker" "inspect" "82e855fc4cb6e2a52a68d9ba02edc965038f64e6bb34c02e79aede1f2102130c", kill_on_drop: false }`
[INFO] running `Command { std: "docker" "rm" "-f" "82e855fc4cb6e2a52a68d9ba02edc965038f64e6bb34c02e79aede1f2102130c", kill_on_drop: false }`
[INFO] [stdout] 82e855fc4cb6e2a52a68d9ba02edc965038f64e6bb34c02e79aede1f2102130c
