[INFO] cloning repository https://github.com/raunakab/rust_coding_test
[INFO] running `Command { std: "git" "-c" "credential.helper=" "-c" "credential.helper=/workspace/cargo-home/bin/git-credential-null" "clone" "--bare" "https://github.com/raunakab/rust_coding_test" "/workspace/cache/git-repos/https%3A%2F%2Fgithub.com%2Fraunakab%2Frust_coding_test", kill_on_drop: false }`
[INFO] [stderr] Cloning into bare repository '/workspace/cache/git-repos/https%3A%2F%2Fgithub.com%2Fraunakab%2Frust_coding_test'...
[INFO] running `Command { std: "git" "rev-parse" "HEAD", kill_on_drop: false }`
[INFO] [stdout] e8e848d8a06d41ee613261b1f32be04ff13681c1
[INFO] testing raunakab/rust_coding_test against 1.99.0-beta.1+cargoflags=--release for beta-release-1.99-2
[INFO] running `Command { std: "git" "clone" "/workspace/cache/git-repos/https%3A%2F%2Fgithub.com%2Fraunakab%2Frust_coding_test" "/workspace/builds/worker-6-tc2/source", kill_on_drop: false }`
[INFO] [stderr] Cloning into '/workspace/builds/worker-6-tc2/source'...
[INFO] [stderr] done.
[INFO] started tweaking git repo https://github.com/raunakab/rust_coding_test
[INFO] finished tweaking git repo https://github.com/raunakab/rust_coding_test
[INFO] tweaked toml for git repo https://github.com/raunakab/rust_coding_test written to /workspace/builds/worker-6-tc2/source/Cargo.toml
[INFO] validating manifest of git repo https://github.com/raunakab/rust_coding_test on toolchain 1.99.0-beta.1
[INFO] running `Command { std: CARGO_HOME="/workspace/cargo-home" RUSTUP_HOME="/workspace/rustup-home" "/workspace/cargo-home/bin/cargo" "+1.99.0-beta.1" "metadata" "--manifest-path" "Cargo.toml" "--no-deps", kill_on_drop: false }`
[INFO] crate git repo https://github.com/raunakab/rust_coding_test already has a lockfile, it will not be regenerated
[INFO] running `Command { std: CARGO_HOME="/workspace/cargo-home" RUSTUP_HOME="/workspace/rustup-home" "/workspace/cargo-home/bin/cargo" "+1.99.0-beta.1" "fetch" "--manifest-path" "Cargo.toml", kill_on_drop: false }`
[INFO] running `Command { std: "docker" "create" "-v" "/var/lib/crater-agent-workspace/builds/worker-6-tc2/source:/opt/rustwide/workdir:ro,Z" "-v" "/var/lib/crater-agent-workspace/builds/worker-6-tc2/target:/opt/rustwide/target:rw,Z" "-v" "/var/lib/crater-agent-workspace/cargo-home:/opt/rustwide/cargo-home:ro,Z" "-v" "/var/lib/crater-agent-workspace/rustup-home:/opt/rustwide/rustup-home:ro,Z" "-m" "1610612736" "--network" "none" "ghcr.io/rust-lang/crates-build-env/linux@sha256:8683fc1fc2eb5c9ac98e0d076ab094b2ffac7f99da555d2b6a2e27f346de2ec7" "sleep" "infinity", kill_on_drop: false }`
[INFO] [stdout] 2f53dbee6a8ea654df0341564b9b16f91d1f7c2a97bca0aba304783cbe8088d3
[INFO] running `Command { std: "docker" "start" "2f53dbee6a8ea654df0341564b9b16f91d1f7c2a97bca0aba304783cbe8088d3", kill_on_drop: false }`
[INFO] running `Command { std: "docker" "inspect" "2f53dbee6a8ea654df0341564b9b16f91d1f7c2a97bca0aba304783cbe8088d3", kill_on_drop: false }`
[INFO] running `Command { std: "docker" "exec" "-e" "SOURCE_DIR=/opt/rustwide/workdir" "-e" "CARGO_HOME=/opt/rustwide/cargo-home" "-e" "RUSTUP_HOME=/opt/rustwide/rustup-home" "-e" "CARGO_TARGET_DIR=/opt/rustwide/target" "-w" "/opt/rustwide/workdir" "--user" "0:0" "2f53dbee6a8ea654df0341564b9b16f91d1f7c2a97bca0aba304783cbe8088d3" "/opt/rustwide/cargo-home/bin/cargo" "+1.99.0-beta.1" "metadata" "--no-deps" "--format-version=1", kill_on_drop: false }`
[INFO] running `Command { std: "docker" "inspect" "2f53dbee6a8ea654df0341564b9b16f91d1f7c2a97bca0aba304783cbe8088d3", kill_on_drop: false }`
[INFO] running `Command { std: "docker" "exec" "-e" "SOURCE_DIR=/opt/rustwide/workdir" "-e" "CARGO_HOME=/opt/rustwide/cargo-home" "-e" "RUSTUP_HOME=/opt/rustwide/rustup-home" "-e" "CARGO_TARGET_DIR=/opt/rustwide/target" "-e" "CARGO_INCREMENTAL=0" "-e" "RUST_BACKTRACE=full" "-e" "RUSTFLAGS=--cap-lints=warn" "-e" "RUSTDOCFLAGS=--cap-lints=warn" "-w" "/opt/rustwide/workdir" "--user" "0:0" "2f53dbee6a8ea654df0341564b9b16f91d1f7c2a97bca0aba304783cbe8088d3" "/opt/rustwide/cargo-home/bin/cargo" "+1.99.0-beta.1" "build" "--frozen" "--message-format=json" "--release", kill_on_drop: false }`
[INFO] [stderr]    Compiling proc-macro2 v1.0.43
[INFO] [stderr]    Compiling unicode-ident v1.0.3
[INFO] [stderr]    Compiling quote v1.0.21
[INFO] [stderr]    Compiling syn v1.0.99
[INFO] [stderr]    Compiling serde_derive v1.0.144
[INFO] [stderr]    Compiling serde v1.0.144
[INFO] [stderr]    Compiling regex-automata v0.1.10
[INFO] [stderr]    Compiling ryu v1.0.11
[INFO] [stderr]    Compiling csv-core v0.1.10
[INFO] [stderr]    Compiling bstr v0.2.17
[INFO] [stderr]    Compiling csv v1.1.6
[INFO] [stderr]    Compiling rust_coding_test v0.1.0 (/opt/rustwide/workdir)
[INFO] [stderr]     Finished `release` profile [optimized] target(s) in 13.25s
[INFO] running `Command { std: "docker" "inspect" "2f53dbee6a8ea654df0341564b9b16f91d1f7c2a97bca0aba304783cbe8088d3", kill_on_drop: false }`
[INFO] running `Command { std: "docker" "exec" "-e" "SOURCE_DIR=/opt/rustwide/workdir" "-e" "CARGO_HOME=/opt/rustwide/cargo-home" "-e" "RUSTUP_HOME=/opt/rustwide/rustup-home" "-e" "CARGO_TARGET_DIR=/opt/rustwide/target" "-e" "CARGO_INCREMENTAL=0" "-e" "RUST_BACKTRACE=full" "-e" "RUSTFLAGS=--cap-lints=warn" "-e" "RUSTDOCFLAGS=--cap-lints=warn" "-w" "/opt/rustwide/workdir" "--user" "0:0" "2f53dbee6a8ea654df0341564b9b16f91d1f7c2a97bca0aba304783cbe8088d3" "/opt/rustwide/cargo-home/bin/cargo" "+1.99.0-beta.1" "test" "--frozen" "--no-run" "--message-format=json" "--release", kill_on_drop: false }`
[INFO] [stderr]    Compiling rust_coding_test v0.1.0 (/opt/rustwide/workdir)
[INFO] [stderr]     Finished `release` profile [optimized] target(s) in 1.17s
[INFO] running `Command { std: "docker" "inspect" "2f53dbee6a8ea654df0341564b9b16f91d1f7c2a97bca0aba304783cbe8088d3", kill_on_drop: false }`
[INFO] running `Command { std: "docker" "exec" "-e" "SOURCE_DIR=/opt/rustwide/workdir" "-e" "CARGO_HOME=/opt/rustwide/cargo-home" "-e" "RUSTUP_HOME=/opt/rustwide/rustup-home" "-e" "CARGO_TARGET_DIR=/opt/rustwide/target" "-e" "CARGO_INCREMENTAL=0" "-e" "RUST_BACKTRACE=full" "-e" "RUSTFLAGS=--cap-lints=warn" "-e" "RUSTDOCFLAGS=--cap-lints=warn" "-w" "/opt/rustwide/workdir" "--user" "0:0" "2f53dbee6a8ea654df0341564b9b16f91d1f7c2a97bca0aba304783cbe8088d3" "/opt/rustwide/cargo-home/bin/cargo" "+1.99.0-beta.1" "test" "--frozen" "--release", kill_on_drop: false }`
[INFO] [stderr]     Finished `release` profile [optimized] target(s) in 0.03s
[INFO] [stdout] 
[INFO] [stderr]      Running unittests src/main.rs (/opt/rustwide/target/release/deps/rust_coding_test-cd2da28ade84ce59)
[INFO] [stdout] running 14 tests
[INFO] [stdout] test engine::core::tests::chargeback_non_disputed_transaction ... ok
[INFO] [stdout] test engine::core::tests::dispute ... ok
[INFO] [stdout] test engine::core::tests::resolve ... ok
[INFO] [stdout] test engine::core::tests::basic_transaction ... FAILED
[INFO] [stdout] test engine::core::tests::dispute_non_deposit - should panic ... ok
[INFO] [stdout] test engine::core::tests::dispute_non_existent_transaction - should panic ... ok
[INFO] [stdout] test engine::core::tests::resolve_non_existent_transaction - should panic ... ok
[INFO] [stdout] test engine::core::tests::resolve_undisputed_deposit ... ok
[INFO] [stdout] test engine::deserializer::tests::deserialize_invalid ... ok
[INFO] [stdout] test engine::deserializer::tests::deserialize ... ok
[INFO] [stdout] test engine::core::tests::chargeback ... ok
[INFO] [stdout] test engine::core::tests::chargeback_non_deposit - should panic ... ok
[INFO] [stdout] test engine::core::tests::transaction_after_chargeback - should panic ... ok
[INFO] [stdout] test engine::core::tests::create_new_client ... ok
[INFO] [stdout] 
[INFO] [stdout] failures:
[INFO] [stdout] 
[INFO] [stdout] ---- engine::core::tests::basic_transaction stdout ----
[INFO] [stdout] 
[INFO] [stdout] thread 'engine::core::tests::basic_transaction' (482) panicked at src/engine/core/tests.rs:12:5:
[INFO] [stdout] assertion `left == right` failed
[INFO] [stdout]   left: [Client { id: 1, available: 1.0, held: 0.0, locked: false }]
[INFO] [stdout]  right: [Client { id: 1, available: 0.0, held: 0.0, locked: false }]
[INFO] [stdout] stack backtrace:
[INFO] [stdout]    0:     0x5b124e989e11 - <<std[104cf6e2632825ea]::sys::backtrace::BacktraceLock>::print::DisplayBacktrace as core[7c831bd917ebf35f]::fmt::Display>::fmt
[INFO] [stdout]    1:     0x5b124e99ed7a - core[7c831bd917ebf35f]::fmt::write
[INFO] [stdout]    2:     0x5b124e98e2ac - <alloc[2fdc3f7464fcf288]::vec::Vec<u8> as core[7c831bd917ebf35f]::io::write::Write>::write_fmt
[INFO] [stdout]    3:     0x5b124e9663f6 - std[104cf6e2632825ea]::panicking::default_hook::{closure#0}
[INFO] [stdout]    4:     0x5b124e982529 - std[104cf6e2632825ea]::panicking::default_hook
[INFO] [stdout]    5:     0x5b124e91e9e0 - test[73009c9f9aebf890]::test_main_inner::<test[73009c9f9aebf890]::test_main_static::{closure#0}>::{closure#0}
[INFO] [stdout]    6:     0x5b124e9826e2 - std[104cf6e2632825ea]::panicking::panic_with_hook
[INFO] [stdout]    7:     0x5b124e9664a2 - std[104cf6e2632825ea]::panicking::panic_handler::{closure#0}
[INFO] [stdout]    8:     0x5b124e95ee49 - std[104cf6e2632825ea]::sys::backtrace::__rust_end_short_backtrace::<std[104cf6e2632825ea]::panicking::panic_handler::{closure#0}, !>
[INFO] [stdout]    9:     0x5b124e96709d - __rustc[b0d56fa5b193ad05]::rust_begin_unwind
[INFO] [stdout]   10:     0x5b124e99f4ac - core[7c831bd917ebf35f]::panicking::panic_fmt
[INFO] [stdout]   11:     0x5b124e99f3c3 - core[7c831bd917ebf35f]::panicking::assert_failed_inner
[INFO] [stdout]   12:     0x5b124e90a714 - core[7c831bd917ebf35f]::panicking::assert_failed::<alloc[2fdc3f7464fcf288]::vec::Vec<rust_coding_test[86cb0de0617debbf]::client::Client>, alloc[2fdc3f7464fcf288]::vec::Vec<rust_coding_test[86cb0de0617debbf]::client::Client>>
[INFO] [stdout]   13:     0x5b124e9086e0 - rust_coding_test[86cb0de0617debbf]::engine::core::tests::basic_transaction
[INFO] [stdout]   14:     0x5b124e90b0a9 - <rust_coding_test[86cb0de0617debbf]::engine::core::tests::basic_transaction::{closure#0} as core[7c831bd917ebf35f]::ops::function::FnOnce<()>>::call_once
[INFO] [stdout]   15:     0x5b124e911ccb - test[73009c9f9aebf890]::__rust_begin_short_backtrace::<core[7c831bd917ebf35f]::result::Result<(), alloc[2fdc3f7464fcf288]::string::String>, fn() -> core[7c831bd917ebf35f]::result::Result<(), alloc[2fdc3f7464fcf288]::string::String>>
[INFO] [stdout]   16:     0x5b124e91f335 - test[73009c9f9aebf890]::run_test::{closure#0}
[INFO] [stdout]   17:     0x5b124e9186f4 - std[104cf6e2632825ea]::sys::backtrace::__rust_begin_short_backtrace::<test[73009c9f9aebf890]::run_test::{closure#1}, ()>
[INFO] [stdout]   18:     0x5b124e922492 - <std[104cf6e2632825ea]::thread::lifecycle::spawn_unchecked<test[73009c9f9aebf890]::run_test::{closure#1}, ()>::{closure#1} as core[7c831bd917ebf35f]::ops::function::FnOnce<()>>::call_once::{shim:vtable#0}
[INFO] [stdout]   19:     0x5b124e9896e9 - <std[104cf6e2632825ea]::sys::thread::unix::Thread>::new::thread_start
[INFO] [stdout]   20:     0x7df0f4c1b07a - <unknown>
[INFO] [stdout]   21:     0x7df0f4cae534 - clone
[INFO] [stdout]   22:                0x0 - <unknown>
[INFO] [stdout] 
[INFO] [stdout] 
[INFO] [stdout] failures:
[INFO] [stdout]     engine::core::tests::basic_transaction
[INFO] [stdout] 
[INFO] [stdout] test result: FAILED. 13 passed; 1 failed; 0 ignored; 0 measured; 0 filtered out; finished in 0.01s
[INFO] [stdout] 
[INFO] [stderr] error: test failed, to rerun pass `--bin rust_coding_test`
[INFO] running `Command { std: "docker" "inspect" "2f53dbee6a8ea654df0341564b9b16f91d1f7c2a97bca0aba304783cbe8088d3", kill_on_drop: false }`
[INFO] running `Command { std: "docker" "rm" "-f" "2f53dbee6a8ea654df0341564b9b16f91d1f7c2a97bca0aba304783cbe8088d3", kill_on_drop: false }`
[INFO] [stdout] 2f53dbee6a8ea654df0341564b9b16f91d1f7c2a97bca0aba304783cbe8088d3
