[INFO] cloning repository https://github.com/nzengi/alt-bn128-extras
[INFO] running `Command { std: "git" "-c" "credential.helper=" "-c" "credential.helper=/workspace/cargo-home/bin/git-credential-null" "clone" "--bare" "https://github.com/nzengi/alt-bn128-extras" "/workspace/cache/git-repos/https%3A%2F%2Fgithub.com%2Fnzengi%2Falt-bn128-extras", kill_on_drop: false }`
[INFO] [stderr] Cloning into bare repository '/workspace/cache/git-repos/https%3A%2F%2Fgithub.com%2Fnzengi%2Falt-bn128-extras'...
[INFO] running `Command { std: "git" "rev-parse" "HEAD", kill_on_drop: false }`
[INFO] [stdout] f97f465f2634319fe53e0991189e99a66ee77201
[INFO] testing nzengi/alt-bn128-extras/f97f465f2634319fe53e0991189e99a66ee77201 against 1.99.0-beta.1+cargoflags=--release for beta-release-1.99-2
[INFO] running `Command { std: "git" "clone" "/workspace/cache/git-repos/https%3A%2F%2Fgithub.com%2Fnzengi%2Falt-bn128-extras" "/workspace/builds/worker-0-tc2/source", kill_on_drop: false }`
[INFO] [stderr] Cloning into '/workspace/builds/worker-0-tc2/source'...
[INFO] [stderr] done.
[INFO] started tweaking git repo https://github.com/nzengi/alt-bn128-extras
[INFO] finished tweaking git repo https://github.com/nzengi/alt-bn128-extras
[INFO] tweaked toml for git repo https://github.com/nzengi/alt-bn128-extras written to /workspace/builds/worker-0-tc2/source/Cargo.toml
[INFO] validating manifest of git repo https://github.com/nzengi/alt-bn128-extras on toolchain 1.99.0-beta.1
[INFO] running `Command { std: CARGO_HOME="/workspace/cargo-home" RUSTUP_HOME="/workspace/rustup-home" "/workspace/cargo-home/bin/cargo" "+1.99.0-beta.1" "metadata" "--manifest-path" "Cargo.toml" "--no-deps", kill_on_drop: false }`
[INFO] crate git repo https://github.com/nzengi/alt-bn128-extras already has a lockfile, it will not be regenerated
[INFO] running `Command { std: CARGO_HOME="/workspace/cargo-home" RUSTUP_HOME="/workspace/rustup-home" "/workspace/cargo-home/bin/cargo" "+1.99.0-beta.1" "fetch" "--manifest-path" "Cargo.toml", kill_on_drop: false }`
[INFO] [stderr]     Blocking waiting for file lock on package cache
[INFO] [stderr]     Blocking waiting for file lock on package cache
[INFO] running `Command { std: "docker" "create" "-v" "/var/lib/crater-agent-workspace/builds/worker-0-tc2/source:/opt/rustwide/workdir:ro,Z" "-v" "/var/lib/crater-agent-workspace/builds/worker-0-tc2/target:/opt/rustwide/target:rw,Z" "-v" "/var/lib/crater-agent-workspace/cargo-home:/opt/rustwide/cargo-home:ro,Z" "-v" "/var/lib/crater-agent-workspace/rustup-home:/opt/rustwide/rustup-home:ro,Z" "-m" "1610612736" "--network" "none" "ghcr.io/rust-lang/crates-build-env/linux@sha256:8683fc1fc2eb5c9ac98e0d076ab094b2ffac7f99da555d2b6a2e27f346de2ec7" "sleep" "infinity", kill_on_drop: false }`
[INFO] [stdout] 366208754a3215b850a26faa4eca4f0a2d1e9f370e1c2e79102b0ce41a0aa050
[INFO] running `Command { std: "docker" "start" "366208754a3215b850a26faa4eca4f0a2d1e9f370e1c2e79102b0ce41a0aa050", kill_on_drop: false }`
[INFO] running `Command { std: "docker" "inspect" "366208754a3215b850a26faa4eca4f0a2d1e9f370e1c2e79102b0ce41a0aa050", kill_on_drop: false }`
[INFO] running `Command { std: "docker" "exec" "-e" "SOURCE_DIR=/opt/rustwide/workdir" "-e" "CARGO_HOME=/opt/rustwide/cargo-home" "-e" "RUSTUP_HOME=/opt/rustwide/rustup-home" "-e" "CARGO_TARGET_DIR=/opt/rustwide/target" "-w" "/opt/rustwide/workdir" "--user" "0:0" "366208754a3215b850a26faa4eca4f0a2d1e9f370e1c2e79102b0ce41a0aa050" "/opt/rustwide/cargo-home/bin/cargo" "+1.99.0-beta.1" "metadata" "--no-deps" "--format-version=1", kill_on_drop: false }`
[INFO] running `Command { std: "docker" "inspect" "366208754a3215b850a26faa4eca4f0a2d1e9f370e1c2e79102b0ce41a0aa050", kill_on_drop: false }`
[INFO] running `Command { std: "docker" "exec" "-e" "SOURCE_DIR=/opt/rustwide/workdir" "-e" "CARGO_HOME=/opt/rustwide/cargo-home" "-e" "RUSTUP_HOME=/opt/rustwide/rustup-home" "-e" "CARGO_TARGET_DIR=/opt/rustwide/target" "-e" "CARGO_INCREMENTAL=0" "-e" "RUST_BACKTRACE=full" "-e" "RUSTFLAGS=--cap-lints=warn" "-e" "RUSTDOCFLAGS=--cap-lints=warn" "-w" "/opt/rustwide/workdir" "--user" "0:0" "366208754a3215b850a26faa4eca4f0a2d1e9f370e1c2e79102b0ce41a0aa050" "/opt/rustwide/cargo-home/bin/cargo" "+1.99.0-beta.1" "build" "--frozen" "--message-format=json" "--release", kill_on_drop: false }`
[INFO] [stderr]    Compiling proc-macro2 v1.0.106
[INFO] [stderr]    Compiling unicode-ident v1.0.24
[INFO] [stderr]    Compiling quote v1.0.45
[INFO] [stderr]    Compiling version_check v0.9.5
[INFO] [stderr]    Compiling autocfg v1.5.0
[INFO] [stderr]    Compiling typenum v1.20.0
[INFO] [stderr]    Compiling zerocopy v0.8.48
[INFO] [stderr]    Compiling cfg-if v1.0.4
[INFO] [stderr]    Compiling rand_core v0.6.4
[INFO] [stderr]    Compiling paste v1.0.15
[INFO] [stderr]    Compiling arrayvec v0.7.6
[INFO] [stderr]    Compiling either v1.15.0
[INFO] [stderr]    Compiling num-traits v0.2.19
[INFO] [stderr]    Compiling generic-array v0.14.7
[INFO] [stderr]    Compiling ahash v0.8.12
[INFO] [stderr]    Compiling itertools v0.13.0
[INFO] [stderr]    Compiling allocator-api2 v0.2.21
[INFO] [stderr]    Compiling syn v2.0.117
[INFO] [stderr]    Compiling once_cell v1.21.4
[INFO] [stderr]    Compiling cpufeatures v0.2.17
[INFO] [stderr]    Compiling solana-hash v4.3.0
[INFO] [stderr]    Compiling sha2-const-stable v0.1.0
[INFO] [stderr]    Compiling hashbrown v0.15.5
[INFO] [stderr]    Compiling crypto-common v0.1.7
[INFO] [stderr]    Compiling block-buffer v0.10.4
[INFO] [stderr]    Compiling digest v0.10.7
[INFO] [stderr]    Compiling solana-program-error v3.0.1
[INFO] [stderr]    Compiling num-integer v0.1.46
[INFO] [stderr]    Compiling thiserror v2.0.18
[INFO] [stderr]    Compiling num-bigint v0.4.6
[INFO] [stderr]    Compiling sha2 v0.10.9
[INFO] [stderr]    Compiling solana-sha256-hasher v3.1.0
[INFO] [stderr]    Compiling solana-address v2.6.0
[INFO] [stderr]    Compiling solana-account-view v2.0.0
[INFO] [stderr]    Compiling pinocchio v0.11.1
[INFO] [stderr]    Compiling ppv-lite86 v0.2.21
[INFO] [stderr]    Compiling rand_chacha v0.3.1
[INFO] [stderr]    Compiling rand v0.8.6
[INFO] [stderr]    Compiling enum-ordinalize-derive v4.3.2
[INFO] [stderr]    Compiling zeroize_derive v1.4.3
[INFO] [stderr]    Compiling ark-serialize-derive v0.5.0
[INFO] [stderr]    Compiling ark-ff-macros v0.5.0
[INFO] [stderr]    Compiling ark-ff-asm v0.5.0
[INFO] [stderr]    Compiling thiserror-impl v2.0.18
[INFO] [stderr]    Compiling bytemuck_derive v1.10.2
[INFO] [stderr]    Compiling ark-std v0.5.0
[INFO] [stderr]    Compiling ark-serialize v0.5.0
[INFO] [stderr]    Compiling zeroize v1.8.2
[INFO] [stderr]    Compiling enum-ordinalize v4.3.2
[INFO] [stderr]    Compiling educe v0.6.0
[INFO] [stderr]    Compiling bytemuck v1.25.0
[INFO] [stderr]    Compiling ark-ff v0.5.0
[INFO] [stderr]    Compiling ark-poly v0.5.0
[INFO] [stderr]    Compiling ark-ec v0.5.0
[INFO] [stderr]    Compiling ark-bn254 v0.5.0
[INFO] [stderr]    Compiling g1-msm-ref v0.1.0 (/opt/rustwide/workdir/crates/g1-msm-ref)
[INFO] [stderr]    Compiling solana-bn254 v3.2.1
[INFO] [stderr]    Compiling fr-batch-inv-ref v0.1.0 (/opt/rustwide/workdir/crates/fr-batch-inv-ref)
[INFO] [stderr]    Compiling g1-msm-bench-program v0.1.0 (/opt/rustwide/workdir/programs/g1-msm-bench)
[INFO] [stderr]     Finished `release` profile [optimized] target(s) in 32.12s
[INFO] running `Command { std: "docker" "inspect" "366208754a3215b850a26faa4eca4f0a2d1e9f370e1c2e79102b0ce41a0aa050", kill_on_drop: false }`
[INFO] running `Command { std: "docker" "exec" "-e" "SOURCE_DIR=/opt/rustwide/workdir" "-e" "CARGO_HOME=/opt/rustwide/cargo-home" "-e" "RUSTUP_HOME=/opt/rustwide/rustup-home" "-e" "CARGO_TARGET_DIR=/opt/rustwide/target" "-e" "CARGO_INCREMENTAL=0" "-e" "RUST_BACKTRACE=full" "-e" "RUSTFLAGS=--cap-lints=warn" "-e" "RUSTDOCFLAGS=--cap-lints=warn" "-w" "/opt/rustwide/workdir" "--user" "0:0" "366208754a3215b850a26faa4eca4f0a2d1e9f370e1c2e79102b0ce41a0aa050" "/opt/rustwide/cargo-home/bin/cargo" "+1.99.0-beta.1" "test" "--frozen" "--no-run" "--message-format=json" "--release", kill_on_drop: false }`
[INFO] [stderr]    Compiling syn v2.0.117
[INFO] [stderr]    Compiling libc v0.2.186
[INFO] [stderr]    Compiling generic-array v0.14.7
[INFO] [stderr]    Compiling subtle v2.6.1
[INFO] [stderr]    Compiling const-oid v0.9.6
[INFO] [stderr]    Compiling serde_core v1.0.228
[INFO] [stderr]    Compiling serde v1.0.228
[INFO] [stderr]    Compiling equivalent v1.0.2
[INFO] [stderr]    Compiling hashbrown v0.17.1
[INFO] [stderr]    Compiling winnow v1.0.2
[INFO] [stderr]    Compiling toml_datetime v1.1.1+spec-1.1.0
[INFO] [stderr]    Compiling num-traits v0.2.19
[INFO] [stderr]    Compiling cfg_aliases v0.2.1
[INFO] [stderr]    Compiling once_cell v1.21.4
[INFO] [stderr]    Compiling borsh v1.6.1
[INFO] [stderr]    Compiling five8_core v1.0.0
[INFO] [stderr]    Compiling solana-sanitize v3.0.1
[INFO] [stderr]    Compiling five8 v1.0.0
[INFO] [stderr]    Compiling semver v1.0.28
[INFO] [stderr]    Compiling solana-atomic-u64 v3.0.1
[INFO] [stderr]    Compiling five8_const v1.0.0
[INFO] [stderr]    Compiling indexmap v2.14.0
[INFO] [stderr]    Compiling rustc_version v0.4.1
[INFO] [stderr]    Compiling ppv-lite86 v0.2.21
[INFO] [stderr]    Compiling curve25519-dalek v4.1.3
[INFO] [stderr]    Compiling toml_parser v1.1.2+spec-1.1.0
[INFO] [stderr]    Compiling either v1.15.0
[INFO] [stderr]    Compiling num-integer v0.1.46
[INFO] [stderr]    Compiling getrandom v0.3.4
[INFO] [stderr]    Compiling ahash v0.8.12
[INFO] [stderr]    Compiling toml_edit v0.25.11+spec-1.1.0
[INFO] [stderr]    Compiling getrandom v0.2.17
[INFO] [stderr]    Compiling num-bigint v0.4.6
[INFO] [stderr]    Compiling rand_core v0.6.4
[INFO] [stderr]    Compiling log v0.4.29
[INFO] [stderr]    Compiling bs58 v0.5.1
[INFO] [stderr]    Compiling rand_chacha v0.3.1
[INFO] [stderr]    Compiling lazy_static v1.5.0
[INFO] [stderr]    Compiling feature-probe v0.1.1
[INFO] [stderr]    Compiling rand v0.8.6
[INFO] [stderr]    Compiling solana-program-memory v3.1.0
[INFO] [stderr]    Compiling bv v0.11.1
[INFO] [stderr]    Compiling thiserror v2.0.18
[INFO] [stderr]    Compiling itertools v0.13.0
[INFO] [stderr]    Compiling syn v1.0.109
[INFO] [stderr]    Compiling solana-define-syscall v4.0.1
[INFO] [stderr]    Compiling proc-macro-crate v3.5.0
[INFO] [stderr]    Compiling base64 v0.22.1
[INFO] [stderr]    Compiling memchr v2.8.0
[INFO] [stderr]    Compiling ark-std v0.5.0
[INFO] [stderr]    Compiling crunchy v0.2.4
[INFO] [stderr]    Compiling serde_bytes v0.11.19
[INFO] [stderr]    Compiling solana-msg v3.1.0
[INFO] [stderr]    Compiling num-bigint v0.2.6
[INFO] [stderr]    Compiling typenum v1.20.0
[INFO] [stderr]    Compiling ark-std v0.4.0
[INFO] [stderr]    Compiling num-complex v0.2.4
[INFO] [stderr]    Compiling num-rational v0.2.4
[INFO] [stderr]    Compiling byteorder v1.5.0
[INFO] [stderr]    Compiling void v1.0.2
[INFO] [stderr]    Compiling bitflags v2.11.1
[INFO] [stderr]    Compiling unreachable v1.0.0
[INFO] [stderr]    Compiling ff v0.13.1
[INFO] [stderr]    Compiling itertools v0.10.5
[INFO] [stderr]    Compiling find-msvc-tools v0.1.9
[INFO] [stderr]    Compiling ascii v0.9.3
[INFO] [stderr]    Compiling shlex v1.3.0
[INFO] [stderr]    Compiling getrandom v0.1.16
[INFO] [stderr]    Compiling base16ct v0.2.0
[INFO] [stderr]    Compiling combine v3.8.1
[INFO] [stderr]    Compiling cc v1.2.62
[INFO] [stderr]    Compiling group v0.13.0
[INFO] [stderr]    Compiling digest v0.9.0
[INFO] [stderr]    Compiling libsecp256k1-core v0.2.2
[INFO] [stderr]    Compiling hash32 v0.3.1
[INFO] [stderr]    Compiling hashbrown v0.13.2
[INFO] [stderr]    Compiling num-iter v0.1.45
[INFO] [stderr]    Compiling solana-signature v3.4.0
[INFO] [stderr]    Compiling thiserror v1.0.69
[INFO] [stderr]    Compiling rustc-demangle v0.1.27
[INFO] [stderr]    Compiling zeroize_derive v1.4.3
[INFO] [stderr]    Compiling serde_derive v1.0.228
[INFO] [stderr]    Compiling borsh-derive v1.6.1
[INFO] [stderr]    Compiling bytemuck_derive v1.10.2
[INFO] [stderr]    Compiling curve25519-dalek-derive v0.1.1
[INFO] [stderr]    Compiling zeroize v1.8.2
[INFO] [stderr]    Compiling solana-sdk-macro v3.0.1
[INFO] [stderr]    Compiling enum-ordinalize-derive v4.3.2
[INFO] [stderr]    Compiling crypto-common v0.1.7
[INFO] [stderr]    Compiling block-buffer v0.10.4
[INFO] [stderr]    Compiling digest v0.10.7
[INFO] [stderr]    Compiling enum-ordinalize v4.3.2
[INFO] [stderr]    Compiling ark-serialize-derive v0.5.0
[INFO] [stderr]    Compiling sha2 v0.10.9
[INFO] [stderr]    Compiling educe v0.6.0
[INFO] [stderr]    Compiling ark-serialize v0.5.0
[INFO] [stderr]    Compiling ark-ff-asm v0.5.0
[INFO] [stderr]    Compiling bytemuck v1.25.0
[INFO] [stderr]    Compiling thiserror-impl v2.0.18
[INFO] [stderr]    Compiling ark-ff-macros v0.5.0
[INFO] [stderr]    Compiling der v0.7.10
[INFO] [stderr]    Compiling qualifier_attr v0.2.2
[INFO] [stderr]    Compiling ark-serialize-derive v0.4.2
[INFO] [stderr]    Compiling ark-serialize v0.4.2
[INFO] [stderr]    Compiling ark-ff-asm v0.4.2
[INFO] [stderr]    Compiling derivative v2.2.0
[INFO] [stderr]    Compiling ark-ff-macros v0.4.2
[INFO] [stderr]    Compiling hmac v0.12.1
[INFO] [stderr]    Compiling spki v0.7.3
[INFO] [stderr]    Compiling pkcs8 v0.10.2
[INFO] [stderr]    Compiling sec1 v0.7.3
[INFO] [stderr]    Compiling crypto-bigint v0.5.5
[INFO] [stderr]    Compiling ark-ff v0.5.0
[INFO] [stderr]    Compiling enum-iterator-derive v1.5.0
[INFO] [stderr]    Compiling rfc6979 v0.4.0
[INFO] [stderr]    Compiling solana-sbpf v0.13.1
[INFO] [stderr]    Compiling signature v2.2.0
[INFO] [stderr]    Compiling blake3 v1.8.5
[INFO] [stderr]    Compiling thiserror-impl v1.0.69
[INFO] [stderr]    Compiling solana-hash v4.3.0
[INFO] [stderr]    Compiling solana-program-error v3.0.1
[INFO] [stderr]    Compiling solana-sha256-hasher v3.1.0
[INFO] [stderr]    Compiling solana-instruction-error v2.3.0
[INFO] [stderr]    Compiling bincode v1.3.3
[INFO] [stderr]    Compiling solana-fee-calculator v3.2.0
[INFO] [stderr]    Compiling solana-transaction-error v3.2.0
[INFO] [stderr]    Compiling solana-hash v3.1.0
[INFO] [stderr]    Compiling ark-ff v0.4.2
[INFO] [stderr]    Compiling enum-iterator v1.5.0
[INFO] [stderr]    Compiling elliptic-curve v0.13.8
[INFO] [stderr]    Compiling num v0.2.1
[INFO] [stderr]    Compiling solana-address v2.6.0
[INFO] [stderr]    Compiling solana-precompile-error v3.0.0
[INFO] [stderr]    Compiling eager v0.1.0
[INFO] [stderr]    Compiling solana-svm-feature-set v3.1.14
[INFO] [stderr]    Compiling solana-sdk-ids v3.1.0
[INFO] [stderr]    Compiling solana-pubkey v4.2.0
[INFO] [stderr]    Compiling solana-instruction v3.4.0
[INFO] [stderr]    Compiling solana-sysvar-id v3.1.0
[INFO] [stderr]    Compiling solana-account-info v3.1.1
[INFO] [stderr]    Compiling solana-address v1.1.0
[INFO] [stderr]    Compiling solana-pubkey v3.0.0
[INFO] [stderr]    Compiling solana-epoch-schedule v3.1.0
[INFO] [stderr]    Compiling solana-program-entrypoint v3.1.1
[INFO] [stderr]    Compiling solana-slot-hashes v3.0.1
[INFO] [stderr]    Compiling solana-epoch-rewards v3.0.1
[INFO] [stderr]    Compiling solana-slot-history v3.0.0
[INFO] [stderr]    Compiling solana-clock v3.0.1
[INFO] [stderr]    Compiling solana-last-restart-slot v3.0.0
[INFO] [stderr]    Compiling solana-rent v3.1.0
[INFO] [stderr]    Compiling solana-serialize-utils v3.1.1
[INFO] [stderr]    Compiling solana-sysvar v3.1.1
[INFO] [stderr]    Compiling solana-system-interface v2.0.0
[INFO] [stderr]    Compiling solana-instructions-sysvar v3.0.0
[INFO] [stderr]    Compiling solana-account v3.4.0
[INFO] [stderr]    Compiling solana-cpi v3.1.0
[INFO] [stderr]    Compiling solana-message v3.1.0
[INFO] [stderr]    Compiling solana-stable-layout v3.0.1
[INFO] [stderr]    Compiling arrayref v0.3.9
[INFO] [stderr]    Compiling solana-transaction-context v3.1.14
[INFO] [stderr]    Compiling solana-transaction v3.1.0
[INFO] [stderr]    Compiling solana-svm-callback v3.1.14
[INFO] [stderr]    Compiling solana-stake-interface v2.0.2
[INFO] [stderr]    Compiling solana-svm-transaction v3.1.14
[INFO] [stderr]    Compiling solana-svm-timings v3.1.14
[INFO] [stderr]    Compiling solana-loader-v3-interface v6.1.1
[INFO] [stderr]    Compiling ecdsa v0.16.9
[INFO] [stderr]    Compiling rand_core v0.5.1
[INFO] [stderr]    Compiling percentage v0.1.0
[INFO] [stderr]    Compiling libsecp256k1-gen-genmult v0.2.1
[INFO] [stderr]    Compiling libsecp256k1-gen-ecmult v0.2.1
[INFO] [stderr]    Compiling aho-corasick v1.1.4
[INFO] [stderr]    Compiling solana-svm-type-overrides v3.1.14
[INFO] [stderr]    Compiling solana-svm-log-collector v3.1.14
[INFO] [stderr]    Compiling itertools v0.12.1
[INFO] [stderr]    Compiling solana-svm-measure v3.1.14
[INFO] [stderr]    Compiling keccak v0.1.6
[INFO] [stderr]    Compiling regex-syntax v0.8.10
[INFO] [stderr]    Compiling cpufeatures v0.3.0
[INFO] [stderr]    Compiling solana-fee-structure v3.0.0
[INFO] [stderr]    Compiling constant_time_eq v0.4.2
[INFO] [stderr]    Compiling sha3 v0.10.9
[INFO] [stderr]    Compiling libsecp256k1 v0.6.0
[INFO] [stderr]    Compiling k256 v0.13.4
[INFO] [stderr]    Compiling rand_chacha v0.2.2
[INFO] [stderr]    Compiling solana-nonce v3.2.0
[INFO] [stderr]    Compiling block-buffer v0.9.0
[INFO] [stderr]    Compiling opaque-debug v0.3.1
[INFO] [stderr]    Compiling utf8parse v0.2.2
[INFO] [stderr]    Compiling anstyle-parse v1.0.0
[INFO] [stderr]    Compiling regex-automata v0.4.14
[INFO] [stderr]    Compiling solana-program-runtime v3.1.14
[INFO] [stderr]    Compiling ark-poly v0.5.0
[INFO] [stderr]    Compiling solana-secp256k1-recover v3.1.1
[INFO] [stderr]    Compiling sha2 v0.9.9
[INFO] [stderr]    Compiling rand v0.7.3
[INFO] [stderr]    Compiling ark-poly v0.4.2
[INFO] [stderr]    Compiling ark-ec v0.5.0
[INFO] [stderr]    Compiling solana-blake3-hasher v3.1.0
[INFO] [stderr]    Compiling solana-keccak-hasher v3.1.0
[INFO] [stderr]    Compiling solana-big-mod-exp v3.0.0
[INFO] [stderr]    Compiling errno v0.3.14
[INFO] [stderr]    Compiling is_terminal_polyfill v1.70.2
[INFO] [stderr]    Compiling signal-hook v0.3.18
[INFO] [stderr]    Compiling colorchoice v1.0.5
[INFO] [stderr]    Compiling anstyle v1.0.14
[INFO] [stderr]    Compiling ark-ec v0.4.2
[INFO] [stderr]    Compiling base64 v0.12.3
[INFO] [stderr]    Compiling regex v1.12.3
[INFO] [stderr]    Compiling anstyle-query v1.1.5
[INFO] [stderr]    Compiling anstream v1.0.0
[INFO] [stderr]    Compiling signal-hook-registry v1.4.8
[INFO] [stderr]    Compiling env_filter v1.0.1
[INFO] [stderr]    Compiling solana-curve25519 v3.1.14
[INFO] [stderr]    Compiling solana-bincode v3.1.0
[INFO] [stderr]    Compiling solana-packet v3.0.0
[INFO] [stderr]    Compiling memoffset v0.9.1
[INFO] [stderr]    Compiling ark-bn254 v0.5.0
[INFO] [stderr]    Compiling jiff v0.2.24
[INFO] [stderr]    Compiling solana-nonce-account v3.0.0
[INFO] [stderr]    Compiling light-poseidon v0.4.0
[INFO] [stderr]    Compiling solana-bn254 v3.2.1
[INFO] [stderr]    Compiling ark-bn254 v0.4.0
[INFO] [stderr]    Compiling g1-msm-ref v0.1.0 (/opt/rustwide/workdir/crates/g1-msm-ref)
[INFO] [stderr]    Compiling light-poseidon v0.2.0
[INFO] [stderr]    Compiling solana-loader-v4-interface v3.1.0
[INFO] [stderr]    Compiling solana-rent v4.2.0
[INFO] [stderr]    Compiling solana-account-view v2.0.0
[INFO] [stderr]    Compiling solana-system-interface v3.2.0
[INFO] [stderr]    Compiling solana-example-mocks v4.0.0
[INFO] [stderr]    Compiling pinocchio v0.11.1
[INFO] [stderr]    Compiling solana-sysvar v4.0.0
[INFO] [stderr]    Compiling solana-system-program v3.1.14
[INFO] [stderr]    Compiling solana-compute-budget v3.1.14
[INFO] [stderr]    Compiling mollusk-svm-result v0.12.0
[INFO] [stderr]    Compiling agave-feature-set v3.1.14
[INFO] [stderr]    Compiling solana-epoch-stake v3.0.1
[INFO] [stderr]    Compiling mollusk-svm-error v0.12.0
[INFO] [stderr]    Compiling solana-poseidon v3.1.14
[INFO] [stderr]    Compiling solana-program-pack v3.1.0
[INFO] [stderr]    Compiling solana-serde-varint v3.0.1
[INFO] [stderr]    Compiling solana-borsh v3.0.2
[INFO] [stderr]    Compiling solana-program-option v3.1.0
[INFO] [stderr]    Compiling solana-short-vec v3.2.1
[INFO] [stderr]    Compiling solana-native-token v3.0.0
[INFO] [stderr]    Compiling hex v0.4.3
[INFO] [stderr]    Compiling solana-program v4.0.0
[INFO] [stderr]    Compiling fr-batch-inv-ref v0.1.0 (/opt/rustwide/workdir/crates/fr-batch-inv-ref)
[INFO] [stderr]    Compiling agave-syscalls v3.1.14
[INFO] [stderr]    Compiling env_logger v0.11.10
[INFO] [stderr]    Compiling solana-logger v3.0.0
[INFO] [stderr]    Compiling solana-bpf-loader-program v3.1.14
[INFO] [stderr]    Compiling mollusk-svm v0.12.0
[INFO] [stderr]    Compiling g1-msm-bench-program v0.1.0 (/opt/rustwide/workdir/programs/g1-msm-bench)
[INFO] [stderr]     Finished `release` profile [optimized] target(s) in 1m 44s
[INFO] [stderr] warning: the following packages contain code that will be rejected by a future version of Rust: borsh v1.6.1
[INFO] [stderr] note: to see what the problems were, use the option `--future-incompat-report`, or run `cargo report future-incompatibilities --id 1`
[INFO] running `Command { std: "docker" "inspect" "366208754a3215b850a26faa4eca4f0a2d1e9f370e1c2e79102b0ce41a0aa050", kill_on_drop: false }`
[INFO] running `Command { std: "docker" "exec" "-e" "SOURCE_DIR=/opt/rustwide/workdir" "-e" "CARGO_HOME=/opt/rustwide/cargo-home" "-e" "RUSTUP_HOME=/opt/rustwide/rustup-home" "-e" "CARGO_TARGET_DIR=/opt/rustwide/target" "-e" "CARGO_INCREMENTAL=0" "-e" "RUST_BACKTRACE=full" "-e" "RUSTFLAGS=--cap-lints=warn" "-e" "RUSTDOCFLAGS=--cap-lints=warn" "-w" "/opt/rustwide/workdir" "--user" "0:0" "366208754a3215b850a26faa4eca4f0a2d1e9f370e1c2e79102b0ce41a0aa050" "/opt/rustwide/cargo-home/bin/cargo" "+1.99.0-beta.1" "test" "--frozen" "--release", kill_on_drop: false }`
[INFO] [stderr]     Finished `release` profile [optimized] target(s) in 0.23s
[INFO] [stderr] warning: the following packages contain code that will be rejected by a future version of Rust: borsh v1.6.1
[INFO] [stderr] note: to see what the problems were, use the option `--future-incompat-report`, or run `cargo report future-incompatibilities --id 1`
[INFO] [stderr]      Running unittests src/lib.rs (/opt/rustwide/target/release/deps/fr_batch_inv_ref-e25c29f4b474547e)
[INFO] [stdout] 
[INFO] [stdout] running 0 tests
[INFO] [stdout] 
[INFO] [stdout] test result: ok. 0 passed; 0 failed; 0 ignored; 0 measured; 0 filtered out; finished in 0.00s
[INFO] [stdout] 
[INFO] [stderr]      Running unittests src/lib.rs (/opt/rustwide/target/release/deps/g1_msm_bench_program-7e77f2fde47eb819)
[INFO] [stdout] 
[INFO] [stdout] running 0 tests
[INFO] [stdout] 
[INFO] [stdout] test result: ok. 0 passed; 0 failed; 0 ignored; 0 measured; 0 filtered out; finished in 0.00s
[INFO] [stdout] 
[INFO] [stderr]      Running tests/cu_grid.rs (/opt/rustwide/target/release/deps/cu_grid-d0038d19a5a5fd7b)
[INFO] [stdout] 
[INFO] [stdout] running 1 test
[INFO] [stdout] test cu_grid ... FAILED
[INFO] [stdout] 
[INFO] [stdout] failures:
[INFO] [stdout] 
[INFO] [stdout] ---- cu_grid stdout ----
[INFO] [stdout] 
[INFO] [stdout] thread 'cu_grid' (4241) panicked at /opt/rustwide/cargo-home/registry/src/index.crates.io-1949cf8c6b5b557f/mollusk-svm-error-0.12.0/src/error.rs:50:32:
[INFO] [stdout]     [MOLLUSK]: Program file not found: g1_msm_bench_program.so
[INFO] [stdout] stack backtrace:
[INFO] [stdout]    0:     0x64264733f5c6 - <<std[104cf6e2632825ea]::sys::backtrace::BacktraceLock>::print::DisplayBacktrace as core[7c831bd917ebf35f]::fmt::Display>::fmt
[INFO] [stdout]    1:     0x642646f5920a - core[7c831bd917ebf35f]::fmt::write
[INFO] [stdout]    2:     0x6426473462fc - <alloc[2fdc3f7464fcf288]::vec::Vec<u8> as core[7c831bd917ebf35f]::io::write::Write>::write_fmt
[INFO] [stdout]    3:     0x64264731cae2 - std[104cf6e2632825ea]::panicking::default_hook::{closure#0}
[INFO] [stdout]    4:     0x642647338341 - std[104cf6e2632825ea]::panicking::default_hook
[INFO] [stdout]    5:     0x642647338522 - std[104cf6e2632825ea]::panicking::panic_with_hook
[INFO] [stdout]    6:     0x64264731cb92 - std[104cf6e2632825ea]::panicking::panic_handler::{closure#0}
[INFO] [stdout]    7:     0x6426473156a9 - std[104cf6e2632825ea]::sys::backtrace::__rust_end_short_backtrace::<std[104cf6e2632825ea]::panicking::panic_handler::{closure#0}, !>
[INFO] [stdout]    8:     0x64264731d83d - __rustc[b0d56fa5b193ad05]::rust_begin_unwind
[INFO] [stdout]    9:     0x642646f5992c - core[7c831bd917ebf35f]::panicking::panic_fmt
[INFO] [stdout]   10:     0x642646fa9379 - mollusk_svm[2925e9b297a8061]::file::load_program_elf
[INFO] [stdout]   11:     0x642646fa8556 - <mollusk_svm[2925e9b297a8061]::Mollusk>::new
[INFO] [stdout]   12:     0x642646f68e8a - <cu_grid[c2145eb72160ccf7]::cu_grid::{closure#0} as core[7c831bd917ebf35f]::ops::function::FnOnce<()>>::call_once
[INFO] [stdout]   13:     0x64264734806b - test[73009c9f9aebf890]::__rust_begin_short_backtrace::<core[7c831bd917ebf35f]::result::Result<(), alloc[2fdc3f7464fcf288]::string::String>, fn() -> core[7c831bd917ebf35f]::result::Result<(), alloc[2fdc3f7464fcf288]::string::String>>
[INFO] [stdout]   14:     0x6426473561c1 - test[73009c9f9aebf890]::run_test::{closure#0}
[INFO] [stdout]   15:     0x64264734f424 - std[104cf6e2632825ea]::sys::backtrace::__rust_begin_short_backtrace::<test[73009c9f9aebf890]::run_test::{closure#1}, ()>
[INFO] [stdout]   16:     0x642647359fe2 - <std[104cf6e2632825ea]::thread::lifecycle::spawn_unchecked<test[73009c9f9aebf890]::run_test::{closure#1}, ()>::{closure#1} as core[7c831bd917ebf35f]::ops::function::FnOnce<()>>::call_once::{shim:vtable#0}
[INFO] [stdout]   17:     0x64264733eebe - <std[104cf6e2632825ea]::sys::thread::unix::Thread>::new::thread_start
[INFO] [stdout]   18:     0x7cd8c533e07a - <unknown>
[INFO] [stdout]   19:     0x7cd8c53d1534 - clone
[INFO] [stdout]   20:                0x0 - <unknown>
[INFO] [stdout] 
[INFO] [stdout] 
[INFO] [stdout] failures:
[INFO] [stdout]     cu_grid
[INFO] [stdout] 
[INFO] [stdout] test result: FAILED. 0 passed; 1 failed; 0 ignored; 0 measured; 0 filtered out; finished in 0.00s
[INFO] [stdout] 
[INFO] [stderr] error: test failed, to rerun pass `-p g1-msm-bench-program --test cu_grid`
[INFO] running `Command { std: "docker" "inspect" "366208754a3215b850a26faa4eca4f0a2d1e9f370e1c2e79102b0ce41a0aa050", kill_on_drop: false }`
[INFO] running `Command { std: "docker" "rm" "-f" "366208754a3215b850a26faa4eca4f0a2d1e9f370e1c2e79102b0ce41a0aa050", kill_on_drop: false }`
[INFO] [stdout] 366208754a3215b850a26faa4eca4f0a2d1e9f370e1c2e79102b0ce41a0aa050
