[INFO] cloning repository https://github.com/nukecat/swsel
[INFO] running `Command { std: "git" "-c" "credential.helper=" "-c" "credential.helper=/workspace/cargo-home/bin/git-credential-null" "clone" "--bare" "https://github.com/nukecat/swsel" "/workspace/cache/git-repos/https%3A%2F%2Fgithub.com%2Fnukecat%2Fswsel", kill_on_drop: false }`
[INFO] [stderr] Cloning into bare repository '/workspace/cache/git-repos/https%3A%2F%2Fgithub.com%2Fnukecat%2Fswsel'...
[INFO] running `Command { std: "git" "rev-parse" "HEAD", kill_on_drop: false }`
[INFO] [stdout] 762a7d54cd201205dc976ce4fc404e5cc62896b8
[INFO] testing nukecat/swsel/762a7d54cd201205dc976ce4fc404e5cc62896b8 against 1.98.0-beta.8+cargoflags=--release for beta-release-1.99-2
[INFO] running `Command { std: "git" "clone" "/workspace/cache/git-repos/https%3A%2F%2Fgithub.com%2Fnukecat%2Fswsel" "/workspace/builds/worker-2-tc1/source", kill_on_drop: false }`
[INFO] [stderr] Cloning into '/workspace/builds/worker-2-tc1/source'...
[INFO] [stderr] done.
[INFO] started tweaking git repo https://github.com/nukecat/swsel
[INFO] finished tweaking git repo https://github.com/nukecat/swsel
[INFO] tweaked toml for git repo https://github.com/nukecat/swsel written to /workspace/builds/worker-2-tc1/source/Cargo.toml
[INFO] validating manifest of git repo https://github.com/nukecat/swsel on toolchain 1.98.0-beta.8
[INFO] running `Command { std: CARGO_HOME="/workspace/cargo-home" RUSTUP_HOME="/workspace/rustup-home" "/workspace/cargo-home/bin/cargo" "+1.98.0-beta.8" "metadata" "--manifest-path" "Cargo.toml" "--no-deps", kill_on_drop: false }`
[INFO] running `Command { std: CARGO_HOME="/workspace/cargo-home" RUSTUP_HOME="/workspace/rustup-home" "/workspace/cargo-home/bin/cargo" "+1.98.0-beta.8" "generate-lockfile" "--manifest-path" "Cargo.toml", kill_on_drop: false }`
[INFO] [stderr]     Blocking waiting for file lock on package cache
[INFO] [stderr]     Updating crates.io index
[INFO] [stderr]     Blocking waiting for file lock on package cache
[INFO] [stderr]      Locking 187 packages to latest Rust 1.98.0-beta.8 compatible versions
[INFO] [stderr]       Adding generic-array v0.14.7 (available: v0.14.9)
[INFO] [stderr]       Adding rand v0.9.5 (available: v0.10.2)
[INFO] [stderr]       Adding zip v6.0.0 (available: v8.6.0)
[INFO] running `Command { std: CARGO_HOME="/workspace/cargo-home" RUSTUP_HOME="/workspace/rustup-home" "/workspace/cargo-home/bin/cargo" "+1.98.0-beta.8" "fetch" "--manifest-path" "Cargo.toml", kill_on_drop: false }`
[INFO] [stderr]     Blocking waiting for file lock on package cache
[INFO] [stderr]  Downloading crates ...
[INFO] [stderr]   Downloaded deflate64 v0.1.12
[INFO] [stderr]   Downloaded zeroize_derive v1.5.0
[INFO] [stderr]   Downloaded imgref v1.12.3
[INFO] [stderr]   Downloaded either v1.18.0
[INFO] [stderr]   Downloaded constant_time_eq v0.3.1
[INFO] [stderr]   Downloaded derive_arbitrary v1.4.2
[INFO] [stderr]   Downloaded ppmd-rust v1.4.1
[INFO] [stderr]   Downloaded libbz2-rs-sys v0.2.5
[INFO] [stderr]   Downloaded bzip2 v0.6.1
[INFO] [stderr]   Downloaded zune-core v0.5.3
[INFO] [stderr]   Downloaded lzma-rust2 v0.13.0
[INFO] [stderr]   Downloaded zip v6.0.0
[INFO] running `Command { std: "docker" "create" "-v" "/var/lib/crater-agent-workspace/builds/worker-2-tc1/source:/opt/rustwide/workdir:ro,Z" "-v" "/var/lib/crater-agent-workspace/builds/worker-2-tc1/target:/opt/rustwide/target:rw,Z" "-v" "/var/lib/crater-agent-workspace/cargo-home:/opt/rustwide/cargo-home:ro,Z" "-v" "/var/lib/crater-agent-workspace/rustup-home:/opt/rustwide/rustup-home:ro,Z" "-m" "1610612736" "--network" "none" "ghcr.io/rust-lang/crates-build-env/linux@sha256:8683fc1fc2eb5c9ac98e0d076ab094b2ffac7f99da555d2b6a2e27f346de2ec7" "sleep" "infinity", kill_on_drop: false }`
[INFO] [stdout] 7fe8fcb4382854bc1985122ee15fc08e3bdd280852a050dad826ef90ab15a663
[INFO] running `Command { std: "docker" "start" "7fe8fcb4382854bc1985122ee15fc08e3bdd280852a050dad826ef90ab15a663", kill_on_drop: false }`
[INFO] running `Command { std: "docker" "inspect" "7fe8fcb4382854bc1985122ee15fc08e3bdd280852a050dad826ef90ab15a663", kill_on_drop: false }`
[INFO] running `Command { std: "docker" "exec" "-e" "SOURCE_DIR=/opt/rustwide/workdir" "-e" "CARGO_HOME=/opt/rustwide/cargo-home" "-e" "RUSTUP_HOME=/opt/rustwide/rustup-home" "-e" "CARGO_TARGET_DIR=/opt/rustwide/target" "-w" "/opt/rustwide/workdir" "--user" "0:0" "7fe8fcb4382854bc1985122ee15fc08e3bdd280852a050dad826ef90ab15a663" "/opt/rustwide/cargo-home/bin/cargo" "+1.98.0-beta.8" "metadata" "--no-deps" "--format-version=1", kill_on_drop: false }`
[INFO] running `Command { std: "docker" "inspect" "7fe8fcb4382854bc1985122ee15fc08e3bdd280852a050dad826ef90ab15a663", kill_on_drop: false }`
[INFO] running `Command { std: "docker" "exec" "-e" "SOURCE_DIR=/opt/rustwide/workdir" "-e" "CARGO_HOME=/opt/rustwide/cargo-home" "-e" "RUSTUP_HOME=/opt/rustwide/rustup-home" "-e" "CARGO_TARGET_DIR=/opt/rustwide/target" "-e" "CARGO_INCREMENTAL=0" "-e" "RUST_BACKTRACE=full" "-e" "RUSTFLAGS=--cap-lints=warn" "-e" "RUSTDOCFLAGS=--cap-lints=warn" "-w" "/opt/rustwide/workdir" "--user" "0:0" "7fe8fcb4382854bc1985122ee15fc08e3bdd280852a050dad826ef90ab15a663" "/opt/rustwide/cargo-home/bin/cargo" "+1.98.0-beta.8" "build" "--frozen" "--message-format=json" "--release", kill_on_drop: false }`
[INFO] [stderr]    Compiling proc-macro2 v1.0.107
[INFO] [stderr]    Compiling memchr v2.8.3
[INFO] [stderr]    Compiling quote v1.0.47
[INFO] [stderr]    Compiling regex-syntax v0.8.11
[INFO] [stderr]    Compiling autocfg v1.5.1
[INFO] [stderr]    Compiling log v0.4.34
[INFO] [stderr]    Compiling thiserror v2.0.20
[INFO] [stderr]    Compiling jiff-core v0.1.0
[INFO] [stderr]    Compiling anstream v1.0.0
[INFO] [stderr]    Compiling hashbrown v0.17.1
[INFO] [stderr]    Compiling aho-corasick v1.1.5
[INFO] [stderr]    Compiling num-traits v0.2.19
[INFO] [stderr]    Compiling indexmap v2.14.1
[INFO] [stderr]    Compiling jiff v0.2.35
[INFO] [stderr]    Compiling syn v3.0.4
[INFO] [stderr]    Compiling regex-automata v0.4.18
[INFO] [stderr]    Compiling thiserror-impl v2.0.20
[INFO] [stderr]    Compiling regex v1.13.1
[INFO] [stderr]    Compiling env_filter v2.0.0
[INFO] [stderr]    Compiling env_logger v0.11.11
[INFO] [stderr]    Compiling sw-structure-io v0.1.1 (/opt/rustwide/workdir)
[INFO] [stdout] warning: unused import: `std::fs::File`
[INFO] [stdout]  --> src/io/version/v0.rs:3:5
[INFO] [stdout]   |
[INFO] [stdout] 3 | use std::fs::File;
[INFO] [stdout]   |     ^^^^^^^^^^^^^
[INFO] [stdout]   |
[INFO] [stdout]   = note: `#[warn(unused_imports)]` (part of `#[warn(unused)]`) on by default
[INFO] [stdout] 
[INFO] [stdout] 
[INFO] [stdout] warning: unused import: `bounds::*`
[INFO] [stdout]  --> src/io/version/v0.rs:9:41
[INFO] [stdout]   |
[INFO] [stdout] 9 | use crate::io::utils::{vec::*, pack::*, bounds::*};
[INFO] [stdout]   |                                         ^^^^^^^^^
[INFO] [stdout] 
[INFO] [stdout] 
[INFO] [stdout] warning: unused imports: `debug`, `error`, and `warn`
[INFO] [stdout]   --> src/io/version/v0.rs:10:11
[INFO] [stdout]    |
[INFO] [stdout] 10 | use log::{debug, error, info, warn, trace};
[INFO] [stdout]    |           ^^^^^  ^^^^^        ^^^^
[INFO] [stdout] 
[INFO] [stdout] 
[INFO] [stdout] warning: unused imports: `debug`, `error`, `trace`, and `warn`
[INFO] [stdout]  --> src/io/mod.rs:9:11
[INFO] [stdout]   |
[INFO] [stdout] 9 | use log::{debug, error, info, trace, warn};
[INFO] [stdout]   |           ^^^^^  ^^^^^        ^^^^^  ^^^^
[INFO] [stdout] 
[INFO] [stdout] 
[INFO] [stdout] warning: unused variable: `building`
[INFO] [stdout]    --> src/io/version/v0.rs:127:60
[INFO] [stdout]     |
[INFO] [stdout] 127 | fn write_root<W: Write>(mut w: W, root: &SerializableRoot, building: &SerializableBuilding) -> Result<()> {
[INFO] [stdout]     |                                                            ^^^^^^^^ help: if this is intentional, prefix it with an underscore: `_building`
[INFO] [stdout]     |
[INFO] [stdout]     = note: `#[warn(unused_variables)]` (part of `#[warn(unused)]`) on by default
[INFO] [stdout] 
[INFO] [stdout] 
[INFO] [stdout] warning: unused variable: `building`
[INFO] [stdout]    --> src/io/version/v0.rs:252:82
[INFO] [stdout]     |
[INFO] [stdout] 252 | pub(crate) fn write_type_settings<W: Write>(mut w: W, block: &SerializableBlock, building: &SerializableBuilding) -> Result<()> {
[INFO] [stdout]     |                                                                                  ^^^^^^^^ help: if this is intentional, prefix it with an underscore: `_building`
[INFO] [stdout] 
[INFO] [stdout] 
[INFO] [stdout] warning: unused variable: `building`
[INFO] [stdout]    --> src/io/version/v0.rs:294:37
[INFO] [stdout]     |
[INFO] [stdout] 294 | fn read_root<'a, R: Read>(mut r: R, building: &SerializableBuilding) -> Result<SerializableRoot<'a>> {
[INFO] [stdout]     |                                     ^^^^^^^^ help: if this is intentional, prefix it with an underscore: `_building`
[INFO] [stdout] 
[INFO] [stdout] 
[INFO] [stdout] warning: unused variable: `building`
[INFO] [stdout]    --> src/io/version/v0.rs:431:69
[INFO] [stdout]     |
[INFO] [stdout] 431 | fn read_type_settings<R: Read>(mut r: R, block: &SerializableBlock, building: &SerializableBuilding) -> Result<TypeSettings> {
[INFO] [stdout]     |                                                                     ^^^^^^^^ help: if this is intentional, prefix it with an underscore: `_building`
[INFO] [stdout] 
[INFO] [stdout] 
[INFO] [stdout] warning: static `NOT_INTERACTABLE` is never used
[INFO] [stdout]   --> src/io/mod.rs:11:8
[INFO] [stdout]    |
[INFO] [stdout] 11 | static NOT_INTERACTABLE: LazyLock<HashSet<u8>> = LazyLock::new(||{[
[INFO] [stdout]    |        ^^^^^^^^^^^^^^^^
[INFO] [stdout]    |
[INFO] [stdout]    = note: `#[warn(dead_code)]` (part of `#[warn(unused)]`) on by default
[INFO] [stdout] 
[INFO] [stdout] 
[INFO] [stdout] warning: static `CUSTOM_BLOCKS` is never used
[INFO] [stdout]   --> src/io/mod.rs:17:8
[INFO] [stdout]    |
[INFO] [stdout] 17 | static CUSTOM_BLOCKS: LazyLock<HashSet<u8>> = LazyLock::new(||[
[INFO] [stdout]    |        ^^^^^^^^^^^^^
[INFO] [stdout] 
[INFO] [stdout] 
[INFO] [stdout] warning: type alias `BE` is never used
[INFO] [stdout]   --> src/io/utils/mod.rs:13:10
[INFO] [stdout]    |
[INFO] [stdout] 13 | pub type BE = BigEndian;
[INFO] [stdout]    |          ^^
[INFO] [stdout] 
[INFO] [stdout] 
[INFO] [stdout] warning: trait `TryIntoVecExt` is never used
[INFO] [stdout]  --> src/io/utils/vec.rs:1:18
[INFO] [stdout]   |
[INFO] [stdout] 1 | pub(crate) trait TryIntoVecExt<T: Copy>: AsRef<[T]> {
[INFO] [stdout]   |                  ^^^^^^^^^^^^^
[INFO] [stdout] 
[INFO] [stdout] 
[INFO] [stdout] warning: function `pack_color` is never used
[INFO] [stdout]   --> src/io/utils/pack.rs:59:15
[INFO] [stdout]    |
[INFO] [stdout] 59 | pub(crate) fn pack_color([r, g, b]: [u8; 3]) -> u16 {
[INFO] [stdout]    |               ^^^^^^^^^^
[INFO] [stdout] 
[INFO] [stdout] 
[INFO] [stdout] warning: function `unpack_color` is never used
[INFO] [stdout]   --> src/io/utils/pack.rs:63:15
[INFO] [stdout]    |
[INFO] [stdout] 63 | pub(crate) fn unpack_color(rgb565: u16) -> [u8; 3] {
[INFO] [stdout]    |               ^^^^^^^^^^^^
[INFO] [stdout] 
[INFO] [stdout] 
[INFO] [stdout] warning: struct `Bounds` is never constructed
[INFO] [stdout]  --> src/io/utils/bounds.rs:2:19
[INFO] [stdout]   |
[INFO] [stdout] 2 | pub(crate) struct Bounds {
[INFO] [stdout]   |                   ^^^^^^
[INFO] [stdout] 
[INFO] [stdout] 
[INFO] [stdout] warning: associated items `from_center_and_size`, `get_center_and_size`, `to_inbounds`, `to_global`, and `encapsulate` are never used
[INFO] [stdout]   --> src/io/utils/bounds.rs:8:25
[INFO] [stdout]    |
[INFO] [stdout]  7 | impl Bounds {
[INFO] [stdout]    | ----------- associated items in this implementation
[INFO] [stdout]  8 |     pub(crate) const fn from_center_and_size(center: [f32; 3], size: [f32; 3]) -> Self {
[INFO] [stdout]    |                         ^^^^^^^^^^^^^^^^^^^^
[INFO] [stdout] ...
[INFO] [stdout] 22 |     pub(crate) const fn get_center_and_size(&self) -> ([f32; 3], [f32; 3]) {
[INFO] [stdout]    |                         ^^^^^^^^^^^^^^^^^^^
[INFO] [stdout] ...
[INFO] [stdout] 36 |     pub(crate) fn to_inbounds(&self, f: [f32; 3]) -> [i16; 3] {
[INFO] [stdout]    |                   ^^^^^^^^^^^
[INFO] [stdout] ...
[INFO] [stdout] 47 |     pub(crate) fn to_global(&self, v: [i16; 3]) -> [f32; 3] {
[INFO] [stdout]    |                   ^^^^^^^^^
[INFO] [stdout] ...
[INFO] [stdout] 58 |     pub(crate) fn encapsulate(&mut self, block_position: &[f32; 3]) {
[INFO] [stdout]    |                   ^^^^^^^^^^^
[INFO] [stdout] 
[INFO] [stdout] 
[INFO] [stderr]     Finished `release` profile [optimized] target(s) in 27.52s
[INFO] running `Command { std: "docker" "inspect" "7fe8fcb4382854bc1985122ee15fc08e3bdd280852a050dad826ef90ab15a663", kill_on_drop: false }`
[INFO] running `Command { std: "docker" "exec" "-e" "SOURCE_DIR=/opt/rustwide/workdir" "-e" "CARGO_HOME=/opt/rustwide/cargo-home" "-e" "RUSTUP_HOME=/opt/rustwide/rustup-home" "-e" "CARGO_TARGET_DIR=/opt/rustwide/target" "-e" "CARGO_INCREMENTAL=0" "-e" "RUST_BACKTRACE=full" "-e" "RUSTFLAGS=--cap-lints=warn" "-e" "RUSTDOCFLAGS=--cap-lints=warn" "-w" "/opt/rustwide/workdir" "--user" "0:0" "7fe8fcb4382854bc1985122ee15fc08e3bdd280852a050dad826ef90ab15a663" "/opt/rustwide/cargo-home/bin/cargo" "+1.98.0-beta.8" "test" "--frozen" "--no-run" "--message-format=json" "--release", kill_on_drop: false }`
[INFO] [stderr]    Compiling syn v2.0.119
[INFO] [stderr]    Compiling libc v0.2.189
[INFO] [stderr]    Compiling memchr v2.8.3
[INFO] [stderr]    Compiling typenum v1.20.1
[INFO] [stderr]    Compiling crossbeam-utils v0.8.22
[INFO] [stderr]    Compiling simd-adler32 v0.3.10
[INFO] [stderr]    Compiling num-traits v0.2.19
[INFO] [stderr]    Compiling crossbeam-epoch v0.9.20
[INFO] [stderr]    Compiling crossbeam-deque v0.8.7
[INFO] [stderr]    Compiling rayon-core v1.13.0
[INFO] [stderr]    Compiling zerocopy v0.8.56
[INFO] [stderr]    Compiling generic-array v0.14.7
[INFO] [stderr]    Compiling adler2 v2.0.1
[INFO] [stderr]    Compiling crc32fast v1.5.1
[INFO] [stderr]    Compiling find-msvc-tools v0.1.11
[INFO] [stderr]    Compiling shlex v2.0.1
[INFO] [stderr]    Compiling crypto-common v0.1.7
[INFO] [stderr]    Compiling block-buffer v0.10.4
[INFO] [stderr]    Compiling paste v1.0.15
[INFO] [stderr]    Compiling num-integer v0.1.47
[INFO] [stderr]    Compiling anyhow v1.0.104
[INFO] [stderr]    Compiling jobserver v0.1.35
[INFO] [stderr]    Compiling either v1.18.0
[INFO] [stderr]    Compiling pkg-config v0.3.34
[INFO] [stderr]    Compiling digest v0.10.7
[INFO] [stderr]    Compiling num-bigint v0.4.8
[INFO] [stderr]    Compiling cc v1.4.4
[INFO] [stderr]    Compiling arrayvec v0.7.8
[INFO] [stderr]    Compiling as-slice v0.2.1
[INFO] [stderr]    Compiling aho-corasick v1.1.5
[INFO] [stderr]    Compiling rayon v1.12.0
[INFO] [stderr]    Compiling miniz_oxide v0.9.1
[INFO] [stderr]    Compiling built v0.8.1
[INFO] [stderr]    Compiling zlib-rs v0.6.7
[INFO] [stderr]    Compiling bitflags v2.13.1
[INFO] [stderr]    Compiling num-rational v0.4.2
[INFO] [stderr]    Compiling zstd-sys v2.0.16+zstd.1.5.7
[INFO] [stderr]    Compiling libm v0.2.16
[INFO] [stderr]    Compiling av-scenechange v0.14.1
[INFO] [stderr]    Compiling bytemuck v1.25.2
[INFO] [stderr]    Compiling regex-automata v0.4.18
[INFO] [stderr]    Compiling rav1e v0.8.1
[INFO] [stderr]    Compiling aligned v0.4.3
[INFO] [stderr]    Compiling getrandom v0.3.4
[INFO] [stderr]    Compiling no_std_io2 v0.9.4
[INFO] [stderr]    Compiling nom v8.0.0
[INFO] [stderr]    Compiling pulp v0.22.3
[INFO] [stderr]    Compiling equator-macro v0.4.2
[INFO] [stderr]    Compiling zerocopy-derive v0.8.56
[INFO] [stderr]    Compiling equator v0.4.2
[INFO] [stderr]    Compiling aligned-vec v0.6.4
[INFO] [stderr]    Compiling v_frame v0.3.9
[INFO] [stderr]    Compiling flate2 v1.1.10
[INFO] [stderr]    Compiling arg_enum_proc_macro v0.3.4
[INFO] [stderr]    Compiling profiling-procmacros v1.0.18
[INFO] [stderr]    Compiling quick-error v2.0.1
[INFO] [stderr]    Compiling pastey v0.1.1
[INFO] [stderr]    Compiling zstd-safe v7.2.4
[INFO] [stderr]    Compiling y4m v0.8.0
[INFO] [stderr]    Compiling profiling v1.0.18
[INFO] [stderr]    Compiling regex v1.13.1
[INFO] [stderr]    Compiling num-derive v0.4.2
[INFO] [stderr]    Compiling av1-grain v0.2.5
[INFO] [stderr]    Compiling bitstream-io v4.10.0
[INFO] [stderr]    Compiling maybe-rayon v0.1.1
[INFO] [stderr]    Compiling num-complex v0.4.6
[INFO] [stderr]    Compiling raw-cpuid v11.6.0
[INFO] [stderr]    Compiling itertools v0.14.0
[INFO] [stderr]    Compiling inout v0.1.4
[INFO] [stderr]    Compiling miniz_oxide v0.8.9
[INFO] [stderr]    Compiling half v2.7.1
[INFO] [stderr]    Compiling simd_helpers v0.1.0
[INFO] [stderr]    Compiling zune-core v0.5.3
[INFO] [stderr]    Compiling reborrow v0.5.5
[INFO] [stderr]    Compiling noop_proc_macro v0.3.0
[INFO] [stderr]    Compiling weezl v0.1.12
[INFO] [stderr]    Compiling pulp-wasm-simd-flag v0.1.1
[INFO] [stderr]    Compiling imgref v1.12.3
[INFO] [stderr]    Compiling new_debug_unreachable v1.0.6
[INFO] [stderr]    Compiling crc-catalog v2.5.0
[INFO] [stderr]    Compiling zune-jpeg v0.5.15
[INFO] [stderr]    Compiling crc v3.4.0
[INFO] [stderr]    Compiling loop9 v0.1.5
[INFO] [stderr]    Compiling ppv-lite86 v0.2.21
[INFO] [stderr]    Compiling cipher v0.4.4
[INFO] [stderr]    Compiling env_filter v2.0.0
[INFO] [stderr]    Compiling zeroize_derive v1.5.0
[INFO] [stderr]    Compiling rand_core v0.9.5
[INFO] [stderr]    Compiling sha2 v0.10.9
[INFO] [stderr]    Compiling avif-serialize v0.8.9
[INFO] [stderr]    Compiling hmac v0.12.1
[INFO] [stderr]    Compiling fdeflate v0.3.7
[INFO] [stderr]    Compiling zune-inflate v0.2.54
[INFO] [stderr]    Compiling byteorder-lite v0.1.0
[INFO] [stderr]    Compiling deranged v0.5.8
[INFO] [stderr]    Compiling lebe v0.5.3
[INFO] [stderr]    Compiling num-conv v0.2.2
[INFO] [stderr]    Compiling bit_field v0.10.3
[INFO] [stderr]    Compiling color_quant v1.1.0
[INFO] [stderr]    Compiling bumpalo v3.20.3
[INFO] [stderr]    Compiling time-core v0.1.9
[INFO] [stderr]    Compiling rgb v0.8.53
[INFO] [stderr]    Compiling smallvec v1.16.0
[INFO] [stderr]    Compiling libbz2-rs-sys v0.2.5
[INFO] [stderr]    Compiling pxfm v0.1.30
[INFO] [stderr]    Compiling fax v0.2.7
[INFO] [stderr]    Compiling time v0.3.55
[INFO] [stderr]    Compiling bzip2 v0.6.1
[INFO] [stderr]    Compiling tiff v0.11.3
[INFO] [stderr]    Compiling exr v1.74.2
[INFO] [stderr]    Compiling zopfli v0.8.3
[INFO] [stderr]    Compiling moxcms v0.8.1
[INFO] [stderr]    Compiling ravif v0.13.0
[INFO] [stderr]    Compiling gif v0.14.2
[INFO] [stderr]    Compiling image-webp v0.2.4
[INFO] [stderr]    Compiling png v0.18.1
[INFO] [stderr]    Compiling pbkdf2 v0.12.2
[INFO] [stderr]    Compiling lzma-rust2 v0.13.0
[INFO] [stderr]    Compiling rand_chacha v0.9.0
[INFO] [stderr]    Compiling zeroize v1.9.0
[INFO] [stderr]    Compiling env_logger v0.11.11
[INFO] [stderr]    Compiling aes v0.8.4
[INFO] [stderr]    Compiling qoi v0.4.1
[INFO] [stderr]    Compiling sha1 v0.10.7
[INFO] [stderr]    Compiling ppmd-rust v1.4.1
[INFO] [stderr]    Compiling deflate64 v0.1.12
[INFO] [stderr]    Compiling constant_time_eq v0.3.1
[INFO] [stderr]    Compiling image v0.25.10
[INFO] [stderr]    Compiling rand v0.9.5
[INFO] [stderr]    Compiling sw-structure-io v0.1.1 (/opt/rustwide/workdir)
[INFO] [stdout] warning: unused import: `std::fs::File`
[INFO] [stdout]  --> src/io/version/v0.rs:3:5
[INFO] [stdout]   |
[INFO] [stdout] 3 | use std::fs::File;
[INFO] [stdout]   |     ^^^^^^^^^^^^^
[INFO] [stdout]   |
[INFO] [stdout]   = note: `#[warn(unused_imports)]` (part of `#[warn(unused)]`) on by default
[INFO] [stdout] 
[INFO] [stdout] 
[INFO] [stdout] warning: unused import: `bounds::*`
[INFO] [stdout]  --> src/io/version/v0.rs:9:41
[INFO] [stdout]   |
[INFO] [stdout] 9 | use crate::io::utils::{vec::*, pack::*, bounds::*};
[INFO] [stdout]   |                                         ^^^^^^^^^
[INFO] [stdout] 
[INFO] [stdout] 
[INFO] [stdout] warning: unused imports: `debug`, `error`, and `warn`
[INFO] [stdout]   --> src/io/version/v0.rs:10:11
[INFO] [stdout]    |
[INFO] [stdout] 10 | use log::{debug, error, info, warn, trace};
[INFO] [stdout]    |           ^^^^^  ^^^^^        ^^^^
[INFO] [stdout] 
[INFO] [stdout] 
[INFO] [stdout] warning: unused imports: `debug`, `error`, `trace`, and `warn`
[INFO] [stdout]  --> src/io/mod.rs:9:11
[INFO] [stdout]   |
[INFO] [stdout] 9 | use log::{debug, error, info, trace, warn};
[INFO] [stdout]   |           ^^^^^  ^^^^^        ^^^^^  ^^^^
[INFO] [stdout] 
[INFO] [stdout] 
[INFO] [stdout] warning: unused variable: `building`
[INFO] [stdout]    --> src/io/version/v0.rs:127:60
[INFO] [stdout]     |
[INFO] [stdout] 127 | fn write_root<W: Write>(mut w: W, root: &SerializableRoot, building: &SerializableBuilding) -> Result<()> {
[INFO] [stdout]     |                                                            ^^^^^^^^ help: if this is intentional, prefix it with an underscore: `_building`
[INFO] [stdout]     |
[INFO] [stdout]     = note: `#[warn(unused_variables)]` (part of `#[warn(unused)]`) on by default
[INFO] [stdout] 
[INFO] [stdout] 
[INFO] [stdout] warning: unused variable: `building`
[INFO] [stdout]    --> src/io/version/v0.rs:252:82
[INFO] [stdout]     |
[INFO] [stdout] 252 | pub(crate) fn write_type_settings<W: Write>(mut w: W, block: &SerializableBlock, building: &SerializableBuilding) -> Result<()> {
[INFO] [stdout]     |                                                                                  ^^^^^^^^ help: if this is intentional, prefix it with an underscore: `_building`
[INFO] [stdout] 
[INFO] [stdout] 
[INFO] [stdout] warning: unused variable: `building`
[INFO] [stdout]    --> src/io/version/v0.rs:294:37
[INFO] [stdout]     |
[INFO] [stdout] 294 | fn read_root<'a, R: Read>(mut r: R, building: &SerializableBuilding) -> Result<SerializableRoot<'a>> {
[INFO] [stdout]     |                                     ^^^^^^^^ help: if this is intentional, prefix it with an underscore: `_building`
[INFO] [stdout] 
[INFO] [stdout] 
[INFO] [stdout] warning: unused variable: `building`
[INFO] [stdout]    --> src/io/version/v0.rs:431:69
[INFO] [stdout]     |
[INFO] [stdout] 431 | fn read_type_settings<R: Read>(mut r: R, block: &SerializableBlock, building: &SerializableBuilding) -> Result<TypeSettings> {
[INFO] [stdout]     |                                                                     ^^^^^^^^ help: if this is intentional, prefix it with an underscore: `_building`
[INFO] [stdout] 
[INFO] [stdout] 
[INFO] [stdout] warning: static `NOT_INTERACTABLE` is never used
[INFO] [stdout]   --> src/io/mod.rs:11:8
[INFO] [stdout]    |
[INFO] [stdout] 11 | static NOT_INTERACTABLE: LazyLock<HashSet<u8>> = LazyLock::new(||{[
[INFO] [stdout]    |        ^^^^^^^^^^^^^^^^
[INFO] [stdout]    |
[INFO] [stdout]    = note: `#[warn(dead_code)]` (part of `#[warn(unused)]`) on by default
[INFO] [stdout] 
[INFO] [stdout] 
[INFO] [stdout] warning: static `CUSTOM_BLOCKS` is never used
[INFO] [stdout]   --> src/io/mod.rs:17:8
[INFO] [stdout]    |
[INFO] [stdout] 17 | static CUSTOM_BLOCKS: LazyLock<HashSet<u8>> = LazyLock::new(||[
[INFO] [stdout]    |        ^^^^^^^^^^^^^
[INFO] [stdout] 
[INFO] [stdout] 
[INFO] [stdout] warning: type alias `BE` is never used
[INFO] [stdout]   --> src/io/utils/mod.rs:13:10
[INFO] [stdout]    |
[INFO] [stdout] 13 | pub type BE = BigEndian;
[INFO] [stdout]    |          ^^
[INFO] [stdout] 
[INFO] [stdout] 
[INFO] [stdout] warning: trait `TryIntoVecExt` is never used
[INFO] [stdout]  --> src/io/utils/vec.rs:1:18
[INFO] [stdout]   |
[INFO] [stdout] 1 | pub(crate) trait TryIntoVecExt<T: Copy>: AsRef<[T]> {
[INFO] [stdout]   |                  ^^^^^^^^^^^^^
[INFO] [stdout] 
[INFO] [stdout] 
[INFO] [stdout] warning: function `pack_color` is never used
[INFO] [stdout]   --> src/io/utils/pack.rs:59:15
[INFO] [stdout]    |
[INFO] [stdout] 59 | pub(crate) fn pack_color([r, g, b]: [u8; 3]) -> u16 {
[INFO] [stdout]    |               ^^^^^^^^^^
[INFO] [stdout] 
[INFO] [stdout] 
[INFO] [stdout] warning: function `unpack_color` is never used
[INFO] [stdout]   --> src/io/utils/pack.rs:63:15
[INFO] [stdout]    |
[INFO] [stdout] 63 | pub(crate) fn unpack_color(rgb565: u16) -> [u8; 3] {
[INFO] [stdout]    |               ^^^^^^^^^^^^
[INFO] [stdout] 
[INFO] [stdout] 
[INFO] [stdout] warning: struct `Bounds` is never constructed
[INFO] [stdout]  --> src/io/utils/bounds.rs:2:19
[INFO] [stdout]   |
[INFO] [stdout] 2 | pub(crate) struct Bounds {
[INFO] [stdout]   |                   ^^^^^^
[INFO] [stdout] 
[INFO] [stdout] 
[INFO] [stdout] warning: associated items `from_center_and_size`, `get_center_and_size`, `to_inbounds`, `to_global`, and `encapsulate` are never used
[INFO] [stdout]   --> src/io/utils/bounds.rs:8:25
[INFO] [stdout]    |
[INFO] [stdout]  7 | impl Bounds {
[INFO] [stdout]    | ----------- associated items in this implementation
[INFO] [stdout]  8 |     pub(crate) const fn from_center_and_size(center: [f32; 3], size: [f32; 3]) -> Self {
[INFO] [stdout]    |                         ^^^^^^^^^^^^^^^^^^^^
[INFO] [stdout] ...
[INFO] [stdout] 22 |     pub(crate) const fn get_center_and_size(&self) -> ([f32; 3], [f32; 3]) {
[INFO] [stdout]    |                         ^^^^^^^^^^^^^^^^^^^
[INFO] [stdout] ...
[INFO] [stdout] 36 |     pub(crate) fn to_inbounds(&self, f: [f32; 3]) -> [i16; 3] {
[INFO] [stdout]    |                   ^^^^^^^^^^^
[INFO] [stdout] ...
[INFO] [stdout] 47 |     pub(crate) fn to_global(&self, v: [i16; 3]) -> [f32; 3] {
[INFO] [stdout]    |                   ^^^^^^^^^
[INFO] [stdout] ...
[INFO] [stdout] 58 |     pub(crate) fn encapsulate(&mut self, block_position: &[f32; 3]) {
[INFO] [stdout]    |                   ^^^^^^^^^^^
[INFO] [stdout] 
[INFO] [stdout] 
[INFO] [stderr]    Compiling zstd v0.13.3
[INFO] [stderr]    Compiling zip v6.0.0
[INFO] [stdout] warning: unused import: `std::fs::File`
[INFO] [stdout]  --> src/io/version/v0.rs:3:5
[INFO] [stdout]   |
[INFO] [stdout] 3 | use std::fs::File;
[INFO] [stdout]   |     ^^^^^^^^^^^^^
[INFO] [stdout]   |
[INFO] [stdout]   = note: `#[warn(unused_imports)]` (part of `#[warn(unused)]`) on by default
[INFO] [stdout] 
[INFO] [stdout] 
[INFO] [stdout] warning: unused import: `bounds::*`
[INFO] [stdout]  --> src/io/version/v0.rs:9:41
[INFO] [stdout]   |
[INFO] [stdout] 9 | use crate::io::utils::{vec::*, pack::*, bounds::*};
[INFO] [stdout]   |                                         ^^^^^^^^^
[INFO] [stdout] 
[INFO] [stdout] 
[INFO] [stdout] warning: unused imports: `debug`, `error`, and `warn`
[INFO] [stdout]   --> src/io/version/v0.rs:10:11
[INFO] [stdout]    |
[INFO] [stdout] 10 | use log::{debug, error, info, warn, trace};
[INFO] [stdout]    |           ^^^^^  ^^^^^        ^^^^
[INFO] [stdout] 
[INFO] [stdout] 
[INFO] [stdout] warning: unused imports: `debug`, `error`, `trace`, and `warn`
[INFO] [stdout]  --> src/io/mod.rs:9:11
[INFO] [stdout]   |
[INFO] [stdout] 9 | use log::{debug, error, info, trace, warn};
[INFO] [stdout]   |           ^^^^^  ^^^^^        ^^^^^  ^^^^
[INFO] [stdout] 
[INFO] [stdout] 
[INFO] [stdout] warning: unused import: `image::buffer`
[INFO] [stdout]  --> tests/roundtrip.rs:3:5
[INFO] [stdout]   |
[INFO] [stdout] 3 | use image::buffer;
[INFO] [stdout]   |     ^^^^^^^^^^^^^
[INFO] [stdout]   |
[INFO] [stdout]   = note: `#[warn(unused_imports)]` (part of `#[warn(unused)]`) on by default
[INFO] [stdout] 
[INFO] [stdout] 
[INFO] [stdout] warning: unused import: `sw_structure_io::structs::*`
[INFO] [stdout]  --> tests/roundtrip.rs:4:5
[INFO] [stdout]   |
[INFO] [stdout] 4 | use sw_structure_io::structs::*;
[INFO] [stdout]   |     ^^^^^^^^^^^^^^^^^^^^^^^^^^^
[INFO] [stdout] 
[INFO] [stdout] 
[INFO] [stdout] warning: unused import: `zip::read::ZipFile`
[INFO] [stdout]  --> tests/roundtrip.rs:6:5
[INFO] [stdout]   |
[INFO] [stdout] 6 | use zip::read::ZipFile;
[INFO] [stdout]   |     ^^^^^^^^^^^^^^^^^^
[INFO] [stdout] 
[INFO] [stdout] 
[INFO] [stdout] warning: unused import: `std::fs::File`
[INFO] [stdout]  --> tests/roundtrip.rs:7:5
[INFO] [stdout]   |
[INFO] [stdout] 7 | use std::fs::File;
[INFO] [stdout]   |     ^^^^^^^^^^^^^
[INFO] [stdout] 
[INFO] [stdout] 
[INFO] [stdout] warning: unused import: `Write`
[INFO] [stdout]  --> tests/roundtrip.rs:8:21
[INFO] [stdout]   |
[INFO] [stdout] 8 | use std::io::{Read, Write};
[INFO] [stdout]   |                     ^^^^^
[INFO] [stdout] 
[INFO] [stdout] 
[INFO] [stdout] warning: unused variable: `building`
[INFO] [stdout]    --> src/io/version/v0.rs:127:60
[INFO] [stdout]     |
[INFO] [stdout] 127 | fn write_root<W: Write>(mut w: W, root: &SerializableRoot, building: &SerializableBuilding) -> Result<()> {
[INFO] [stdout]     |                                                            ^^^^^^^^ help: if this is intentional, prefix it with an underscore: `_building`
[INFO] [stdout]     |
[INFO] [stdout]     = note: `#[warn(unused_variables)]` (part of `#[warn(unused)]`) on by default
[INFO] [stdout] 
[INFO] [stdout] 
[INFO] [stdout] warning: unused variable: `building`
[INFO] [stdout]    --> src/io/version/v0.rs:252:82
[INFO] [stdout]     |
[INFO] [stdout] 252 | pub(crate) fn write_type_settings<W: Write>(mut w: W, block: &SerializableBlock, building: &SerializableBuilding) -> Result<()> {
[INFO] [stdout]     |                                                                                  ^^^^^^^^ help: if this is intentional, prefix it with an underscore: `_building`
[INFO] [stdout] 
[INFO] [stdout] 
[INFO] [stdout] warning: unused variable: `building`
[INFO] [stdout]    --> src/io/version/v0.rs:294:37
[INFO] [stdout]     |
[INFO] [stdout] 294 | fn read_root<'a, R: Read>(mut r: R, building: &SerializableBuilding) -> Result<SerializableRoot<'a>> {
[INFO] [stdout]     |                                     ^^^^^^^^ help: if this is intentional, prefix it with an underscore: `_building`
[INFO] [stdout] 
[INFO] [stdout] 
[INFO] [stdout] warning: unused variable: `building`
[INFO] [stdout]    --> src/io/version/v0.rs:431:69
[INFO] [stdout]     |
[INFO] [stdout] 431 | fn read_type_settings<R: Read>(mut r: R, block: &SerializableBlock, building: &SerializableBuilding) -> Result<TypeSettings> {
[INFO] [stdout]     |                                                                     ^^^^^^^^ help: if this is intentional, prefix it with an underscore: `_building`
[INFO] [stdout] 
[INFO] [stdout] 
[INFO] [stdout] warning: static `NOT_INTERACTABLE` is never used
[INFO] [stdout]   --> src/io/mod.rs:11:8
[INFO] [stdout]    |
[INFO] [stdout] 11 | static NOT_INTERACTABLE: LazyLock<HashSet<u8>> = LazyLock::new(||{[
[INFO] [stdout]    |        ^^^^^^^^^^^^^^^^
[INFO] [stdout]    |
[INFO] [stdout]    = note: `#[warn(dead_code)]` (part of `#[warn(unused)]`) on by default
[INFO] [stdout] 
[INFO] [stdout] 
[INFO] [stdout] warning: static `CUSTOM_BLOCKS` is never used
[INFO] [stdout]   --> src/io/mod.rs:17:8
[INFO] [stdout]    |
[INFO] [stdout] 17 | static CUSTOM_BLOCKS: LazyLock<HashSet<u8>> = LazyLock::new(||[
[INFO] [stdout]    |        ^^^^^^^^^^^^^
[INFO] [stdout] 
[INFO] [stdout] 
[INFO] [stdout] warning: type alias `BE` is never used
[INFO] [stdout]   --> src/io/utils/mod.rs:13:10
[INFO] [stdout]    |
[INFO] [stdout] 13 | pub type BE = BigEndian;
[INFO] [stdout]    |          ^^
[INFO] [stdout] 
[INFO] [stdout] 
[INFO] [stdout] warning: trait `TryIntoVecExt` is never used
[INFO] [stdout]  --> src/io/utils/vec.rs:1:18
[INFO] [stdout]   |
[INFO] [stdout] 1 | pub(crate) trait TryIntoVecExt<T: Copy>: AsRef<[T]> {
[INFO] [stdout]   |                  ^^^^^^^^^^^^^
[INFO] [stdout] 
[INFO] [stdout] 
[INFO] [stdout] warning: function `pack_color` is never used
[INFO] [stdout]   --> src/io/utils/pack.rs:59:15
[INFO] [stdout]    |
[INFO] [stdout] 59 | pub(crate) fn pack_color([r, g, b]: [u8; 3]) -> u16 {
[INFO] [stdout]    |               ^^^^^^^^^^
[INFO] [stdout] 
[INFO] [stdout] 
[INFO] [stdout] warning: function `unpack_color` is never used
[INFO] [stdout]   --> src/io/utils/pack.rs:63:15
[INFO] [stdout]    |
[INFO] [stdout] 63 | pub(crate) fn unpack_color(rgb565: u16) -> [u8; 3] {
[INFO] [stdout]    |               ^^^^^^^^^^^^
[INFO] [stdout] 
[INFO] [stdout] 
[INFO] [stdout] warning: struct `Bounds` is never constructed
[INFO] [stdout]  --> src/io/utils/bounds.rs:2:19
[INFO] [stdout]   |
[INFO] [stdout] 2 | pub(crate) struct Bounds {
[INFO] [stdout]   |                   ^^^^^^
[INFO] [stdout] 
[INFO] [stdout] 
[INFO] [stdout] warning: associated items `from_center_and_size`, `get_center_and_size`, `to_inbounds`, `to_global`, and `encapsulate` are never used
[INFO] [stdout]   --> src/io/utils/bounds.rs:8:25
[INFO] [stdout]    |
[INFO] [stdout]  7 | impl Bounds {
[INFO] [stdout]    | ----------- associated items in this implementation
[INFO] [stdout]  8 |     pub(crate) const fn from_center_and_size(center: [f32; 3], size: [f32; 3]) -> Self {
[INFO] [stdout]    |                         ^^^^^^^^^^^^^^^^^^^^
[INFO] [stdout] ...
[INFO] [stdout] 22 |     pub(crate) const fn get_center_and_size(&self) -> ([f32; 3], [f32; 3]) {
[INFO] [stdout]    |                         ^^^^^^^^^^^^^^^^^^^
[INFO] [stdout] ...
[INFO] [stdout] 36 |     pub(crate) fn to_inbounds(&self, f: [f32; 3]) -> [i16; 3] {
[INFO] [stdout]    |                   ^^^^^^^^^^^
[INFO] [stdout] ...
[INFO] [stdout] 47 |     pub(crate) fn to_global(&self, v: [i16; 3]) -> [f32; 3] {
[INFO] [stdout]    |                   ^^^^^^^^^
[INFO] [stdout] ...
[INFO] [stdout] 58 |     pub(crate) fn encapsulate(&mut self, block_position: &[f32; 3]) {
[INFO] [stdout]    |                   ^^^^^^^^^^^
[INFO] [stdout] 
[INFO] [stdout] 
[INFO] [stderr]     Finished `release` profile [optimized] target(s) in 2m 47s
[INFO] running `Command { std: "docker" "inspect" "7fe8fcb4382854bc1985122ee15fc08e3bdd280852a050dad826ef90ab15a663", kill_on_drop: false }`
[INFO] running `Command { std: "docker" "exec" "-e" "SOURCE_DIR=/opt/rustwide/workdir" "-e" "CARGO_HOME=/opt/rustwide/cargo-home" "-e" "RUSTUP_HOME=/opt/rustwide/rustup-home" "-e" "CARGO_TARGET_DIR=/opt/rustwide/target" "-e" "CARGO_INCREMENTAL=0" "-e" "RUST_BACKTRACE=full" "-e" "RUSTFLAGS=--cap-lints=warn" "-e" "RUSTDOCFLAGS=--cap-lints=warn" "-w" "/opt/rustwide/workdir" "--user" "0:0" "7fe8fcb4382854bc1985122ee15fc08e3bdd280852a050dad826ef90ab15a663" "/opt/rustwide/cargo-home/bin/cargo" "+1.98.0-beta.8" "test" "--frozen" "--release", kill_on_drop: false }`
[INFO] [stderr] warning: unused import: `std::fs::File`
[INFO] [stderr]  --> src/io/version/v0.rs:3:5
[INFO] [stderr]   |
[INFO] [stderr] 3 | use std::fs::File;
[INFO] [stderr]   |     ^^^^^^^^^^^^^
[INFO] [stderr]   |
[INFO] [stderr]   = note: `#[warn(unused_imports)]` (part of `#[warn(unused)]`) on by default
[INFO] [stderr] 
[INFO] [stderr] warning: unused import: `bounds::*`
[INFO] [stderr]  --> src/io/version/v0.rs:9:41
[INFO] [stderr]   |
[INFO] [stderr] 9 | use crate::io::utils::{vec::*, pack::*, bounds::*};
[INFO] [stderr]   |                                         ^^^^^^^^^
[INFO] [stderr] 
[INFO] [stderr] warning: unused imports: `debug`, `error`, and `warn`
[INFO] [stderr]   --> src/io/version/v0.rs:10:11
[INFO] [stderr]    |
[INFO] [stderr] 10 | use log::{debug, error, info, warn, trace};
[INFO] [stderr]    |           ^^^^^  ^^^^^        ^^^^
[INFO] [stderr] 
[INFO] [stderr] warning: unused imports: `debug`, `error`, `trace`, and `warn`
[INFO] [stderr]  --> src/io/mod.rs:9:11
[INFO] [stderr]   |
[INFO] [stderr] 9 | use log::{debug, error, info, trace, warn};
[INFO] [stderr]   |           ^^^^^  ^^^^^        ^^^^^  ^^^^
[INFO] [stderr] 
[INFO] [stderr] warning: unused variable: `building`
[INFO] [stderr]    --> src/io/version/v0.rs:127:60
[INFO] [stderr]     |
[INFO] [stderr] 127 | fn write_root<W: Write>(mut w: W, root: &SerializableRoot, building: &SerializableBuilding) -> Result<()> {
[INFO] [stderr]     |                                                            ^^^^^^^^ help: if this is intentional, prefix it with an underscore: `_building`
[INFO] [stderr]     |
[INFO] [stderr]     = note: `#[warn(unused_variables)]` (part of `#[warn(unused)]`) on by default
[INFO] [stderr] 
[INFO] [stderr] warning: unused variable: `building`
[INFO] [stderr]    --> src/io/version/v0.rs:252:82
[INFO] [stderr]     |
[INFO] [stderr] 252 | pub(crate) fn write_type_settings<W: Write>(mut w: W, block: &SerializableBlock, building: &SerializableBuilding) -> Result<()> {
[INFO] [stderr]     |                                                                                  ^^^^^^^^ help: if this is intentional, prefix it with an underscore: `_building`
[INFO] [stderr] 
[INFO] [stderr] warning: unused variable: `building`
[INFO] [stderr]    --> src/io/version/v0.rs:294:37
[INFO] [stderr]     |
[INFO] [stderr] 294 | fn read_root<'a, R: Read>(mut r: R, building: &SerializableBuilding) -> Result<SerializableRoot<'a>> {
[INFO] [stderr]     |                                     ^^^^^^^^ help: if this is intentional, prefix it with an underscore: `_building`
[INFO] [stderr] 
[INFO] [stderr] warning: unused variable: `building`
[INFO] [stderr]    --> src/io/version/v0.rs:431:69
[INFO] [stderr]     |
[INFO] [stderr] 431 | fn read_type_settings<R: Read>(mut r: R, block: &SerializableBlock, building: &SerializableBuilding) -> Result<TypeSettings> {
[INFO] [stderr]     |                                                                     ^^^^^^^^ help: if this is intentional, prefix it with an underscore: `_building`
[INFO] [stderr] 
[INFO] [stderr] warning: static `NOT_INTERACTABLE` is never used
[INFO] [stderr]   --> src/io/mod.rs:11:8
[INFO] [stderr]    |
[INFO] [stderr] 11 | static NOT_INTERACTABLE: LazyLock<HashSet<u8>> = LazyLock::new(||{[
[INFO] [stderr]    |        ^^^^^^^^^^^^^^^^
[INFO] [stderr]    |
[INFO] [stderr]    = note: `#[warn(dead_code)]` (part of `#[warn(unused)]`) on by default
[INFO] [stderr] 
[INFO] [stderr] warning: static `CUSTOM_BLOCKS` is never used
[INFO] [stderr]   --> src/io/mod.rs:17:8
[INFO] [stderr]    |
[INFO] [stderr] 17 | static CUSTOM_BLOCKS: LazyLock<HashSet<u8>> = LazyLock::new(||[
[INFO] [stderr]    |        ^^^^^^^^^^^^^
[INFO] [stderr] 
[INFO] [stderr] warning: type alias `BE` is never used
[INFO] [stderr]   --> src/io/utils/mod.rs:13:10
[INFO] [stderr]    |
[INFO] [stderr] 13 | pub type BE = BigEndian;
[INFO] [stderr]    |          ^^
[INFO] [stderr] 
[INFO] [stderr] warning: trait `TryIntoVecExt` is never used
[INFO] [stderr]  --> src/io/utils/vec.rs:1:18
[INFO] [stderr]   |
[INFO] [stderr] 1 | pub(crate) trait TryIntoVecExt<T: Copy>: AsRef<[T]> {
[INFO] [stderr]   |                  ^^^^^^^^^^^^^
[INFO] [stderr] 
[INFO] [stderr] warning: function `pack_color` is never used
[INFO] [stderr]   --> src/io/utils/pack.rs:59:15
[INFO] [stderr]    |
[INFO] [stderr] 59 | pub(crate) fn pack_color([r, g, b]: [u8; 3]) -> u16 {
[INFO] [stderr]    |               ^^^^^^^^^^
[INFO] [stderr] 
[INFO] [stderr] warning: function `unpack_color` is never used
[INFO] [stderr]   --> src/io/utils/pack.rs:63:15
[INFO] [stderr]    |
[INFO] [stderr] 63 | pub(crate) fn unpack_color(rgb565: u16) -> [u8; 3] {
[INFO] [stderr]    |               ^^^^^^^^^^^^
[INFO] [stderr] 
[INFO] [stderr] warning: struct `Bounds` is never constructed
[INFO] [stderr]  --> src/io/utils/bounds.rs:2:19
[INFO] [stderr]   |
[INFO] [stderr] 2 | pub(crate) struct Bounds {
[INFO] [stderr]   |                   ^^^^^^
[INFO] [stderr] 
[INFO] [stderr] warning: associated items `from_center_and_size`, `get_center_and_size`, `to_inbounds`, `to_global`, and `encapsulate` are never used
[INFO] [stderr]   --> src/io/utils/bounds.rs:8:25
[INFO] [stderr]    |
[INFO] [stderr]  7 | impl Bounds {
[INFO] [stderr]    | ----------- associated items in this implementation
[INFO] [stderr]  8 |     pub(crate) const fn from_center_and_size(center: [f32; 3], size: [f32; 3]) -> Self {
[INFO] [stderr]    |                         ^^^^^^^^^^^^^^^^^^^^
[INFO] [stderr] ...
[INFO] [stderr] 22 |     pub(crate) const fn get_center_and_size(&self) -> ([f32; 3], [f32; 3]) {
[INFO] [stderr]    |                         ^^^^^^^^^^^^^^^^^^^
[INFO] [stderr] ...
[INFO] [stderr] 36 |     pub(crate) fn to_inbounds(&self, f: [f32; 3]) -> [i16; 3] {
[INFO] [stderr]    |                   ^^^^^^^^^^^
[INFO] [stderr] ...
[INFO] [stderr] 47 |     pub(crate) fn to_global(&self, v: [i16; 3]) -> [f32; 3] {
[INFO] [stderr]    |                   ^^^^^^^^^
[INFO] [stderr] ...
[INFO] [stderr] 58 |     pub(crate) fn encapsulate(&mut self, block_position: &[f32; 3]) {
[INFO] [stderr]    |                   ^^^^^^^^^^^
[INFO] [stderr] 
[INFO] [stderr] warning: `sw-structure-io` (lib) generated 16 warnings (run `cargo fix --lib -p sw-structure-io` to apply 8 suggestions)
[INFO] [stderr] warning: unused import: `image::buffer`
[INFO] [stderr]  --> tests/roundtrip.rs:3:5
[INFO] [stderr]   |
[INFO] [stderr] 3 | use image::buffer;
[INFO] [stderr]   |     ^^^^^^^^^^^^^
[INFO] [stderr]   |
[INFO] [stderr]   = note: `#[warn(unused_imports)]` (part of `#[warn(unused)]`) on by default
[INFO] [stderr] 
[INFO] [stderr] warning: unused import: `sw_structure_io::structs::*`
[INFO] [stderr]  --> tests/roundtrip.rs:4:5
[INFO] [stderr]   |
[INFO] [stderr] 4 | use sw_structure_io::structs::*;
[INFO] [stderr]   |     ^^^^^^^^^^^^^^^^^^^^^^^^^^^
[INFO] [stderr] 
[INFO] [stderr] warning: unused import: `zip::read::ZipFile`
[INFO] [stderr]  --> tests/roundtrip.rs:6:5
[INFO] [stderr]   |
[INFO] [stderr] 6 | use zip::read::ZipFile;
[INFO] [stderr]   |     ^^^^^^^^^^^^^^^^^^
[INFO] [stderr] 
[INFO] [stderr] warning: unused import: `std::fs::File`
[INFO] [stderr]  --> tests/roundtrip.rs:7:5
[INFO] [stderr]   |
[INFO] [stderr] 7 | use std::fs::File;
[INFO] [stderr]   |     ^^^^^^^^^^^^^
[INFO] [stderr] 
[INFO] [stderr] warning: unused import: `Write`
[INFO] [stderr]  --> tests/roundtrip.rs:8:21
[INFO] [stderr]   |
[INFO] [stderr] 8 | use std::io::{Read, Write};
[INFO] [stderr]   |                     ^^^^^
[INFO] [stderr] 
[INFO] [stderr] warning: `sw-structure-io` (lib test) generated 16 warnings (16 duplicates)
[INFO] [stderr] warning: `sw-structure-io` (test "roundtrip") generated 5 warnings (run `cargo fix --test "roundtrip" -p sw-structure-io` to apply 5 suggestions)
[INFO] [stderr]     Finished `release` profile [optimized] target(s) in 0.24s
[INFO] [stderr]      Running unittests src/lib.rs (/opt/rustwide/target/release/deps/sw_structure_io-4a9c0ca9881e23b3)
[INFO] [stdout] 
[INFO] [stdout] running 0 tests
[INFO] [stderr]      Running tests/roundtrip.rs (/opt/rustwide/target/release/deps/roundtrip-13591f86c7d65111)
[INFO] [stdout] 
[INFO] [stdout] test result: ok. 0 passed; 0 failed; 0 ignored; 0 measured; 0 filtered out; finished in 0.00s
[INFO] [stdout] 
[INFO] [stdout] 
[INFO] [stdout] running 9 tests
[INFO] [stdout] test roundtrip_v4 ... FAILED
[INFO] [stdout] test roundtrip_v5 ... FAILED
[INFO] [stdout] test roundtrip_v1 ... FAILED
[INFO] [stdout] test roundtrip_v8 ... FAILED
[INFO] [stdout] test roundtrip_v2 ... FAILED
[INFO] [stdout] test roundtrip_v3 ... FAILED
[INFO] [stdout] test roundtrip_v7 ... FAILED
[INFO] [stdout] test roundtrip_v6 ... FAILED
[INFO] [stdout] test roundtrip_v0 ... ok
[INFO] [stdout] 
[INFO] [stdout] failures:
[INFO] [stdout] 
[INFO] [stdout] ---- roundtrip_v4 stdout ----
[INFO] [stdout] "buildings/04/grads.structure"
[INFO] [stdout] 
[INFO] [stdout] thread 'roundtrip_v4' (3243) panicked at tests/roundtrip.rs:114:1:
[INFO] [stdout] Failed to read building from file: UnsuportedVersion { version: 4 }
[INFO] [stdout] stack backtrace:
[INFO] [stdout]    0:     0x5d1735aea491 - <<std[97b98282bc616a66]::sys::backtrace::BacktraceLock>::print::DisplayBacktrace as core[832e9a552fc17241]::fmt::Display>::fmt
[INFO] [stdout]    1:     0x5d1735b01c4a - core[832e9a552fc17241]::fmt::write
[INFO] [stdout]    2:     0x5d1735af01cc - <alloc[3ecab9f82c41dc7d]::vec::Vec<u8> as std[97b98282bc616a66]::io::Write>::write_fmt
[INFO] [stdout]    3:     0x5d1735ac8976 - std[97b98282bc616a66]::panicking::default_hook::{closure#0}
[INFO] [stdout]    4:     0x5d1735ae26b9 - std[97b98282bc616a66]::panicking::default_hook
[INFO] [stdout]    5:     0x5d1735a2deb0 - test[39766f3d73431624]::test_main_inner::<test[39766f3d73431624]::test_main_static::{closure#0}>::{closure#0}
[INFO] [stdout]    6:     0x5d1735ae2872 - std[97b98282bc616a66]::panicking::panic_with_hook
[INFO] [stdout]    7:     0x5d1735ac8a22 - std[97b98282bc616a66]::panicking::panic_handler::{closure#0}
[INFO] [stdout]    8:     0x5d1735ac0379 - std[97b98282bc616a66]::sys::backtrace::__rust_end_short_backtrace::<std[97b98282bc616a66]::panicking::panic_handler::{closure#0}, !>
[INFO] [stdout]    9:     0x5d1735ac961d - __rustc[e3d8617bb01b7f69]::rust_begin_unwind
[INFO] [stdout]   10:     0x5d1735b0242c - core[832e9a552fc17241]::panicking::panic_fmt
[INFO] [stdout]   11:     0x5d1735b02202 - core[832e9a552fc17241]::result::unwrap_failed
[INFO] [stdout]   12:     0x5d1735938e21 - <roundtrip[ca2d545f0afa2c59]::roundtrip_v4::{closure#0} as core[832e9a552fc17241]::ops::function::FnOnce<()>>::call_once
[INFO] [stdout]   13:     0x5d1735a211eb - test[39766f3d73431624]::__rust_begin_short_backtrace::<core[832e9a552fc17241]::result::Result<(), alloc[3ecab9f82c41dc7d]::string::String>, fn() -> core[832e9a552fc17241]::result::Result<(), alloc[3ecab9f82c41dc7d]::string::String>>
[INFO] [stdout]   14:     0x5d1735a2e835 - test[39766f3d73431624]::run_test::{closure#0}
[INFO] [stdout]   15:     0x5d1735a292e4 - std[97b98282bc616a66]::sys::backtrace::__rust_begin_short_backtrace::<test[39766f3d73431624]::run_test::{closure#1}, ()>
[INFO] [stdout]   16:     0x5d1735a31982 - <std[97b98282bc616a66]::thread::lifecycle::spawn_unchecked<test[39766f3d73431624]::run_test::{closure#1}, ()>::{closure#1} as core[832e9a552fc17241]::ops::function::FnOnce<()>>::call_once::{shim:vtable#0}
[INFO] [stdout]   17:     0x5d1735ae9d1f - <std[97b98282bc616a66]::sys::thread::unix::Thread>::new::thread_start
[INFO] [stdout]   18:     0x76051fd1307a - <unknown>
[INFO] [stdout]   19:     0x76051fda6534 - clone
[INFO] [stdout]   20:                0x0 - <unknown>
[INFO] [stdout] 
[INFO] [stdout] ---- roundtrip_v5 stdout ----
[INFO] [stdout] "buildings/05/version5.structure"
[INFO] [stdout] 
[INFO] [stdout] thread 'roundtrip_v5' (3244) panicked at tests/roundtrip.rs:115:1:
[INFO] [stdout] Failed to read building from file: UnsuportedVersion { version: 5 }
[INFO] [stdout] stack backtrace:
[INFO] [stdout]    0:     0x5d1735aea491 - <<std[97b98282bc616a66]::sys::backtrace::BacktraceLock>::print::DisplayBacktrace as core[832e9a552fc17241]::fmt::Display>::fmt
[INFO] [stdout]    1:     0x5d1735b01c4a - core[832e9a552fc17241]::fmt::write
[INFO] [stdout]    2:     0x5d1735af01cc - <alloc[3ecab9f82c41dc7d]::vec::Vec<u8> as std[97b98282bc616a66]::io::Write>::write_fmt
[INFO] [stdout]    3:     0x5d1735ac8976 - std[97b98282bc616a66]::panicking::default_hook::{closure#0}
[INFO] [stdout]    4:     0x5d1735ae26b9 - std[97b98282bc616a66]::panicking::default_hook
[INFO] [stdout]    5:     0x5d1735a2deb0 - test[39766f3d73431624]::test_main_inner::<test[39766f3d73431624]::test_main_static::{closure#0}>::{closure#0}
[INFO] [stdout]    6:     0x5d1735ae2872 - std[97b98282bc616a66]::panicking::panic_with_hook
[INFO] [stdout]    7:     0x5d1735ac8a22 - std[97b98282bc616a66]::panicking::panic_handler::{closure#0}
[INFO] [stdout]    8:     0x5d1735ac0379 - std[97b98282bc616a66]::sys::backtrace::__rust_end_short_backtrace::<std[97b98282bc616a66]::panicking::panic_handler::{closure#0}, !>
[INFO] [stdout]    9:     0x5d1735ac961d - __rustc[e3d8617bb01b7f69]::rust_begin_unwind
[INFO] [stdout]   10:     0x5d1735b0242c - core[832e9a552fc17241]::panicking::panic_fmt
[INFO] [stdout]   11:     0x5d1735b02202 - core[832e9a552fc17241]::result::unwrap_failed
[INFO] [stdout]   12:     0x5d17359398b1 - <roundtrip[ca2d545f0afa2c59]::roundtrip_v5::{closure#0} as core[832e9a552fc17241]::ops::function::FnOnce<()>>::call_once
[INFO] [stdout]   13:     0x5d1735a211eb - test[39766f3d73431624]::__rust_begin_short_backtrace::<core[832e9a552fc17241]::result::Result<(), alloc[3ecab9f82c41dc7d]::string::String>, fn() -> core[832e9a552fc17241]::result::Result<(), alloc[3ecab9f82c41dc7d]::string::String>>
[INFO] [stdout]   14:     0x5d1735a2e835 - test[39766f3d73431624]::run_test::{closure#0}
[INFO] [stdout]   15:     0x5d1735a292e4 - std[97b98282bc616a66]::sys::backtrace::__rust_begin_short_backtrace::<test[39766f3d73431624]::run_test::{closure#1}, ()>
[INFO] [stdout]   16:     0x5d1735a31982 - <std[97b98282bc616a66]::thread::lifecycle::spawn_unchecked<test[39766f3d73431624]::run_test::{closure#1}, ()>::{closure#1} as core[832e9a552fc17241]::ops::function::FnOnce<()>>::call_once::{shim:vtable#0}
[INFO] [stdout]   17:     0x5d1735ae9d1f - <std[97b98282bc616a66]::sys::thread::unix::Thread>::new::thread_start
[INFO] [stdout]   18:     0x76051fd1307a - <unknown>
[INFO] [stdout]   19:     0x76051fda6534 - clone
[INFO] [stdout]   20:                0x0 - <unknown>
[INFO] [stdout] 
[INFO] [stdout] ---- roundtrip_v1 stdout ----
[INFO] [stdout] "buildings/01/7743.structure"
[INFO] [stdout] 
[INFO] [stdout] thread 'roundtrip_v1' (3240) panicked at tests/roundtrip.rs:111:1:
[INFO] [stdout] Failed to read building from file: UnsuportedVersion { version: 1 }
[INFO] [stdout] stack backtrace:
[INFO] [stdout]    0:     0x5d1735aea491 - <<std[97b98282bc616a66]::sys::backtrace::BacktraceLock>::print::DisplayBacktrace as core[832e9a552fc17241]::fmt::Display>::fmt
[INFO] [stdout]    1:     0x5d1735b01c4a - core[832e9a552fc17241]::fmt::write
[INFO] [stdout]    2:     0x5d1735af01cc - <alloc[3ecab9f82c41dc7d]::vec::Vec<u8> as std[97b98282bc616a66]::io::Write>::write_fmt
[INFO] [stdout]    3:     0x5d1735ac8976 - std[97b98282bc616a66]::panicking::default_hook::{closure#0}
[INFO] [stdout]    4:     0x5d1735ae26b9 - std[97b98282bc616a66]::panicking::default_hook
[INFO] [stdout]    5:     0x5d1735a2deb0 - test[39766f3d73431624]::test_main_inner::<test[39766f3d73431624]::test_main_static::{closure#0}>::{closure#0}
[INFO] [stdout]    6:     0x5d1735ae2872 - std[97b98282bc616a66]::panicking::panic_with_hook
[INFO] [stdout]    7:     0x5d1735ac8a22 - std[97b98282bc616a66]::panicking::panic_handler::{closure#0}
[INFO] [stdout]    8:     0x5d1735ac0379 - std[97b98282bc616a66]::sys::backtrace::__rust_end_short_backtrace::<std[97b98282bc616a66]::panicking::panic_handler::{closure#0}, !>
[INFO] [stdout]    9:     0x5d1735ac961d - __rustc[e3d8617bb01b7f69]::rust_begin_unwind
[INFO] [stdout]   10:     0x5d1735b0242c - core[832e9a552fc17241]::panicking::panic_fmt
[INFO] [stdout]   11:     0x5d1735b02202 - core[832e9a552fc17241]::result::unwrap_failed
[INFO] [stdout]   12:     0x5d1735936e71 - <roundtrip[ca2d545f0afa2c59]::roundtrip_v1::{closure#0} as core[832e9a552fc17241]::ops::function::FnOnce<()>>::call_once
[INFO] [stdout]   13:     0x5d1735a211eb - test[39766f3d73431624]::__rust_begin_short_backtrace::<core[832e9a552fc17241]::result::Result<(), alloc[3ecab9f82c41dc7d]::string::String>, fn() -> core[832e9a552fc17241]::result::Result<(), alloc[3ecab9f82c41dc7d]::string::String>>
[INFO] [stdout]   14:     0x5d1735a2e835 - test[39766f3d73431624]::run_test::{closure#0}
[INFO] [stdout]   15:     0x5d1735a292e4 - std[97b98282bc616a66]::sys::backtrace::__rust_begin_short_backtrace::<test[39766f3d73431624]::run_test::{closure#1}, ()>
[INFO] [stdout]   16:     0x5d1735a31982 - <std[97b98282bc616a66]::thread::lifecycle::spawn_unchecked<test[39766f3d73431624]::run_test::{closure#1}, ()>::{closure#1} as core[832e9a552fc17241]::ops::function::FnOnce<()>>::call_once::{shim:vtable#0}
[INFO] [stdout]   17:     0x5d1735ae9d1f - <std[97b98282bc616a66]::sys::thread::unix::Thread>::new::thread_start
[INFO] [stdout]   18:     0x76051fd1307a - <unknown>
[INFO] [stdout]   19:     0x76051fda6534 - clone
[INFO] [stdout]   20:                0x0 - <unknown>
[INFO] [stdout] 
[INFO] [stdout] ---- roundtrip_v8 stdout ----
[INFO] [stdout] "buildings/08/тестдатч8.structure"
[INFO] [stdout] 
[INFO] [stdout] thread 'roundtrip_v8' (3247) panicked at tests/roundtrip.rs:118:1:
[INFO] [stdout] Failed to read building from file: UnsuportedVersion { version: 8 }
[INFO] [stdout] stack backtrace:
[INFO] [stdout]    0:     0x5d1735aea491 - <<std[97b98282bc616a66]::sys::backtrace::BacktraceLock>::print::DisplayBacktrace as core[832e9a552fc17241]::fmt::Display>::fmt
[INFO] [stdout]    1:     0x5d1735b01c4a - core[832e9a552fc17241]::fmt::write
[INFO] [stdout]    2:     0x5d1735af01cc - <alloc[3ecab9f82c41dc7d]::vec::Vec<u8> as std[97b98282bc616a66]::io::Write>::write_fmt
[INFO] [stdout]    3:     0x5d1735ac8976 - std[97b98282bc616a66]::panicking::default_hook::{closure#0}
[INFO] [stdout]    4:     0x5d1735ae26b9 - std[97b98282bc616a66]::panicking::default_hook
[INFO] [stdout]    5:     0x5d1735a2deb0 - test[39766f3d73431624]::test_main_inner::<test[39766f3d73431624]::test_main_static::{closure#0}>::{closure#0}
[INFO] [stdout]    6:     0x5d1735ae2872 - std[97b98282bc616a66]::panicking::panic_with_hook
[INFO] [stdout]    7:     0x5d1735ac8a22 - std[97b98282bc616a66]::panicking::panic_handler::{closure#0}
[INFO] [stdout]    8:     0x5d1735ac0379 - std[97b98282bc616a66]::sys::backtrace::__rust_end_short_backtrace::<std[97b98282bc616a66]::panicking::panic_handler::{closure#0}, !>
[INFO] [stdout]    9:     0x5d1735ac961d - __rustc[e3d8617bb01b7f69]::rust_begin_unwind
[INFO] [stdout]   10:     0x5d1735b0242c - core[832e9a552fc17241]::panicking::panic_fmt
[INFO] [stdout]   11:     0x5d1735b02202 - core[832e9a552fc17241]::result::unwrap_failed
[INFO] [stdout]   12:     0x5d173593b861 - <roundtrip[ca2d545f0afa2c59]::roundtrip_v8::{closure#0} as core[832e9a552fc17241]::ops::function::FnOnce<()>>::call_once
[INFO] [stdout]   13:     0x5d1735a211eb - test[39766f3d73431624]::__rust_begin_short_backtrace::<core[832e9a552fc17241]::result::Result<(), alloc[3ecab9f82c41dc7d]::string::String>, fn() -> core[832e9a552fc17241]::result::Result<(), alloc[3ecab9f82c41dc7d]::string::String>>
[INFO] [stdout]   14:     0x5d1735a2e835 - test[39766f3d73431624]::run_test::{closure#0}
[INFO] [stdout]   15:     0x5d1735a292e4 - std[97b98282bc616a66]::sys::backtrace::__rust_begin_short_backtrace::<test[39766f3d73431624]::run_test::{closure#1}, ()>
[INFO] [stdout]   16:     0x5d1735a31982 - <std[97b98282bc616a66]::thread::lifecycle::spawn_unchecked<test[39766f3d73431624]::run_test::{closure#1}, ()>::{closure#1} as core[832e9a552fc17241]::ops::function::FnOnce<()>>::call_once::{shim:vtable#0}
[INFO] [stdout]   17:     0x5d1735ae9d1f - <std[97b98282bc616a66]::sys::thread::unix::Thread>::new::thread_start
[INFO] [stdout]   18:     0x76051fd1307a - <unknown>
[INFO] [stdout]   19:     0x76051fda6534 - clone
[INFO] [stdout]   20:                0x0 - <unknown>
[INFO] [stdout] 
[INFO] [stdout] ---- roundtrip_v2 stdout ----
[INFO] [stdout] "buildings/02/Bugs.Tank+Drone.Typical-SW-tank.structure"
[INFO] [stdout] 
[INFO] [stdout] thread 'roundtrip_v2' (3241) panicked at tests/roundtrip.rs:112:1:
[INFO] [stdout] Failed to read building from file: UnsuportedVersion { version: 2 }
[INFO] [stdout] stack backtrace:
[INFO] [stdout]    0:     0x5d1735aea491 - <<std[97b98282bc616a66]::sys::backtrace::BacktraceLock>::print::DisplayBacktrace as core[832e9a552fc17241]::fmt::Display>::fmt
[INFO] [stdout]    1:     0x5d1735b01c4a - core[832e9a552fc17241]::fmt::write
[INFO] [stdout]    2:     0x5d1735af01cc - <alloc[3ecab9f82c41dc7d]::vec::Vec<u8> as std[97b98282bc616a66]::io::Write>::write_fmt
[INFO] [stdout]    3:     0x5d1735ac8976 - std[97b98282bc616a66]::panicking::default_hook::{closure#0}
[INFO] [stdout]    4:     0x5d1735ae26b9 - std[97b98282bc616a66]::panicking::default_hook
[INFO] [stdout]    5:     0x5d1735a2deb0 - test[39766f3d73431624]::test_main_inner::<test[39766f3d73431624]::test_main_static::{closure#0}>::{closure#0}
[INFO] [stdout]    6:     0x5d1735ae2872 - std[97b98282bc616a66]::panicking::panic_with_hook
[INFO] [stdout]    7:     0x5d1735ac8a22 - std[97b98282bc616a66]::panicking::panic_handler::{closure#0}
[INFO] [stdout]    8:     0x5d1735ac0379 - std[97b98282bc616a66]::sys::backtrace::__rust_end_short_backtrace::<std[97b98282bc616a66]::panicking::panic_handler::{closure#0}, !>
[INFO] [stdout]    9:     0x5d1735ac961d - __rustc[e3d8617bb01b7f69]::rust_begin_unwind
[INFO] [stdout]   10:     0x5d1735b0242c - core[832e9a552fc17241]::panicking::panic_fmt
[INFO] [stdout]   11:     0x5d1735b02202 - core[832e9a552fc17241]::result::unwrap_failed
[INFO] [stdout]   12:     0x5d1735937901 - <roundtrip[ca2d545f0afa2c59]::roundtrip_v2::{closure#0} as core[832e9a552fc17241]::ops::function::FnOnce<()>>::call_once
[INFO] [stdout]   13:     0x5d1735a211eb - test[39766f3d73431624]::__rust_begin_short_backtrace::<core[832e9a552fc17241]::result::Result<(), alloc[3ecab9f82c41dc7d]::string::String>, fn() -> core[832e9a552fc17241]::result::Result<(), alloc[3ecab9f82c41dc7d]::string::String>>
[INFO] [stdout]   14:     0x5d1735a2e835 - test[39766f3d73431624]::run_test::{closure#0}
[INFO] [stdout]   15:     0x5d1735a292e4 - std[97b98282bc616a66]::sys::backtrace::__rust_begin_short_backtrace::<test[39766f3d73431624]::run_test::{closure#1}, ()>
[INFO] [stdout]   16:     0x5d1735a31982 - <std[97b98282bc616a66]::thread::lifecycle::spawn_unchecked<test[39766f3d73431624]::run_test::{closure#1}, ()>::{closure#1} as core[832e9a552fc17241]::ops::function::FnOnce<()>>::call_once::{shim:vtable#0}
[INFO] [stdout]   17:     0x5d1735ae9d1f - <std[97b98282bc616a66]::sys::thread::unix::Thread>::new::thread_start
[INFO] [stdout]   18:     0x76051fd1307a - <unknown>
[INFO] [stdout]   19:     0x76051fda6534 - clone
[INFO] [stdout]   20:                0x0 - <unknown>
[INFO] [stdout] 
[INFO] [stdout] ---- roundtrip_v3 stdout ----
[INFO] [stdout] "buildings/03/TSCV-64_MLRS_.structure"
[INFO] [stdout] 
[INFO] [stdout] thread 'roundtrip_v3' (3242) panicked at tests/roundtrip.rs:113:1:
[INFO] [stdout] Failed to read building from file: UnsuportedVersion { version: 3 }
[INFO] [stdout] stack backtrace:
[INFO] [stdout]    0:     0x5d1735aea491 - <<std[97b98282bc616a66]::sys::backtrace::BacktraceLock>::print::DisplayBacktrace as core[832e9a552fc17241]::fmt::Display>::fmt
[INFO] [stdout]    1:     0x5d1735b01c4a - core[832e9a552fc17241]::fmt::write
[INFO] [stdout]    2:     0x5d1735af01cc - <alloc[3ecab9f82c41dc7d]::vec::Vec<u8> as std[97b98282bc616a66]::io::Write>::write_fmt
[INFO] [stdout]    3:     0x5d1735ac8976 - std[97b98282bc616a66]::panicking::default_hook::{closure#0}
[INFO] [stdout]    4:     0x5d1735ae26b9 - std[97b98282bc616a66]::panicking::default_hook
[INFO] [stdout]    5:     0x5d1735a2deb0 - test[39766f3d73431624]::test_main_inner::<test[39766f3d73431624]::test_main_static::{closure#0}>::{closure#0}
[INFO] [stdout]    6:     0x5d1735ae2872 - std[97b98282bc616a66]::panicking::panic_with_hook
[INFO] [stdout]    7:     0x5d1735ac8a22 - std[97b98282bc616a66]::panicking::panic_handler::{closure#0}
[INFO] [stdout]    8:     0x5d1735ac0379 - std[97b98282bc616a66]::sys::backtrace::__rust_end_short_backtrace::<std[97b98282bc616a66]::panicking::panic_handler::{closure#0}, !>
[INFO] [stdout]    9:     0x5d1735ac961d - __rustc[e3d8617bb01b7f69]::rust_begin_unwind
[INFO] [stdout]   10:     0x5d1735b0242c - core[832e9a552fc17241]::panicking::panic_fmt
[INFO] [stdout]   11:     0x5d1735b02202 - core[832e9a552fc17241]::result::unwrap_failed
[INFO] [stdout]   12:     0x5d1735938391 - <roundtrip[ca2d545f0afa2c59]::roundtrip_v3::{closure#0} as core[832e9a552fc17241]::ops::function::FnOnce<()>>::call_once
[INFO] [stdout]   13:     0x5d1735a211eb - test[39766f3d73431624]::__rust_begin_short_backtrace::<core[832e9a552fc17241]::result::Result<(), alloc[3ecab9f82c41dc7d]::string::String>, fn() -> core[832e9a552fc17241]::result::Result<(), alloc[3ecab9f82c41dc7d]::string::String>>
[INFO] [stdout]   14:     0x5d1735a2e835 - test[39766f3d73431624]::run_test::{closure#0}
[INFO] [stdout]   15:     0x5d1735a292e4 - std[97b98282bc616a66]::sys::backtrace::__rust_begin_short_backtrace::<test[39766f3d73431624]::run_test::{closure#1}, ()>
[INFO] [stdout]   16:     0x5d1735a31982 - <std[97b98282bc616a66]::thread::lifecycle::spawn_unchecked<test[39766f3d73431624]::run_test::{closure#1}, ()>::{closure#1} as core[832e9a552fc17241]::ops::function::FnOnce<()>>::call_once::{shim:vtable#0}
[INFO] [stdout]   17:     0x5d1735ae9d1f - <std[97b98282bc616a66]::sys::thread::unix::Thread>::new::thread_start
[INFO] [stdout]   18:     0x76051fd1307a - <unknown>
[INFO] [stdout]   19:     0x76051fda6534 - clone
[INFO] [stdout]   20:                0x0 - <unknown>
[INFO] [stdout] 
[INFO] [stdout] ---- roundtrip_v7 stdout ----
[INFO] [stdout] "buildings/07/stab seat.structure"
[INFO] [stdout] 
[INFO] [stdout] thread 'roundtrip_v7' (3246) panicked at tests/roundtrip.rs:117:1:
[INFO] [stdout] Failed to read building from file: UnsuportedVersion { version: 7 }
[INFO] [stdout] stack backtrace:
[INFO] [stdout]    0:     0x5d1735aea491 - <<std[97b98282bc616a66]::sys::backtrace::BacktraceLock>::print::DisplayBacktrace as core[832e9a552fc17241]::fmt::Display>::fmt
[INFO] [stdout]    1:     0x5d1735b01c4a - core[832e9a552fc17241]::fmt::write
[INFO] [stdout]    2:     0x5d1735af01cc - <alloc[3ecab9f82c41dc7d]::vec::Vec<u8> as std[97b98282bc616a66]::io::Write>::write_fmt
[INFO] [stdout]    3:     0x5d1735ac8976 - std[97b98282bc616a66]::panicking::default_hook::{closure#0}
[INFO] [stdout]    4:     0x5d1735ae26b9 - std[97b98282bc616a66]::panicking::default_hook
[INFO] [stdout]    5:     0x5d1735a2deb0 - test[39766f3d73431624]::test_main_inner::<test[39766f3d73431624]::test_main_static::{closure#0}>::{closure#0}
[INFO] [stdout]    6:     0x5d1735ae2872 - std[97b98282bc616a66]::panicking::panic_with_hook
[INFO] [stdout]    7:     0x5d1735ac8a22 - std[97b98282bc616a66]::panicking::panic_handler::{closure#0}
[INFO] [stdout]    8:     0x5d1735ac0379 - std[97b98282bc616a66]::sys::backtrace::__rust_end_short_backtrace::<std[97b98282bc616a66]::panicking::panic_handler::{closure#0}, !>
[INFO] [stdout]    9:     0x5d1735ac961d - __rustc[e3d8617bb01b7f69]::rust_begin_unwind
[INFO] [stdout]   10:     0x5d1735b0242c - core[832e9a552fc17241]::panicking::panic_fmt
[INFO] [stdout]   11:     0x5d1735b02202 - core[832e9a552fc17241]::result::unwrap_failed
[INFO] [stdout]   12:     0x5d173593add1 - <roundtrip[ca2d545f0afa2c59]::roundtrip_v7::{closure#0} as core[832e9a552fc17241]::ops::function::FnOnce<()>>::call_once
[INFO] [stdout]   13:     0x5d1735a211eb - test[39766f3d73431624]::__rust_begin_short_backtrace::<core[832e9a552fc17241]::result::Result<(), alloc[3ecab9f82c41dc7d]::string::String>, fn() -> core[832e9a552fc17241]::result::Result<(), alloc[3ecab9f82c41dc7d]::string::String>>
[INFO] [stdout]   14:     0x5d1735a2e835 - test[39766f3d73431624]::run_test::{closure#0}
[INFO] [stdout]   15:     0x5d1735a292e4 - std[97b98282bc616a66]::sys::backtrace::__rust_begin_short_backtrace::<test[39766f3d73431624]::run_test::{closure#1}, ()>
[INFO] [stdout]   16:     0x5d1735a31982 - <std[97b98282bc616a66]::thread::lifecycle::spawn_unchecked<test[39766f3d73431624]::run_test::{closure#1}, ()>::{closure#1} as core[832e9a552fc17241]::ops::function::FnOnce<()>>::call_once::{shim:vtable#0}
[INFO] [stdout]   17:     0x5d1735ae9d1f - <std[97b98282bc616a66]::sys::thread::unix::Thread>::new::thread_start
[INFO] [stdout]   18:     0x76051fd1307a - <unknown>
[INFO] [stdout]   19:     0x76051fda6534 - clone
[INFO] [stdout]   20:                0x0 - <unknown>
[INFO] [stdout] 
[INFO] [stdout] ---- roundtrip_v6 stdout ----
[INFO] [stdout] "buildings/06/7.structure"
[INFO] [stdout] 
[INFO] [stdout] thread 'roundtrip_v6' (3245) panicked at tests/roundtrip.rs:116:1:
[INFO] [stdout] Failed to read building from file: UnsuportedVersion { version: 6 }
[INFO] [stdout] stack backtrace:
[INFO] [stdout]    0:     0x5d1735aea491 - <<std[97b98282bc616a66]::sys::backtrace::BacktraceLock>::print::DisplayBacktrace as core[832e9a552fc17241]::fmt::Display>::fmt
[INFO] [stdout]    1:     0x5d1735b01c4a - core[832e9a552fc17241]::fmt::write
[INFO] [stdout]    2:     0x5d1735af01cc - <alloc[3ecab9f82c41dc7d]::vec::Vec<u8> as std[97b98282bc616a66]::io::Write>::write_fmt
[INFO] [stdout]    3:     0x5d1735ac8976 - std[97b98282bc616a66]::panicking::default_hook::{closure#0}
[INFO] [stdout]    4:     0x5d1735ae26b9 - std[97b98282bc616a66]::panicking::default_hook
[INFO] [stdout]    5:     0x5d1735a2deb0 - test[39766f3d73431624]::test_main_inner::<test[39766f3d73431624]::test_main_static::{closure#0}>::{closure#0}
[INFO] [stdout]    6:     0x5d1735ae2872 - std[97b98282bc616a66]::panicking::panic_with_hook
[INFO] [stdout]    7:     0x5d1735ac8a22 - std[97b98282bc616a66]::panicking::panic_handler::{closure#0}
[INFO] [stdout]    8:     0x5d1735ac0379 - std[97b98282bc616a66]::sys::backtrace::__rust_end_short_backtrace::<std[97b98282bc616a66]::panicking::panic_handler::{closure#0}, !>
[INFO] [stdout]    9:     0x5d1735ac961d - __rustc[e3d8617bb01b7f69]::rust_begin_unwind
[INFO] [stdout]   10:     0x5d1735b0242c - core[832e9a552fc17241]::panicking::panic_fmt
[INFO] [stdout]   11:     0x5d1735b02202 - core[832e9a552fc17241]::result::unwrap_failed
[INFO] [stdout]   12:     0x5d173593a341 - <roundtrip[ca2d545f0afa2c59]::roundtrip_v6::{closure#0} as core[832e9a552fc17241]::ops::function::FnOnce<()>>::call_once
[INFO] [stdout]   13:     0x5d1735a211eb - test[39766f3d73431624]::__rust_begin_short_backtrace::<core[832e9a552fc17241]::result::Result<(), alloc[3ecab9f82c41dc7d]::string::String>, fn() -> core[832e9a552fc17241]::result::Result<(), alloc[3ecab9f82c41dc7d]::string::String>>
[INFO] [stdout]   14:     0x5d1735a2e835 - test[39766f3d73431624]::run_test::{closure#0}
[INFO] [stdout]   15:     0x5d1735a292e4 - std[97b98282bc616a66]::sys::backtrace::__rust_begin_short_backtrace::<test[39766f3d73431624]::run_test::{closure#1}, ()>
[INFO] [stdout]   16:     0x5d1735a31982 - <std[97b98282bc616a66]::thread::lifecycle::spawn_unchecked<test[39766f3d73431624]::run_test::{closure#1}, ()>::{closure#1} as core[832e9a552fc17241]::ops::function::FnOnce<()>>::call_once::{shim:vtable#0}
[INFO] [stdout]   17:     0x5d1735ae9d1f - <std[97b98282bc616a66]::sys::thread::unix::Thread>::new::thread_start
[INFO] [stdout]   18:     0x76051fd1307a - <unknown>
[INFO] [stdout]   19:     0x76051fda6534 - clone
[INFO] [stdout]   20:                0x0 - <unknown>
[INFO] [stdout] 
[INFO] [stdout] 
[INFO] [stdout] failures:
[INFO] [stdout]     roundtrip_v1
[INFO] [stdout]     roundtrip_v2
[INFO] [stdout]     roundtrip_v3
[INFO] [stdout]     roundtrip_v4
[INFO] [stdout]     roundtrip_v5
[INFO] [stdout]     roundtrip_v6
[INFO] [stdout]     roundtrip_v7
[INFO] [stdout]     roundtrip_v8
[INFO] [stdout] 
[INFO] [stdout] test result: FAILED. 1 passed; 8 failed; 0 ignored; 0 measured; 0 filtered out; finished in 0.06s
[INFO] [stdout] 
[INFO] [stderr] error: test failed, to rerun pass `--test roundtrip`
[INFO] running `Command { std: "docker" "inspect" "7fe8fcb4382854bc1985122ee15fc08e3bdd280852a050dad826ef90ab15a663", kill_on_drop: false }`
[INFO] running `Command { std: "docker" "rm" "-f" "7fe8fcb4382854bc1985122ee15fc08e3bdd280852a050dad826ef90ab15a663", kill_on_drop: false }`
[INFO] [stdout] 7fe8fcb4382854bc1985122ee15fc08e3bdd280852a050dad826ef90ab15a663
