[INFO] cloning repository https://github.com/nfx/prom-cnproc
[INFO] running `Command { std: "git" "-c" "credential.helper=" "-c" "credential.helper=/workspace/cargo-home/bin/git-credential-null" "clone" "--bare" "https://github.com/nfx/prom-cnproc" "/workspace/cache/git-repos/https%3A%2F%2Fgithub.com%2Fnfx%2Fprom-cnproc", kill_on_drop: false }`
[INFO] [stderr] Cloning into bare repository '/workspace/cache/git-repos/https%3A%2F%2Fgithub.com%2Fnfx%2Fprom-cnproc'...
[INFO] running `Command { std: "git" "rev-parse" "HEAD", kill_on_drop: false }`
[INFO] [stdout] b2401b606ef661a5bed16680904092d28868cd0a
[INFO] testing nfx/prom-cnproc against 1.98.0-beta.8+cargoflags=--release for beta-release-1.99-2
[INFO] running `Command { std: "git" "clone" "/workspace/cache/git-repos/https%3A%2F%2Fgithub.com%2Fnfx%2Fprom-cnproc" "/workspace/builds/worker-4-tc1/source", kill_on_drop: false }`
[INFO] [stderr] Cloning into '/workspace/builds/worker-4-tc1/source'...
[INFO] [stderr] done.
[INFO] started tweaking git repo https://github.com/nfx/prom-cnproc
[INFO] finished tweaking git repo https://github.com/nfx/prom-cnproc
[INFO] tweaked toml for git repo https://github.com/nfx/prom-cnproc written to /workspace/builds/worker-4-tc1/source/Cargo.toml
[INFO] validating manifest of git repo https://github.com/nfx/prom-cnproc on toolchain 1.98.0-beta.8
[INFO] running `Command { std: CARGO_HOME="/workspace/cargo-home" RUSTUP_HOME="/workspace/rustup-home" "/workspace/cargo-home/bin/cargo" "+1.98.0-beta.8" "metadata" "--manifest-path" "Cargo.toml" "--no-deps", kill_on_drop: false }`
[INFO] crate git repo https://github.com/nfx/prom-cnproc already has a lockfile, it will not be regenerated
[INFO] running `Command { std: CARGO_HOME="/workspace/cargo-home" RUSTUP_HOME="/workspace/rustup-home" "/workspace/cargo-home/bin/cargo" "+1.98.0-beta.8" "fetch" "--manifest-path" "Cargo.toml", kill_on_drop: false }`
[INFO] [stderr]     Updating crates.io index
[INFO] [stderr]  Downloading crates ...
[INFO] [stderr]   Downloaded pretty_env_logger v0.4.0
[INFO] [stderr]   Downloaded env_logger v0.7.1
[INFO] [stderr]   Downloaded termcolor v1.1.2
[INFO] [stderr]   Downloaded log v0.4.14
[INFO] [stderr]   Downloaded autocfg v1.0.1
[INFO] [stderr]   Downloaded tokio-macros v1.2.0
[INFO] [stderr]   Downloaded thiserror-impl v1.0.25
[INFO] [stderr]   Downloaded atomic-shim v0.1.0
[INFO] [stderr]   Downloaded thiserror v1.0.25
[INFO] [stderr]   Downloaded quanta v0.7.2
[INFO] [stderr]   Downloaded once_cell v1.7.2
[INFO] [stderr]   Downloaded parking_lot_core v0.8.3
[INFO] [stderr]   Downloaded semver-parser v0.7.0
[INFO] [stderr]   Downloaded memoffset v0.6.4
[INFO] [stderr]   Downloaded httpdate v1.0.1
[INFO] [stderr]   Downloaded ctor v0.1.20
[INFO] [stderr]   Downloaded scopeguard v1.1.0
[INFO] [stderr]   Downloaded crossbeam v0.7.3
[INFO] [stderr]   Downloaded ordered-float v2.5.1
[INFO] [stderr]   Downloaded metrics-macros v0.4.0
[INFO] [stderr]   Downloaded futures-task v0.3.15
[INFO] [stderr]   Downloaded bitflags v1.2.1
[INFO] [stderr]   Downloaded hermit-abi v0.1.18
[INFO] [stderr]   Downloaded num_cpus v1.13.0
[INFO] [stderr]   Downloaded tower-service v0.3.1
[INFO] [stderr]   Downloaded cnproc v0.2.1
[INFO] [stderr]   Downloaded endian-type v0.1.2
[INFO] [stderr]   Downloaded unicode-xid v0.2.2
[INFO] [stderr]   Downloaded ahash v0.7.4
[INFO] [stderr]   Downloaded itoa v0.4.7
[INFO] [stderr]   Downloaded pin-project-lite v0.2.6
[INFO] [stderr]   Downloaded miow v0.3.7
[INFO] [stderr]   Downloaded raw-cpuid v9.0.0
[INFO] [stderr]   Downloaded indexmap v1.6.2
[INFO] [stderr]   Downloaded atty v0.2.14
[INFO] [stderr]   Downloaded crossbeam-queue v0.2.3
[INFO] [stderr]   Downloaded sketches-ddsketch v0.1.2
[INFO] [stderr]   Downloaded proc-macro-hack v0.5.19
[INFO] [stderr]   Downloaded want v0.3.0
[INFO] [stderr]   Downloaded try-lock v0.2.3
[INFO] [stderr]   Downloaded http-body v0.4.2
[INFO] [stderr]   Downloaded entropy v0.4.1
[INFO] [stderr]   Downloaded maybe-uninit v2.0.0
[INFO] [stderr]   Downloaded instant v0.1.9
[INFO] [stderr]   Downloaded version_check v0.9.3
[INFO] [stderr]   Downloaded cfg-if v0.1.10
[INFO] [stderr]   Downloaded rustc_version v0.2.3
[INFO] [stderr]   Downloaded nibble_vec v0.1.0
[INFO] [stderr]   Downloaded humantime v1.3.0
[INFO] [stderr]   Downloaded quote v1.0.9
[INFO] [stderr]   Downloaded crossbeam-deque v0.7.3
[INFO] [stderr]   Downloaded smallvec v1.6.1
[INFO] [stderr]   Downloaded redox_syscall v0.2.8
[INFO] [stderr]   Downloaded getrandom v0.2.3
[INFO] [stderr]   Downloaded wasi v0.10.2+wasi-snapshot-preview1
[INFO] [stderr]   Downloaded dashmap v4.0.2
[INFO] [stderr]   Downloaded memoffset v0.5.6
[INFO] [stderr]   Downloaded lock_api v0.4.4
[INFO] [stderr]   Downloaded t1ha v0.1.0
[INFO] [stderr]   Downloaded ipnet v2.3.0
[INFO] [stderr]   Downloaded futures-core v0.3.15
[INFO] [stderr]   Downloaded httparse v1.4.1
[INFO] [stderr]   Downloaded metrics-exporter-prometheus v0.5.0
[INFO] [stderr]   Downloaded pin-project-internal v1.0.7
[INFO] [stderr]   Downloaded futures-channel v0.3.15
[INFO] [stderr]   Downloaded mach v0.3.2
[INFO] [stderr]   Downloaded metrics-util v0.8.0
[INFO] [stderr]   Downloaded semver v0.9.0
[INFO] [stderr]   Downloaded num-traits v0.2.14
[INFO] [stderr]   Downloaded metrics v0.16.0
[INFO] [stderr]   Downloaded crossbeam-utils v0.8.5
[INFO] [stderr]   Downloaded socket2 v0.4.0
[INFO] [stderr]   Downloaded bytes v1.0.1
[INFO] [stderr]   Downloaded proc-macro2 v1.0.27
[INFO] [stderr]   Downloaded mio v0.7.11
[INFO] [stderr]   Downloaded crossbeam-utils v0.7.2
[INFO] [stderr]   Downloaded crossbeam-epoch v0.8.2
[INFO] [stderr]   Downloaded crossbeam-epoch v0.9.5
[INFO] [stderr]   Downloaded tracing-core v0.1.18
[INFO] [stderr]   Downloaded parking_lot v0.11.1
[INFO] [stderr]   Downloaded pin-project v1.0.7
[INFO] [stderr]   Downloaded memchr v2.4.0
[INFO] [stderr]   Downloaded hashbrown v0.9.1
[INFO] [stderr]   Downloaded tracing v0.1.26
[INFO] [stderr]   Downloaded crossbeam-channel v0.4.4
[INFO] [stderr]   Downloaded ntapi v0.3.6
[INFO] [stderr]   Downloaded hashbrown v0.11.2
[INFO] [stderr]   Downloaded http v0.2.4
[INFO] [stderr]   Downloaded aho-corasick v0.7.18
[INFO] [stderr]   Downloaded regex v1.5.4
[INFO] [stderr]   Downloaded hyper v0.14.8
[INFO] [stderr]   Downloaded futures-util v0.3.15
[INFO] [stderr]   Downloaded syn v1.0.72
[INFO] [stderr]   Downloaded regex-syntax v0.6.25
[INFO] [stderr]   Downloaded radix_trie v0.2.1
[INFO] [stderr]   Downloaded tokio v1.6.1
[INFO] [stderr]   Downloaded libc v0.2.95
[INFO] running `Command { std: "docker" "create" "-v" "/var/lib/crater-agent-workspace/builds/worker-4-tc1/source:/opt/rustwide/workdir:ro,Z" "-v" "/var/lib/crater-agent-workspace/builds/worker-4-tc1/target:/opt/rustwide/target:rw,Z" "-v" "/var/lib/crater-agent-workspace/cargo-home:/opt/rustwide/cargo-home:ro,Z" "-v" "/var/lib/crater-agent-workspace/rustup-home:/opt/rustwide/rustup-home:ro,Z" "-m" "1610612736" "--network" "none" "ghcr.io/rust-lang/crates-build-env/linux@sha256:8683fc1fc2eb5c9ac98e0d076ab094b2ffac7f99da555d2b6a2e27f346de2ec7" "sleep" "infinity", kill_on_drop: false }`
[INFO] [stdout] e4b8aa286b0a123a07df614736eefa0c4fc1f3d157450ed1ed01889329573f37
[INFO] running `Command { std: "docker" "start" "e4b8aa286b0a123a07df614736eefa0c4fc1f3d157450ed1ed01889329573f37", kill_on_drop: false }`
[INFO] running `Command { std: "docker" "inspect" "e4b8aa286b0a123a07df614736eefa0c4fc1f3d157450ed1ed01889329573f37", kill_on_drop: false }`
[INFO] running `Command { std: "docker" "exec" "-e" "SOURCE_DIR=/opt/rustwide/workdir" "-e" "CARGO_HOME=/opt/rustwide/cargo-home" "-e" "RUSTUP_HOME=/opt/rustwide/rustup-home" "-e" "CARGO_TARGET_DIR=/opt/rustwide/target" "-w" "/opt/rustwide/workdir" "--user" "0:0" "e4b8aa286b0a123a07df614736eefa0c4fc1f3d157450ed1ed01889329573f37" "/opt/rustwide/cargo-home/bin/cargo" "+1.98.0-beta.8" "metadata" "--no-deps" "--format-version=1", kill_on_drop: false }`
[INFO] running `Command { std: "docker" "inspect" "e4b8aa286b0a123a07df614736eefa0c4fc1f3d157450ed1ed01889329573f37", kill_on_drop: false }`
[INFO] running `Command { std: "docker" "exec" "-e" "SOURCE_DIR=/opt/rustwide/workdir" "-e" "CARGO_HOME=/opt/rustwide/cargo-home" "-e" "RUSTUP_HOME=/opt/rustwide/rustup-home" "-e" "CARGO_TARGET_DIR=/opt/rustwide/target" "-e" "CARGO_INCREMENTAL=0" "-e" "RUST_BACKTRACE=full" "-e" "RUSTFLAGS=--cap-lints=warn" "-e" "RUSTDOCFLAGS=--cap-lints=warn" "-w" "/opt/rustwide/workdir" "--user" "0:0" "e4b8aa286b0a123a07df614736eefa0c4fc1f3d157450ed1ed01889329573f37" "/opt/rustwide/cargo-home/bin/cargo" "+1.98.0-beta.8" "build" "--frozen" "--message-format=json" "--release", kill_on_drop: false }`
[INFO] [stderr]    Compiling libc v0.2.95
[INFO] [stderr]    Compiling proc-macro2 v1.0.27
[INFO] [stderr]    Compiling unicode-xid v0.2.2
[INFO] [stderr]    Compiling memchr v2.4.0
[INFO] [stderr]    Compiling syn v1.0.72
[INFO] [stderr]    Compiling num-traits v0.2.14
[INFO] [stderr]    Compiling futures-core v0.3.15
[INFO] [stderr]    Compiling ahash v0.7.4
[INFO] [stderr]    Compiling memoffset v0.6.4
[INFO] [stderr]    Compiling regex-syntax v0.6.25
[INFO] [stderr]    Compiling once_cell v1.7.2
[INFO] [stderr]    Compiling crossbeam-utils v0.8.5
[INFO] [stderr]    Compiling futures-task v0.3.15
[INFO] [stderr]    Compiling t1ha v0.1.0
[INFO] [stderr]    Compiling tokio v1.6.1
[INFO] [stderr]    Compiling futures-util v0.3.15
[INFO] [stderr]    Compiling indexmap v1.6.2
[INFO] [stderr]    Compiling futures-channel v0.3.15
[INFO] [stderr]    Compiling httparse v1.4.1
[INFO] [stderr]    Compiling crossbeam-epoch v0.9.5
[INFO] [stderr]    Compiling metrics v0.16.0
[INFO] [stderr]    Compiling http v0.2.4
[INFO] [stderr]    Compiling raw-cpuid v9.0.0
[INFO] [stderr]    Compiling lock_api v0.4.4
[INFO] [stderr]    Compiling tracing-core v0.1.18
[INFO] [stderr]    Compiling nibble_vec v0.1.0
[INFO] [stderr]    Compiling endian-type v0.1.2
[INFO] [stderr]    Compiling atomic-shim v0.1.0
[INFO] [stderr]    Compiling humantime v1.3.0
[INFO] [stderr]    Compiling aho-corasick v0.7.18
[INFO] [stderr]    Compiling radix_trie v0.2.1
[INFO] [stderr]    Compiling quote v1.0.9
[INFO] [stderr]    Compiling tracing v0.1.26
[INFO] [stderr]    Compiling sketches-ddsketch v0.1.2
[INFO] [stderr]    Compiling httpdate v1.0.1
[INFO] [stderr]    Compiling getrandom v0.2.3
[INFO] [stderr]    Compiling num_cpus v1.13.0
[INFO] [stderr]    Compiling parking_lot_core v0.8.3
[INFO] [stderr]    Compiling mio v0.7.11
[INFO] [stderr]    Compiling quanta v0.7.2
[INFO] [stderr]    Compiling ordered-float v2.5.1
[INFO] [stderr]    Compiling hashbrown v0.11.2
[INFO] [stderr]    Compiling atty v0.2.14
[INFO] [stderr]    Compiling socket2 v0.4.0
[INFO] [stderr]    Compiling dashmap v4.0.2
[INFO] [stderr]    Compiling parking_lot v0.11.1
[INFO] [stderr]    Compiling cnproc v0.2.1
[INFO] [stderr]    Compiling entropy v0.4.1
[INFO] [stderr]    Compiling regex v1.5.4
[INFO] [stderr]    Compiling http-body v0.4.2
[INFO] [stderr]    Compiling env_logger v0.7.1
[INFO] [stderr]    Compiling pretty_env_logger v0.4.0
[INFO] [stderr]    Compiling tokio-macros v1.2.0
[INFO] [stderr]    Compiling metrics-macros v0.4.0
[INFO] [stderr]    Compiling pin-project-internal v1.0.7
[INFO] [stderr]    Compiling thiserror-impl v1.0.25
[INFO] [stderr]    Compiling metrics-util v0.8.0
[INFO] [stderr]    Compiling pin-project v1.0.7
[INFO] [stderr]    Compiling thiserror v1.0.25
[INFO] [stderr]    Compiling hyper v0.14.8
[INFO] [stderr]    Compiling metrics-exporter-prometheus v0.5.0
[INFO] [stderr]    Compiling prom-cnproc v0.1.0 (/opt/rustwide/workdir)
[INFO] [stderr]     Finished `release` profile [optimized] target(s) in 43.84s
[INFO] running `Command { std: "docker" "inspect" "e4b8aa286b0a123a07df614736eefa0c4fc1f3d157450ed1ed01889329573f37", kill_on_drop: false }`
[INFO] running `Command { std: "docker" "exec" "-e" "SOURCE_DIR=/opt/rustwide/workdir" "-e" "CARGO_HOME=/opt/rustwide/cargo-home" "-e" "RUSTUP_HOME=/opt/rustwide/rustup-home" "-e" "CARGO_TARGET_DIR=/opt/rustwide/target" "-e" "CARGO_INCREMENTAL=0" "-e" "RUST_BACKTRACE=full" "-e" "RUSTFLAGS=--cap-lints=warn" "-e" "RUSTDOCFLAGS=--cap-lints=warn" "-w" "/opt/rustwide/workdir" "--user" "0:0" "e4b8aa286b0a123a07df614736eefa0c4fc1f3d157450ed1ed01889329573f37" "/opt/rustwide/cargo-home/bin/cargo" "+1.98.0-beta.8" "test" "--frozen" "--no-run" "--message-format=json" "--release", kill_on_drop: false }`
[INFO] [stderr]    Compiling prom-cnproc v0.1.0 (/opt/rustwide/workdir)
[INFO] [stderr]     Finished `release` profile [optimized] target(s) in 1.48s
[INFO] running `Command { std: "docker" "inspect" "e4b8aa286b0a123a07df614736eefa0c4fc1f3d157450ed1ed01889329573f37", kill_on_drop: false }`
[INFO] running `Command { std: "docker" "exec" "-e" "SOURCE_DIR=/opt/rustwide/workdir" "-e" "CARGO_HOME=/opt/rustwide/cargo-home" "-e" "RUSTUP_HOME=/opt/rustwide/rustup-home" "-e" "CARGO_TARGET_DIR=/opt/rustwide/target" "-e" "CARGO_INCREMENTAL=0" "-e" "RUST_BACKTRACE=full" "-e" "RUSTFLAGS=--cap-lints=warn" "-e" "RUSTDOCFLAGS=--cap-lints=warn" "-w" "/opt/rustwide/workdir" "--user" "0:0" "e4b8aa286b0a123a07df614736eefa0c4fc1f3d157450ed1ed01889329573f37" "/opt/rustwide/cargo-home/bin/cargo" "+1.98.0-beta.8" "test" "--frozen" "--release", kill_on_drop: false }`
[INFO] [stderr]     Finished `release` profile [optimized] target(s) in 0.12s
[INFO] [stdout] 
[INFO] [stderr]      Running unittests src/main.rs (/opt/rustwide/target/release/deps/prom_cnproc-39107f7398b4846f)
[INFO] [stdout] running 7 tests
[INFO] [stdout] test meta::info::tests::cmdline_parses ... ok
[INFO] [stdout] test meta::info::tests::ppid_parses ... ok
[INFO] [stdout] test meta::info::tests::entropies ... ok
[INFO] [stdout] test meta::info::tests::labels ... ok
[INFO] [stdout] test meta::info::tests::process_inits ... ok
[INFO] [stdout] test meta::info::tests::shell_script_label ... FAILED
[INFO] [stdout] test meta::watcher::tests::cmdline_parses ... FAILED
[INFO] [stdout] 
[INFO] [stdout] failures:
[INFO] [stdout] 
[INFO] [stdout] ---- meta::info::tests::shell_script_label stdout ----
[INFO] [stdout] 
[INFO] [stdout] thread 'meta::info::tests::shell_script_label' (1775) panicked at src/meta/info.rs:255:9:
[INFO] [stdout] assertion `left == right` failed
[INFO] [stdout]   left: "hwclock.sh"
[INFO] [stdout]  right: "bash"
[INFO] [stdout] stack backtrace:
[INFO] [stdout]    0:     0x55b9e06e8dd1 - <<std[97b98282bc616a66]::sys::backtrace::BacktraceLock>::print::DisplayBacktrace as core[832e9a552fc17241]::fmt::Display>::fmt
[INFO] [stdout]    1:     0x55b9e06fd60a - core[832e9a552fc17241]::fmt::write
[INFO] [stdout]    2:     0x55b9e06ed2ac - <alloc[3ecab9f82c41dc7d]::vec::Vec<u8> as std[97b98282bc616a66]::io::Write>::write_fmt
[INFO] [stdout]    3:     0x55b9e06c7316 - std[97b98282bc616a66]::panicking::default_hook::{closure#0}
[INFO] [stdout]    4:     0x55b9e06e0eb9 - std[97b98282bc616a66]::panicking::default_hook
[INFO] [stdout]    5:     0x55b9e067bd80 - test[39766f3d73431624]::test_main_inner::<test[39766f3d73431624]::test_main_static::{closure#0}>::{closure#0}
[INFO] [stdout]    6:     0x55b9e06e1072 - std[97b98282bc616a66]::panicking::panic_with_hook
[INFO] [stdout]    7:     0x55b9e06c73c2 - std[97b98282bc616a66]::panicking::panic_handler::{closure#0}
[INFO] [stdout]    8:     0x55b9e06bed19 - std[97b98282bc616a66]::sys::backtrace::__rust_end_short_backtrace::<std[97b98282bc616a66]::panicking::panic_handler::{closure#0}, !>
[INFO] [stdout]    9:     0x55b9e06c7fbd - __rustc[e3d8617bb01b7f69]::rust_begin_unwind
[INFO] [stdout]   10:     0x55b9e06fdd3c - core[832e9a552fc17241]::panicking::panic_fmt
[INFO] [stdout]   11:     0x55b9e06fdc53 - core[832e9a552fc17241]::panicking::assert_failed_inner
[INFO] [stdout]   12:     0x55b9e0665e48 - core[832e9a552fc17241]::panicking::assert_failed::<&str, &str>
[INFO] [stdout]   13:     0x55b9e0667faa - prom_cnproc[d8551b9f5199c950]::meta::info::tests::shell_script_label
[INFO] [stdout]   14:     0x55b9e06667d9 - <prom_cnproc[d8551b9f5199c950]::meta::info::tests::shell_script_label::{closure#0} as core[832e9a552fc17241]::ops::function::FnOnce<()>>::call_once
[INFO] [stdout]   15:     0x55b9e066f0bb - test[39766f3d73431624]::__rust_begin_short_backtrace::<core[832e9a552fc17241]::result::Result<(), alloc[3ecab9f82c41dc7d]::string::String>, fn() -> core[832e9a552fc17241]::result::Result<(), alloc[3ecab9f82c41dc7d]::string::String>>
[INFO] [stdout]   16:     0x55b9e067c705 - test[39766f3d73431624]::run_test::{closure#0}
[INFO] [stdout]   17:     0x55b9e06771b4 - std[97b98282bc616a66]::sys::backtrace::__rust_begin_short_backtrace::<test[39766f3d73431624]::run_test::{closure#1}, ()>
[INFO] [stdout]   18:     0x55b9e067f852 - <std[97b98282bc616a66]::thread::lifecycle::spawn_unchecked<test[39766f3d73431624]::run_test::{closure#1}, ()>::{closure#1} as core[832e9a552fc17241]::ops::function::FnOnce<()>>::call_once::{shim:vtable#0}
[INFO] [stdout]   19:     0x55b9e06e865f - <std[97b98282bc616a66]::sys::thread::unix::Thread>::new::thread_start
[INFO] [stdout]   20:     0x740c852a607a - <unknown>
[INFO] [stdout]   21:     0x740c85339534 - clone
[INFO] [stdout]   22:                0x0 - <unknown>
[INFO] [stdout] 
[INFO] [stdout] ---- meta::watcher::tests::cmdline_parses stdout ----
[INFO] [stdout] 
[INFO] [stdout] thread 'meta::watcher::tests::cmdline_parses' (1776) panicked at src/meta/watcher.rs:142:9:
[INFO] [stdout] assertion `left == right` failed
[INFO] [stdout]   left: "/base/sshd/hwclock.sh"
[INFO] [stdout]  right: "/base/sshd/bash"
[INFO] [stdout] stack backtrace:
[INFO] [stdout]    0:     0x55b9e06e8dd1 - <<std[97b98282bc616a66]::sys::backtrace::BacktraceLock>::print::DisplayBacktrace as core[832e9a552fc17241]::fmt::Display>::fmt
[INFO] [stdout]    1:     0x55b9e06fd60a - core[832e9a552fc17241]::fmt::write
[INFO] [stdout]    2:     0x55b9e06ed2ac - <alloc[3ecab9f82c41dc7d]::vec::Vec<u8> as std[97b98282bc616a66]::io::Write>::write_fmt
[INFO] [stdout]    3:     0x55b9e06c7316 - std[97b98282bc616a66]::panicking::default_hook::{closure#0}
[INFO] [stdout]    4:     0x55b9e06e0eb9 - std[97b98282bc616a66]::panicking::default_hook
[INFO] [stdout]    5:     0x55b9e067bd80 - test[39766f3d73431624]::test_main_inner::<test[39766f3d73431624]::test_main_static::{closure#0}>::{closure#0}
[INFO] [stdout]    6:     0x55b9e06e1072 - std[97b98282bc616a66]::panicking::panic_with_hook
[INFO] [stdout]    7:     0x55b9e06c73c2 - std[97b98282bc616a66]::panicking::panic_handler::{closure#0}
[INFO] [stdout]    8:     0x55b9e06bed19 - std[97b98282bc616a66]::sys::backtrace::__rust_end_short_backtrace::<std[97b98282bc616a66]::panicking::panic_handler::{closure#0}, !>
[INFO] [stdout]    9:     0x55b9e06c7fbd - __rustc[e3d8617bb01b7f69]::rust_begin_unwind
[INFO] [stdout]   10:     0x55b9e06fdd3c - core[832e9a552fc17241]::panicking::panic_fmt
[INFO] [stdout]   11:     0x55b9e06fdc53 - core[832e9a552fc17241]::panicking::assert_failed_inner
[INFO] [stdout]   12:     0x55b9e0665e88 - core[832e9a552fc17241]::panicking::assert_failed::<&str, alloc[3ecab9f82c41dc7d]::string::String>
[INFO] [stdout]   13:     0x55b9e0666e5a - <prom_cnproc[d8551b9f5199c950]::meta::watcher::tests::cmdline_parses::{closure#0} as core[832e9a552fc17241]::ops::function::FnOnce<()>>::call_once
[INFO] [stdout]   14:     0x55b9e066f0bb - test[39766f3d73431624]::__rust_begin_short_backtrace::<core[832e9a552fc17241]::result::Result<(), alloc[3ecab9f82c41dc7d]::string::String>, fn() -> core[832e9a552fc17241]::result::Result<(), alloc[3ecab9f82c41dc7d]::string::String>>
[INFO] [stdout]   15:     0x55b9e067c705 - test[39766f3d73431624]::run_test::{closure#0}
[INFO] [stdout]   16:     0x55b9e06771b4 - std[97b98282bc616a66]::sys::backtrace::__rust_begin_short_backtrace::<test[39766f3d73431624]::run_test::{closure#1}, ()>
[INFO] [stdout]   17:     0x55b9e067f852 - <std[97b98282bc616a66]::thread::lifecycle::spawn_unchecked<test[39766f3d73431624]::run_test::{closure#1}, ()>::{closure#1} as core[832e9a552fc17241]::ops::function::FnOnce<()>>::call_once::{shim:vtable#0}
[INFO] [stdout]   18:     0x55b9e06e865f - <std[97b98282bc616a66]::sys::thread::unix::Thread>::new::thread_start
[INFO] [stdout]   19:     0x740c852a607a - <unknown>
[INFO] [stdout]   20:     0x740c85339534 - clone
[INFO] [stdout]   21:                0x0 - <unknown>
[INFO] [stdout] 
[INFO] [stdout] 
[INFO] [stdout] failures:
[INFO] [stdout]     meta::info::tests::shell_script_label
[INFO] [stdout]     meta::watcher::tests::cmdline_parses
[INFO] [stdout] 
[INFO] [stdout] test result: FAILED. 5 passed; 2 failed; 0 ignored; 0 measured; 0 filtered out; finished in 0.01s
[INFO] [stdout] 
[INFO] [stderr] error: test failed, to rerun pass `--bin prom-cnproc`
[INFO] running `Command { std: "docker" "inspect" "e4b8aa286b0a123a07df614736eefa0c4fc1f3d157450ed1ed01889329573f37", kill_on_drop: false }`
[INFO] running `Command { std: "docker" "rm" "-f" "e4b8aa286b0a123a07df614736eefa0c4fc1f3d157450ed1ed01889329573f37", kill_on_drop: false }`
[INFO] [stdout] e4b8aa286b0a123a07df614736eefa0c4fc1f3d157450ed1ed01889329573f37
