[INFO] cloning repository https://github.com/mparusinski/whiff
[INFO] running `Command { std: "git" "-c" "credential.helper=" "-c" "credential.helper=/workspace/cargo-home/bin/git-credential-null" "clone" "--bare" "https://github.com/mparusinski/whiff" "/workspace/cache/git-repos/https%3A%2F%2Fgithub.com%2Fmparusinski%2Fwhiff", kill_on_drop: false }`
[INFO] [stderr] Cloning into bare repository '/workspace/cache/git-repos/https%3A%2F%2Fgithub.com%2Fmparusinski%2Fwhiff'...
[INFO] running `Command { std: "git" "rev-parse" "HEAD", kill_on_drop: false }`
[INFO] [stdout] 5c85b3f9bb4cce6b1063ed2fbb44b18fb0d779da
[INFO] testing mparusinski/whiff against 1.99.0-beta.1+cargoflags=--release for beta-release-1.99-2
[INFO] running `Command { std: "git" "clone" "/workspace/cache/git-repos/https%3A%2F%2Fgithub.com%2Fmparusinski%2Fwhiff" "/workspace/builds/worker-4-tc2/source", kill_on_drop: false }`
[INFO] [stderr] Cloning into '/workspace/builds/worker-4-tc2/source'...
[INFO] [stderr] done.
[INFO] started tweaking git repo https://github.com/mparusinski/whiff
[INFO] finished tweaking git repo https://github.com/mparusinski/whiff
[INFO] tweaked toml for git repo https://github.com/mparusinski/whiff written to /workspace/builds/worker-4-tc2/source/Cargo.toml
[INFO] validating manifest of git repo https://github.com/mparusinski/whiff on toolchain 1.99.0-beta.1
[INFO] running `Command { std: CARGO_HOME="/workspace/cargo-home" RUSTUP_HOME="/workspace/rustup-home" "/workspace/cargo-home/bin/cargo" "+1.99.0-beta.1" "metadata" "--manifest-path" "Cargo.toml" "--no-deps", kill_on_drop: false }`
[INFO] crate git repo https://github.com/mparusinski/whiff already has a lockfile, it will not be regenerated
[INFO] running `Command { std: CARGO_HOME="/workspace/cargo-home" RUSTUP_HOME="/workspace/rustup-home" "/workspace/cargo-home/bin/cargo" "+1.99.0-beta.1" "fetch" "--manifest-path" "Cargo.toml", kill_on_drop: false }`
[INFO] running `Command { std: "docker" "create" "-v" "/var/lib/crater-agent-workspace/builds/worker-4-tc2/source:/opt/rustwide/workdir:ro,Z" "-v" "/var/lib/crater-agent-workspace/builds/worker-4-tc2/target:/opt/rustwide/target:rw,Z" "-v" "/var/lib/crater-agent-workspace/cargo-home:/opt/rustwide/cargo-home:ro,Z" "-v" "/var/lib/crater-agent-workspace/rustup-home:/opt/rustwide/rustup-home:ro,Z" "-m" "1610612736" "--network" "none" "ghcr.io/rust-lang/crates-build-env/linux@sha256:8683fc1fc2eb5c9ac98e0d076ab094b2ffac7f99da555d2b6a2e27f346de2ec7" "sleep" "infinity", kill_on_drop: false }`
[INFO] [stdout] 314a0368105c6e3da1bdd1e4a2941e0c4660c02745558380c704782a8be1e74b
[INFO] running `Command { std: "docker" "start" "314a0368105c6e3da1bdd1e4a2941e0c4660c02745558380c704782a8be1e74b", kill_on_drop: false }`
[INFO] running `Command { std: "docker" "inspect" "314a0368105c6e3da1bdd1e4a2941e0c4660c02745558380c704782a8be1e74b", kill_on_drop: false }`
[INFO] running `Command { std: "docker" "exec" "-e" "SOURCE_DIR=/opt/rustwide/workdir" "-e" "CARGO_HOME=/opt/rustwide/cargo-home" "-e" "RUSTUP_HOME=/opt/rustwide/rustup-home" "-e" "CARGO_TARGET_DIR=/opt/rustwide/target" "-w" "/opt/rustwide/workdir" "--user" "0:0" "314a0368105c6e3da1bdd1e4a2941e0c4660c02745558380c704782a8be1e74b" "/opt/rustwide/cargo-home/bin/cargo" "+1.99.0-beta.1" "metadata" "--no-deps" "--format-version=1", kill_on_drop: false }`
[INFO] running `Command { std: "docker" "inspect" "314a0368105c6e3da1bdd1e4a2941e0c4660c02745558380c704782a8be1e74b", kill_on_drop: false }`
[INFO] running `Command { std: "docker" "exec" "-e" "SOURCE_DIR=/opt/rustwide/workdir" "-e" "CARGO_HOME=/opt/rustwide/cargo-home" "-e" "RUSTUP_HOME=/opt/rustwide/rustup-home" "-e" "CARGO_TARGET_DIR=/opt/rustwide/target" "-e" "CARGO_INCREMENTAL=0" "-e" "RUST_BACKTRACE=full" "-e" "RUSTFLAGS=--cap-lints=warn" "-e" "RUSTDOCFLAGS=--cap-lints=warn" "-w" "/opt/rustwide/workdir" "--user" "0:0" "314a0368105c6e3da1bdd1e4a2941e0c4660c02745558380c704782a8be1e74b" "/opt/rustwide/cargo-home/bin/cargo" "+1.99.0-beta.1" "build" "--frozen" "--message-format=json" "--release", kill_on_drop: false }`
[INFO] [stderr]    Compiling unicode-ident v1.0.20
[INFO] [stderr]    Compiling quote v1.0.41
[INFO] [stderr]    Compiling clap_lex v0.7.6
[INFO] [stderr]    Compiling num-conv v0.1.0
[INFO] [stderr]    Compiling iana-time-zone v0.1.64
[INFO] [stderr]    Compiling time-core v0.1.6
[INFO] [stderr]    Compiling deranged v0.5.5
[INFO] [stderr]    Compiling anstream v0.6.21
[INFO] [stderr]    Compiling proc-macro2 v1.0.103
[INFO] [stderr]    Compiling chrono v0.4.42
[INFO] [stderr]    Compiling clap_builder v4.5.50
[INFO] [stderr]    Compiling syn v2.0.108
[INFO] [stderr]    Compiling time v0.3.44
[INFO] [stderr]    Compiling clap_derive v4.5.49
[INFO] [stderr]    Compiling clap v4.5.50
[INFO] [stderr]    Compiling clap_complete v4.5.59
[INFO] [stderr]    Compiling whiff v0.1.0 (/opt/rustwide/workdir)
[INFO] [stderr]     Finished `release` profile [optimized] target(s) in 21.17s
[INFO] running `Command { std: "docker" "inspect" "314a0368105c6e3da1bdd1e4a2941e0c4660c02745558380c704782a8be1e74b", kill_on_drop: false }`
[INFO] running `Command { std: "docker" "exec" "-e" "SOURCE_DIR=/opt/rustwide/workdir" "-e" "CARGO_HOME=/opt/rustwide/cargo-home" "-e" "RUSTUP_HOME=/opt/rustwide/rustup-home" "-e" "CARGO_TARGET_DIR=/opt/rustwide/target" "-e" "CARGO_INCREMENTAL=0" "-e" "RUST_BACKTRACE=full" "-e" "RUSTFLAGS=--cap-lints=warn" "-e" "RUSTDOCFLAGS=--cap-lints=warn" "-w" "/opt/rustwide/workdir" "--user" "0:0" "314a0368105c6e3da1bdd1e4a2941e0c4660c02745558380c704782a8be1e74b" "/opt/rustwide/cargo-home/bin/cargo" "+1.99.0-beta.1" "test" "--frozen" "--no-run" "--message-format=json" "--release", kill_on_drop: false }`
[INFO] [stderr]    Compiling rand v0.4.6
[INFO] [stderr]    Compiling tempdir v0.3.7
[INFO] [stderr]    Compiling whiff v0.1.0 (/opt/rustwide/workdir)
[INFO] [stderr]     Finished `release` profile [optimized] target(s) in 1.92s
[INFO] running `Command { std: "docker" "inspect" "314a0368105c6e3da1bdd1e4a2941e0c4660c02745558380c704782a8be1e74b", kill_on_drop: false }`
[INFO] running `Command { std: "docker" "exec" "-e" "SOURCE_DIR=/opt/rustwide/workdir" "-e" "CARGO_HOME=/opt/rustwide/cargo-home" "-e" "RUSTUP_HOME=/opt/rustwide/rustup-home" "-e" "CARGO_TARGET_DIR=/opt/rustwide/target" "-e" "CARGO_INCREMENTAL=0" "-e" "RUST_BACKTRACE=full" "-e" "RUSTFLAGS=--cap-lints=warn" "-e" "RUSTDOCFLAGS=--cap-lints=warn" "-w" "/opt/rustwide/workdir" "--user" "0:0" "314a0368105c6e3da1bdd1e4a2941e0c4660c02745558380c704782a8be1e74b" "/opt/rustwide/cargo-home/bin/cargo" "+1.99.0-beta.1" "test" "--frozen" "--release", kill_on_drop: false }`
[INFO] [stderr]     Finished `release` profile [optimized] target(s) in 0.06s
[INFO] [stderr]      Running unittests src/main.rs (/opt/rustwide/target/release/deps/whiff-f8a7bd5c4083d5b0)
[INFO] [stdout] 
[INFO] [stdout] running 0 tests
[INFO] [stdout] 
[INFO] [stdout] test result: ok. 0 passed; 0 failed; 0 ignored; 0 measured; 0 filtered out; finished in 0.00s
[INFO] [stdout] 
[INFO] [stderr]      Running tests/tests.rs (/opt/rustwide/target/release/deps/tests-87204108be31dd55)
[INFO] [stdout] 
[INFO] [stdout] running 10 tests
[INFO] [stdout] test tests::test_no_args_existing_file ... ok
[INFO] [stdout] test tests::test_no_args_valid_path ... ok
[INFO] [stdout] test tests::test_no_create_existing ... ok
[INFO] [stdout] test tests::test_no_args_no_path ... ok
[INFO] [stdout] test tests::test_date_valid_path_ex1 ... FAILED
[INFO] [stdout] test tests::test_date_valid_path_ex2 ... FAILED
[INFO] [stdout] test tests::test_date_valid_path_ex3 ... FAILED
[INFO] [stdout] test tests::test_no_create_valid_path ... ok
[INFO] [stderr] error: test failed, to rerun pass `--test tests`
[INFO] [stdout] test tests::test_no_args_invalid_path ... ok
[INFO] [stdout] test tests::test_ignored_force_option ... ok
[INFO] [stdout] 
[INFO] [stdout] failures:
[INFO] [stdout] 
[INFO] [stdout] ---- tests::test_date_valid_path_ex1 stdout ----
[INFO] [stdout] 
[INFO] [stdout] thread 'tests::test_date_valid_path_ex1' (508) panicked at tests/tests.rs:148:9:
[INFO] [stdout] assertion `left == right` failed
[INFO] [stdout]   left: 2026-09-03T11:04:32Z
[INFO] [stdout]  right: 2004-02-29T16:21:42Z
[INFO] [stdout] stack backtrace:
[INFO] [stdout]    0:     0x634079a3d531 - <<std[104cf6e2632825ea]::sys::backtrace::BacktraceLock>::print::DisplayBacktrace as core[7c831bd917ebf35f]::fmt::Display>::fmt
[INFO] [stdout]    1:     0x634079a51bea - core[7c831bd917ebf35f]::fmt::write
[INFO] [stdout]    2:     0x634079a41c2c - <alloc[2fdc3f7464fcf288]::vec::Vec<u8> as core[7c831bd917ebf35f]::io::write::Write>::write_fmt
[INFO] [stdout]    3:     0x634079a17af6 - std[104cf6e2632825ea]::panicking::default_hook::{closure#0}
[INFO] [stdout]    4:     0x634079a34c09 - std[104cf6e2632825ea]::panicking::default_hook
[INFO] [stdout]    5:     0x6340799c4a40 - test[73009c9f9aebf890]::test_main_inner::<test[73009c9f9aebf890]::test_main_static::{closure#0}>::{closure#0}
[INFO] [stdout]    6:     0x634079a34dc2 - std[104cf6e2632825ea]::panicking::panic_with_hook
[INFO] [stdout]    7:     0x634079a17ba2 - std[104cf6e2632825ea]::panicking::panic_handler::{closure#0}
[INFO] [stdout]    8:     0x634079a0fed9 - std[104cf6e2632825ea]::sys::backtrace::__rust_end_short_backtrace::<std[104cf6e2632825ea]::panicking::panic_handler::{closure#0}, !>
[INFO] [stdout]    9:     0x634079a1879d - __rustc[b0d56fa5b193ad05]::rust_begin_unwind
[INFO] [stdout]   10:     0x634079a5231c - core[7c831bd917ebf35f]::panicking::panic_fmt
[INFO] [stdout]   11:     0x634079a52233 - core[7c831bd917ebf35f]::panicking::assert_failed_inner
[INFO] [stdout]   12:     0x6340799b669a - core[7c831bd917ebf35f]::panicking::assert_failed::<chrono[af32995e06dc7612]::datetime::DateTime<chrono[af32995e06dc7612]::offset::utc::Utc>, chrono[af32995e06dc7612]::datetime::DateTime<chrono[af32995e06dc7612]::offset::utc::Utc>>
[INFO] [stdout]   13:     0x6340799b4918 - <tests[52bc2979d6aa1248]::TestEnv>::assert_file_touched_with_date::<chrono[af32995e06dc7612]::offset::local::Local>
[INFO] [stdout]   14:     0x6340799b6b5b - tests[52bc2979d6aa1248]::tests::test_date_valid_path_ex1
[INFO] [stdout]   15:     0x6340799b64c9 - <tests[52bc2979d6aa1248]::tests::test_date_valid_path_ex1::{closure#0} as core[7c831bd917ebf35f]::ops::function::FnOnce<()>>::call_once
[INFO] [stdout]   16:     0x6340799b7d2b - test[73009c9f9aebf890]::__rust_begin_short_backtrace::<core[7c831bd917ebf35f]::result::Result<(), alloc[2fdc3f7464fcf288]::string::String>, fn() -> core[7c831bd917ebf35f]::result::Result<(), alloc[2fdc3f7464fcf288]::string::String>>
[INFO] [stdout]   17:     0x6340799c5395 - test[73009c9f9aebf890]::run_test::{closure#0}
[INFO] [stdout]   18:     0x6340799be754 - std[104cf6e2632825ea]::sys::backtrace::__rust_begin_short_backtrace::<test[73009c9f9aebf890]::run_test::{closure#1}, ()>
[INFO] [stdout]   19:     0x6340799c84f2 - <std[104cf6e2632825ea]::thread::lifecycle::spawn_unchecked<test[73009c9f9aebf890]::run_test::{closure#1}, ()>::{closure#1} as core[7c831bd917ebf35f]::ops::function::FnOnce<()>>::call_once::{shim:vtable#0}
[INFO] [stdout]   20:     0x634079a3c779 - <std[104cf6e2632825ea]::sys::thread::unix::Thread>::new::thread_start
[INFO] [stdout]   21:     0x79964fac307a - <unknown>
[INFO] [stdout]   22:     0x79964fb56534 - clone
[INFO] [stdout]   23:                0x0 - <unknown>
[INFO] [stdout] 
[INFO] [stdout] ---- tests::test_date_valid_path_ex2 stdout ----
[INFO] [stdout] 
[INFO] [stdout] thread 'tests::test_date_valid_path_ex2' (509) panicked at tests/tests.rs:148:9:
[INFO] [stdout] assertion `left == right` failed
[INFO] [stdout]   left: 2026-09-03T11:04:32Z
[INFO] [stdout]  right: 2004-02-29T16:21:42Z
[INFO] [stdout] stack backtrace:
[INFO] [stdout]    0:     0x634079a3d531 - <<std[104cf6e2632825ea]::sys::backtrace::BacktraceLock>::print::DisplayBacktrace as core[7c831bd917ebf35f]::fmt::Display>::fmt
[INFO] [stdout]    1:     0x634079a51bea - core[7c831bd917ebf35f]::fmt::write
[INFO] [stdout]    2:     0x634079a41c2c - <alloc[2fdc3f7464fcf288]::vec::Vec<u8> as core[7c831bd917ebf35f]::io::write::Write>::write_fmt
[INFO] [stdout]    3:     0x634079a17af6 - std[104cf6e2632825ea]::panicking::default_hook::{closure#0}
[INFO] [stdout]    4:     0x634079a34c09 - std[104cf6e2632825ea]::panicking::default_hook
[INFO] [stdout]    5:     0x6340799c4a40 - test[73009c9f9aebf890]::test_main_inner::<test[73009c9f9aebf890]::test_main_static::{closure#0}>::{closure#0}
[INFO] [stdout]    6:     0x634079a34dc2 - std[104cf6e2632825ea]::panicking::panic_with_hook
[INFO] [stdout]    7:     0x634079a17ba2 - std[104cf6e2632825ea]::panicking::panic_handler::{closure#0}
[INFO] [stdout]    8:     0x634079a0fed9 - std[104cf6e2632825ea]::sys::backtrace::__rust_end_short_backtrace::<std[104cf6e2632825ea]::panicking::panic_handler::{closure#0}, !>
[INFO] [stdout]    9:     0x634079a1879d - __rustc[b0d56fa5b193ad05]::rust_begin_unwind
[INFO] [stdout]   10:     0x634079a5231c - core[7c831bd917ebf35f]::panicking::panic_fmt
[INFO] [stdout]   11:     0x634079a52233 - core[7c831bd917ebf35f]::panicking::assert_failed_inner
[INFO] [stdout]   12:     0x6340799b669a - core[7c831bd917ebf35f]::panicking::assert_failed::<chrono[af32995e06dc7612]::datetime::DateTime<chrono[af32995e06dc7612]::offset::utc::Utc>, chrono[af32995e06dc7612]::datetime::DateTime<chrono[af32995e06dc7612]::offset::utc::Utc>>
[INFO] [stdout]   13:     0x6340799b4918 - <tests[52bc2979d6aa1248]::TestEnv>::assert_file_touched_with_date::<chrono[af32995e06dc7612]::offset::local::Local>
[INFO] [stdout]   14:     0x6340799b6dfb - tests[52bc2979d6aa1248]::tests::test_date_valid_path_ex2
[INFO] [stdout]   15:     0x6340799b64e9 - <tests[52bc2979d6aa1248]::tests::test_date_valid_path_ex2::{closure#0} as core[7c831bd917ebf35f]::ops::function::FnOnce<()>>::call_once
[INFO] [stdout]   16:     0x6340799b7d2b - test[73009c9f9aebf890]::__rust_begin_short_backtrace::<core[7c831bd917ebf35f]::result::Result<(), alloc[2fdc3f7464fcf288]::string::String>, fn() -> core[7c831bd917ebf35f]::result::Result<(), alloc[2fdc3f7464fcf288]::string::String>>
[INFO] [stdout]   17:     0x6340799c5395 - test[73009c9f9aebf890]::run_test::{closure#0}
[INFO] [stdout]   18:     0x6340799be754 - std[104cf6e2632825ea]::sys::backtrace::__rust_begin_short_backtrace::<test[73009c9f9aebf890]::run_test::{closure#1}, ()>
[INFO] [stdout]   19:     0x6340799c84f2 - <std[104cf6e2632825ea]::thread::lifecycle::spawn_unchecked<test[73009c9f9aebf890]::run_test::{closure#1}, ()>::{closure#1} as core[7c831bd917ebf35f]::ops::function::FnOnce<()>>::call_once::{shim:vtable#0}
[INFO] [stdout]   20:     0x634079a3c779 - <std[104cf6e2632825ea]::sys::thread::unix::Thread>::new::thread_start
[INFO] [stdout]   21:     0x79964fac307a - <unknown>
[INFO] [stdout]   22:     0x79964fb56534 - clone
[INFO] [stdout]   23:                0x0 - <unknown>
[INFO] [stdout] 
[INFO] [stdout] ---- tests::test_date_valid_path_ex3 stdout ----
[INFO] [stdout] 
[INFO] [stdout] thread 'tests::test_date_valid_path_ex3' (510) panicked at tests/tests.rs:148:9:
[INFO] [stdout] assertion `left == right` failed
[INFO] [stdout]   left: 2026-09-03T11:04:32Z
[INFO] [stdout]  right: 2026-09-10T11:04:32Z
[INFO] [stdout] stack backtrace:
[INFO] [stdout]    0:     0x634079a3d531 - <<std[104cf6e2632825ea]::sys::backtrace::BacktraceLock>::print::DisplayBacktrace as core[7c831bd917ebf35f]::fmt::Display>::fmt
[INFO] [stdout]    1:     0x634079a51bea - core[7c831bd917ebf35f]::fmt::write
[INFO] [stdout]    2:     0x634079a41c2c - <alloc[2fdc3f7464fcf288]::vec::Vec<u8> as core[7c831bd917ebf35f]::io::write::Write>::write_fmt
[INFO] [stdout]    3:     0x634079a17af6 - std[104cf6e2632825ea]::panicking::default_hook::{closure#0}
[INFO] [stdout]    4:     0x634079a34c09 - std[104cf6e2632825ea]::panicking::default_hook
[INFO] [stdout]    5:     0x6340799c4a40 - test[73009c9f9aebf890]::test_main_inner::<test[73009c9f9aebf890]::test_main_static::{closure#0}>::{closure#0}
[INFO] [stdout]    6:     0x634079a34dc2 - std[104cf6e2632825ea]::panicking::panic_with_hook
[INFO] [stdout]    7:     0x634079a17ba2 - std[104cf6e2632825ea]::panicking::panic_handler::{closure#0}
[INFO] [stdout]    8:     0x634079a0fed9 - std[104cf6e2632825ea]::sys::backtrace::__rust_end_short_backtrace::<std[104cf6e2632825ea]::panicking::panic_handler::{closure#0}, !>
[INFO] [stdout]    9:     0x634079a1879d - __rustc[b0d56fa5b193ad05]::rust_begin_unwind
[INFO] [stdout]   10:     0x634079a5231c - core[7c831bd917ebf35f]::panicking::panic_fmt
[INFO] [stdout]   11:     0x634079a52233 - core[7c831bd917ebf35f]::panicking::assert_failed_inner
[INFO] [stdout]   12:     0x6340799b669a - core[7c831bd917ebf35f]::panicking::assert_failed::<chrono[af32995e06dc7612]::datetime::DateTime<chrono[af32995e06dc7612]::offset::utc::Utc>, chrono[af32995e06dc7612]::datetime::DateTime<chrono[af32995e06dc7612]::offset::utc::Utc>>
[INFO] [stdout]   13:     0x6340799b45d8 - <tests[52bc2979d6aa1248]::TestEnv>::assert_file_touched_with_date::<chrono[af32995e06dc7612]::offset::utc::Utc>
[INFO] [stdout]   14:     0x6340799b76f1 - tests[52bc2979d6aa1248]::tests::test_date_valid_path_ex3
[INFO] [stdout]   15:     0x6340799b6509 - <tests[52bc2979d6aa1248]::tests::test_date_valid_path_ex3::{closure#0} as core[7c831bd917ebf35f]::ops::function::FnOnce<()>>::call_once
[INFO] [stdout]   16:     0x6340799b7d2b - test[73009c9f9aebf890]::__rust_begin_short_backtrace::<core[7c831bd917ebf35f]::result::Result<(), alloc[2fdc3f7464fcf288]::string::String>, fn() -> core[7c831bd917ebf35f]::result::Result<(), alloc[2fdc3f7464fcf288]::string::String>>
[INFO] [stdout]   17:     0x6340799c5395 - test[73009c9f9aebf890]::run_test::{closure#0}
[INFO] [stdout]   18:     0x6340799be754 - std[104cf6e2632825ea]::sys::backtrace::__rust_begin_short_backtrace::<test[73009c9f9aebf890]::run_test::{closure#1}, ()>
[INFO] [stdout]   19:     0x6340799c84f2 - <std[104cf6e2632825ea]::thread::lifecycle::spawn_unchecked<test[73009c9f9aebf890]::run_test::{closure#1}, ()>::{closure#1} as core[7c831bd917ebf35f]::ops::function::FnOnce<()>>::call_once::{shim:vtable#0}
[INFO] [stdout]   20:     0x634079a3c779 - <std[104cf6e2632825ea]::sys::thread::unix::Thread>::new::thread_start
[INFO] [stdout]   21:     0x79964fac307a - <unknown>
[INFO] [stdout]   22:     0x79964fb56534 - clone
[INFO] [stdout]   23:                0x0 - <unknown>
[INFO] [stdout] 
[INFO] [stdout] 
[INFO] [stdout] failures:
[INFO] [stdout]     tests::test_date_valid_path_ex1
[INFO] [stdout]     tests::test_date_valid_path_ex2
[INFO] [stdout]     tests::test_date_valid_path_ex3
[INFO] [stdout] 
[INFO] [stdout] test result: FAILED. 7 passed; 3 failed; 0 ignored; 0 measured; 0 filtered out; finished in 0.01s
[INFO] [stdout] 
[INFO] running `Command { std: "docker" "inspect" "314a0368105c6e3da1bdd1e4a2941e0c4660c02745558380c704782a8be1e74b", kill_on_drop: false }`
[INFO] running `Command { std: "docker" "rm" "-f" "314a0368105c6e3da1bdd1e4a2941e0c4660c02745558380c704782a8be1e74b", kill_on_drop: false }`
[INFO] [stdout] 314a0368105c6e3da1bdd1e4a2941e0c4660c02745558380c704782a8be1e74b
