[INFO] cloning repository https://github.com/mcmah309/eros
[INFO] running `Command { std: "git" "-c" "credential.helper=" "-c" "credential.helper=/workspace/cargo-home/bin/git-credential-null" "clone" "--bare" "https://github.com/mcmah309/eros" "/workspace/cache/git-repos/https%3A%2F%2Fgithub.com%2Fmcmah309%2Feros", kill_on_drop: false }`
[INFO] [stderr] Cloning into bare repository '/workspace/cache/git-repos/https%3A%2F%2Fgithub.com%2Fmcmah309%2Feros'...
[INFO] running `Command { std: "git" "rev-parse" "HEAD", kill_on_drop: false }`
[INFO] [stdout] e75c1b402e061755428503b7b9e67366042e6f5c
[INFO] testing mcmah309/eros against 1.98.0-beta.8+cargoflags=--release for beta-release-1.99-2
[INFO] running `Command { std: "git" "clone" "/workspace/cache/git-repos/https%3A%2F%2Fgithub.com%2Fmcmah309%2Feros" "/workspace/builds/worker-3-tc1/source", kill_on_drop: false }`
[INFO] [stderr] Cloning into '/workspace/builds/worker-3-tc1/source'...
[INFO] [stderr] done.
[INFO] started tweaking git repo https://github.com/mcmah309/eros
[INFO] finished tweaking git repo https://github.com/mcmah309/eros
[INFO] tweaked toml for git repo https://github.com/mcmah309/eros written to /workspace/builds/worker-3-tc1/source/Cargo.toml
[INFO] validating manifest of git repo https://github.com/mcmah309/eros on toolchain 1.98.0-beta.8
[INFO] running `Command { std: CARGO_HOME="/workspace/cargo-home" RUSTUP_HOME="/workspace/rustup-home" "/workspace/cargo-home/bin/cargo" "+1.98.0-beta.8" "metadata" "--manifest-path" "Cargo.toml" "--no-deps", kill_on_drop: false }`
[INFO] crate git repo https://github.com/mcmah309/eros already has a lockfile, it will not be regenerated
[INFO] running `Command { std: CARGO_HOME="/workspace/cargo-home" RUSTUP_HOME="/workspace/rustup-home" "/workspace/cargo-home/bin/cargo" "+1.98.0-beta.8" "fetch" "--manifest-path" "Cargo.toml", kill_on_drop: false }`
[INFO] [stderr]     Updating crates.io index
[INFO] [stderr]  Downloading crates ...
[INFO] [stderr]   Downloaded target-triple v1.0.0
[INFO] [stderr]   Downloaded wasm-bindgen-shared v0.2.123
[INFO] [stderr]   Downloaded trybuild v1.0.116
[INFO] [stderr]   Downloaded wasm-bindgen v0.2.123
[INFO] [stderr]   Downloaded wasm-bindgen-macro v0.2.123
[INFO] [stderr]   Downloaded wasm-bindgen-futures v0.4.73
[INFO] [stderr]   Downloaded btparse v0.2.0
[INFO] [stderr]   Downloaded color-backtrace v0.7.2
[INFO] [stderr]   Downloaded wasm-bindgen-macro-support v0.2.123
[INFO] [stderr]   Downloaded js-sys v0.3.100
[INFO] [stderr]   Downloaded web-sys v0.3.100
[INFO] running `Command { std: "docker" "create" "-v" "/var/lib/crater-agent-workspace/builds/worker-3-tc1/source:/opt/rustwide/workdir:ro,Z" "-v" "/var/lib/crater-agent-workspace/builds/worker-3-tc1/target:/opt/rustwide/target:rw,Z" "-v" "/var/lib/crater-agent-workspace/cargo-home:/opt/rustwide/cargo-home:ro,Z" "-v" "/var/lib/crater-agent-workspace/rustup-home:/opt/rustwide/rustup-home:ro,Z" "-m" "1610612736" "--network" "none" "ghcr.io/rust-lang/crates-build-env/linux@sha256:8683fc1fc2eb5c9ac98e0d076ab094b2ffac7f99da555d2b6a2e27f346de2ec7" "sleep" "infinity", kill_on_drop: false }`
[INFO] [stdout] a1f66ab8ec54296cf31841b22cc3507a149b0591280bb259710dead8584ab82f
[INFO] running `Command { std: "docker" "start" "a1f66ab8ec54296cf31841b22cc3507a149b0591280bb259710dead8584ab82f", kill_on_drop: false }`
[INFO] running `Command { std: "docker" "inspect" "a1f66ab8ec54296cf31841b22cc3507a149b0591280bb259710dead8584ab82f", kill_on_drop: false }`
[INFO] running `Command { std: "docker" "exec" "-e" "SOURCE_DIR=/opt/rustwide/workdir" "-e" "CARGO_HOME=/opt/rustwide/cargo-home" "-e" "RUSTUP_HOME=/opt/rustwide/rustup-home" "-e" "CARGO_TARGET_DIR=/opt/rustwide/target" "-w" "/opt/rustwide/workdir" "--user" "0:0" "a1f66ab8ec54296cf31841b22cc3507a149b0591280bb259710dead8584ab82f" "/opt/rustwide/cargo-home/bin/cargo" "+1.98.0-beta.8" "metadata" "--no-deps" "--format-version=1", kill_on_drop: false }`
[INFO] running `Command { std: "docker" "inspect" "a1f66ab8ec54296cf31841b22cc3507a149b0591280bb259710dead8584ab82f", kill_on_drop: false }`
[INFO] running `Command { std: "docker" "exec" "-e" "SOURCE_DIR=/opt/rustwide/workdir" "-e" "CARGO_HOME=/opt/rustwide/cargo-home" "-e" "RUSTUP_HOME=/opt/rustwide/rustup-home" "-e" "CARGO_TARGET_DIR=/opt/rustwide/target" "-e" "CARGO_INCREMENTAL=0" "-e" "RUST_BACKTRACE=full" "-e" "RUSTFLAGS=--cap-lints=warn" "-e" "RUSTDOCFLAGS=--cap-lints=warn" "-w" "/opt/rustwide/workdir" "--user" "0:0" "a1f66ab8ec54296cf31841b22cc3507a149b0591280bb259710dead8584ab82f" "/opt/rustwide/cargo-home/bin/cargo" "+1.98.0-beta.8" "build" "--frozen" "--message-format=json" "--release", kill_on_drop: false }`
[INFO] [stderr]    Compiling eros v0.7.0 (/opt/rustwide/workdir/rs/eros)
[INFO] [stderr]    Compiling syn v2.0.117
[INFO] [stderr]    Compiling eros-macros v0.7.0 (/opt/rustwide/workdir/rs/eros-macros)
[INFO] [stderr]    Compiling eros-no-std-test v0.1.0 (/opt/rustwide/workdir/rs/eros-no-std-test)
[INFO] [stderr]     Finished `release` profile [optimized] target(s) in 8.41s
[INFO] running `Command { std: "docker" "inspect" "a1f66ab8ec54296cf31841b22cc3507a149b0591280bb259710dead8584ab82f", kill_on_drop: false }`
[INFO] running `Command { std: "docker" "exec" "-e" "SOURCE_DIR=/opt/rustwide/workdir" "-e" "CARGO_HOME=/opt/rustwide/cargo-home" "-e" "RUSTUP_HOME=/opt/rustwide/rustup-home" "-e" "CARGO_TARGET_DIR=/opt/rustwide/target" "-e" "CARGO_INCREMENTAL=0" "-e" "RUST_BACKTRACE=full" "-e" "RUSTFLAGS=--cap-lints=warn" "-e" "RUSTDOCFLAGS=--cap-lints=warn" "-w" "/opt/rustwide/workdir" "--user" "0:0" "a1f66ab8ec54296cf31841b22cc3507a149b0591280bb259710dead8584ab82f" "/opt/rustwide/cargo-home/bin/cargo" "+1.98.0-beta.8" "test" "--frozen" "--no-run" "--message-format=json" "--release", kill_on_drop: false }`
[INFO] [stderr]    Compiling cc v1.2.63
[INFO] [stderr]    Compiling http v1.4.2
[INFO] [stderr]    Compiling bitflags v2.13.0
[INFO] [stderr]    Compiling syn v2.0.117
[INFO] [stderr]    Compiling parking_lot_core v0.9.12
[INFO] [stderr]    Compiling futures-util v0.3.32
[INFO] [stderr]    Compiling serde v1.0.228
[INFO] [stderr]    Compiling log v0.4.32
[INFO] [stderr]    Compiling winnow v1.0.3
[INFO] [stderr]    Compiling target-triple v1.0.0
[INFO] [stderr]    Compiling serde_spanned v1.1.1
[INFO] [stderr]    Compiling toml_datetime v1.1.1+spec-1.1.0
[INFO] [stderr]    Compiling toml_writer v1.1.1+spec-1.1.0
[INFO] [stderr]    Compiling serde_json v1.0.150
[INFO] [stderr]    Compiling glob v0.3.3
[INFO] [stderr]    Compiling termcolor v1.4.1
[INFO] [stderr]    Compiling smallvec v1.15.2
[INFO] [stderr]    Compiling errno v0.3.14
[INFO] [stderr]    Compiling proc-macro2 v1.0.106
[INFO] [stderr]    Compiling eros v0.7.0 (/opt/rustwide/workdir/rs/eros)
[INFO] [stderr]    Compiling unicode-ident v1.0.24
[INFO] [stderr]    Compiling signal-hook-registry v1.4.8
[INFO] [stderr]    Compiling parking_lot v0.12.5
[INFO] [stderr]    Compiling quote v1.0.45
[INFO] [stderr]    Compiling toml_parser v1.1.2+spec-1.1.0
[INFO] [stderr]    Compiling serde_urlencoded v0.7.1
[INFO] [stderr]    Compiling toml v1.1.2+spec-1.1.0
[INFO] [stderr]    Compiling http-body v1.0.1
[INFO] [stderr]    Compiling openssl-sys v0.9.116
[INFO] [stderr]    Compiling http-body-util v0.1.3
[INFO] [stderr]    Compiling openssl v0.10.80
[INFO] [stderr]    Compiling native-tls v0.2.18
[INFO] [stderr]    Compiling synstructure v0.13.2
[INFO] [stderr]    Compiling zerofrom-derive v0.1.7
[INFO] [stderr]    Compiling yoke-derive v0.8.2
[INFO] [stderr]    Compiling tokio-macros v2.7.0
[INFO] [stderr]    Compiling zerovec-derive v0.11.3
[INFO] [stderr]    Compiling displaydoc v0.2.6
[INFO] [stderr]    Compiling eros-macros v0.7.0 (/opt/rustwide/workdir/rs/eros-macros)
[INFO] [stderr]    Compiling openssl-macros v0.1.1
[INFO] [stderr]    Compiling serde_derive v1.0.228
[INFO] [stderr]    Compiling tokio v1.52.3
[INFO] [stderr]    Compiling zerofrom v0.1.8
[INFO] [stderr]    Compiling yoke v0.8.3
[INFO] [stderr]    Compiling zerovec v0.11.6
[INFO] [stderr]    Compiling zerotrie v0.2.4
[INFO] [stderr]    Compiling eros-no-std-test v0.1.0 (/opt/rustwide/workdir/rs/eros-no-std-test)
[INFO] [stderr]    Compiling tinystr v0.8.3
[INFO] [stderr]    Compiling potential_utf v0.1.5
[INFO] [stderr]    Compiling icu_collections v2.2.0
[INFO] [stderr]    Compiling icu_locale_core v2.2.0
[INFO] [stderr]    Compiling icu_provider v2.2.0
[INFO] [stderr]    Compiling icu_normalizer v2.2.0
[INFO] [stderr]    Compiling icu_properties v2.2.0
[INFO] [stderr]    Compiling trybuild v1.0.116
[INFO] [stderr]    Compiling idna_adapter v1.2.2
[INFO] [stderr]    Compiling idna v1.1.0
[INFO] [stderr]    Compiling url v2.5.8
[INFO] [stderr]    Compiling tokio-util v0.7.18
[INFO] [stderr]    Compiling tokio-native-tls v0.3.1
[INFO] [stderr]    Compiling tower v0.5.3
[INFO] [stderr]    Compiling h2 v0.4.14
[INFO] [stderr]    Compiling tower-http v0.6.11
[INFO] [stderr]    Compiling hyper v1.10.1
[INFO] [stderr]    Compiling hyper-util v0.1.20
[INFO] [stderr]    Compiling hyper-tls v0.6.0
[INFO] [stderr]    Compiling reqwest v0.12.28
[INFO] [stderr]     Finished `release` profile [optimized] target(s) in 1m 48s
[INFO] running `Command { std: "docker" "inspect" "a1f66ab8ec54296cf31841b22cc3507a149b0591280bb259710dead8584ab82f", kill_on_drop: false }`
[INFO] running `Command { std: "docker" "exec" "-e" "SOURCE_DIR=/opt/rustwide/workdir" "-e" "CARGO_HOME=/opt/rustwide/cargo-home" "-e" "RUSTUP_HOME=/opt/rustwide/rustup-home" "-e" "CARGO_TARGET_DIR=/opt/rustwide/target" "-e" "CARGO_INCREMENTAL=0" "-e" "RUST_BACKTRACE=full" "-e" "RUSTFLAGS=--cap-lints=warn" "-e" "RUSTDOCFLAGS=--cap-lints=warn" "-w" "/opt/rustwide/workdir" "--user" "0:0" "a1f66ab8ec54296cf31841b22cc3507a149b0591280bb259710dead8584ab82f" "/opt/rustwide/cargo-home/bin/cargo" "+1.98.0-beta.8" "test" "--frozen" "--release", kill_on_drop: false }`
[INFO] [stderr]     Finished `release` profile [optimized] target(s) in 0.25s
[INFO] [stderr]      Running unittests src/lib.rs (/opt/rustwide/target/release/deps/eros-ab589efb0f3cdd2c)
[INFO] [stdout] 
[INFO] [stdout] running 43 tests
[INFO] [stdout] test error_union::downcast_inner_tests::downcast_inner_correct_type_returns_some ... ok
[INFO] [stdout] test error_union::downcast_inner_tests::downcast_inner_mut_allows_mutation ... ok
[INFO] [stdout] test error_union::downcast_inner_tests::downcast_inner_mut_correct_type_returns_some ... ok
[INFO] [stdout] test error_union::downcast_inner_tests::downcast_inner_does_not_leak_or_double_drop ... ok
[INFO] [stdout] test error_union::downcast_inner_tests::downcast_inner_mut_multi_variant_bar ... ok
[INFO] [stdout] test error_union::downcast_inner_tests::downcast_inner_mut_wrong_type_returns_none ... ok
[INFO] [stdout] test error_union::downcast_inner_tests::downcast_inner_ref_multi_variant_bar ... ok
[INFO] [stdout] test error_union::downcast_inner_tests::downcast_inner_wrong_type_drops_value_without_leaking ... ok
[INFO] [stdout] test error_union::downcast_inner_tests::downcast_inner_wrong_type_returns_none ... ok
[INFO] [stdout] test error_union::latest_error_tests::latest_error_error_context_correct_concrete_type ... ok
[INFO] [stdout] test error_union::latest_error_tests::latest_error_multi_variant_union_with_error_context ... ok
[INFO] [stdout] test error_union::latest_error_tests::latest_error_skips_trailing_string_contexts_to_find_error_context ... ok
[INFO] [stdout] test error_union::latest_error_tests::latest_error_returns_most_recently_added_error_context ... ok
[INFO] [stdout] test error_union::latest_error_tests::latest_error_with_no_context_returns_correct_type ... ok
[INFO] [stdout] test error_union::latest_error_tests::latest_error_with_no_context_returns_inner ... ok
[INFO] [stdout] test error_union::tests::downcast_error_unchecked_correct_type_recovers_value ... ok
[INFO] [stdout] test error_union::tests::downcast_error_unchecked_does_not_leak_or_double_drop ... ok
[INFO] [stdout] test error_union::tests::from_dyn_error_preserves_context ... ok
[INFO] [stdout] test error_union::tests::from_dyn_error_wrong_type_returns_err ... ok
[INFO] [stdout] test error_union::latest_error_tests::latest_error_with_only_string_contexts_falls_back_to_inner ... ok
[INFO] [stdout] test error_union::tests::into_dyn_error_and_back_roundtrips ... ok
[INFO] [stdout] test error_union::latest_error_tests::latest_error_with_string_context_only_returns_inner ... ok
[INFO] [stdout] test error_union::latest_error_tests::latest_error_with_error_context_returns_context_error ... ok
[INFO] [stdout] test error_union::tests::downcast_error_unchecked_with_parts_preserves_context ... ok
[INFO] [stdout] test error_union::tests::downcast_error_unchecked_with_parts_correct_error_value ... ok
[INFO] [stdout] test error_union::downcast_inner_tests::downcast_inner_ref_correct_type_returns_some ... ok
[INFO] [stdout] test error_union::tests::into_dyn_error_display_delegates_to_inner ... ok
[INFO] [stdout] test error_union::tests::into_inner_dyn_error_differs_from_into_dyn_error ... ok
[INFO] [stdout] test error_union::tests::into_dyn_error_is_send_and_sync ... ok
[INFO] [stdout] test error_union::tests::into_inner_dyn_error_display_is_concrete_type ... ok
[INFO] [stdout] test error_union::tests::into_inner_dyn_error_does_not_leak_heap_allocation ... ok
[INFO] [stdout] test error_union::downcast_inner_tests::downcast_inner_ref_wrong_type_returns_none ... ok
[INFO] [stdout] test error_union::downcast_inner_tests::downcast_inner_ref_does_not_consume_union ... ok
[INFO] [stdout] test error_union::tests::into_inner_dyn_error_value_is_preserved ... ok
[INFO] [stdout] test error_union::tests::multi_variant_union_into_dyn_error_roundtrips ... ok
[INFO] [stdout] test user_context::tests::test_use_case ... ok
[INFO] [stdout] test error_union::tests::into_inner_dyn_error_not_roundtrippable_via_from_dyn_error ... ok
[INFO] [stdout] test error_union::tests::into_inner_dyn_error_is_send_and_sync ... ok
[INFO] [stdout] test error_union::tests::into_inner_dyn_error_multi_variant_foo ... ok
[INFO] [stdout] test error_union::tests::into_inner_dyn_error_returns_concrete_type_not_wrapper ... ok
[INFO] [stdout] test error_union::tests::into_inner_dyn_error_multi_variant_bar ... ok
[INFO] [stdout] test error_union::downcast_inner_tests::downcast_inner_multi_variant_correct_type ... ok
[INFO] [stdout] test error_union::tests::downcast_error_panics_on_wrong_type - should panic ... ok
[INFO] [stdout] 
[INFO] [stdout] test result: ok. 43 passed; 0 failed; 0 ignored; 0 measured; 0 filtered out; finished in 0.02s
[INFO] [stdout] 
[INFO] [stderr]      Running tests/context.rs (/opt/rustwide/target/release/deps/context-a762b39332e49062)
[INFO] [stdout] 
[INFO] [stdout] running 6 tests
[INFO] [stdout] test bail ... ok
[INFO] [stdout] test absent_value_error ... ok
[INFO] [stdout] test ensure ... ok
[INFO] [stdout] test generic_context_error_to_traced_error_union ... ok
[INFO] [stdout] test nesting_traced_dyn_calls ... ok
[INFO] [stdout] test error_union ... ok
[INFO] [stdout] 
[INFO] [stdout] test result: ok. 6 passed; 0 failed; 0 ignored; 0 measured; 0 filtered out; finished in 0.01s
[INFO] [stdout] 
[INFO] [stderr]      Running tests/trybuild.rs (/opt/rustwide/target/release/deps/trybuild-c522c47971c8d6ef)
[INFO] [stdout] 
[INFO] [stdout] running 1 test
[INFO] [stderr]    Compiling proc-macro2 v1.0.106
[INFO] [stderr]    Compiling unicode-ident v1.0.24
[INFO] [stderr]    Compiling quote v1.0.45
[INFO] [stderr]    Compiling libc v0.2.186
[INFO] [stderr]     Checking stable_deref_trait v1.2.1
[INFO] [stderr]     Checking pin-project-lite v0.2.17
[INFO] [stderr]     Checking bytes v1.11.1
[INFO] [stderr]     Checking futures-core v0.3.32
[INFO] [stderr]    Compiling find-msvc-tools v0.1.9
[INFO] [stderr]    Compiling shlex v2.0.1
[INFO] [stderr]     Checking itoa v1.0.18
[INFO] [stderr]    Compiling pkg-config v0.3.33
[INFO] [stderr]     Checking futures-sink v0.3.32
[INFO] [stderr]    Compiling vcpkg v0.2.15
[INFO] [stderr]     Checking litemap v0.8.2
[INFO] [stderr]     Checking smallvec v1.15.2
[INFO] [stderr]     Checking writeable v0.6.3
[INFO] [stderr]    Compiling icu_properties_data v2.2.0
[INFO] [stderr]     Checking slab v0.4.12
[INFO] [stderr]    Compiling icu_normalizer_data v2.2.0
[INFO] [stderr]     Checking utf8_iter v1.0.4
[INFO] [stderr]     Checking percent-encoding v2.3.2
[INFO] [stderr]     Checking once_cell v1.21.4
[INFO] [stderr]     Checking bitflags v2.13.0
[INFO] [stderr]     Checking futures-task v0.3.32
[INFO] [stderr]     Checking equivalent v1.0.2
[INFO] [stderr]    Compiling httparse v1.10.1
[INFO] [stderr]     Checking hashbrown v0.17.1
[INFO] [stderr]    Compiling openssl v0.10.80
[INFO] [stderr]     Checking cfg-if v1.0.4
[INFO] [stderr]     Checking futures-io v0.3.32
[INFO] [stderr]     Checking foreign-types-shared v0.1.1
[INFO] [stderr]     Checking tracing-core v0.1.36
[INFO] [stderr]     Checking http v1.4.2
[INFO] [stderr]     Checking memchr v2.8.2
[INFO] [stderr]    Compiling serde_core v1.0.228
[INFO] [stderr]     Checking foreign-types v0.3.2
[INFO] [stderr]     Checking fnv v1.0.7
[INFO] [stderr]     Checking atomic-waker v1.1.2
[INFO] [stderr]     Checking try-lock v0.2.5
[INFO] [stderr]    Compiling cc v1.2.63
[INFO] [stderr]     Checking tower-service v0.3.3
[INFO] [stderr]    Compiling native-tls v0.2.18
[INFO] [stderr]     Checking form_urlencoded v1.2.2
[INFO] [stderr]     Checking want v0.3.1
[INFO] [stderr]     Checking futures-channel v0.3.32
[INFO] [stderr]     Checking tracing v0.1.44
[INFO] [stderr]    Compiling serde v1.0.228
[INFO] [stderr]     Checking openssl-probe v0.2.1
[INFO] [stderr]     Checking log v0.4.32
[INFO] [stderr]     Checking sync_wrapper v1.0.2
[INFO] [stderr]     Checking base64 v0.22.1
[INFO] [stderr]     Checking ipnet v2.12.0
[INFO] [stderr]     Checking tower-layer v0.3.3
[INFO] [stderr]     Checking ryu v1.0.23
[INFO] [stderr]     Checking zeroize v1.8.2
[INFO] [stderr]     Checking indexmap v2.14.0
[INFO] [stderr]    Compiling eros v0.7.0 (/opt/rustwide/workdir/rs/eros)
[INFO] [stderr]     Checking encoding_rs v0.8.35
[INFO] [stderr]     Checking mime v0.3.17
[INFO] [stderr]     Checking rustls-pki-types v1.14.1
[INFO] [stderr]     Checking futures-util v0.3.32
[INFO] [stderr]    Compiling syn v2.0.117
[INFO] [stderr]     Checking http-body v1.0.1
[INFO] [stderr]     Checking http-body-util v0.1.3
[INFO] [stderr]     Checking mio v1.2.1
[INFO] [stderr]     Checking socket2 v0.6.4
[INFO] [stderr]     Checking tokio v1.52.3
[INFO] [stderr]    Compiling openssl-sys v0.9.116
[INFO] [stderr]    Compiling synstructure v0.13.2
[INFO] [stderr]    Compiling zerovec-derive v0.11.3
[INFO] [stderr]    Compiling displaydoc v0.2.6
[INFO] [stderr]    Compiling openssl-macros v0.1.1
[INFO] [stderr]    Compiling eros-macros v0.7.0 (/opt/rustwide/workdir/rs/eros-macros)
[INFO] [stderr]    Compiling zerofrom-derive v0.1.7
[INFO] [stderr]    Compiling yoke-derive v0.8.2
[INFO] [stderr]     Checking serde_urlencoded v0.7.1
[INFO] [stderr]     Checking zerofrom v0.1.8
[INFO] [stderr]     Checking yoke v0.8.3
[INFO] [stderr]     Checking zerotrie v0.2.4
[INFO] [stderr]     Checking zerovec v0.11.6
[INFO] [stderr]     Checking tinystr v0.8.3
[INFO] [stderr]     Checking potential_utf v0.1.5
[INFO] [stderr]     Checking icu_collections v2.2.0
[INFO] [stderr]     Checking icu_locale_core v2.2.0
[INFO] [stderr]     Checking tokio-util v0.7.18
[INFO] [stderr]     Checking tower v0.5.3
[INFO] [stderr]     Checking tokio-native-tls v0.3.1
[INFO] [stderr]     Checking h2 v0.4.14
[INFO] [stderr]     Checking icu_provider v2.2.0
[INFO] [stderr]     Checking icu_properties v2.2.0
[INFO] [stderr]     Checking icu_normalizer v2.2.0
[INFO] [stderr]     Checking idna_adapter v1.2.2
[INFO] [stderr]     Checking idna v1.1.0
[INFO] [stderr]     Checking url v2.5.8
[INFO] [stderr]     Checking tower-http v0.6.11
[INFO] [stderr]     Checking hyper v1.10.1
[INFO] [stderr]     Checking hyper-util v0.1.20
[INFO] [stderr]     Checking hyper-tls v0.6.0
[INFO] [stderr]     Checking reqwest v0.12.28
[INFO] [stderr]     Checking eros-tests v0.0.0 (/opt/rustwide/target/tests/trybuild/eros)
[INFO] [stderr]     Finished `dev` profile [unoptimized + debuginfo] target(s) in 29.68s
[INFO] [stderr] 
[INFO] [stderr] 
[INFO] [stderr] test tests/trybuild/cannot_call_union_on_traced_union.rs ... ok
[INFO] [stderr] test tests/trybuild/cannot_call_union_on_traced_union_result.rs ... mismatch
[INFO] [stderr] 
[INFO] [stderr] EXPECTED:
[INFO] [stderr] ┈┈┈┈┈┈┈┈┈┈┈┈┈┈┈┈┈┈┈┈┈┈┈┈┈┈┈┈┈┈┈┈┈┈┈┈┈┈┈┈┈┈┈┈┈┈┈┈┈┈┈┈┈┈┈┈┈┈┈┈
[INFO] [stderr] error[E0599]: the method `into_union` exists for enum `Result<(), ErrorUnion>`, but its trait bounds were not satisfied
[INFO] [stderr]  --> tests/trybuild/cannot_call_union_on_traced_union_result.rs:8:25
[INFO] [stderr]   |
[INFO] [stderr] 8 |     let _error = result.into_union();
[INFO] [stderr]   |                         ^^^^^^^^^^
[INFO] [stderr]   |
[INFO] [stderr]  ::: $RUST/core/src/result.rs
[INFO] [stderr]   |
[INFO] [stderr]   | pub enum Result<T, E> {
[INFO] [stderr]   | --------------------- doesn't satisfy `Result<(), ErrorUnion>: IntoUnion<(), ErrorUnion>`
[INFO] [stderr]   |
[INFO] [stderr]  ::: src/error_union.rs
[INFO] [stderr]   |
[INFO] [stderr]   | pub struct ErrorUnion<E: TypeSet = AnyError> {
[INFO] [stderr]   | -------------------------------------------- doesn't satisfy `ErrorUnion: SendSyncError`
[INFO] [stderr]   |
[INFO] [stderr]   = note: the following trait bounds were not satisfied:
[INFO] [stderr]           `ErrorUnion: SendSyncError`
[INFO] [stderr]           which is required by `Result<(), ErrorUnion>: IntoUnion<(), ErrorUnion>`
[INFO] [stderr] ┈┈┈┈┈┈┈┈┈┈┈┈┈┈┈┈┈┈┈┈┈┈┈┈┈┈┈┈┈┈┈┈┈┈┈┈┈┈┈┈┈┈┈┈┈┈┈┈┈┈┈┈┈┈┈┈┈┈┈┈
[INFO] [stderr] 
[INFO] [stderr] ACTUAL OUTPUT:
[INFO] [stderr] ┈┈┈┈┈┈┈┈┈┈┈┈┈┈┈┈┈┈┈┈┈┈┈┈┈┈┈┈┈┈┈┈┈┈┈┈┈┈┈┈┈┈┈┈┈┈┈┈┈┈┈┈┈┈┈┈┈┈┈┈
[INFO] [stderr] error[E0599]: the method `into_union` exists for enum `Result<(), ErrorUnion>`, but its trait bounds were not satisfied
[INFO] [stderr]  --> tests/trybuild/cannot_call_union_on_traced_union_result.rs:8:25
[INFO] [stderr]   |
[INFO] [stderr] 8 |     let _error = result.into_union();
[INFO] [stderr]   |                         ^^^^^^^^^^
[INFO] [stderr]   |
[INFO] [stderr]  ::: src/error_union.rs
[INFO] [stderr]   |
[INFO] [stderr]   | pub struct ErrorUnion<E: TypeSet = AnyError> {
[INFO] [stderr]   | -------------------------------------------- doesn't satisfy `ErrorUnion: SendSyncError`
[INFO] [stderr]   |
[INFO] [stderr]   = note: the following trait bounds were not satisfied:
[INFO] [stderr]           `ErrorUnion: SendSyncError`
[INFO] [stderr]           which is required by `Result<(), ErrorUnion>: IntoUnion<(), ErrorUnion>`
[INFO] [stderr] ┈┈┈┈┈┈┈┈┈┈┈┈┈┈┈┈┈┈┈┈┈┈┈┈┈┈┈┈┈┈┈┈┈┈┈┈┈┈┈┈┈┈┈┈┈┈┈┈┈┈┈┈┈┈┈┈┈┈┈┈
[INFO] [stderr] note: If the actual output is the correct output you can bless it by rerunning
[INFO] [stderr]       your test with the environment variable TRYBUILD=overwrite
[INFO] [stderr] 
[INFO] [stderr] test tests/trybuild/error_union_with_non_error_does_not_implement_error.rs ... ok
[INFO] [stderr] 
[INFO] [stderr] 
[INFO] [stdout] test trybuild ... FAILED
[INFO] [stdout] 
[INFO] [stdout] failures:
[INFO] [stderr] error: test failed, to rerun pass `-p eros --test trybuild`
[INFO] [stdout] 
[INFO] [stdout] ---- trybuild stdout ----
[INFO] [stdout] 
[INFO] [stdout] thread 'trybuild' (1940) panicked at /opt/rustwide/cargo-home/registry/src/index.crates.io-1949cf8c6b5b557f/trybuild-1.0.116/src/run.rs:102:13:
[INFO] [stdout] 1 of 3 tests failed
[INFO] [stdout] stack backtrace:
[INFO] [stdout]    0:     0x5966a95f3e01 - <<std[97b98282bc616a66]::sys::backtrace::BacktraceLock>::print::DisplayBacktrace as core[832e9a552fc17241]::fmt::Display>::fmt
[INFO] [stdout]    1:     0x5966a9609faa - core[832e9a552fc17241]::fmt::write
[INFO] [stdout]    2:     0x5966a95f894c - <alloc[3ecab9f82c41dc7d]::vec::Vec<u8> as std[97b98282bc616a66]::io::Write>::write_fmt
[INFO] [stdout]    3:     0x5966a95cf416 - std[97b98282bc616a66]::panicking::default_hook::{closure#0}
[INFO] [stdout]    4:     0x5966a95eaf09 - std[97b98282bc616a66]::panicking::default_hook
[INFO] [stdout]    5:     0x5966a9582e60 - test[39766f3d73431624]::test_main_inner::<test[39766f3d73431624]::test_main_static::{closure#0}>::{closure#0}
[INFO] [stdout]    6:     0x5966a95eb0c2 - std[97b98282bc616a66]::panicking::panic_with_hook
[INFO] [stdout]    7:     0x5966a95cf4c2 - std[97b98282bc616a66]::panicking::panic_handler::{closure#0}
[INFO] [stdout]    8:     0x5966a95c6959 - std[97b98282bc616a66]::sys::backtrace::__rust_end_short_backtrace::<std[97b98282bc616a66]::panicking::panic_handler::{closure#0}, !>
[INFO] [stdout]    9:     0x5966a95d00bd - __rustc[e3d8617bb01b7f69]::rust_begin_unwind
[INFO] [stdout]   10:     0x5966a960a71c - core[832e9a552fc17241]::panicking::panic_fmt
[INFO] [stdout]   11:     0x5966a94d3928 - <trybuild[59859a681e11aa98]::Runner>::run
[INFO] [stdout]   12:     0x5966a94d6bd0 - <trybuild[59859a681e11aa98]::TestCases as core[832e9a552fc17241]::ops::drop::Drop>::drop
[INFO] [stdout]   13:     0x5966a94cdf38 - trybuild[313ef2fc1f91c59d]::trybuild
[INFO] [stdout]   14:     0x5966a94ce139 - <trybuild[313ef2fc1f91c59d]::trybuild::{closure#0} as core[832e9a552fc17241]::ops::function::FnOnce<()>>::call_once
[INFO] [stdout]   15:     0x5966a957619b - test[39766f3d73431624]::__rust_begin_short_backtrace::<core[832e9a552fc17241]::result::Result<(), alloc[3ecab9f82c41dc7d]::string::String>, fn() -> core[832e9a552fc17241]::result::Result<(), alloc[3ecab9f82c41dc7d]::string::String>>
[INFO] [stdout]   16:     0x5966a95837e5 - test[39766f3d73431624]::run_test::{closure#0}
[INFO] [stdout]   17:     0x5966a957e294 - std[97b98282bc616a66]::sys::backtrace::__rust_begin_short_backtrace::<test[39766f3d73431624]::run_test::{closure#1}, ()>
[INFO] [stdout]   18:     0x5966a9586932 - <std[97b98282bc616a66]::thread::lifecycle::spawn_unchecked<test[39766f3d73431624]::run_test::{closure#1}, ()>::{closure#1} as core[832e9a552fc17241]::ops::function::FnOnce<()>>::call_once::{shim:vtable#0}
[INFO] [stdout]   19:     0x5966a95f305f - <std[97b98282bc616a66]::sys::thread::unix::Thread>::new::thread_start
[INFO] [stdout]   20:     0x71bf3390207a - <unknown>
[INFO] [stdout]   21:     0x71bf33995534 - clone
[INFO] [stdout]   22:                0x0 - <unknown>
[INFO] [stdout] 
[INFO] [stdout] 
[INFO] [stdout] failures:
[INFO] [stdout]     trybuild
[INFO] [stdout] 
[INFO] [stdout] test result: FAILED. 0 passed; 1 failed; 0 ignored; 0 measured; 0 filtered out; finished in 53.73s
[INFO] [stdout] 
[INFO] running `Command { std: "docker" "inspect" "a1f66ab8ec54296cf31841b22cc3507a149b0591280bb259710dead8584ab82f", kill_on_drop: false }`
[INFO] running `Command { std: "docker" "rm" "-f" "a1f66ab8ec54296cf31841b22cc3507a149b0591280bb259710dead8584ab82f", kill_on_drop: false }`
[INFO] [stdout] a1f66ab8ec54296cf31841b22cc3507a149b0591280bb259710dead8584ab82f
