[INFO] cloning repository https://github.com/mchwalek/aoc2022
[INFO] running `Command { std: "git" "-c" "credential.helper=" "-c" "credential.helper=/workspace/cargo-home/bin/git-credential-null" "clone" "--bare" "https://github.com/mchwalek/aoc2022" "/workspace/cache/git-repos/https%3A%2F%2Fgithub.com%2Fmchwalek%2Faoc2022", kill_on_drop: false }`
[INFO] [stderr] Cloning into bare repository '/workspace/cache/git-repos/https%3A%2F%2Fgithub.com%2Fmchwalek%2Faoc2022'...
[INFO] running `Command { std: "git" "rev-parse" "HEAD", kill_on_drop: false }`
[INFO] [stdout] 2e6dfdf4ec82b103ef4318aa7cfea73aa2410e2e
[INFO] testing mchwalek/aoc2022 against 1.99.0-beta.1+cargoflags=--release for beta-release-1.99-2
[INFO] running `Command { std: "git" "clone" "/workspace/cache/git-repos/https%3A%2F%2Fgithub.com%2Fmchwalek%2Faoc2022" "/workspace/builds/worker-7-tc2/source", kill_on_drop: false }`
[INFO] [stderr] Cloning into '/workspace/builds/worker-7-tc2/source'...
[INFO] [stderr] done.
[INFO] started tweaking git repo https://github.com/mchwalek/aoc2022
[INFO] finished tweaking git repo https://github.com/mchwalek/aoc2022
[INFO] tweaked toml for git repo https://github.com/mchwalek/aoc2022 written to /workspace/builds/worker-7-tc2/source/Cargo.toml
[INFO] validating manifest of git repo https://github.com/mchwalek/aoc2022 on toolchain 1.99.0-beta.1
[INFO] running `Command { std: CARGO_HOME="/workspace/cargo-home" RUSTUP_HOME="/workspace/rustup-home" "/workspace/cargo-home/bin/cargo" "+1.99.0-beta.1" "metadata" "--manifest-path" "Cargo.toml" "--no-deps", kill_on_drop: false }`
[INFO] crate git repo https://github.com/mchwalek/aoc2022 already has a lockfile, it will not be regenerated
[INFO] running `Command { std: CARGO_HOME="/workspace/cargo-home" RUSTUP_HOME="/workspace/rustup-home" "/workspace/cargo-home/bin/cargo" "+1.99.0-beta.1" "fetch" "--manifest-path" "Cargo.toml", kill_on_drop: false }`
[INFO] running `Command { std: "docker" "create" "-v" "/var/lib/crater-agent-workspace/builds/worker-7-tc2/source:/opt/rustwide/workdir:ro,Z" "-v" "/var/lib/crater-agent-workspace/builds/worker-7-tc2/target:/opt/rustwide/target:rw,Z" "-v" "/var/lib/crater-agent-workspace/cargo-home:/opt/rustwide/cargo-home:ro,Z" "-v" "/var/lib/crater-agent-workspace/rustup-home:/opt/rustwide/rustup-home:ro,Z" "-m" "1610612736" "--network" "none" "ghcr.io/rust-lang/crates-build-env/linux@sha256:8683fc1fc2eb5c9ac98e0d076ab094b2ffac7f99da555d2b6a2e27f346de2ec7" "sleep" "infinity", kill_on_drop: false }`
[INFO] [stdout] 84cf04de0dd6777b0cd8bff64954fb007476339be1956f303fde7204d55642b9
[INFO] running `Command { std: "docker" "start" "84cf04de0dd6777b0cd8bff64954fb007476339be1956f303fde7204d55642b9", kill_on_drop: false }`
[INFO] running `Command { std: "docker" "inspect" "84cf04de0dd6777b0cd8bff64954fb007476339be1956f303fde7204d55642b9", kill_on_drop: false }`
[INFO] running `Command { std: "docker" "exec" "-e" "SOURCE_DIR=/opt/rustwide/workdir" "-e" "CARGO_HOME=/opt/rustwide/cargo-home" "-e" "RUSTUP_HOME=/opt/rustwide/rustup-home" "-e" "CARGO_TARGET_DIR=/opt/rustwide/target" "-w" "/opt/rustwide/workdir" "--user" "0:0" "84cf04de0dd6777b0cd8bff64954fb007476339be1956f303fde7204d55642b9" "/opt/rustwide/cargo-home/bin/cargo" "+1.99.0-beta.1" "metadata" "--no-deps" "--format-version=1", kill_on_drop: false }`
[INFO] running `Command { std: "docker" "inspect" "84cf04de0dd6777b0cd8bff64954fb007476339be1956f303fde7204d55642b9", kill_on_drop: false }`
[INFO] running `Command { std: "docker" "exec" "-e" "SOURCE_DIR=/opt/rustwide/workdir" "-e" "CARGO_HOME=/opt/rustwide/cargo-home" "-e" "RUSTUP_HOME=/opt/rustwide/rustup-home" "-e" "CARGO_TARGET_DIR=/opt/rustwide/target" "-e" "CARGO_INCREMENTAL=0" "-e" "RUST_BACKTRACE=full" "-e" "RUSTFLAGS=--cap-lints=warn" "-e" "RUSTDOCFLAGS=--cap-lints=warn" "-w" "/opt/rustwide/workdir" "--user" "0:0" "84cf04de0dd6777b0cd8bff64954fb007476339be1956f303fde7204d55642b9" "/opt/rustwide/cargo-home/bin/cargo" "+1.99.0-beta.1" "build" "--frozen" "--message-format=json" "--release", kill_on_drop: false }`
[INFO] [stderr]    Compiling memchr v2.6.3
[INFO] [stderr]    Compiling regex-syntax v0.7.5
[INFO] [stderr]    Compiling equivalent v1.0.1
[INFO] [stderr]    Compiling either v1.9.0
[INFO] [stderr]    Compiling hashbrown v0.14.1
[INFO] [stderr]    Compiling itertools v0.11.0
[INFO] [stderr]    Compiling aho-corasick v1.1.1
[INFO] [stderr]    Compiling indexmap v2.0.2
[INFO] [stderr]    Compiling regex-automata v0.3.8
[INFO] [stderr]    Compiling regex v1.9.5
[INFO] [stderr]    Compiling aoc2022 v0.1.0 (/opt/rustwide/workdir)
[INFO] [stdout] warning: hiding a lifetime that's elided elsewhere is confusing
[INFO] [stdout]   --> src/day5/crate_stacks.rs:52:19
[INFO] [stdout]    |
[INFO] [stdout] 52 |     pub fn update(&self, commands: Commands, pop_order: Order) -> Result<CrateStacks, String> {
[INFO] [stdout]    |                   ^^^^^ the lifetime is elided here                      ^^^^^^^^^^^ the same lifetime is hidden here
[INFO] [stdout]    |
[INFO] [stdout]    = help: the same lifetime is referred to in inconsistent ways, making the signature confusing
[INFO] [stdout]    = note: `#[warn(mismatched_lifetime_syntaxes)]` on by default
[INFO] [stdout] help: use `'_` for type paths
[INFO] [stdout]    |
[INFO] [stdout] 52 |     pub fn update(&self, commands: Commands, pop_order: Order) -> Result<CrateStacks<'_>, String> {
[INFO] [stdout]    |                                                                                     ++++
[INFO] [stdout] 
[INFO] [stdout] 
[INFO] [stderr]     Finished `release` profile [optimized] target(s) in 36.75s
[INFO] running `Command { std: "docker" "inspect" "84cf04de0dd6777b0cd8bff64954fb007476339be1956f303fde7204d55642b9", kill_on_drop: false }`
[INFO] running `Command { std: "docker" "exec" "-e" "SOURCE_DIR=/opt/rustwide/workdir" "-e" "CARGO_HOME=/opt/rustwide/cargo-home" "-e" "RUSTUP_HOME=/opt/rustwide/rustup-home" "-e" "CARGO_TARGET_DIR=/opt/rustwide/target" "-e" "CARGO_INCREMENTAL=0" "-e" "RUST_BACKTRACE=full" "-e" "RUSTFLAGS=--cap-lints=warn" "-e" "RUSTDOCFLAGS=--cap-lints=warn" "-w" "/opt/rustwide/workdir" "--user" "0:0" "84cf04de0dd6777b0cd8bff64954fb007476339be1956f303fde7204d55642b9" "/opt/rustwide/cargo-home/bin/cargo" "+1.99.0-beta.1" "test" "--frozen" "--no-run" "--message-format=json" "--release", kill_on_drop: false }`
[INFO] [stderr]    Compiling aoc2022 v0.1.0 (/opt/rustwide/workdir)
[INFO] [stdout] warning: hiding a lifetime that's elided elsewhere is confusing
[INFO] [stdout]   --> src/day5/crate_stacks.rs:52:19
[INFO] [stdout]    |
[INFO] [stdout] 52 |     pub fn update(&self, commands: Commands, pop_order: Order) -> Result<CrateStacks, String> {
[INFO] [stdout]    |                   ^^^^^ the lifetime is elided here                      ^^^^^^^^^^^ the same lifetime is hidden here
[INFO] [stdout]    |
[INFO] [stdout]    = help: the same lifetime is referred to in inconsistent ways, making the signature confusing
[INFO] [stdout]    = note: `#[warn(mismatched_lifetime_syntaxes)]` on by default
[INFO] [stdout] help: use `'_` for type paths
[INFO] [stdout]    |
[INFO] [stdout] 52 |     pub fn update(&self, commands: Commands, pop_order: Order) -> Result<CrateStacks<'_>, String> {
[INFO] [stdout]    |                                                                                     ++++
[INFO] [stdout] 
[INFO] [stdout] 
[INFO] [stderr]     Finished `release` profile [optimized] target(s) in 6.91s
[INFO] running `Command { std: "docker" "inspect" "84cf04de0dd6777b0cd8bff64954fb007476339be1956f303fde7204d55642b9", kill_on_drop: false }`
[INFO] running `Command { std: "docker" "exec" "-e" "SOURCE_DIR=/opt/rustwide/workdir" "-e" "CARGO_HOME=/opt/rustwide/cargo-home" "-e" "RUSTUP_HOME=/opt/rustwide/rustup-home" "-e" "CARGO_TARGET_DIR=/opt/rustwide/target" "-e" "CARGO_INCREMENTAL=0" "-e" "RUST_BACKTRACE=full" "-e" "RUSTFLAGS=--cap-lints=warn" "-e" "RUSTDOCFLAGS=--cap-lints=warn" "-w" "/opt/rustwide/workdir" "--user" "0:0" "84cf04de0dd6777b0cd8bff64954fb007476339be1956f303fde7204d55642b9" "/opt/rustwide/cargo-home/bin/cargo" "+1.99.0-beta.1" "test" "--frozen" "--release", kill_on_drop: false }`
[INFO] [stderr] warning: hiding a lifetime that's elided elsewhere is confusing
[INFO] [stderr]   --> src/day5/crate_stacks.rs:52:19
[INFO] [stderr]    |
[INFO] [stderr] 52 |     pub fn update(&self, commands: Commands, pop_order: Order) -> Result<CrateStacks, String> {
[INFO] [stderr]    |                   ^^^^^ the lifetime is elided here                      ^^^^^^^^^^^ the same lifetime is hidden here
[INFO] [stderr]    |
[INFO] [stderr]    = help: the same lifetime is referred to in inconsistent ways, making the signature confusing
[INFO] [stderr]    = note: `#[warn(mismatched_lifetime_syntaxes)]` on by default
[INFO] [stderr] help: use `'_` for type paths
[INFO] [stderr]    |
[INFO] [stderr] 52 |     pub fn update(&self, commands: Commands, pop_order: Order) -> Result<CrateStacks<'_>, String> {
[INFO] [stderr]    |                                                                                     ++++
[INFO] [stderr] 
[INFO] [stderr] warning: `aoc2022` (bin "aoc2022" test) generated 1 warning (run `cargo fix --bin "aoc2022" -p aoc2022 --tests` to apply 1 suggestion)
[INFO] [stderr]     Finished `release` profile [optimized] target(s) in 0.04s
[INFO] [stderr]      Running unittests src/main.rs (/opt/rustwide/target/release/deps/aoc2022-bb07c42c727bf04a)
[INFO] [stdout] 
[INFO] [stdout] running 72 tests
[INFO] [stdout] test day2_part1::tests::converts_to_proper_enum ... ok
[INFO] [stdout] test day1_part1::tests::returns_answer ... FAILED
[INFO] [stdout] test day2_part1::tests::returns_answer ... FAILED
[INFO] [stdout] test day1_part2::tests::returns_answer ... FAILED
[INFO] [stdout] test day2_part1::tests::returns_proper_fight_result ... ok
[INFO] [stdout] test day2_part1::tests::returns_proper_score ... ok
[INFO] [stdout] test day2_part2::tests::converts_to_proper_enum ... ok
[INFO] [stdout] test day2_part2::tests::returns_proper_counter_pick ... ok
[INFO] [stdout] test day2_part2::tests::returns_answer ... FAILED
[INFO] [stdout] test day3_part1::tests::returns_item_priority ... ok
[INFO] [stdout] test day3_part2::tests::initializes_group ... ok
[INFO] [stdout] test day2_part2::tests::returns_proper_score ... ok
[INFO] [stdout] test day3_part1::tests::returns_answer ... FAILED
[INFO] [stdout] test day3_part2::tests::returns_badge_if_present ... ok
[INFO] [stdout] test day3_part2::tests::returns_answer ... FAILED
[INFO] [stdout] test day3_part2::tests::returns_item_priority ... ok
[INFO] [stdout] test day4_part1::tests::checks_if_has_contained_assignment ... ok
[INFO] [stdout] test day4_part1::tests::initializes_pair ... ok
[INFO] [stdout] test day4_part2::tests::checks_if_has_overlapped_assignment ... ok
[INFO] [stdout] test day4_part2::tests::initializes_pair ... ok
[INFO] [stdout] test day4_part1::tests::returns_answer ... FAILED
[INFO] [stdout] test day4_part2::tests::returns_answer ... FAILED
[INFO] [stdout] test day5::commands::tests::command::handles_nonpositive_count_errors ... ok
[INFO] [stdout] test day5::commands::tests::command::handles_syntax_errors ... ok
[INFO] [stdout] test day5::commands::tests::command::handles_count_errors ... ok
[INFO] [stdout] test day3_part1::tests::initializes_rucksack ... ok
[INFO] [stdout] test day5::commands::tests::command::handles_from_identifier_errors ... ok
[INFO] [stdout] test day3_part1::tests::returns_duplicate_item_if_present ... ok
[INFO] [stdout] test day5::commands::tests::commands::initializes_command_collection ... ok
[INFO] [stdout] test day5::commands::tests::command::handles_to_identifier_errors ... ok
[INFO] [stdout] test day5::commands::tests::commands::returns_error_if_any_line_parse_fails ... ok
[INFO] [stdout] test day5::crate_stacks::tests::new::handles_duplicate_ids ... ok
[INFO] [stdout] test day5::crate_stacks::tests::tops_string::returns_tops_of_the_stacks_as_string ... ok
[INFO] [stdout] test day5::crate_stacks::tests::update::handles_unknown_to_stack_id ... ok
[INFO] [stdout] test day5::crate_stacks::tests::update::handles_not_enough_items_in_stack ... ok
[INFO] [stdout] test day5::crate_stacks::tests::tops_string::skips_empty_stacks_when_returning_tops ... ok
[INFO] [stdout] test day5::crate_stacks::tests::new::initializes_crate_stacks ... ok
[INFO] [stdout] test day5::crate_stacks::tests::update::handles_unknown_from_stack_id ... ok
[INFO] [stdout] test day5::crate_stacks::tests::update::leaves_original_stack_unchanged ... ok
[INFO] [stdout] test day5::lib::tests::split_lines::splits_file_into_stack_and_command_lines ... ok
[INFO] [stdout] test day5::lib::tests::stack::adds_items_to_top ... ok
[INFO] [stdout] test day5::lib::tests::stack::adds_many_items_to_top ... ok
[INFO] [stdout] test day5::lib::tests::stack::removes_item_from_top_if_possible ... ok
[INFO] [stdout] test day5::crate_stacks::tests::update::updates_crate_stack_using_commands ... ok
[INFO] [stdout] test day5::lib::tests::stack::removes_many_items_in_fifo_order_from_top_if_possible ... ok
[INFO] [stdout] test day5::lib::tests::stack::removes_many_items_in_lifo_order_from_top_if_possible ... ok
[INFO] [stdout] test day5::tests::returns_answer_for_part1 ... FAILED
[INFO] [stdout] test day5::tests::returns_answer_for_part2 ... FAILED
[INFO] [stdout] test day6::data_reader::tests::returns_start_of_packet_if_found ... ok
[INFO] [stdout] test day6::lib::tests::creates_an_iterator_with_sliding_sequence_of_n_items ... ok
[INFO] [stdout] test day6::tests::returns_answer ... FAILED
[INFO] [stdout] test day7::command_parser::tests::handles_cd_command_errors ... ok
[INFO] [stdout] test day7::command_parser::tests::handles_general_errors ... ok
[INFO] [stdout] test day7::command_parser::tests::handles_ls_command_errors ... ok
[INFO] [stdout] test day7::command_parser::tests::returns_cd_command ... ok
[INFO] [stdout] test day7::command_parser::tests::returns_ls_command ... ok
[INFO] [stdout] test day7::file_system::tests::calculates_path_and_size_for_dirs ... ok
[INFO] [stdout] test day7::file_system::tests::calculates_path_and_size_for_files ... ok
[INFO] [stdout] test day7::file_system::tests::returns_error_on_invalid_add_dir ... ok
[INFO] [stdout] test day7::file_system::tests::returns_error_on_invalid_add_file ... ok
[INFO] [stdout] test day7::file_system::tests::returns_error_on_invalid_cd ... ok
[INFO] [stdout] test day7::file_system::tests::yields_all_files ... ok
[INFO] [stdout] test day7::tests::returns_answer ... FAILED
[INFO] [stdout] test day8::tree_grid::tests::calculates_scenic_score ... ok
[INFO] [stdout] test day7::file_system::tests::yields_all_dirs ... ok
[INFO] [stdout] test day8::tests::returns_answer ... FAILED
[INFO] [stdout] test day6::data_reader::tests::returns_start_of_message_if_found ... ok
[INFO] [stdout] test day8::tree_grid::tests::detects_if_tree_is_visible ... ok
[INFO] [stdout] test day8::tree_grid::tests::handles_invalid_chars ... ok
[INFO] [stdout] test day7::cli_parser::tests::returns_expected_file_system ... ok
[INFO] [stdout] test day8::tree_grid::tests::handles_unequal_length ... ok
[INFO] [stdout] test day8::tree_grid::tests::iterates_over_trees ... ok
[INFO] [stdout] 
[INFO] [stdout] failures:
[INFO] [stdout] 
[INFO] [stdout] ---- day1_part1::tests::returns_answer stdout ----
[INFO] [stdout] 
[INFO] [stdout] thread 'day1_part1::tests::returns_answer' (398) panicked at src/day1_part1.rs:7:33:
[INFO] [stdout] called `Result::unwrap()` on an `Err` value: Os { code: 2, kind: NotFound, message: "No such file or directory" }
[INFO] [stdout] stack backtrace:
[INFO] [stdout]    0:     0x64a128b278f1 - <<std[104cf6e2632825ea]::sys::backtrace::BacktraceLock>::print::DisplayBacktrace as core[7c831bd917ebf35f]::fmt::Display>::fmt
[INFO] [stdout]    1:     0x64a128b3d22a - core[7c831bd917ebf35f]::fmt::write
[INFO] [stdout]    2:     0x64a128b2bd8c - <alloc[2fdc3f7464fcf288]::vec::Vec<u8> as core[7c831bd917ebf35f]::io::write::Write>::write_fmt
[INFO] [stdout]    3:     0x64a128b03ed6 - std[104cf6e2632825ea]::panicking::default_hook::{closure#0}
[INFO] [stdout]    4:     0x64a128b20009 - std[104cf6e2632825ea]::panicking::default_hook
[INFO] [stdout]    5:     0x64a1289fc5e0 - test[73009c9f9aebf890]::test_main_inner::<test[73009c9f9aebf890]::test_main_static::{closure#0}>::{closure#0}
[INFO] [stdout]    6:     0x64a128b201c2 - std[104cf6e2632825ea]::panicking::panic_with_hook
[INFO] [stdout]    7:     0x64a128b03f82 - std[104cf6e2632825ea]::panicking::panic_handler::{closure#0}
[INFO] [stdout]    8:     0x64a128afc929 - std[104cf6e2632825ea]::sys::backtrace::__rust_end_short_backtrace::<std[104cf6e2632825ea]::panicking::panic_handler::{closure#0}, !>
[INFO] [stdout]    9:     0x64a128b04b7d - __rustc[b0d56fa5b193ad05]::rust_begin_unwind
[INFO] [stdout]   10:     0x64a128b3da0c - core[7c831bd917ebf35f]::panicking::panic_fmt
[INFO] [stdout]   11:     0x64a128b3d7e2 - core[7c831bd917ebf35f]::result::unwrap_failed
[INFO] [stdout]   12:     0x64a1289e4cc4 - aoc2022[acc343c8d0fdd488]::day1_part1::run
[INFO] [stdout]   13:     0x64a1289c84d9 - <aoc2022[acc343c8d0fdd488]::day1_part1::tests::returns_answer::{closure#0} as core[7c831bd917ebf35f]::ops::function::FnOnce<()>>::call_once
[INFO] [stdout]   14:     0x64a1289ef8cb - test[73009c9f9aebf890]::__rust_begin_short_backtrace::<core[7c831bd917ebf35f]::result::Result<(), alloc[2fdc3f7464fcf288]::string::String>, fn() -> core[7c831bd917ebf35f]::result::Result<(), alloc[2fdc3f7464fcf288]::string::String>>
[INFO] [stdout]   15:     0x64a1289fcf35 - test[73009c9f9aebf890]::run_test::{closure#0}
[INFO] [stdout]   16:     0x64a1289f62f4 - std[104cf6e2632825ea]::sys::backtrace::__rust_begin_short_backtrace::<test[73009c9f9aebf890]::run_test::{closure#1}, ()>
[INFO] [stdout]   17:     0x64a128a00092 - <std[104cf6e2632825ea]::thread::lifecycle::spawn_unchecked<test[73009c9f9aebf890]::run_test::{closure#1}, ()>::{closure#1} as core[7c831bd917ebf35f]::ops::function::FnOnce<()>>::call_once::{shim:vtable#0}
[INFO] [stdout]   18:     0x64a128b271c9 - <std[104cf6e2632825ea]::sys::thread::unix::Thread>::new::thread_start
[INFO] [stdout]   19:     0x7bd2ba31f07a - <unknown>
[INFO] [stdout]   20:     0x7bd2ba3b2534 - clone
[INFO] [stdout]   21:                0x0 - <unknown>
[INFO] [stdout] 
[INFO] [stdout] ---- day2_part1::tests::returns_answer stdout ----
[INFO] [stdout] 
[INFO] [stdout] thread 'day2_part1::tests::returns_answer' (401) panicked at src/day2_part1.rs:68:33:
[INFO] [stdout] called `Result::unwrap()` on an `Err` value: Os { code: 2, kind: NotFound, message: "No such file or directory" }
[INFO] [stdout] stack backtrace:
[INFO] [stdout]    0:     0x64a128b278f1 - <<std[104cf6e2632825ea]::sys::backtrace::BacktraceLock>::print::DisplayBacktrace as core[7c831bd917ebf35f]::fmt::Display>::fmt
[INFO] [stdout]    1:     0x64a128b3d22a - core[7c831bd917ebf35f]::fmt::write
[INFO] [stdout]    2:     0x64a128b2bd8c - <alloc[2fdc3f7464fcf288]::vec::Vec<u8> as core[7c831bd917ebf35f]::io::write::Write>::write_fmt
[INFO] [stdout]    3:     0x64a128b03ed6 - std[104cf6e2632825ea]::panicking::default_hook::{closure#0}
[INFO] [stdout]    4:     0x64a128b20009 - std[104cf6e2632825ea]::panicking::default_hook
[INFO] [stdout]    5:     0x64a1289fc5e0 - test[73009c9f9aebf890]::test_main_inner::<test[73009c9f9aebf890]::test_main_static::{closure#0}>::{closure#0}
[INFO] [stdout]    6:     0x64a128b201c2 - std[104cf6e2632825ea]::panicking::panic_with_hook
[INFO] [stdout]    7:     0x64a128b03f82 - std[104cf6e2632825ea]::panicking::panic_handler::{closure#0}
[INFO] [stdout]    8:     0x64a128afc929 - std[104cf6e2632825ea]::sys::backtrace::__rust_end_short_backtrace::<std[104cf6e2632825ea]::panicking::panic_handler::{closure#0}, !>
[INFO] [stdout]    9:     0x64a128b04b7d - __rustc[b0d56fa5b193ad05]::rust_begin_unwind
[INFO] [stdout]   10:     0x64a128b3da0c - core[7c831bd917ebf35f]::panicking::panic_fmt
[INFO] [stdout]   11:     0x64a128b3d7e2 - core[7c831bd917ebf35f]::result::unwrap_failed
[INFO] [stdout]   12:     0x64a1289c241f - aoc2022[acc343c8d0fdd488]::day2_part1::run
[INFO] [stdout]   13:     0x64a1289c8599 - <aoc2022[acc343c8d0fdd488]::day2_part1::tests::returns_answer::{closure#0} as core[7c831bd917ebf35f]::ops::function::FnOnce<()>>::call_once
[INFO] [stdout]   14:     0x64a1289ef8cb - test[73009c9f9aebf890]::__rust_begin_short_backtrace::<core[7c831bd917ebf35f]::result::Result<(), alloc[2fdc3f7464fcf288]::string::String>, fn() -> core[7c831bd917ebf35f]::result::Result<(), alloc[2fdc3f7464fcf288]::string::String>>
[INFO] [stdout]   15:     0x64a1289fcf35 - test[73009c9f9aebf890]::run_test::{closure#0}
[INFO] [stdout]   16:     0x64a1289f62f4 - std[104cf6e2632825ea]::sys::backtrace::__rust_begin_short_backtrace::<test[73009c9f9aebf890]::run_test::{closure#1}, ()>
[INFO] [stdout]   17:     0x64a128a00092 - <std[104cf6e2632825ea]::thread::lifecycle::spawn_unchecked<test[73009c9f9aebf890]::run_test::{closure#1}, ()>::{closure#1} as core[7c831bd917ebf35f]::ops::function::FnOnce<()>>::call_once::{shim:vtable#0}
[INFO] [stdout]   18:     0x64a128b271c9 - <std[104cf6e2632825ea]::sys::thread::unix::Thread>::new::thread_start
[INFO] [stdout]   19:     0x7bd2ba31f07a - <unknown>
[INFO] [stdout]   20:     0x7bd2ba3b2534 - clone
[INFO] [stdout]   21:                0x0 - <unknown>
[INFO] [stdout] 
[INFO] [stdout] ---- day1_part2::tests::returns_answer stdout ----
[INFO] [stdout] 
[INFO] [stdout] thread 'day1_part2::tests::returns_answer' (399) panicked at src/day1_part2.rs:7:33:
[INFO] [stdout] called `Result::unwrap()` on an `Err` value: Os { code: 2, kind: NotFound, message: "No such file or directory" }
[INFO] [stdout] stack backtrace:
[INFO] [stdout]    0:     0x64a128b278f1 - <<std[104cf6e2632825ea]::sys::backtrace::BacktraceLock>::print::DisplayBacktrace as core[7c831bd917ebf35f]::fmt::Display>::fmt
[INFO] [stdout]    1:     0x64a128b3d22a - core[7c831bd917ebf35f]::fmt::write
[INFO] [stdout]    2:     0x64a128b2bd8c - <alloc[2fdc3f7464fcf288]::vec::Vec<u8> as core[7c831bd917ebf35f]::io::write::Write>::write_fmt
[INFO] [stdout]    3:     0x64a128b03ed6 - std[104cf6e2632825ea]::panicking::default_hook::{closure#0}
[INFO] [stdout]    4:     0x64a128b20009 - std[104cf6e2632825ea]::panicking::default_hook
[INFO] [stdout]    5:     0x64a1289fc5e0 - test[73009c9f9aebf890]::test_main_inner::<test[73009c9f9aebf890]::test_main_static::{closure#0}>::{closure#0}
[INFO] [stdout]    6:     0x64a128b201c2 - std[104cf6e2632825ea]::panicking::panic_with_hook
[INFO] [stdout]    7:     0x64a128b03f82 - std[104cf6e2632825ea]::panicking::panic_handler::{closure#0}
[INFO] [stdout]    8:     0x64a128afc929 - std[104cf6e2632825ea]::sys::backtrace::__rust_end_short_backtrace::<std[104cf6e2632825ea]::panicking::panic_handler::{closure#0}, !>
[INFO] [stdout]    9:     0x64a128b04b7d - __rustc[b0d56fa5b193ad05]::rust_begin_unwind
[INFO] [stdout]   10:     0x64a128b3da0c - core[7c831bd917ebf35f]::panicking::panic_fmt
[INFO] [stdout]   11:     0x64a128b3d7e2 - core[7c831bd917ebf35f]::result::unwrap_failed
[INFO] [stdout]   12:     0x64a1289e5183 - aoc2022[acc343c8d0fdd488]::day1_part2::run
[INFO] [stdout]   13:     0x64a1289c8539 - <aoc2022[acc343c8d0fdd488]::day1_part2::tests::returns_answer::{closure#0} as core[7c831bd917ebf35f]::ops::function::FnOnce<()>>::call_once
[INFO] [stdout]   14:     0x64a1289ef8cb - test[73009c9f9aebf890]::__rust_begin_short_backtrace::<core[7c831bd917ebf35f]::result::Result<(), alloc[2fdc3f7464fcf288]::string::String>, fn() -> core[7c831bd917ebf35f]::result::Result<(), alloc[2fdc3f7464fcf288]::string::String>>
[INFO] [stdout]   15:     0x64a1289fcf35 - test[73009c9f9aebf890]::run_test::{closure#0}
[INFO] [stdout]   16:     0x64a1289f62f4 - std[104cf6e2632825ea]::sys::backtrace::__rust_begin_short_backtrace::<test[73009c9f9aebf890]::run_test::{closure#1}, ()>
[INFO] [stdout]   17:     0x64a128a00092 - <std[104cf6e2632825ea]::thread::lifecycle::spawn_unchecked<test[73009c9f9aebf890]::run_test::{closure#1}, ()>::{closure#1} as core[7c831bd917ebf35f]::ops::function::FnOnce<()>>::call_once::{shim:vtable#0}
[INFO] [stdout]   18:     0x64a128b271c9 - <std[104cf6e2632825ea]::sys::thread::unix::Thread>::new::thread_start
[INFO] [stdout]   19:     0x7bd2ba31f07a - <unknown>
[INFO] [stdout]   20:     0x7bd2ba3b2534 - clone
[INFO] [stdout]   21:                0x0 - <unknown>
[INFO] [stdout] 
[INFO] [stdout] ---- day2_part2::tests::returns_answer stdout ----
[INFO] [stdout] 
[INFO] [stdout] thread 'day2_part2::tests::returns_answer' (405) panicked at src/day2_part2.rs:79:33:
[INFO] [stdout] called `Result::unwrap()` on an `Err` value: Os { code: 2, kind: NotFound, message: "No such file or directory" }
[INFO] [stdout] stack backtrace:
[INFO] [stdout]    0:     0x64a128b278f1 - <<std[104cf6e2632825ea]::sys::backtrace::BacktraceLock>::print::DisplayBacktrace as core[7c831bd917ebf35f]::fmt::Display>::fmt
[INFO] [stdout]    1:     0x64a128b3d22a - core[7c831bd917ebf35f]::fmt::write
[INFO] [stdout]    2:     0x64a128b2bd8c - <alloc[2fdc3f7464fcf288]::vec::Vec<u8> as core[7c831bd917ebf35f]::io::write::Write>::write_fmt
[INFO] [stdout]    3:     0x64a128b03ed6 - std[104cf6e2632825ea]::panicking::default_hook::{closure#0}
[INFO] [stdout]    4:     0x64a128b20009 - std[104cf6e2632825ea]::panicking::default_hook
[INFO] [stdout]    5:     0x64a1289fc5e0 - test[73009c9f9aebf890]::test_main_inner::<test[73009c9f9aebf890]::test_main_static::{closure#0}>::{closure#0}
[INFO] [stdout]    6:     0x64a128b201c2 - std[104cf6e2632825ea]::panicking::panic_with_hook
[INFO] [stdout]    7:     0x64a128b03f82 - std[104cf6e2632825ea]::panicking::panic_handler::{closure#0}
[INFO] [stdout]    8:     0x64a128afc929 - std[104cf6e2632825ea]::sys::backtrace::__rust_end_short_backtrace::<std[104cf6e2632825ea]::panicking::panic_handler::{closure#0}, !>
[INFO] [stdout]    9:     0x64a128b04b7d - __rustc[b0d56fa5b193ad05]::rust_begin_unwind
[INFO] [stdout]   10:     0x64a128b3da0c - core[7c831bd917ebf35f]::panicking::panic_fmt
[INFO] [stdout]   11:     0x64a128b3d7e2 - core[7c831bd917ebf35f]::result::unwrap_failed
[INFO] [stdout]   12:     0x64a1289e56df - aoc2022[acc343c8d0fdd488]::day2_part2::run
[INFO] [stdout]   13:     0x64a1289c8649 - <aoc2022[acc343c8d0fdd488]::day2_part2::tests::returns_answer::{closure#0} as core[7c831bd917ebf35f]::ops::function::FnOnce<()>>::call_once
[INFO] [stdout]   14:     0x64a1289ef8cb - test[73009c9f9aebf890]::__rust_begin_short_backtrace::<core[7c831bd917ebf35f]::result::Result<(), alloc[2fdc3f7464fcf288]::string::String>, fn() -> core[7c831bd917ebf35f]::result::Result<(), alloc[2fdc3f7464fcf288]::string::String>>
[INFO] [stdout]   15:     0x64a1289fcf35 - test[73009c9f9aebf890]::run_test::{closure#0}
[INFO] [stdout]   16:     0x64a1289f62f4 - std[104cf6e2632825ea]::sys::backtrace::__rust_begin_short_backtrace::<test[73009c9f9aebf890]::run_test::{closure#1}, ()>
[INFO] [stdout]   17:     0x64a128a00092 - <std[104cf6e2632825ea]::thread::lifecycle::spawn_unchecked<test[73009c9f9aebf890]::run_test::{closure#1}, ()>::{closure#1} as core[7c831bd917ebf35f]::ops::function::FnOnce<()>>::call_once::{shim:vtable#0}
[INFO] [stdout]   18:     0x64a128b271c9 - <std[104cf6e2632825ea]::sys::thread::unix::Thread>::new::thread_start
[INFO] [stdout]   19:     0x7bd2ba31f07a - <unknown>
[INFO] [stdout]   20:     0x7bd2ba3b2534 - clone
[INFO] [stdout]   21:                0x0 - <unknown>
[INFO] [stdout] 
[INFO] [stdout] ---- day3_part1::tests::returns_answer stdout ----
[INFO] [stdout] 
[INFO] [stdout] thread 'day3_part1::tests::returns_answer' (409) panicked at src/day3_part1.rs:62:33:
[INFO] [stdout] called `Result::unwrap()` on an `Err` value: Os { code: 2, kind: NotFound, message: "No such file or directory" }
[INFO] [stdout] stack backtrace:
[INFO] [stdout]    0:     0x64a128b278f1 - <<std[104cf6e2632825ea]::sys::backtrace::BacktraceLock>::print::DisplayBacktrace as core[7c831bd917ebf35f]::fmt::Display>::fmt
[INFO] [stdout]    1:     0x64a128b3d22a - core[7c831bd917ebf35f]::fmt::write
[INFO] [stdout]    2:     0x64a128b2bd8c - <alloc[2fdc3f7464fcf288]::vec::Vec<u8> as core[7c831bd917ebf35f]::io::write::Write>::write_fmt
[INFO] [stdout]    3:     0x64a128b03ed6 - std[104cf6e2632825ea]::panicking::default_hook::{closure#0}
[INFO] [stdout]    4:     0x64a128b20009 - std[104cf6e2632825ea]::panicking::default_hook
[INFO] [stdout]    5:     0x64a1289fc5e0 - test[73009c9f9aebf890]::test_main_inner::<test[73009c9f9aebf890]::test_main_static::{closure#0}>::{closure#0}
[INFO] [stdout]    6:     0x64a128b201c2 - std[104cf6e2632825ea]::panicking::panic_with_hook
[INFO] [stdout]    7:     0x64a128b03f82 - std[104cf6e2632825ea]::panicking::panic_handler::{closure#0}
[INFO] [stdout]    8:     0x64a128afc929 - std[104cf6e2632825ea]::sys::backtrace::__rust_end_short_backtrace::<std[104cf6e2632825ea]::panicking::panic_handler::{closure#0}, !>
[INFO] [stdout]    9:     0x64a128b04b7d - __rustc[b0d56fa5b193ad05]::rust_begin_unwind
[INFO] [stdout]   10:     0x64a128b3da0c - core[7c831bd917ebf35f]::panicking::panic_fmt
[INFO] [stdout]   11:     0x64a128b3d7e2 - core[7c831bd917ebf35f]::result::unwrap_failed
[INFO] [stdout]   12:     0x64a1289e2adf - aoc2022[acc343c8d0fdd488]::day3_part1::run
[INFO] [stdout]   13:     0x64a1289c86e9 - <aoc2022[acc343c8d0fdd488]::day3_part1::tests::returns_answer::{closure#0} as core[7c831bd917ebf35f]::ops::function::FnOnce<()>>::call_once
[INFO] [stdout]   14:     0x64a1289ef8cb - test[73009c9f9aebf890]::__rust_begin_short_backtrace::<core[7c831bd917ebf35f]::result::Result<(), alloc[2fdc3f7464fcf288]::string::String>, fn() -> core[7c831bd917ebf35f]::result::Result<(), alloc[2fdc3f7464fcf288]::string::String>>
[INFO] [stdout]   15:     0x64a1289fcf35 - test[73009c9f9aebf890]::run_test::{closure#0}
[INFO] [stdout]   16:     0x64a1289f62f4 - std[104cf6e2632825ea]::sys::backtrace::__rust_begin_short_backtrace::<test[73009c9f9aebf890]::run_test::{closure#1}, ()>
[INFO] [stdout]   17:     0x64a128a00092 - <std[104cf6e2632825ea]::thread::lifecycle::spawn_unchecked<test[73009c9f9aebf890]::run_test::{closure#1}, ()>::{closure#1} as core[7c831bd917ebf35f]::ops::function::FnOnce<()>>::call_once::{shim:vtable#0}
[INFO] [stdout]   18:     0x64a128b271c9 - <std[104cf6e2632825ea]::sys::thread::unix::Thread>::new::thread_start
[INFO] [stdout]   19:     0x7bd2ba31f07a - <unknown>
[INFO] [stdout]   20:     0x7bd2ba3b2534 - clone
[INFO] [stdout]   21:                0x0 - <unknown>
[INFO] [stdout] 
[INFO] [stdout] ---- day3_part2::tests::returns_answer stdout ----
[INFO] [stdout] 
[INFO] [stdout] thread 'day3_part2::tests::returns_answer' (413) panicked at src/day3_part2.rs:91:33:
[INFO] [stdout] called `Result::unwrap()` on an `Err` value: Os { code: 2, kind: NotFound, message: "No such file or directory" }
[INFO] [stdout] stack backtrace:
[INFO] [stdout]    0:     0x64a128b278f1 - <<std[104cf6e2632825ea]::sys::backtrace::BacktraceLock>::print::DisplayBacktrace as core[7c831bd917ebf35f]::fmt::Display>::fmt
[INFO] [stdout]    1:     0x64a128b3d22a - core[7c831bd917ebf35f]::fmt::write
[INFO] [stdout]    2:     0x64a128b2bd8c - <alloc[2fdc3f7464fcf288]::vec::Vec<u8> as core[7c831bd917ebf35f]::io::write::Write>::write_fmt
[INFO] [stdout]    3:     0x64a128b03ed6 - std[104cf6e2632825ea]::panicking::default_hook::{closure#0}
[INFO] [stdout]    4:     0x64a128b20009 - std[104cf6e2632825ea]::panicking::default_hook
[INFO] [stdout]    5:     0x64a1289fc5e0 - test[73009c9f9aebf890]::test_main_inner::<test[73009c9f9aebf890]::test_main_static::{closure#0}>::{closure#0}
[INFO] [stdout]    6:     0x64a128b201c2 - std[104cf6e2632825ea]::panicking::panic_with_hook
[INFO] [stdout]    7:     0x64a128b03f82 - std[104cf6e2632825ea]::panicking::panic_handler::{closure#0}
[INFO] [stdout]    8:     0x64a128afc929 - std[104cf6e2632825ea]::sys::backtrace::__rust_end_short_backtrace::<std[104cf6e2632825ea]::panicking::panic_handler::{closure#0}, !>
[INFO] [stdout]    9:     0x64a128b04b7d - __rustc[b0d56fa5b193ad05]::rust_begin_unwind
[INFO] [stdout]   10:     0x64a128b3da0c - core[7c831bd917ebf35f]::panicking::panic_fmt
[INFO] [stdout]   11:     0x64a128b3d7e2 - core[7c831bd917ebf35f]::result::unwrap_failed
[INFO] [stdout]   12:     0x64a1289e3045 - aoc2022[acc343c8d0fdd488]::day3_part2::run
[INFO] [stdout]   13:     0x64a1289c8789 - <aoc2022[acc343c8d0fdd488]::day3_part2::tests::returns_answer::{closure#0} as core[7c831bd917ebf35f]::ops::function::FnOnce<()>>::call_once
[INFO] [stdout]   14:     0x64a1289ef8cb - test[73009c9f9aebf890]::__rust_begin_short_backtrace::<core[7c831bd917ebf35f]::result::Result<(), alloc[2fdc3f7464fcf288]::string::String>, fn() -> core[7c831bd917ebf35f]::result::Result<(), alloc[2fdc3f7464fcf288]::string::String>>
[INFO] [stdout]   15:     0x64a1289fcf35 - test[73009c9f9aebf890]::run_test::{closure#0}
[INFO] [stdout]   16:     0x64a1289f62f4 - std[104cf6e2632825ea]::sys::backtrace::__rust_begin_short_backtrace::<test[73009c9f9aebf890]::run_test::{closure#1}, ()>
[INFO] [stdout]   17:     0x64a128a00092 - <std[104cf6e2632825ea]::thread::lifecycle::spawn_unchecked<test[73009c9f9aebf890]::run_test::{closure#1}, ()>::{closure#1} as core[7c831bd917ebf35f]::ops::function::FnOnce<()>>::call_once::{shim:vtable#0}
[INFO] [stdout]   18:     0x64a128b271c9 - <std[104cf6e2632825ea]::sys::thread::unix::Thread>::new::thread_start
[INFO] [stdout]   19:     0x7bd2ba31f07a - <unknown>
[INFO] [stdout]   20:     0x7bd2ba3b2534 - clone
[INFO] [stdout]   21:                0x0 - <unknown>
[INFO] [stdout] 
[INFO] [stdout] ---- day4_part1::tests::returns_answer stdout ----
[INFO] [stdout] 
[INFO] [stdout] thread 'day4_part1::tests::returns_answer' (418) panicked at src/day4_part1.rs:51:33:
[INFO] [stdout] called `Result::unwrap()` on an `Err` value: Os { code: 2, kind: NotFound, message: "No such file or directory" }
[INFO] [stdout] stack backtrace:
[INFO] [stdout]    0:     0x64a128b278f1 - <<std[104cf6e2632825ea]::sys::backtrace::BacktraceLock>::print::DisplayBacktrace as core[7c831bd917ebf35f]::fmt::Display>::fmt
[INFO] [stdout]    1:     0x64a128b3d22a - core[7c831bd917ebf35f]::fmt::write
[INFO] [stdout]    2:     0x64a128b2bd8c - <alloc[2fdc3f7464fcf288]::vec::Vec<u8> as core[7c831bd917ebf35f]::io::write::Write>::write_fmt
[INFO] [stdout]    3:     0x64a128b03ed6 - std[104cf6e2632825ea]::panicking::default_hook::{closure#0}
[INFO] [stdout]    4:     0x64a128b20009 - std[104cf6e2632825ea]::panicking::default_hook
[INFO] [stdout]    5:     0x64a1289fc5e0 - test[73009c9f9aebf890]::test_main_inner::<test[73009c9f9aebf890]::test_main_static::{closure#0}>::{closure#0}
[INFO] [stdout]    6:     0x64a128b201c2 - std[104cf6e2632825ea]::panicking::panic_with_hook
[INFO] [stdout]    7:     0x64a128b03f82 - std[104cf6e2632825ea]::panicking::panic_handler::{closure#0}
[INFO] [stdout]    8:     0x64a128afc929 - std[104cf6e2632825ea]::sys::backtrace::__rust_end_short_backtrace::<std[104cf6e2632825ea]::panicking::panic_handler::{closure#0}, !>
[INFO] [stdout]    9:     0x64a128b04b7d - __rustc[b0d56fa5b193ad05]::rust_begin_unwind
[INFO] [stdout]   10:     0x64a128b3da0c - core[7c831bd917ebf35f]::panicking::panic_fmt
[INFO] [stdout]   11:     0x64a128b3d7e2 - core[7c831bd917ebf35f]::result::unwrap_failed
[INFO] [stdout]   12:     0x64a1289c45cb - aoc2022[acc343c8d0fdd488]::day4_part1::run
[INFO] [stdout]   13:     0x64a1289c8829 - <aoc2022[acc343c8d0fdd488]::day4_part1::tests::returns_answer::{closure#0} as core[7c831bd917ebf35f]::ops::function::FnOnce<()>>::call_once
[INFO] [stdout]   14:     0x64a1289ef8cb - test[73009c9f9aebf890]::__rust_begin_short_backtrace::<core[7c831bd917ebf35f]::result::Result<(), alloc[2fdc3f7464fcf288]::string::String>, fn() -> core[7c831bd917ebf35f]::result::Result<(), alloc[2fdc3f7464fcf288]::string::String>>
[INFO] [stdout]   15:     0x64a1289fcf35 - test[73009c9f9aebf890]::run_test::{closure#0}
[INFO] [stdout]   16:     0x64a1289f62f4 - std[104cf6e2632825ea]::sys::backtrace::__rust_begin_short_backtrace::<test[73009c9f9aebf890]::run_test::{closure#1}, ()>
[INFO] [stdout]   17:     0x64a128a00092 - <std[104cf6e2632825ea]::thread::lifecycle::spawn_unchecked<test[73009c9f9aebf890]::run_test::{closure#1}, ()>::{closure#1} as core[7c831bd917ebf35f]::ops::function::FnOnce<()>>::call_once::{shim:vtable#0}
[INFO] [stdout]   18:     0x64a128b271c9 - <std[104cf6e2632825ea]::sys::thread::unix::Thread>::new::thread_start
[INFO] [stdout]   19:     0x7bd2ba31f07a - <unknown>
[INFO] [stdout]   20:     0x7bd2ba3b2534 - clone
[INFO] [stdout]   21:                0x0 - <unknown>
[INFO] [stdout] 
[INFO] [stdout] ---- day4_part2::tests::returns_answer stdout ----
[INFO] [stdout] 
[INFO] [stdout] thread 'day4_part2::tests::returns_answer' (421) panicked at src/day4_part2.rs:50:33:
[INFO] [stdout] called `Result::unwrap()` on an `Err` value: Os { code: 2, kind: NotFound, message: "No such file or directory" }
[INFO] [stdout] stack backtrace:
[INFO] [stdout]    0:     0x64a128b278f1 - <<std[104cf6e2632825ea]::sys::backtrace::BacktraceLock>::print::DisplayBacktrace as core[7c831bd917ebf35f]::fmt::Display>::fmt
[INFO] [stdout]    1:     0x64a128b3d22a - core[7c831bd917ebf35f]::fmt::write
[INFO] [stdout]    2:     0x64a128b2bd8c - <alloc[2fdc3f7464fcf288]::vec::Vec<u8> as core[7c831bd917ebf35f]::io::write::Write>::write_fmt
[INFO] [stdout]    3:     0x64a128b03ed6 - std[104cf6e2632825ea]::panicking::default_hook::{closure#0}
[INFO] [stdout]    4:     0x64a128b20009 - std[104cf6e2632825ea]::panicking::default_hook
[INFO] [stdout]    5:     0x64a1289fc5e0 - test[73009c9f9aebf890]::test_main_inner::<test[73009c9f9aebf890]::test_main_static::{closure#0}>::{closure#0}
[INFO] [stdout]    6:     0x64a128b201c2 - std[104cf6e2632825ea]::panicking::panic_with_hook
[INFO] [stdout]    7:     0x64a128b03f82 - std[104cf6e2632825ea]::panicking::panic_handler::{closure#0}
[INFO] [stdout]    8:     0x64a128afc929 - std[104cf6e2632825ea]::sys::backtrace::__rust_end_short_backtrace::<std[104cf6e2632825ea]::panicking::panic_handler::{closure#0}, !>
[INFO] [stdout]    9:     0x64a128b04b7d - __rustc[b0d56fa5b193ad05]::rust_begin_unwind
[INFO] [stdout]   10:     0x64a128b3da0c - core[7c831bd917ebf35f]::panicking::panic_fmt
[INFO] [stdout]   11:     0x64a128b3d7e2 - core[7c831bd917ebf35f]::result::unwrap_failed
[INFO] [stdout]   12:     0x64a1289c26f3 - aoc2022[acc343c8d0fdd488]::day4_part2::run
[INFO] [stdout]   13:     0x64a1289c88c9 - <aoc2022[acc343c8d0fdd488]::day4_part2::tests::returns_answer::{closure#0} as core[7c831bd917ebf35f]::ops::function::FnOnce<()>>::call_once
[INFO] [stdout]   14:     0x64a1289ef8cb - test[73009c9f9aebf890]::__rust_begin_short_backtrace::<core[7c831bd917ebf35f]::result::Result<(), alloc[2fdc3f7464fcf288]::string::String>, fn() -> core[7c831bd917ebf35f]::result::Result<(), alloc[2fdc3f7464fcf288]::string::String>>
[INFO] [stdout]   15:     0x64a1289fcf35 - test[73009c9f9aebf890]::run_test::{closure#0}
[INFO] [stdout]   16:     0x64a1289f62f4 - std[104cf6e2632825ea]::sys::backtrace::__rust_begin_short_backtrace::<test[73009c9f9aebf890]::run_test::{closure#1}, ()>
[INFO] [stdout]   17:     0x64a128a00092 - <std[104cf6e2632825ea]::thread::lifecycle::spawn_unchecked<test[73009c9f9aebf890]::run_test::{closure#1}, ()>::{closure#1} as core[7c831bd917ebf35f]::ops::function::FnOnce<()>>::call_once::{shim:vtable#0}
[INFO] [stdout]   18:     0x64a128b271c9 - <std[104cf6e2632825ea]::sys::thread::unix::Thread>::new::thread_start
[INFO] [stdout]   19:     0x7bd2ba31f07a - <unknown>
[INFO] [stdout]   20:     0x7bd2ba3b2534 - clone
[INFO] [stdout]   21:                0x0 - <unknown>
[INFO] [stdout] 
[INFO] [stdout] ---- day5::tests::returns_answer_for_part1 stdout ----
[INFO] [stdout] 
[INFO] [stdout] thread 'day5::tests::returns_answer_for_part1' (444) panicked at src/day5.rs:13:33:
[INFO] [stdout] called `Result::unwrap()` on an `Err` value: Os { code: 2, kind: NotFound, message: "No such file or directory" }
[INFO] [stdout] stack backtrace:
[INFO] [stdout]    0:     0x64a128b278f1 - <<std[104cf6e2632825ea]::sys::backtrace::BacktraceLock>::print::DisplayBacktrace as core[7c831bd917ebf35f]::fmt::Display>::fmt
[INFO] [stdout]    1:     0x64a128b3d22a - core[7c831bd917ebf35f]::fmt::write
[INFO] [stdout]    2:     0x64a128b2bd8c - <alloc[2fdc3f7464fcf288]::vec::Vec<u8> as core[7c831bd917ebf35f]::io::write::Write>::write_fmt
[INFO] [stdout]    3:     0x64a128b03ed6 - std[104cf6e2632825ea]::panicking::default_hook::{closure#0}
[INFO] [stdout]    4:     0x64a128b20009 - std[104cf6e2632825ea]::panicking::default_hook
[INFO] [stdout]    5:     0x64a1289fc5e0 - test[73009c9f9aebf890]::test_main_inner::<test[73009c9f9aebf890]::test_main_static::{closure#0}>::{closure#0}
[INFO] [stdout]    6:     0x64a128b201c2 - std[104cf6e2632825ea]::panicking::panic_with_hook
[INFO] [stdout]    7:     0x64a128b03f82 - std[104cf6e2632825ea]::panicking::panic_handler::{closure#0}
[INFO] [stdout]    8:     0x64a128afc929 - std[104cf6e2632825ea]::sys::backtrace::__rust_end_short_backtrace::<std[104cf6e2632825ea]::panicking::panic_handler::{closure#0}, !>
[INFO] [stdout]    9:     0x64a128b04b7d - __rustc[b0d56fa5b193ad05]::rust_begin_unwind
[INFO] [stdout]   10:     0x64a128b3da0c - core[7c831bd917ebf35f]::panicking::panic_fmt
[INFO] [stdout]   11:     0x64a128b3d7e2 - core[7c831bd917ebf35f]::result::unwrap_failed
[INFO] [stdout]   12:     0x64a1289ee4f8 - aoc2022[acc343c8d0fdd488]::day5::tests::returns_answer_for_part1
[INFO] [stdout]   13:     0x64a1289c8959 - <aoc2022[acc343c8d0fdd488]::day5::tests::returns_answer_for_part1::{closure#0} as core[7c831bd917ebf35f]::ops::function::FnOnce<()>>::call_once
[INFO] [stdout]   14:     0x64a1289ef8cb - test[73009c9f9aebf890]::__rust_begin_short_backtrace::<core[7c831bd917ebf35f]::result::Result<(), alloc[2fdc3f7464fcf288]::string::String>, fn() -> core[7c831bd917ebf35f]::result::Result<(), alloc[2fdc3f7464fcf288]::string::String>>
[INFO] [stdout]   15:     0x64a1289fcf35 - test[73009c9f9aebf890]::run_test::{closure#0}
[INFO] [stdout]   16:     0x64a1289f62f4 - std[104cf6e2632825ea]::sys::backtrace::__rust_begin_short_backtrace::<test[73009c9f9aebf890]::run_test::{closure#1}, ()>
[INFO] [stdout]   17:     0x64a128a00092 - <std[104cf6e2632825ea]::thread::lifecycle::spawn_unchecked<test[73009c9f9aebf890]::run_test::{closure#1}, ()>::{closure#1} as core[7c831bd917ebf35f]::ops::function::FnOnce<()>>::call_once::{shim:vtable#0}
[INFO] [stdout]   18:     0x64a128b271c9 - <std[104cf6e2632825ea]::sys::thread::unix::Thread>::new::thread_start
[INFO] [stdout]   19:     0x7bd2ba31f07a - <unknown>
[INFO] [stdout]   20:     0x7bd2ba3b2534 - clone
[INFO] [stdout]   21:                0x0 - <unknown>
[INFO] [stdout] 
[INFO] [stdout] ---- day5::tests::returns_answer_for_part2 stdout ----
[INFO] [stdout] 
[INFO] [stdout] thread 'day5::tests::returns_answer_for_part2' (445) panicked at src/day5.rs:27:33:
[INFO] [stdout] called `Result::unwrap()` on an `Err` value: Os { code: 2, kind: NotFound, message: "No such file or directory" }
[INFO] [stdout] stack backtrace:
[INFO] [stdout]    0:     0x64a128b278f1 - <<std[104cf6e2632825ea]::sys::backtrace::BacktraceLock>::print::DisplayBacktrace as core[7c831bd917ebf35f]::fmt::Display>::fmt
[INFO] [stdout]    1:     0x64a128b3d22a - core[7c831bd917ebf35f]::fmt::write
[INFO] [stdout]    2:     0x64a128b2bd8c - <alloc[2fdc3f7464fcf288]::vec::Vec<u8> as core[7c831bd917ebf35f]::io::write::Write>::write_fmt
[INFO] [stdout]    3:     0x64a128b03ed6 - std[104cf6e2632825ea]::panicking::default_hook::{closure#0}
[INFO] [stdout]    4:     0x64a128b20009 - std[104cf6e2632825ea]::panicking::default_hook
[INFO] [stdout]    5:     0x64a1289fc5e0 - test[73009c9f9aebf890]::test_main_inner::<test[73009c9f9aebf890]::test_main_static::{closure#0}>::{closure#0}
[INFO] [stdout]    6:     0x64a128b201c2 - std[104cf6e2632825ea]::panicking::panic_with_hook
[INFO] [stdout]    7:     0x64a128b03f82 - std[104cf6e2632825ea]::panicking::panic_handler::{closure#0}
[INFO] [stdout]    8:     0x64a128afc929 - std[104cf6e2632825ea]::sys::backtrace::__rust_end_short_backtrace::<std[104cf6e2632825ea]::panicking::panic_handler::{closure#0}, !>
[INFO] [stdout]    9:     0x64a128b04b7d - __rustc[b0d56fa5b193ad05]::rust_begin_unwind
[INFO] [stdout]   10:     0x64a128b3da0c - core[7c831bd917ebf35f]::panicking::panic_fmt
[INFO] [stdout]   11:     0x64a128b3d7e2 - core[7c831bd917ebf35f]::result::unwrap_failed
[INFO] [stdout]   12:     0x64a1289eeb68 - aoc2022[acc343c8d0fdd488]::day5::tests::returns_answer_for_part2
[INFO] [stdout]   13:     0x64a1289c8979 - <aoc2022[acc343c8d0fdd488]::day5::tests::returns_answer_for_part2::{closure#0} as core[7c831bd917ebf35f]::ops::function::FnOnce<()>>::call_once
[INFO] [stdout]   14:     0x64a1289ef8cb - test[73009c9f9aebf890]::__rust_begin_short_backtrace::<core[7c831bd917ebf35f]::result::Result<(), alloc[2fdc3f7464fcf288]::string::String>, fn() -> core[7c831bd917ebf35f]::result::Result<(), alloc[2fdc3f7464fcf288]::string::String>>
[INFO] [stdout]   15:     0x64a1289fcf35 - test[73009c9f9aebf890]::run_test::{closure#0}
[INFO] [stdout]   16:     0x64a1289f62f4 - std[104cf6e2632825ea]::sys::backtrace::__rust_begin_short_backtrace::<test[73009c9f9aebf890]::run_test::{closure#1}, ()>
[INFO] [stdout]   17:     0x64a128a00092 - <std[104cf6e2632825ea]::thread::lifecycle::spawn_unchecked<test[73009c9f9aebf890]::run_test::{closure#1}, ()>::{closure#1} as core[7c831bd917ebf35f]::ops::function::FnOnce<()>>::call_once::{shim:vtable#0}
[INFO] [stdout]   18:     0x64a128b271c9 - <std[104cf6e2632825ea]::sys::thread::unix::Thread>::new::thread_start
[INFO] [stdout]   19:     0x7bd2ba31f07a - <unknown>
[INFO] [stdout]   20:     0x7bd2ba3b2534 - clone
[INFO] [stdout]   21:                0x0 - <unknown>
[INFO] [stdout] 
[INFO] [stdout] ---- day6::tests::returns_answer stdout ----
[INFO] [stdout] 
[INFO] [stdout] thread 'day6::tests::returns_answer' (449) panicked at src/day6.rs:12:33:
[INFO] [stdout] called `Result::unwrap()` on an `Err` value: Os { code: 2, kind: NotFound, message: "No such file or directory" }
[INFO] [stdout] stack backtrace:
[INFO] [stdout]    0:     0x64a128b278f1 - <<std[104cf6e2632825ea]::sys::backtrace::BacktraceLock>::print::DisplayBacktrace as core[7c831bd917ebf35f]::fmt::Display>::fmt
[INFO] [stdout]    1:     0x64a128b3d22a - core[7c831bd917ebf35f]::fmt::write
[INFO] [stdout]    2:     0x64a128b2bd8c - <alloc[2fdc3f7464fcf288]::vec::Vec<u8> as core[7c831bd917ebf35f]::io::write::Write>::write_fmt
[INFO] [stdout]    3:     0x64a128b03ed6 - std[104cf6e2632825ea]::panicking::default_hook::{closure#0}
[INFO] [stdout]    4:     0x64a128b20009 - std[104cf6e2632825ea]::panicking::default_hook
[INFO] [stdout]    5:     0x64a1289fc5e0 - test[73009c9f9aebf890]::test_main_inner::<test[73009c9f9aebf890]::test_main_static::{closure#0}>::{closure#0}
[INFO] [stdout]    6:     0x64a128b201c2 - std[104cf6e2632825ea]::panicking::panic_with_hook
[INFO] [stdout]    7:     0x64a128b03f82 - std[104cf6e2632825ea]::panicking::panic_handler::{closure#0}
[INFO] [stdout]    8:     0x64a128afc929 - std[104cf6e2632825ea]::sys::backtrace::__rust_end_short_backtrace::<std[104cf6e2632825ea]::panicking::panic_handler::{closure#0}, !>
[INFO] [stdout]    9:     0x64a128b04b7d - __rustc[b0d56fa5b193ad05]::rust_begin_unwind
[INFO] [stdout]   10:     0x64a128b3da0c - core[7c831bd917ebf35f]::panicking::panic_fmt
[INFO] [stdout]   11:     0x64a128b3d7e2 - core[7c831bd917ebf35f]::result::unwrap_failed
[INFO] [stdout]   12:     0x64a1289c47d9 - aoc2022[acc343c8d0fdd488]::day6::run
[INFO] [stdout]   13:     0x64a1289c89a9 - <aoc2022[acc343c8d0fdd488]::day6::tests::returns_answer::{closure#0} as core[7c831bd917ebf35f]::ops::function::FnOnce<()>>::call_once
[INFO] [stdout]   14:     0x64a1289ef8cb - test[73009c9f9aebf890]::__rust_begin_short_backtrace::<core[7c831bd917ebf35f]::result::Result<(), alloc[2fdc3f7464fcf288]::string::String>, fn() -> core[7c831bd917ebf35f]::result::Result<(), alloc[2fdc3f7464fcf288]::string::String>>
[INFO] [stdout]   15:     0x64a1289fcf35 - test[73009c9f9aebf890]::run_test::{closure#0}
[INFO] [stdout]   16:     0x64a1289f62f4 - std[104cf6e2632825ea]::sys::backtrace::__rust_begin_short_backtrace::<test[73009c9f9aebf890]::run_test::{closure#1}, ()>
[INFO] [stdout]   17:     0x64a128a00092 - <std[104cf6e2632825ea]::thread::lifecycle::spawn_unchecked<test[73009c9f9aebf890]::run_test::{closure#1}, ()>::{closure#1} as core[7c831bd917ebf35f]::ops::function::FnOnce<()>>::call_once::{shim:vtable#0}
[INFO] [stdout]   18:     0x64a128b271c9 - <std[104cf6e2632825ea]::sys::thread::unix::Thread>::new::thread_start
[INFO] [stdout]   19:     0x7bd2ba31f07a - <unknown>
[INFO] [stdout]   20:     0x7bd2ba3b2534 - clone
[INFO] [stdout]   21:                0x0 - <unknown>
[INFO] [stdout] 
[INFO] [stdout] ---- day7::tests::returns_answer stdout ----
[INFO] [stdout] 
[INFO] [stdout] thread 'day7::tests::returns_answer' (463) panicked at src/day7.rs:13:33:
[INFO] [stdout] called `Result::unwrap()` on an `Err` value: Os { code: 2, kind: NotFound, message: "No such file or directory" }
[INFO] [stdout] stack backtrace:
[INFO] [stdout]    0:     0x64a128b278f1 - <<std[104cf6e2632825ea]::sys::backtrace::BacktraceLock>::print::DisplayBacktrace as core[7c831bd917ebf35f]::fmt::Display>::fmt
[INFO] [stdout]    1:     0x64a128b3d22a - core[7c831bd917ebf35f]::fmt::write
[INFO] [stdout]    2:     0x64a128b2bd8c - <alloc[2fdc3f7464fcf288]::vec::Vec<u8> as core[7c831bd917ebf35f]::io::write::Write>::write_fmt
[INFO] [stdout]    3:     0x64a128b03ed6 - std[104cf6e2632825ea]::panicking::default_hook::{closure#0}
[INFO] [stdout]    4:     0x64a128b20009 - std[104cf6e2632825ea]::panicking::default_hook
[INFO] [stdout]    5:     0x64a1289fc5e0 - test[73009c9f9aebf890]::test_main_inner::<test[73009c9f9aebf890]::test_main_static::{closure#0}>::{closure#0}
[INFO] [stdout]    6:     0x64a128b201c2 - std[104cf6e2632825ea]::panicking::panic_with_hook
[INFO] [stdout]    7:     0x64a128b03f82 - std[104cf6e2632825ea]::panicking::panic_handler::{closure#0}
[INFO] [stdout]    8:     0x64a128afc929 - std[104cf6e2632825ea]::sys::backtrace::__rust_end_short_backtrace::<std[104cf6e2632825ea]::panicking::panic_handler::{closure#0}, !>
[INFO] [stdout]    9:     0x64a128b04b7d - __rustc[b0d56fa5b193ad05]::rust_begin_unwind
[INFO] [stdout]   10:     0x64a128b3da0c - core[7c831bd917ebf35f]::panicking::panic_fmt
[INFO] [stdout]   11:     0x64a128b3d7e2 - core[7c831bd917ebf35f]::result::unwrap_failed
[INFO] [stdout]   12:     0x64a1289e5af8 - aoc2022[acc343c8d0fdd488]::day7::run
[INFO] [stdout]   13:     0x64a1289c8a09 - <aoc2022[acc343c8d0fdd488]::day7::tests::returns_answer::{closure#0} as core[7c831bd917ebf35f]::ops::function::FnOnce<()>>::call_once
[INFO] [stdout]   14:     0x64a1289ef8cb - test[73009c9f9aebf890]::__rust_begin_short_backtrace::<core[7c831bd917ebf35f]::result::Result<(), alloc[2fdc3f7464fcf288]::string::String>, fn() -> core[7c831bd917ebf35f]::result::Result<(), alloc[2fdc3f7464fcf288]::string::String>>
[INFO] [stdout]   15:     0x64a1289fcf35 - test[73009c9f9aebf890]::run_test::{closure#0}
[INFO] [stdout]   16:     0x64a1289f62f4 - std[104cf6e2632825ea]::sys::backtrace::__rust_begin_short_backtrace::<test[73009c9f9aebf890]::run_test::{closure#1}, ()>
[INFO] [stdout]   17:     0x64a128a00092 - <std[104cf6e2632825ea]::thread::lifecycle::spawn_unchecked<test[73009c9f9aebf890]::run_test::{closure#1}, ()>::{closure#1} as core[7c831bd917ebf35f]::ops::function::FnOnce<()>>::call_once::{shim:vtable#0}
[INFO] [stdout]   18:     0x64a128b271c9 - <std[104cf6e2632825ea]::sys::thread::unix::Thread>::new::thread_start
[INFO] [stdout]   19:     0x7bd2ba31f07a - <unknown>
[INFO] [stdout]   20:     0x7bd2ba3b2534 - clone
[INFO] [stdout]   21:                0x0 - <unknown>
[INFO] [stdout] 
[INFO] [stdout] ---- day8::tests::returns_answer stdout ----
[INFO] [stdout] 
[INFO] [stdout] thread 'day8::tests::returns_answer' (464) panicked at src/day8.rs:11:33:
[INFO] [stdout] called `Result::unwrap()` on an `Err` value: Os { code: 2, kind: NotFound, message: "No such file or directory" }
[INFO] [stdout] stack backtrace:
[INFO] [stdout]    0:     0x64a128b278f1 - <<std[104cf6e2632825ea]::sys::backtrace::BacktraceLock>::print::DisplayBacktrace as core[7c831bd917ebf35f]::fmt::Display>::fmt
[INFO] [stdout]    1:     0x64a128b3d22a - core[7c831bd917ebf35f]::fmt::write
[INFO] [stdout]    2:     0x64a128b2bd8c - <alloc[2fdc3f7464fcf288]::vec::Vec<u8> as core[7c831bd917ebf35f]::io::write::Write>::write_fmt
[INFO] [stdout]    3:     0x64a128b03ed6 - std[104cf6e2632825ea]::panicking::default_hook::{closure#0}
[INFO] [stdout]    4:     0x64a128b20009 - std[104cf6e2632825ea]::panicking::default_hook
[INFO] [stdout]    5:     0x64a1289fc5e0 - test[73009c9f9aebf890]::test_main_inner::<test[73009c9f9aebf890]::test_main_static::{closure#0}>::{closure#0}
[INFO] [stdout]    6:     0x64a128b201c2 - std[104cf6e2632825ea]::panicking::panic_with_hook
[INFO] [stdout]    7:     0x64a128b03f82 - std[104cf6e2632825ea]::panicking::panic_handler::{closure#0}
[INFO] [stdout]    8:     0x64a128afc929 - std[104cf6e2632825ea]::sys::backtrace::__rust_end_short_backtrace::<std[104cf6e2632825ea]::panicking::panic_handler::{closure#0}, !>
[INFO] [stdout]    9:     0x64a128b04b7d - __rustc[b0d56fa5b193ad05]::rust_begin_unwind
[INFO] [stdout]   10:     0x64a128b3da0c - core[7c831bd917ebf35f]::panicking::panic_fmt
[INFO] [stdout]   11:     0x64a128b3d7e2 - core[7c831bd917ebf35f]::result::unwrap_failed
[INFO] [stdout]   12:     0x64a1289e9d11 - aoc2022[acc343c8d0fdd488]::day8::run
[INFO] [stdout]   13:     0x64a1289c8a69 - <aoc2022[acc343c8d0fdd488]::day8::tests::returns_answer::{closure#0} as core[7c831bd917ebf35f]::ops::function::FnOnce<()>>::call_once
[INFO] [stdout]   14:     0x64a1289ef8cb - test[73009c9f9aebf890]::__rust_begin_short_backtrace::<core[7c831bd917ebf35f]::result::Result<(), alloc[2fdc3f7464fcf288]::string::String>, fn() -> core[7c831bd917ebf35f]::result::Result<(), alloc[2fdc3f7464fcf288]::string::String>>
[INFO] [stdout]   15:     0x64a1289fcf35 - test[73009c9f9aebf890]::run_test::{closure#0}
[INFO] [stdout]   16:     0x64a1289f62f4 - std[104cf6e2632825ea]::sys::backtrace::__rust_begin_short_backtrace::<test[73009c9f9aebf890]::run_test::{closure#1}, ()>
[INFO] [stdout]   17:     0x64a128a00092 - <std[104cf6e2632825ea]::thread::lifecycle::spawn_unchecked<test[73009c9f9aebf890]::run_test::{closure#1}, ()>::{closure#1} as core[7c831bd917ebf35f]::ops::function::FnOnce<()>>::call_once::{shim:vtable#0}
[INFO] [stdout]   18:     0x64a128b271c9 - <std[104cf6e2632825ea]::sys::thread::unix::Thread>::new::thread_start
[INFO] [stdout]   19:     0x7bd2ba31f07a - <unknown>
[INFO] [stdout]   20:     0x7bd2ba3b2534 - clone
[INFO] [stdout]   21:                0x0 - <unknown>
[INFO] [stdout] 
[INFO] [stdout] 
[INFO] [stdout] failures:
[INFO] [stdout]     day1_part1::tests::returns_answer
[INFO] [stdout]     day1_part2::tests::returns_answer
[INFO] [stdout]     day2_part1::tests::returns_answer
[INFO] [stdout]     day2_part2::tests::returns_answer
[INFO] [stdout]     day3_part1::tests::returns_answer
[INFO] [stdout]     day3_part2::tests::returns_answer
[INFO] [stdout]     day4_part1::tests::returns_answer
[INFO] [stdout]     day4_part2::tests::returns_answer
[INFO] [stdout]     day5::tests::returns_answer_for_part1
[INFO] [stdout]     day5::tests::returns_answer_for_part2
[INFO] [stdout]     day6::tests::returns_answer
[INFO] [stdout]     day7::tests::returns_answer
[INFO] [stdout]     day8::tests::returns_answer
[INFO] [stdout] 
[INFO] [stdout] test result: FAILED. 59 passed; 13 failed; 0 ignored; 0 measured; 0 filtered out; finished in 0.03s
[INFO] [stdout] 
[INFO] [stderr] error: test failed, to rerun pass `--bin aoc2022`
[INFO] running `Command { std: "docker" "inspect" "84cf04de0dd6777b0cd8bff64954fb007476339be1956f303fde7204d55642b9", kill_on_drop: false }`
[INFO] running `Command { std: "docker" "rm" "-f" "84cf04de0dd6777b0cd8bff64954fb007476339be1956f303fde7204d55642b9", kill_on_drop: false }`
[INFO] [stdout] 84cf04de0dd6777b0cd8bff64954fb007476339be1956f303fde7204d55642b9
