[INFO] cloning repository https://github.com/maxenceleguery/codefold
[INFO] running `Command { std: "git" "-c" "credential.helper=" "-c" "credential.helper=/workspace/cargo-home/bin/git-credential-null" "clone" "--bare" "https://github.com/maxenceleguery/codefold" "/workspace/cache/git-repos/https%3A%2F%2Fgithub.com%2Fmaxenceleguery%2Fcodefold", kill_on_drop: false }`
[INFO] [stderr] Cloning into bare repository '/workspace/cache/git-repos/https%3A%2F%2Fgithub.com%2Fmaxenceleguery%2Fcodefold'...
[INFO] running `Command { std: "git" "rev-parse" "HEAD", kill_on_drop: false }`
[INFO] [stdout] 90b29ad2f63e1b6757ee2e0fe32ff462bbe3f650
[INFO] testing maxenceleguery/codefold against 1.98.0-beta.8+cargoflags=--release for beta-release-1.99-2
[INFO] running `Command { std: "git" "clone" "/workspace/cache/git-repos/https%3A%2F%2Fgithub.com%2Fmaxenceleguery%2Fcodefold" "/workspace/builds/worker-4-tc1/source", kill_on_drop: false }`
[INFO] [stderr] Cloning into '/workspace/builds/worker-4-tc1/source'...
[INFO] [stderr] done.
[INFO] started tweaking git repo https://github.com/maxenceleguery/codefold
[INFO] finished tweaking git repo https://github.com/maxenceleguery/codefold
[INFO] tweaked toml for git repo https://github.com/maxenceleguery/codefold written to /workspace/builds/worker-4-tc1/source/Cargo.toml
[INFO] validating manifest of git repo https://github.com/maxenceleguery/codefold on toolchain 1.98.0-beta.8
[INFO] running `Command { std: CARGO_HOME="/workspace/cargo-home" RUSTUP_HOME="/workspace/rustup-home" "/workspace/cargo-home/bin/cargo" "+1.98.0-beta.8" "metadata" "--manifest-path" "Cargo.toml" "--no-deps", kill_on_drop: false }`
[INFO] crate git repo https://github.com/maxenceleguery/codefold already has a lockfile, it will not be regenerated
[INFO] running `Command { std: CARGO_HOME="/workspace/cargo-home" RUSTUP_HOME="/workspace/rustup-home" "/workspace/cargo-home/bin/cargo" "+1.98.0-beta.8" "fetch" "--manifest-path" "Cargo.toml", kill_on_drop: false }`
[INFO] [stderr]     Updating crates.io index
[INFO] [stderr]  Downloading crates ...
[INFO] [stderr]   Downloaded convert_case v0.11.0
[INFO] [stderr]   Downloaded napi-derive v3.5.6
[INFO] [stderr]   Downloaded napi-build v2.3.2
[INFO] [stderr]   Downloaded napi-derive-backend v5.0.4
[INFO] [stderr]   Downloaded ctor v1.0.5
[INFO] [stderr]   Downloaded napi-sys v3.2.1
[INFO] [stderr]   Downloaded pyo3-macros v0.23.5
[INFO] [stderr]   Downloaded pyo3-build-config v0.23.5
[INFO] [stderr]   Downloaded tree-sitter-go v0.21.2
[INFO] [stderr]   Downloaded pyo3-macros-backend v0.23.5
[INFO] [stderr]   Downloaded pyo3-ffi v0.23.5
[INFO] [stderr]   Downloaded napi v3.9.0
[INFO] [stderr]   Downloaded tree-sitter-python v0.21.0
[INFO] [stderr]   Downloaded tree-sitter v0.22.6
[INFO] [stderr]   Downloaded tree-sitter-rust v0.21.2
[INFO] [stderr]   Downloaded tree-sitter-typescript v0.21.2
[INFO] [stderr]   Downloaded pyo3 v0.23.5
[INFO] [stderr]   Downloaded tiktoken-rs v0.6.0
[INFO] running `Command { std: "docker" "create" "-v" "/var/lib/crater-agent-workspace/builds/worker-4-tc1/source:/opt/rustwide/workdir:ro,Z" "-v" "/var/lib/crater-agent-workspace/builds/worker-4-tc1/target:/opt/rustwide/target:rw,Z" "-v" "/var/lib/crater-agent-workspace/cargo-home:/opt/rustwide/cargo-home:ro,Z" "-v" "/var/lib/crater-agent-workspace/rustup-home:/opt/rustwide/rustup-home:ro,Z" "-m" "1610612736" "--network" "none" "ghcr.io/rust-lang/crates-build-env/linux@sha256:8683fc1fc2eb5c9ac98e0d076ab094b2ffac7f99da555d2b6a2e27f346de2ec7" "sleep" "infinity", kill_on_drop: false }`
[INFO] [stdout] 49d9045d0f2af584d0502cc6447ad21b83eef526a8ea503e88fcf66da39809a1
[INFO] running `Command { std: "docker" "start" "49d9045d0f2af584d0502cc6447ad21b83eef526a8ea503e88fcf66da39809a1", kill_on_drop: false }`
[INFO] running `Command { std: "docker" "inspect" "49d9045d0f2af584d0502cc6447ad21b83eef526a8ea503e88fcf66da39809a1", kill_on_drop: false }`
[INFO] running `Command { std: "docker" "exec" "-e" "SOURCE_DIR=/opt/rustwide/workdir" "-e" "CARGO_HOME=/opt/rustwide/cargo-home" "-e" "RUSTUP_HOME=/opt/rustwide/rustup-home" "-e" "CARGO_TARGET_DIR=/opt/rustwide/target" "-w" "/opt/rustwide/workdir" "--user" "0:0" "49d9045d0f2af584d0502cc6447ad21b83eef526a8ea503e88fcf66da39809a1" "/opt/rustwide/cargo-home/bin/cargo" "+1.98.0-beta.8" "metadata" "--no-deps" "--format-version=1", kill_on_drop: false }`
[INFO] running `Command { std: "docker" "inspect" "49d9045d0f2af584d0502cc6447ad21b83eef526a8ea503e88fcf66da39809a1", kill_on_drop: false }`
[INFO] running `Command { std: "docker" "exec" "-e" "SOURCE_DIR=/opt/rustwide/workdir" "-e" "CARGO_HOME=/opt/rustwide/cargo-home" "-e" "RUSTUP_HOME=/opt/rustwide/rustup-home" "-e" "CARGO_TARGET_DIR=/opt/rustwide/target" "-e" "CARGO_INCREMENTAL=0" "-e" "RUST_BACKTRACE=full" "-e" "RUSTFLAGS=--cap-lints=warn" "-e" "RUSTDOCFLAGS=--cap-lints=warn" "-w" "/opt/rustwide/workdir" "--user" "0:0" "49d9045d0f2af584d0502cc6447ad21b83eef526a8ea503e88fcf66da39809a1" "/opt/rustwide/cargo-home/bin/cargo" "+1.98.0-beta.8" "build" "--frozen" "--message-format=json" "--release", kill_on_drop: false }`
[INFO] [stderr]    Compiling target-lexicon v0.12.16
[INFO] [stderr]    Compiling smallvec v1.15.1
[INFO] [stderr]    Compiling once_cell v1.21.4
[INFO] [stderr]    Compiling cc v1.2.62
[INFO] [stderr]    Compiling regex-automata v0.4.14
[INFO] [stderr]    Compiling bit-set v0.5.3
[INFO] [stderr]    Compiling futures-core v0.3.32
[INFO] [stderr]    Compiling syn v2.0.117
[INFO] [stderr]    Compiling napi-build v2.3.2
[INFO] [stderr]    Compiling getrandom v0.2.17
[INFO] [stderr]    Compiling slab v0.4.12
[INFO] [stderr]    Compiling futures-io v0.3.32
[INFO] [stderr]    Compiling memoffset v0.9.1
[INFO] [stderr]    Compiling percent-encoding v2.3.2
[INFO] [stderr]    Compiling rustls v0.23.40
[INFO] [stderr]    Compiling convert_case v0.11.0
[INFO] [stderr]    Compiling form_urlencoded v1.2.2
[INFO] [stderr]    Compiling webpki-roots v1.0.7
[INFO] [stderr]    Compiling libloading v0.9.0
[INFO] [stderr]    Compiling futures-channel v0.3.32
[INFO] [stderr]    Compiling option-ext v0.2.0
[INFO] [stderr]    Compiling semver v1.0.28
[INFO] [stderr]    Compiling webpki-roots v0.26.11
[INFO] [stderr]    Compiling dirs-sys v0.4.1
[INFO] [stderr]    Compiling serde_json v1.0.149
[INFO] [stderr]    Compiling napi v3.9.0
[INFO] [stderr]    Compiling codefold-node v0.8.3 (/opt/rustwide/workdir/bindings/node)
[INFO] [stderr]    Compiling bitflags v2.11.1
[INFO] [stderr]    Compiling ctor v1.0.5
[INFO] [stderr]    Compiling rustc-hash v2.1.2
[INFO] [stderr]    Compiling napi-sys v3.2.1
[INFO] [stderr]    Compiling nohash-hasher v0.2.0
[INFO] [stderr]    Compiling parking_lot_core v0.9.12
[INFO] [stderr]    Compiling unindent v0.2.4
[INFO] [stderr]    Compiling dirs v5.0.1
[INFO] [stderr]    Compiling parking_lot v0.12.5
[INFO] [stderr]    Compiling tree-sitter v0.22.6
[INFO] [stderr]    Compiling ring v0.17.14
[INFO] [stderr]    Compiling tree-sitter-typescript v0.21.2
[INFO] [stderr]    Compiling tree-sitter-python v0.21.0
[INFO] [stderr]    Compiling tree-sitter-rust v0.21.2
[INFO] [stderr]    Compiling tree-sitter-go v0.21.2
[INFO] [stderr]    Compiling pyo3-build-config v0.23.5
[INFO] [stderr]    Compiling pyo3-macros-backend v0.23.5
[INFO] [stderr]    Compiling pyo3-ffi v0.23.5
[INFO] [stderr]    Compiling pyo3 v0.23.5
[INFO] [stderr]    Compiling synstructure v0.13.2
[INFO] [stderr]    Compiling napi-derive-backend v5.0.4
[INFO] [stderr]    Compiling regex v1.12.3
[INFO] [stderr]    Compiling fancy-regex v0.13.0
[INFO] [stderr]    Compiling bstr v1.12.1
[INFO] [stderr]    Compiling zerofrom-derive v0.1.7
[INFO] [stderr]    Compiling yoke-derive v0.8.2
[INFO] [stderr]    Compiling zerovec-derive v0.11.3
[INFO] [stderr]    Compiling displaydoc v0.2.5
[INFO] [stderr]    Compiling thiserror-impl v1.0.69
[INFO] [stderr]    Compiling futures-macro v0.3.32
[INFO] [stderr]    Compiling serde_derive v1.0.228
[INFO] [stderr]    Compiling futures-util v0.3.32
[INFO] [stderr]    Compiling tiktoken-rs v0.6.0
[INFO] [stderr]    Compiling zerofrom v0.1.8
[INFO] [stderr]    Compiling yoke v0.8.2
[INFO] [stderr]    Compiling clap_derive v4.6.1
[INFO] [stderr]    Compiling thiserror v1.0.69
[INFO] [stderr]    Compiling zerovec v0.11.6
[INFO] [stderr]    Compiling zerotrie v0.2.4
[INFO] [stderr]    Compiling tinystr v0.8.3
[INFO] [stderr]    Compiling potential_utf v0.1.5
[INFO] [stderr]    Compiling icu_collections v2.2.0
[INFO] [stderr]    Compiling napi-derive v3.5.6
[INFO] [stderr]    Compiling icu_locale_core v2.2.0
[INFO] [stderr]    Compiling clap v4.6.1
[INFO] [stderr]    Compiling icu_provider v2.2.0
[INFO] [stderr]    Compiling serde v1.0.228
[INFO] [stderr]    Compiling icu_properties v2.2.0
[INFO] [stderr]    Compiling icu_normalizer v2.2.0
[INFO] [stderr]    Compiling pyo3-macros v0.23.5
[INFO] [stderr]    Compiling futures-executor v0.3.32
[INFO] [stderr]    Compiling futures v0.3.32
[INFO] [stderr]    Compiling idna_adapter v1.2.2
[INFO] [stderr]    Compiling idna v1.1.0
[INFO] [stderr]    Compiling url v2.5.8
[INFO] [stderr]    Compiling rustls-webpki v0.103.13
[INFO] [stderr]    Compiling codefold-core v0.8.3 (/opt/rustwide/workdir/crates/codefold-core)
[INFO] [stderr]    Compiling codefold-py v0.8.3 (/opt/rustwide/workdir/bindings/python)
[INFO] [stderr]    Compiling ureq v2.12.1
[INFO] [stderr]    Compiling codefold-cli v0.8.3 (/opt/rustwide/workdir/crates/codefold-cli)
[INFO] [stderr]     Finished `release` profile [optimized] target(s) in 1m 52s
[INFO] running `Command { std: "docker" "inspect" "49d9045d0f2af584d0502cc6447ad21b83eef526a8ea503e88fcf66da39809a1", kill_on_drop: false }`
[INFO] running `Command { std: "docker" "exec" "-e" "SOURCE_DIR=/opt/rustwide/workdir" "-e" "CARGO_HOME=/opt/rustwide/cargo-home" "-e" "RUSTUP_HOME=/opt/rustwide/rustup-home" "-e" "CARGO_TARGET_DIR=/opt/rustwide/target" "-e" "CARGO_INCREMENTAL=0" "-e" "RUST_BACKTRACE=full" "-e" "RUSTFLAGS=--cap-lints=warn" "-e" "RUSTDOCFLAGS=--cap-lints=warn" "-w" "/opt/rustwide/workdir" "--user" "0:0" "49d9045d0f2af584d0502cc6447ad21b83eef526a8ea503e88fcf66da39809a1" "/opt/rustwide/cargo-home/bin/cargo" "+1.98.0-beta.8" "test" "--frozen" "--no-run" "--message-format=json" "--release", kill_on_drop: false }`
[INFO] [stderr]    Compiling serde v1.0.228
[INFO] [stderr]    Compiling serde_core v1.0.228
[INFO] [stderr]    Compiling rustix v1.1.4
[INFO] [stderr]    Compiling getrandom v0.4.2
[INFO] [stderr]    Compiling zerocopy v0.8.48
[INFO] [stderr]    Compiling zerocopy-derive v0.8.48
[INFO] [stderr]    Compiling fastrand v2.4.1
[INFO] [stderr]    Compiling ciborium-io v0.2.2
[INFO] [stderr]    Compiling plotters-backend v0.3.7
[INFO] [stderr]    Compiling itertools v0.10.5
[INFO] [stderr]    Compiling cast v0.3.0
[INFO] [stderr]    Compiling walkdir v2.5.0
[INFO] [stderr]    Compiling console v0.16.3
[INFO] [stderr]    Compiling is-terminal v0.4.17
[INFO] [stderr]    Compiling similar v2.7.0
[INFO] [stderr]    Compiling rayon v1.12.0
[INFO] [stderr]    Compiling oorandom v11.1.5
[INFO] [stderr]    Compiling anes v0.1.6
[INFO] [stderr]    Compiling predicates-core v1.0.10
[INFO] [stderr]    Compiling float-cmp v0.10.0
[INFO] [stderr]    Compiling termtree v0.5.1
[INFO] [stderr]    Compiling assert_cmd v2.2.2
[INFO] [stderr]    Compiling normalize-line-endings v0.3.0
[INFO] [stderr]    Compiling difflib v0.4.0
[INFO] [stderr]    Compiling wait-timeout v0.2.1
[INFO] [stderr]    Compiling napi v3.9.0
[INFO] [stderr]    Compiling codefold-py v0.8.3 (/opt/rustwide/workdir/bindings/python)
[INFO] [stderr]    Compiling predicates-tree v1.0.13
[INFO] [stderr]    Compiling plotters-svg v0.3.7
[INFO] [stderr]    Compiling plotters v0.3.7
[INFO] [stderr]    Compiling predicates v3.1.4
[INFO] [stderr]    Compiling criterion-plot v0.5.0
[INFO] [stderr]    Compiling tempfile v3.27.0
[INFO] [stderr]    Compiling serde_json v1.0.149
[INFO] [stderr]    Compiling tinytemplate v1.2.1
[INFO] [stderr]    Compiling insta v1.47.2
[INFO] [stderr]    Compiling ureq v2.12.1
[INFO] [stderr]    Compiling codefold-cli v0.8.3 (/opt/rustwide/workdir/crates/codefold-cli)
[INFO] [stderr]    Compiling half v2.7.1
[INFO] [stderr]    Compiling ciborium-ll v0.2.2
[INFO] [stderr]    Compiling ciborium v0.2.2
[INFO] [stderr]    Compiling criterion v0.5.1
[INFO] [stderr]    Compiling codefold-node v0.8.3 (/opt/rustwide/workdir/bindings/node)
[INFO] [stderr]    Compiling codefold-core v0.8.3 (/opt/rustwide/workdir/crates/codefold-core)
[INFO] [stderr]     Finished `release` profile [optimized] target(s) in 1m 06s
[INFO] running `Command { std: "docker" "inspect" "49d9045d0f2af584d0502cc6447ad21b83eef526a8ea503e88fcf66da39809a1", kill_on_drop: false }`
[INFO] running `Command { std: "docker" "exec" "-e" "SOURCE_DIR=/opt/rustwide/workdir" "-e" "CARGO_HOME=/opt/rustwide/cargo-home" "-e" "RUSTUP_HOME=/opt/rustwide/rustup-home" "-e" "CARGO_TARGET_DIR=/opt/rustwide/target" "-e" "CARGO_INCREMENTAL=0" "-e" "RUST_BACKTRACE=full" "-e" "RUSTFLAGS=--cap-lints=warn" "-e" "RUSTDOCFLAGS=--cap-lints=warn" "-w" "/opt/rustwide/workdir" "--user" "0:0" "49d9045d0f2af584d0502cc6447ad21b83eef526a8ea503e88fcf66da39809a1" "/opt/rustwide/cargo-home/bin/cargo" "+1.98.0-beta.8" "test" "--frozen" "--release", kill_on_drop: false }`
[INFO] [stderr]     Finished `release` profile [optimized] target(s) in 0.37s
[INFO] [stderr]      Running unittests src/main.rs (/opt/rustwide/target/release/deps/codefold-5d0c66cc33486a74)
[INFO] [stdout] 
[INFO] [stdout] running 11 tests
[INFO] [stdout] test setup::tests::dry_run_writes_nothing ... ok
[INFO] [stdout] test update::tests::major_dominates_minor ... ok
[INFO] [stdout] test update::tests::newer_patch_bump ... ok
[INFO] [stdout] test setup::tests::cursor_rule_full_file_write ... ok
[INFO] [stdout] test update::tests::older_is_not_newer ... ok
[INFO] [stdout] test update::tests::same_is_not_newer ... ok
[INFO] [stdout] test setup::tests::project_scope_writes_claude_md ... ok
[INFO] [stdout] test setup::tests::block_write_replaces_existing_block ... ok
[INFO] [stdout] test setup::tests::copilot_writes_under_github_dir ... ok
[INFO] [stdout] test update::tests::newer_minor_bump ... ok
[INFO] [stdout] test setup::tests::block_write_is_idempotent ... ok
[INFO] [stdout] 
[INFO] [stdout] test result: ok. 11 passed; 0 failed; 0 ignored; 0 measured; 0 filtered out; finished in 0.00s
[INFO] [stdout] 
[INFO] [stderr]      Running tests/cli.rs (/opt/rustwide/target/release/deps/cli-1ed3b506a2090122)
[INFO] [stdout] 
[INFO] [stdout] running 6 tests
[INFO] [stdout] test unsupported_extension_exits_with_error ... ok
[INFO] [stdout] test focus_keeps_named_symbol_body ... ok
[INFO] [stdout] test stats_flag_emits_summary_to_stderr ... ok
[INFO] [stdout] test typescript_file_works ... ok
[INFO] [stdout] test full_level_returns_verbatim_content ... ok
[INFO] [stdout] test defaults_to_signatures_level ... ok
[INFO] [stdout] 
[INFO] [stdout] test result: ok. 6 passed; 0 failed; 0 ignored; 0 measured; 0 filtered out; finished in 0.37s
[INFO] [stdout] 
[INFO] [stderr]      Running unittests src/lib.rs (/opt/rustwide/target/release/deps/codefold_core-8ee9d20a113f8805)
[INFO] [stdout] 
[INFO] [stdout] running 0 tests
[INFO] [stdout] 
[INFO] [stdout] test result: ok. 0 passed; 0 failed; 0 ignored; 0 measured; 0 filtered out; finished in 0.00s
[INFO] [stdout] 
[INFO] [stderr]      Running tests/focus.rs (/opt/rustwide/target/release/deps/focus-dfe703f1647bcd93)
[INFO] [stdout] 
[INFO] [stdout] running 6 tests
[INFO] [stdout] test focus_with_class_name_keeps_all_methods_in_class ... ok
[INFO] [stdout] test focus_keeps_named_function_body_at_signatures_level ... ok
[INFO] [stdout] test unknown_focus_name_is_a_no_op ... ok
[INFO] [stdout] test focus_with_method_name_keeps_method_body ... ok
[INFO] [stdout] test focus_with_multiple_names ... ok
[INFO] [stdout] test empty_focus_equals_plain_read ... ok
[INFO] [stdout] 
[INFO] [stdout] test result: ok. 6 passed; 0 failed; 0 ignored; 0 measured; 0 filtered out; finished in 0.23s
[INFO] [stdout] 
[INFO] [stderr]      Running tests/full_level.rs (/opt/rustwide/target/release/deps/full_level-0965d1076f5d3742)
[INFO] [stdout] 
[INFO] [stdout] running 2 tests
[INFO] [stdout] test full_level_reports_unsupported_extension ... FAILED
[INFO] [stdout] test full_level_returns_file_contents_verbatim ... ok
[INFO] [stdout] 
[INFO] [stdout] failures:
[INFO] [stdout] 
[INFO] [stdout] ---- full_level_reports_unsupported_extension stdout ----
[INFO] [stdout] 
[INFO] [stdout] thread 'full_level_reports_unsupported_extension' (3839) panicked at crates/codefold-core/tests/full_level.rs:31:34:
[INFO] [stdout] called `Result::unwrap()` on an `Err` value: Os { code: 30, kind: ReadOnlyFilesystem, message: "Read-only file system" }
[INFO] [stdout] stack backtrace:
[INFO] [stdout]    0:     0x63647e72ca71 - <<std[97b98282bc616a66]::sys::backtrace::BacktraceLock>::print::DisplayBacktrace as core[832e9a552fc17241]::fmt::Display>::fmt
[INFO] [stdout]    1:     0x63647e74244a - core[832e9a552fc17241]::fmt::write
[INFO] [stdout]    2:     0x63647e7314fc - <alloc[3ecab9f82c41dc7d]::vec::Vec<u8> as std[97b98282bc616a66]::io::Write>::write_fmt
[INFO] [stdout]    3:     0x63647e709896 - std[97b98282bc616a66]::panicking::default_hook::{closure#0}
[INFO] [stdout]    4:     0x63647e7244a9 - std[97b98282bc616a66]::panicking::default_hook
[INFO] [stdout]    5:     0x63647e56fef0 - test[39766f3d73431624]::test_main_inner::<test[39766f3d73431624]::test_main_static::{closure#0}>::{closure#0}
[INFO] [stdout]    6:     0x63647e724662 - std[97b98282bc616a66]::panicking::panic_with_hook
[INFO] [stdout]    7:     0x63647e709942 - std[97b98282bc616a66]::panicking::panic_handler::{closure#0}
[INFO] [stdout]    8:     0x63647e700a19 - std[97b98282bc616a66]::sys::backtrace::__rust_end_short_backtrace::<std[97b98282bc616a66]::panicking::panic_handler::{closure#0}, !>
[INFO] [stdout]    9:     0x63647e70a64d - __rustc[e3d8617bb01b7f69]::rust_begin_unwind
[INFO] [stdout]   10:     0x63647e742c2c - core[832e9a552fc17241]::panicking::panic_fmt
[INFO] [stdout]   11:     0x63647e742a02 - core[832e9a552fc17241]::result::unwrap_failed
[INFO] [stdout]   12:     0x63647e562db0 - <full_level[60bd29ff514215ad]::full_level_reports_unsupported_extension::{closure#0} as core[832e9a552fc17241]::ops::function::FnOnce<()>>::call_once
[INFO] [stdout]   13:     0x63647e56322b - test[39766f3d73431624]::__rust_begin_short_backtrace::<core[832e9a552fc17241]::result::Result<(), alloc[3ecab9f82c41dc7d]::string::String>, fn() -> core[832e9a552fc17241]::result::Result<(), alloc[3ecab9f82c41dc7d]::string::String>>
[INFO] [stdout]   14:     0x63647e570875 - test[39766f3d73431624]::run_test::{closure#0}
[INFO] [stdout]   15:     0x63647e56b324 - std[97b98282bc616a66]::sys::backtrace::__rust_begin_short_backtrace::<test[39766f3d73431624]::run_test::{closure#1}, ()>
[INFO] [stdout]   16:     0x63647e5739c2 - <std[97b98282bc616a66]::thread::lifecycle::spawn_unchecked<test[39766f3d73431624]::run_test::{closure#1}, ()>::{closure#1} as core[832e9a552fc17241]::ops::function::FnOnce<()>>::call_once::{shim:vtable#0}
[INFO] [stdout]   17:     0x63647e72bd5f - <std[97b98282bc616a66]::sys::thread::unix::Thread>::new::thread_start
[INFO] [stdout]   18:     0x7aee3f06707a - <unknown>
[INFO] [stdout]   19:     0x7aee3f0fa534 - clone
[INFO] [stdout]   20:                0x0 - <unknown>
[INFO] [stdout] 
[INFO] [stdout] 
[INFO] [stdout] failures:
[INFO] [stdout]     full_level_reports_unsupported_extension
[INFO] [stdout] 
[INFO] [stdout] test result: FAILED. 1 passed; 1 failed; 0 ignored; 0 measured; 0 filtered out; finished in 0.18s
[INFO] [stdout] 
[INFO] [stderr] error: test failed, to rerun pass `-p codefold-core --test full_level`
[INFO] running `Command { std: "docker" "inspect" "49d9045d0f2af584d0502cc6447ad21b83eef526a8ea503e88fcf66da39809a1", kill_on_drop: false }`
[INFO] running `Command { std: "docker" "rm" "-f" "49d9045d0f2af584d0502cc6447ad21b83eef526a8ea503e88fcf66da39809a1", kill_on_drop: false }`
[INFO] [stdout] 49d9045d0f2af584d0502cc6447ad21b83eef526a8ea503e88fcf66da39809a1
