[INFO] cloning repository https://github.com/max-sixty/cargo-affected
[INFO] running `Command { std: "git" "-c" "credential.helper=" "-c" "credential.helper=/workspace/cargo-home/bin/git-credential-null" "clone" "--bare" "https://github.com/max-sixty/cargo-affected" "/workspace/cache/git-repos/https%3A%2F%2Fgithub.com%2Fmax-sixty%2Fcargo-affected", kill_on_drop: false }`
[INFO] [stderr] Cloning into bare repository '/workspace/cache/git-repos/https%3A%2F%2Fgithub.com%2Fmax-sixty%2Fcargo-affected'...
[INFO] running `Command { std: "git" "rev-parse" "HEAD", kill_on_drop: false }`
[INFO] [stdout] 83507c604f807a3b641a8b4faff9d4f355a22bb7
[INFO] testing max-sixty/cargo-affected against 1.99.0-beta.1+cargoflags=--release for beta-release-1.99-2
[INFO] running `Command { std: "git" "clone" "/workspace/cache/git-repos/https%3A%2F%2Fgithub.com%2Fmax-sixty%2Fcargo-affected" "/workspace/builds/worker-2-tc2/source", kill_on_drop: false }`
[INFO] [stderr] Cloning into '/workspace/builds/worker-2-tc2/source'...
[INFO] [stderr] done.
[INFO] started tweaking git repo https://github.com/max-sixty/cargo-affected
[INFO] finished tweaking git repo https://github.com/max-sixty/cargo-affected
[INFO] tweaked toml for git repo https://github.com/max-sixty/cargo-affected written to /workspace/builds/worker-2-tc2/source/Cargo.toml
[INFO] validating manifest of git repo https://github.com/max-sixty/cargo-affected on toolchain 1.99.0-beta.1
[INFO] running `Command { std: CARGO_HOME="/workspace/cargo-home" RUSTUP_HOME="/workspace/rustup-home" "/workspace/cargo-home/bin/cargo" "+1.99.0-beta.1" "metadata" "--manifest-path" "Cargo.toml" "--no-deps", kill_on_drop: false }`
[INFO] crate git repo https://github.com/max-sixty/cargo-affected already has a lockfile, it will not be regenerated
[INFO] running `Command { std: CARGO_HOME="/workspace/cargo-home" RUSTUP_HOME="/workspace/rustup-home" "/workspace/cargo-home/bin/cargo" "+1.99.0-beta.1" "fetch" "--manifest-path" "Cargo.toml", kill_on_drop: false }`
[INFO] running `Command { std: "docker" "create" "-v" "/var/lib/crater-agent-workspace/builds/worker-2-tc2/source:/opt/rustwide/workdir:ro,Z" "-v" "/var/lib/crater-agent-workspace/builds/worker-2-tc2/target:/opt/rustwide/target:rw,Z" "-v" "/var/lib/crater-agent-workspace/cargo-home:/opt/rustwide/cargo-home:ro,Z" "-v" "/var/lib/crater-agent-workspace/rustup-home:/opt/rustwide/rustup-home:ro,Z" "-m" "1610612736" "--network" "none" "ghcr.io/rust-lang/crates-build-env/linux@sha256:8683fc1fc2eb5c9ac98e0d076ab094b2ffac7f99da555d2b6a2e27f346de2ec7" "sleep" "infinity", kill_on_drop: false }`
[INFO] [stdout] f49a1659e33dc4c42e683c4707e9036543738542e222460d273ae237d5247d70
[INFO] running `Command { std: "docker" "start" "f49a1659e33dc4c42e683c4707e9036543738542e222460d273ae237d5247d70", kill_on_drop: false }`
[INFO] running `Command { std: "docker" "inspect" "f49a1659e33dc4c42e683c4707e9036543738542e222460d273ae237d5247d70", kill_on_drop: false }`
[INFO] running `Command { std: "docker" "exec" "-e" "SOURCE_DIR=/opt/rustwide/workdir" "-e" "CARGO_HOME=/opt/rustwide/cargo-home" "-e" "RUSTUP_HOME=/opt/rustwide/rustup-home" "-e" "CARGO_TARGET_DIR=/opt/rustwide/target" "-w" "/opt/rustwide/workdir" "--user" "0:0" "f49a1659e33dc4c42e683c4707e9036543738542e222460d273ae237d5247d70" "/opt/rustwide/cargo-home/bin/cargo" "+1.99.0-beta.1" "metadata" "--no-deps" "--format-version=1", kill_on_drop: false }`
[INFO] running `Command { std: "docker" "inspect" "f49a1659e33dc4c42e683c4707e9036543738542e222460d273ae237d5247d70", kill_on_drop: false }`
[INFO] running `Command { std: "docker" "exec" "-e" "SOURCE_DIR=/opt/rustwide/workdir" "-e" "CARGO_HOME=/opt/rustwide/cargo-home" "-e" "RUSTUP_HOME=/opt/rustwide/rustup-home" "-e" "CARGO_TARGET_DIR=/opt/rustwide/target" "-e" "CARGO_INCREMENTAL=0" "-e" "RUST_BACKTRACE=full" "-e" "RUSTFLAGS=--cap-lints=warn" "-e" "RUSTDOCFLAGS=--cap-lints=warn" "-w" "/opt/rustwide/workdir" "--user" "0:0" "f49a1659e33dc4c42e683c4707e9036543738542e222460d273ae237d5247d70" "/opt/rustwide/cargo-home/bin/cargo" "+1.99.0-beta.1" "build" "--frozen" "--message-format=json" "--release", kill_on_drop: false }`
[INFO] [stderr]    Compiling ahash v0.8.12
[INFO] [stderr]    Compiling serde_core v1.0.228
[INFO] [stderr]    Compiling typenum v1.20.0
[INFO] [stderr]    Compiling once_cell v1.21.4
[INFO] [stderr]    Compiling zerocopy v0.8.48
[INFO] [stderr]    Compiling cc v1.2.59
[INFO] [stderr]    Compiling aho-corasick v1.1.4
[INFO] [stderr]    Compiling camino v1.2.2
[INFO] [stderr]    Compiling hashbrown v0.16.1
[INFO] [stderr]    Compiling winnow v1.0.3
[INFO] [stderr]    Compiling regex-syntax v0.8.11
[INFO] [stderr]    Compiling syn v2.0.117
[INFO] [stderr]    Compiling bstr v1.12.1
[INFO] [stderr]    Compiling toml_writer v1.1.1+spec-1.1.0
[INFO] [stderr]    Compiling toml_datetime v1.1.1+spec-1.1.0
[INFO] [stderr]    Compiling fallible-streaming-iterator v0.1.9
[INFO] [stderr]    Compiling fallible-iterator v0.3.0
[INFO] [stderr]    Compiling indexmap v2.13.1
[INFO] [stderr]    Compiling generic-array v0.14.7
[INFO] [stderr]    Compiling libsqlite3-sys v0.28.0
[INFO] [stderr]    Compiling block-buffer v0.10.4
[INFO] [stderr]    Compiling crypto-common v0.1.7
[INFO] [stderr]    Compiling toml_parser v1.1.2+spec-1.1.0
[INFO] [stderr]    Compiling digest v0.10.7
[INFO] [stderr]    Compiling regex-automata v0.4.14
[INFO] [stderr]    Compiling sha2 v0.10.9
[INFO] [stderr]    Compiling toml_edit v0.25.11+spec-1.1.0
[INFO] [stderr]    Compiling serde_json v1.0.149
[INFO] [stderr]    Compiling clap_derive v4.6.0
[INFO] [stderr]    Compiling serde_derive v1.0.228
[INFO] [stderr]    Compiling globset v0.4.18
[INFO] [stderr]    Compiling clap v4.6.0
[INFO] [stderr]    Compiling hashbrown v0.14.5
[INFO] [stderr]    Compiling hashlink v0.9.1
[INFO] [stderr]    Compiling serde v1.0.228
[INFO] [stderr]    Compiling rusqlite v0.31.0
[INFO] [stderr]    Compiling cargo-affected v0.4.0 (/opt/rustwide/workdir)
[INFO] [stderr]     Finished `release` profile [optimized] target(s) in 2m 10s
[INFO] running `Command { std: "docker" "inspect" "f49a1659e33dc4c42e683c4707e9036543738542e222460d273ae237d5247d70", kill_on_drop: false }`
[INFO] running `Command { std: "docker" "exec" "-e" "SOURCE_DIR=/opt/rustwide/workdir" "-e" "CARGO_HOME=/opt/rustwide/cargo-home" "-e" "RUSTUP_HOME=/opt/rustwide/rustup-home" "-e" "CARGO_TARGET_DIR=/opt/rustwide/target" "-e" "CARGO_INCREMENTAL=0" "-e" "RUST_BACKTRACE=full" "-e" "RUSTFLAGS=--cap-lints=warn" "-e" "RUSTDOCFLAGS=--cap-lints=warn" "-w" "/opt/rustwide/workdir" "--user" "0:0" "f49a1659e33dc4c42e683c4707e9036543738542e222460d273ae237d5247d70" "/opt/rustwide/cargo-home/bin/cargo" "+1.99.0-beta.1" "test" "--frozen" "--no-run" "--message-format=json" "--release", kill_on_drop: false }`
[INFO] [stderr]    Compiling libc v0.2.184
[INFO] [stderr]    Compiling ahash v0.8.12
[INFO] [stderr]    Compiling hashbrown v0.14.5
[INFO] [stderr]    Compiling hashlink v0.9.1
[INFO] [stderr]    Compiling rusqlite v0.31.0
[INFO] [stderr]    Compiling getrandom v0.4.2
[INFO] [stderr]    Compiling tempfile v3.27.0
[INFO] [stderr]    Compiling cargo-affected v0.4.0 (/opt/rustwide/workdir)
[INFO] [stderr]     Finished `release` profile [optimized] target(s) in 32.46s
[INFO] running `Command { std: "docker" "inspect" "f49a1659e33dc4c42e683c4707e9036543738542e222460d273ae237d5247d70", kill_on_drop: false }`
[INFO] running `Command { std: "docker" "exec" "-e" "SOURCE_DIR=/opt/rustwide/workdir" "-e" "CARGO_HOME=/opt/rustwide/cargo-home" "-e" "RUSTUP_HOME=/opt/rustwide/rustup-home" "-e" "CARGO_TARGET_DIR=/opt/rustwide/target" "-e" "CARGO_INCREMENTAL=0" "-e" "RUST_BACKTRACE=full" "-e" "RUSTFLAGS=--cap-lints=warn" "-e" "RUSTDOCFLAGS=--cap-lints=warn" "-w" "/opt/rustwide/workdir" "--user" "0:0" "f49a1659e33dc4c42e683c4707e9036543738542e222460d273ae237d5247d70" "/opt/rustwide/cargo-home/bin/cargo" "+1.99.0-beta.1" "test" "--frozen" "--release", kill_on_drop: false }`
[INFO] [stderr]     Finished `release` profile [optimized] target(s) in 0.11s
[INFO] [stderr]      Running unittests src/main.rs (/opt/rustwide/target/release/deps/cargo_affected-ae8d68c2b89d54c1)
[INFO] [stdout] 
[INFO] [stdout] running 112 tests
[INFO] [stdout] test collect::tests::binaries_for_run_skips_testless_binaries ... ok
[INFO] [stdout] test collect::tests::cargo_build_args_empty ... ok
[INFO] [stdout] test collect::tests::cargo_build_args_handles_joined_and_short_forms ... ok
[INFO] [stdout] test collect::tests::binaries_for_run_narrows_to_the_diff_selection ... ok
[INFO] [stdout] test collect::tests::nextest_version_compares_dotted_numbers ... ok
[INFO] [stdout] test collect::tests::cargo_build_args_keeps_build_flags_drops_run_only ... ok
[INFO] [stdout] test collect::tests::runner_config_escapes_backslashes_and_quotes ... ok
[INFO] [stdout] test collect::tests::filter_expr_empty_matches_nothing ... ok
[INFO] [stdout] test collect::tests::runner_config_uses_toml_array_form ... ok
[INFO] [stdout] test collect::tests::runner_config_preserves_spaces_in_path ... ok
[INFO] [stdout] test collect::tests::filter_expr_groups_by_binary ... ok
[INFO] [stdout] test collect::tests::clean_staging_dirs_removes_only_staging ... ok
[INFO] [stdout] test collect::tests::read_results_skips_unreadable_files ... ok
[INFO] [stdout] test config::tests::absent_table_is_empty_config ... ok
[INFO] [stdout] test config::tests::malformed_table_errors ... ok
[INFO] [stdout] test coverage::tests::sentinel_uses_the_canonical_end_value ... ok
[INFO] [stdout] test coverage::tests::dedupes_generic_monomorphizations ... ok
[INFO] [stdout] test coverage::tests::builds_function_extents_per_file ... ok
[INFO] [stdout] test coverage::tests::unmatched_names_are_not_an_error ... ok
[INFO] [stdout] test coverage::tests::stamping_a_missing_binary_errors ... ok
[INFO] [stdout] test config::tests::parses_workspace_metadata_rules ... ok
[INFO] [stdout] test coverage::tests::empty_profile_is_an_error ... ok
[INFO] [stdout] test config::tests::invalid_glob_errors ... ok
[INFO] [stdout] test coverage::tests::zero_count_regions_still_define_the_extent ... ok
[INFO] [stdout] test coverage::tests::a_rewritten_binary_gets_a_different_stamp ... ok
[INFO] [stdout] test coverage::tests::skips_leading_profile_flags ... ok
[INFO] [stdout] test config::tests::falls_back_to_root_package_metadata ... ok
[INFO] [stdout] test coverage::tests::malformed_records_are_errors ... ok
[INFO] [stdout] test coverage::tests::a_join_that_matches_nothing_is_an_error ... ok
[INFO] [stdout] test coverage::tests::reads_executed_functions_from_proftext ... ok
[INFO] [stdout] test config::tests::compiled_rule_matches_globs ... ok
[INFO] [stdout] test collect::tests::write_nextest_config_without_project_config ... ok
[INFO] [stdout] test collect::tests::write_nextest_config_intersects_existing_default_filter ... ok
[INFO] [stdout] test collect::tests::write_nextest_config_preserves_project_settings ... ok
[INFO] [stdout] test db::tests::clear_wipes_components ... ok
[INFO] [stdout] test db::tests::clear_wipes_all_fingerprints ... ok
[INFO] [stdout] test db::tests::diff_prune_drops_absent_tests ... ok
[INFO] [stdout] test db::tests::crate_root_sentinel_overlaps_any_hunk ... ok
[INFO] [stdout] test db::tests::different_fingerprint_reads_empty ... ok
[INFO] [stdout] test db::tests::hits_classify_crate_root_sentinel ... ok
[INFO] [stdout] test db::tests::gc_keeps_current_and_most_recent_others ... ok
[INFO] [stdout] test db::tests::diff_update_replaces_only_rerun_tests ... ok
[INFO] [stdout] test db::tests::hits_classify_line_overlap ... ok
[INFO] [stdout] test db::tests::full_collect_preserves_other_fingerprints ... ok
[INFO] [stdout] test db::tests::gc_evicts_components ... ok
[INFO] [stdout] test fingerprint::tests::hex_roundtrip ... ok
[INFO] [stdout] test db::tests::hits_classify_structural_backstop_dedupes_per_test ... ok
[INFO] [stdout] test db::tests::roundtrip_with_range_overlap ... ok
[INFO] [stdout] test db::tests::region_count_scoped_by_shas ... ok
[INFO] [stdout] test db::tests::migration_resets_on_components_column_mismatch ... ok
[INFO] [stdout] test db::tests::store_coverage_replaces_components_idempotently ... ok
[INFO] [stdout] test db::tests::migration_resets_on_orphan_test_regions_rows ... ok
[INFO] [stdout] test project::tests::binary_id_matches_nextest_format ... ok
[INFO] [stdout] test db::tests::store_coverage_writes_components ... ok
[INFO] [stdout] test db::tests::structural_edit_backstop ... ok
[INFO] [stdout] test db::tests::same_test_name_in_different_binaries ... ok
[INFO] [stdout] test db::tests::migration_resets_pre_components_db ... ok
[INFO] [stdout] test fingerprint::tests::cargo_lock_change_changes_hex ... ok
[INFO] [stdout] test project::tests::parse_hunk_header_variants ... ok
[INFO] [stdout] test project::tests::parse_unified_diff_rejects_corrupt_input ... ok
[INFO] [stdout] test project::tests::parse_unified_diff_tolerates_non_utf8_bytes ... ok
[INFO] [stdout] test db::tests::pre_range_schema_is_dropped ... ok
[INFO] [stdout] test db::tests::pre_diff_schema_is_dropped ... ok
[INFO] [stdout] test fingerprint::tests::components_cover_every_input ... ok
[INFO] [stdout] test project::tests::bad_sha_errors_loudly ... ok
[INFO] [stdout] test project::tests::sentinels_per_target_with_path_dep_chain ... ok
[INFO] [stdout] test project::tests::transitive_closure_handles_cycles ... ok
[INFO] [stdout] test project::tests::transitive_closure_walks_dep_graph ... ok
[INFO] [stdout] test project::tests::line_ranges_content_masquerading_as_file_header ... ok
[INFO] [stdout] test project::tests::line_ranges_tolerate_binary_content_in_diff ... ok
[INFO] [stdout] test report::tests::cache_status_serializes_kebab_case ... ok
[INFO] [stdout] test report::tests::closest_stored_diff_labels_picks_min_diff ... ok
[INFO] [stdout] test report::tests::collect_shas_render_relation_and_commits_ahead ... ok
[INFO] [stdout] test report::tests::full_suite_report_has_null_counts_and_omitted_arrays ... ok
[INFO] [stdout] test report::tests::stored_fingerprint_diff_is_symmetric ... ok
[INFO] [stdout] test report::tests::stored_fingerprints_sorted_by_diff_then_recency ... ok
[INFO] [stdout] test selection::tests::aggregate_dedupes_test_per_file_by_strongest_reason ... ok
[INFO] [stdout] test selection::tests::skipped_subtracts_affected_and_config ... ok
[INFO] [stdout] test selection::tests::strongest_reason_orders_line_then_backstop_then_sentinel ... ok
[INFO] [stdout] test selection::tests::summary_compact_form ... ok
[INFO] [stdout] test selection::tests::summary_verbose_tags_categories ... ok
[INFO] [stdout] test shim::tests::extract_with_a_map_for_another_build_skips ... ok
[INFO] [stdout] test project::tests::line_ranges_non_ascii_path ... ok
[INFO] [stdout] test project::tests::awkward_filename_round_trips ... ok
[INFO] [stdout] test shim::tests::map_path_is_named_for_the_binary ... ok
[INFO] [stdout] test shim::tests::extract_without_profraw_skips ... ok
[INFO] [stdout] test shim::tests::sanitize_passthrough ... ok
[INFO] [stdout] test project::tests::relation_to_head_missing_when_sha_absent ... ok
[INFO] [stdout] test shim::tests::sanitize_replaces_hostile_chars ... ok
[INFO] [stdout] test shim::tests::extract_without_function_map_skips ... ok
[INFO] [stdout] test shim::tests::write_result_round_trips ... ok
[INFO] [stdout] test tests::collect_accepts_explicit_double_dash_separator ... ok
[INFO] [stdout] test tests::known_run_flags_parse_before_double_dash ... ok
[INFO] [stdout] test tests::global_verbose_before_subcommand ... ok
[INFO] [stdout] test tests::collect_rejects_unknown_flags_without_double_dash ... ok
[INFO] [stdout] test tests::run_accepts_explicit_double_dash_separator ... ok
[INFO] [stdout] test tests::run_forwards_verbose_to_nextest_after_double_dash ... ok
[INFO] [stdout] test tests::run_keeps_global_verbose_for_cargo_affected ... ok
[INFO] [stdout] test tests::run_rejects_unknown_flags_without_double_dash ... ok
[INFO] [stdout] test tests::status_accepts_explicit_double_dash_separator ... ok
[INFO] [stdout] test project::tests::line_ranges_modify_in_place ... ok
[INFO] [stdout] test project::tests::line_ranges_pure_insertion_is_single_line ... ok
[INFO] [stdout] test project::tests::working_tree_happy_path ... ok
[INFO] [stdout] test fingerprint::tests::manifest_change_changes_hex ... ok
[INFO] [stdout] test project::tests::working_tree_dirty_distinguishes_states ... ok
[INFO] [stdout] test project::tests::relation_to_head_equal_when_unchanged ... ok
[INFO] [stdout] test project::tests::relation_to_head_reachable_after_reset ... ok
[INFO] [stdout] test project::tests::relation_to_head_ancestor_counts_commits_ahead ... ok
[INFO] [stdout] test fingerprint::tests::manifest_metadata_excluded_from_fingerprint ... ok
[INFO] [stdout] test collect::tests::large_selection_travels_in_config_file_not_argv ... ok
[INFO] [stdout] test fingerprint::tests::rustflags_change_changes_hex ... ok
[INFO] [stdout] test fingerprint::tests::same_inputs_same_fingerprint ... ok
[INFO] [stdout] 
[INFO] [stdout] test result: ok. 112 passed; 0 failed; 0 ignored; 0 measured; 0 filtered out; finished in 0.52s
[INFO] [stdout] 
[INFO] [stdout] 
[INFO] [stdout] running 41 tests
[INFO] [stderr]      Running tests/functional/main.rs (/opt/rustwide/target/release/deps/functional-554e9cfaad526595)
[INFO] [stdout] test clean::clean_with_no_db_is_noop ... ok
[INFO] [stdout] test cache_miss::run_executes_full_suite_when_no_coverage_data ... FAILED
[INFO] [stdout] test diff_collect::diff_collect_keeps_ignored_test_rows ... FAILED
[INFO] [stdout] test config_rule::config_rule_rescues_committed_added_input ... FAILED
[INFO] [stdout] test cache_miss::run_uses_selection_when_collect_sha_is_sibling ... FAILED
[INFO] [stdout] test db_has_function_ranges::collect_writes_non_sentinel_function_ranges ... FAILED
[INFO] [stdout] test diff_collect::diff_collect_errors_with_no_prior_collect ... FAILED
[INFO] [stdout] test diff_collect::diff_collect_accumulates_distinct_shas_across_rounds ... FAILED
[INFO] [stdout] test config_rule::config_rule_selects_test_for_non_rust_input_change ... FAILED
[INFO] [stdout] test clean::clean_then_status_reports_no_coverage ... FAILED
[INFO] [stdout] test config_rule::config_rule_inert_when_no_glob_matches ... FAILED
[INFO] [stdout] test diff_collect::diff_collect_all_phantom_selection_prunes_cleanly ... FAILED
[INFO] [stdout] test diff_collect::diff_collect_succeeds_when_sha_is_sibling ... FAILED
[INFO] [stdout] test diff_collect::diff_collect_clean_tree_exits_zero ... FAILED
[INFO] [stdout] test diff_collect::run_unions_affected_and_stranded_when_partially_diverged ... FAILED
[INFO] [stdout] test diff_collect::diff_collect_re_anchors_only_affected_tests ... FAILED
[INFO] [stdout] test lib_bin_collision::lib_bin_same_basename_resolves_via_nextest_binary_id ... FAILED
[INFO] [stdout] test diff_collect::diff_collect_prunes_deleted_tests ... FAILED
[INFO] [stdout] test dirty::collect_refuses_dirty_tree_by_default ... ok
[INFO] [stdout] test duplicate_target_names::duplicate_basename_with_stripped_debuginfo_resolves_correctly ... FAILED
[INFO] [stdout] test new_test::new_integration_test_is_selected_and_tagged ... FAILED
[INFO] [stdout] test drift::sibling_collect_sha_status_uses_selection ... FAILED
[INFO] [stdout] test dirty::collect_with_allow_dirty_proceeds_with_warning ... FAILED
[INFO] [stdout] test fingerprint::cargo_toml_change_invalidates_fingerprint ... FAILED
[INFO] [stdout] test new_test::newly_ignored_test_excluded_from_affected ... FAILED
[INFO] [stdout] test narrowing::function_body_edit_selects_only_that_test ... FAILED
[INFO] [stdout] test workspace::editing_dep_lib_pulls_in_dependent_tests ... FAILED
[INFO] [stdout] test new_test::status_prediction_uses_run_features ... FAILED
[INFO] [stdout] test no_profraw_leak::collect_leaves_no_profraw_outside_target ... FAILED
[INFO] [stdout] test diff_collect::run_uses_reachable_shas_when_one_sha_diverges ... FAILED
[INFO] [stdout] test new_test::ignored_test_not_perpetually_new ... FAILED
[INFO] [stdout] test remapped_paths::remapped_source_paths_fail_the_collect ... FAILED
[INFO] [stdout] test run::run_with_no_changes_reports_nothing_to_do ... FAILED
[INFO] [stdout] test workspace::editing_integration_test_does_not_pull_in_lib_unit_tests ... FAILED
[INFO] [stdout] test no_profraw_leak::collect_removes_staging_dirs_on_success ... FAILED
[INFO] [stdout] test run::run_forwards_fail_fast_flags_to_nextest ... FAILED
[INFO] [stdout] test structural::added_derive_pulls_in_all_file_tests ... FAILED
[INFO] [stdout] test new_test::new_test_detection_uses_run_features ... FAILED
[INFO] [stdout] test workspace::editing_lib_in_one_member_does_not_pull_in_unrelated_member ... FAILED
[INFO] [stdout] test run::run_executes_only_affected_tests ... FAILED
[INFO] [stdout] test workspace::workspace_collect_finds_all_tests_across_targets ... FAILED
[INFO] [stdout] 
[INFO] [stdout] failures:
[INFO] [stdout] 
[INFO] [stdout] ---- cache_miss::run_executes_full_suite_when_no_coverage_data stdout ----
[INFO] [stdout] 
[INFO] [stdout] thread 'cache_miss::run_executes_full_suite_when_no_coverage_data' (1559) panicked at tests/functional/cache_miss.rs:29:5:
[INFO] [stdout] run with no coverage should succeed by running all: stderr=
[INFO] [stdout] Error: cargo-affected requires cargo-nextest >= 0.9.116. Install it with `cargo install cargo-nextest --locked`.
[INFO] [stdout] 
[INFO] [stdout] stdout=
[INFO] [stdout] 
[INFO] [stdout] stack backtrace:
[INFO] [stdout]    0:     0x56f7c709fbd1 - <<std[104cf6e2632825ea]::sys::backtrace::BacktraceLock>::print::DisplayBacktrace as core[7c831bd917ebf35f]::fmt::Display>::fmt
[INFO] [stdout]    1:     0x56f7c70b45fa - core[7c831bd917ebf35f]::fmt::write
[INFO] [stdout]    2:     0x56f7c70a435c - <alloc[2fdc3f7464fcf288]::vec::Vec<u8> as core[7c831bd917ebf35f]::io::write::Write>::write_fmt
[INFO] [stdout]    3:     0x56f7c707a076 - std[104cf6e2632825ea]::panicking::default_hook::{closure#0}
[INFO] [stdout]    4:     0x56f7c70973c9 - std[104cf6e2632825ea]::panicking::default_hook
[INFO] [stdout]    5:     0x56f7c7031e80 - test[73009c9f9aebf890]::test_main_inner::<test[73009c9f9aebf890]::test_main_static::{closure#0}>::{closure#0}
[INFO] [stdout]    6:     0x56f7c7097582 - std[104cf6e2632825ea]::panicking::panic_with_hook
[INFO] [stdout]    7:     0x56f7c707a122 - std[104cf6e2632825ea]::panicking::panic_handler::{closure#0}
[INFO] [stdout]    8:     0x56f7c70723b9 - std[104cf6e2632825ea]::sys::backtrace::__rust_end_short_backtrace::<std[104cf6e2632825ea]::panicking::panic_handler::{closure#0}, !>
[INFO] [stdout]    9:     0x56f7c707ad1d - __rustc[b0d56fa5b193ad05]::rust_begin_unwind
[INFO] [stdout]   10:     0x56f7c70b4d5c - core[7c831bd917ebf35f]::panicking::panic_fmt
[INFO] [stdout]   11:     0x56f7c6e88cb4 - functional[e0a49273faf54269]::cache_miss::run_executes_full_suite_when_no_coverage_data
[INFO] [stdout]   12:     0x56f7c6e87b29 - <functional[e0a49273faf54269]::cache_miss::run_executes_full_suite_when_no_coverage_data::{closure#0} as core[7c831bd917ebf35f]::ops::function::FnOnce<()>>::call_once
[INFO] [stdout]   13:     0x56f7c702516b - test[73009c9f9aebf890]::__rust_begin_short_backtrace::<core[7c831bd917ebf35f]::result::Result<(), alloc[2fdc3f7464fcf288]::string::String>, fn() -> core[7c831bd917ebf35f]::result::Result<(), alloc[2fdc3f7464fcf288]::string::String>>
[INFO] [stdout]   14:     0x56f7c70327d5 - test[73009c9f9aebf890]::run_test::{closure#0}
[INFO] [stdout]   15:     0x56f7c702bb94 - std[104cf6e2632825ea]::sys::backtrace::__rust_begin_short_backtrace::<test[73009c9f9aebf890]::run_test::{closure#1}, ()>
[INFO] [stdout]   16:     0x56f7c7035932 - <std[104cf6e2632825ea]::thread::lifecycle::spawn_unchecked<test[73009c9f9aebf890]::run_test::{closure#1}, ()>::{closure#1} as core[7c831bd917ebf35f]::ops::function::FnOnce<()>>::call_once::{shim:vtable#0}
[INFO] [stdout]   17:     0x56f7c709ef49 - <std[104cf6e2632825ea]::sys::thread::unix::Thread>::new::thread_start
[INFO] [stdout]   18:     0x766df9bfe07a - <unknown>
[INFO] [stdout]   19:     0x766df9c91534 - clone
[INFO] [stdout]   20:                0x0 - <unknown>
[INFO] [stdout] 
[INFO] [stdout] ---- diff_collect::diff_collect_keeps_ignored_test_rows stdout ----
[INFO] [stdout] 
[INFO] [stdout] thread 'diff_collect::diff_collect_keeps_ignored_test_rows' (1577) panicked at tests/functional/diff_collect.rs:530:5:
[INFO] [stdout] initial collect failed: Error: cargo-affected requires cargo-nextest >= 0.9.116. Install it with `cargo install cargo-nextest --locked`.
[INFO] [stdout] 
[INFO] [stdout] stack backtrace:
[INFO] [stdout]    0:     0x56f7c709fbd1 - <<std[104cf6e2632825ea]::sys::backtrace::BacktraceLock>::print::DisplayBacktrace as core[7c831bd917ebf35f]::fmt::Display>::fmt
[INFO] [stdout]    1:     0x56f7c70b45fa - core[7c831bd917ebf35f]::fmt::write
[INFO] [stdout]    2:     0x56f7c70a435c - <alloc[2fdc3f7464fcf288]::vec::Vec<u8> as core[7c831bd917ebf35f]::io::write::Write>::write_fmt
[INFO] [stdout]    3:     0x56f7c707a076 - std[104cf6e2632825ea]::panicking::default_hook::{closure#0}
[INFO] [stdout]    4:     0x56f7c70973c9 - std[104cf6e2632825ea]::panicking::default_hook
[INFO] [stdout]    5:     0x56f7c7031e80 - test[73009c9f9aebf890]::test_main_inner::<test[73009c9f9aebf890]::test_main_static::{closure#0}>::{closure#0}
[INFO] [stdout]    6:     0x56f7c7097582 - std[104cf6e2632825ea]::panicking::panic_with_hook
[INFO] [stdout]    7:     0x56f7c707a122 - std[104cf6e2632825ea]::panicking::panic_handler::{closure#0}
[INFO] [stdout]    8:     0x56f7c70723b9 - std[104cf6e2632825ea]::sys::backtrace::__rust_end_short_backtrace::<std[104cf6e2632825ea]::panicking::panic_handler::{closure#0}, !>
[INFO] [stdout]    9:     0x56f7c707ad1d - __rustc[b0d56fa5b193ad05]::rust_begin_unwind
[INFO] [stdout]   10:     0x56f7c70b4d5c - core[7c831bd917ebf35f]::panicking::panic_fmt
[INFO] [stdout]   11:     0x56f7c6e60697 - functional[e0a49273faf54269]::diff_collect::diff_collect_keeps_ignored_test_rows
[INFO] [stdout]   12:     0x56f7c6e87c49 - <functional[e0a49273faf54269]::diff_collect::diff_collect_keeps_ignored_test_rows::{closure#0} as core[7c831bd917ebf35f]::ops::function::FnOnce<()>>::call_once
[INFO] [stdout]   13:     0x56f7c702516b - test[73009c9f9aebf890]::__rust_begin_short_backtrace::<core[7c831bd917ebf35f]::result::Result<(), alloc[2fdc3f7464fcf288]::string::String>, fn() -> core[7c831bd917ebf35f]::result::Result<(), alloc[2fdc3f7464fcf288]::string::String>>
[INFO] [stdout]   14:     0x56f7c70327d5 - test[73009c9f9aebf890]::run_test::{closure#0}
[INFO] [stdout]   15:     0x56f7c702bb94 - std[104cf6e2632825ea]::sys::backtrace::__rust_begin_short_backtrace::<test[73009c9f9aebf890]::run_test::{closure#1}, ()>
[INFO] [stdout]   16:     0x56f7c7035932 - <std[104cf6e2632825ea]::thread::lifecycle::spawn_unchecked<test[73009c9f9aebf890]::run_test::{closure#1}, ()>::{closure#1} as core[7c831bd917ebf35f]::ops::function::FnOnce<()>>::call_once::{shim:vtable#0}
[INFO] [stdout]   17:     0x56f7c709ef49 - <std[104cf6e2632825ea]::sys::thread::unix::Thread>::new::thread_start
[INFO] [stdout]   18:     0x766df9bfe07a - <unknown>
[INFO] [stdout]   19:     0x766df9c91534 - clone
[INFO] [stdout]   20:                0x0 - <unknown>
[INFO] [stdout] 
[INFO] [stdout] ---- config_rule::config_rule_rescues_committed_added_input stdout ----
[INFO] [stdout] 
[INFO] [stdout] thread 'config_rule::config_rule_rescues_committed_added_input' (1564) panicked at tests/functional/config_rule.rs:136:5:
[INFO] [stdout] collect failed: Error: cargo-affected requires cargo-nextest >= 0.9.116. Install it with `cargo install cargo-nextest --locked`.
[INFO] [stdout] 
[INFO] [stdout] stack backtrace:
[INFO] [stdout]    0:     0x56f7c709fbd1 - <<std[104cf6e2632825ea]::sys::backtrace::BacktraceLock>::print::DisplayBacktrace as core[7c831bd917ebf35f]::fmt::Display>::fmt
[INFO] [stdout]    1:     0x56f7c70b45fa - core[7c831bd917ebf35f]::fmt::write
[INFO] [stdout]    2:     0x56f7c70a435c - <alloc[2fdc3f7464fcf288]::vec::Vec<u8> as core[7c831bd917ebf35f]::io::write::Write>::write_fmt
[INFO] [stdout]    3:     0x56f7c707a076 - std[104cf6e2632825ea]::panicking::default_hook::{closure#0}
[INFO] [stdout]    4:     0x56f7c70973c9 - std[104cf6e2632825ea]::panicking::default_hook
[INFO] [stdout]    5:     0x56f7c7031e80 - test[73009c9f9aebf890]::test_main_inner::<test[73009c9f9aebf890]::test_main_static::{closure#0}>::{closure#0}
[INFO] [stdout]    6:     0x56f7c7097582 - std[104cf6e2632825ea]::panicking::panic_with_hook
[INFO] [stdout]    7:     0x56f7c707a122 - std[104cf6e2632825ea]::panicking::panic_handler::{closure#0}
[INFO] [stdout]    8:     0x56f7c70723b9 - std[104cf6e2632825ea]::sys::backtrace::__rust_end_short_backtrace::<std[104cf6e2632825ea]::panicking::panic_handler::{closure#0}, !>
[INFO] [stdout]    9:     0x56f7c707ad1d - __rustc[b0d56fa5b193ad05]::rust_begin_unwind
[INFO] [stdout]   10:     0x56f7c70b4d5c - core[7c831bd917ebf35f]::panicking::panic_fmt
[INFO] [stdout]   11:     0x56f7c6e6894a - functional[e0a49273faf54269]::config_rule::config_rule_rescues_committed_added_input
[INFO] [stdout]   12:     0x56f7c6e87ba9 - <functional[e0a49273faf54269]::config_rule::config_rule_rescues_committed_added_input::{closure#0} as core[7c831bd917ebf35f]::ops::function::FnOnce<()>>::call_once
[INFO] [stdout]   13:     0x56f7c702516b - test[73009c9f9aebf890]::__rust_begin_short_backtrace::<core[7c831bd917ebf35f]::result::Result<(), alloc[2fdc3f7464fcf288]::string::String>, fn() -> core[7c831bd917ebf35f]::result::Result<(), alloc[2fdc3f7464fcf288]::string::String>>
[INFO] [stdout]   14:     0x56f7c70327d5 - test[73009c9f9aebf890]::run_test::{closure#0}
[INFO] [stdout]   15:     0x56f7c702bb94 - std[104cf6e2632825ea]::sys::backtrace::__rust_begin_short_backtrace::<test[73009c9f9aebf890]::run_test::{closure#1}, ()>
[INFO] [stdout]   16:     0x56f7c7035932 - <std[104cf6e2632825ea]::thread::lifecycle::spawn_unchecked<test[73009c9f9aebf890]::run_test::{closure#1}, ()>::{closure#1} as core[7c831bd917ebf35f]::ops::function::FnOnce<()>>::call_once::{shim:vtable#0}
[INFO] [stdout]   17:     0x56f7c709ef49 - <std[104cf6e2632825ea]::sys::thread::unix::Thread>::new::thread_start
[INFO] [stdout]   18:     0x766df9bfe07a - <unknown>
[INFO] [stdout]   19:     0x766df9c91534 - clone
[INFO] [stdout]   20:                0x0 - <unknown>
[INFO] [stdout] 
[INFO] [stdout] ---- cache_miss::run_uses_selection_when_collect_sha_is_sibling stdout ----
[INFO] [stdout] 
[INFO] [stdout] thread 'cache_miss::run_uses_selection_when_collect_sha_is_sibling' (1560) panicked at tests/functional/cache_miss.rs:78:5:
[INFO] [stdout] collect failed: Error: cargo-affected requires cargo-nextest >= 0.9.116. Install it with `cargo install cargo-nextest --locked`.
[INFO] [stdout] 
[INFO] [stdout] stack backtrace:
[INFO] [stdout]    0:     0x56f7c709fbd1 - <<std[104cf6e2632825ea]::sys::backtrace::BacktraceLock>::print::DisplayBacktrace as core[7c831bd917ebf35f]::fmt::Display>::fmt
[INFO] [stdout]    1:     0x56f7c70b45fa - core[7c831bd917ebf35f]::fmt::write
[INFO] [stdout]    2:     0x56f7c70a435c - <alloc[2fdc3f7464fcf288]::vec::Vec<u8> as core[7c831bd917ebf35f]::io::write::Write>::write_fmt
[INFO] [stdout]    3:     0x56f7c707a076 - std[104cf6e2632825ea]::panicking::default_hook::{closure#0}
[INFO] [stdout]    4:     0x56f7c70973c9 - std[104cf6e2632825ea]::panicking::default_hook
[INFO] [stdout]    5:     0x56f7c7031e80 - test[73009c9f9aebf890]::test_main_inner::<test[73009c9f9aebf890]::test_main_static::{closure#0}>::{closure#0}
[INFO] [stdout]    6:     0x56f7c7097582 - std[104cf6e2632825ea]::panicking::panic_with_hook
[INFO] [stdout]    7:     0x56f7c707a122 - std[104cf6e2632825ea]::panicking::panic_handler::{closure#0}
[INFO] [stdout]    8:     0x56f7c70723b9 - std[104cf6e2632825ea]::sys::backtrace::__rust_end_short_backtrace::<std[104cf6e2632825ea]::panicking::panic_handler::{closure#0}, !>
[INFO] [stdout]    9:     0x56f7c707ad1d - __rustc[b0d56fa5b193ad05]::rust_begin_unwind
[INFO] [stdout]   10:     0x56f7c70b4d5c - core[7c831bd917ebf35f]::panicking::panic_fmt
[INFO] [stdout]   11:     0x56f7c6e894b1 - functional[e0a49273faf54269]::cache_miss::run_uses_selection_when_collect_sha_is_sibling
[INFO] [stdout]   12:     0x56f7c6e87b49 - <functional[e0a49273faf54269]::cache_miss::run_uses_selection_when_collect_sha_is_sibling::{closure#0} as core[7c831bd917ebf35f]::ops::function::FnOnce<()>>::call_once
[INFO] [stdout]   13:     0x56f7c702516b - test[73009c9f9aebf890]::__rust_begin_short_backtrace::<core[7c831bd917ebf35f]::result::Result<(), alloc[2fdc3f7464fcf288]::string::String>, fn() -> core[7c831bd917ebf35f]::result::Result<(), alloc[2fdc3f7464fcf288]::string::String>>
[INFO] [stdout]   14:     0x56f7c70327d5 - test[73009c9f9aebf890]::run_test::{closure#0}
[INFO] [stdout]   15:     0x56f7c702bb94 - std[104cf6e2632825ea]::sys::backtrace::__rust_begin_short_backtrace::<test[73009c9f9aebf890]::run_test::{closure#1}, ()>
[INFO] [stdout]   16:     0x56f7c7035932 - <std[104cf6e2632825ea]::thread::lifecycle::spawn_unchecked<test[73009c9f9aebf890]::run_test::{closure#1}, ()>::{closure#1} as core[7c831bd917ebf35f]::ops::function::FnOnce<()>>::call_once::{shim:vtable#0}
[INFO] [stdout]   17:     0x56f7c709ef49 - <std[104cf6e2632825ea]::sys::thread::unix::Thread>::new::thread_start
[INFO] [stdout]   18:     0x766df9bfe07a - <unknown>
[INFO] [stdout]   19:     0x766df9c91534 - clone
[INFO] [stdout]   20:                0x0 - <unknown>
[INFO] [stdout] 
[INFO] [stdout] ---- db_has_function_ranges::collect_writes_non_sentinel_function_ranges stdout ----
[INFO] [stdout] 
[INFO] [stdout] thread 'db_has_function_ranges::collect_writes_non_sentinel_function_ranges' (1566) panicked at tests/functional/db_has_function_ranges.rs:36:5:
[INFO] [stdout] collect failed: Error: cargo-affected requires cargo-nextest >= 0.9.116. Install it with `cargo install cargo-nextest --locked`.
[INFO] [stdout] 
[INFO] [stdout] stdout: 
[INFO] [stdout] stack backtrace:
[INFO] [stdout]    0:     0x56f7c709fbd1 - <<std[104cf6e2632825ea]::sys::backtrace::BacktraceLock>::print::DisplayBacktrace as core[7c831bd917ebf35f]::fmt::Display>::fmt
[INFO] [stdout]    1:     0x56f7c70b45fa - core[7c831bd917ebf35f]::fmt::write
[INFO] [stdout]    2:     0x56f7c70a435c - <alloc[2fdc3f7464fcf288]::vec::Vec<u8> as core[7c831bd917ebf35f]::io::write::Write>::write_fmt
[INFO] [stdout]    3:     0x56f7c707a076 - std[104cf6e2632825ea]::panicking::default_hook::{closure#0}
[INFO] [stdout]    4:     0x56f7c70973c9 - std[104cf6e2632825ea]::panicking::default_hook
[INFO] [stdout]    5:     0x56f7c7031e80 - test[73009c9f9aebf890]::test_main_inner::<test[73009c9f9aebf890]::test_main_static::{closure#0}>::{closure#0}
[INFO] [stdout]    6:     0x56f7c7097582 - std[104cf6e2632825ea]::panicking::panic_with_hook
[INFO] [stdout]    7:     0x56f7c707a122 - std[104cf6e2632825ea]::panicking::panic_handler::{closure#0}
[INFO] [stdout]    8:     0x56f7c70723b9 - std[104cf6e2632825ea]::sys::backtrace::__rust_end_short_backtrace::<std[104cf6e2632825ea]::panicking::panic_handler::{closure#0}, !>
[INFO] [stdout]    9:     0x56f7c707ad1d - __rustc[b0d56fa5b193ad05]::rust_begin_unwind
[INFO] [stdout]   10:     0x56f7c70b4d5c - core[7c831bd917ebf35f]::panicking::panic_fmt
[INFO] [stdout]   11:     0x56f7c6e833ef - functional[e0a49273faf54269]::db_has_function_ranges::collect_writes_non_sentinel_function_ranges
[INFO] [stdout]   12:     0x56f7c6e87dc9 - <functional[e0a49273faf54269]::db_has_function_ranges::collect_writes_non_sentinel_function_ranges::{closure#0} as core[7c831bd917ebf35f]::ops::function::FnOnce<()>>::call_once
[INFO] [stdout]   13:     0x56f7c702516b - test[73009c9f9aebf890]::__rust_begin_short_backtrace::<core[7c831bd917ebf35f]::result::Result<(), alloc[2fdc3f7464fcf288]::string::String>, fn() -> core[7c831bd917ebf35f]::result::Result<(), alloc[2fdc3f7464fcf288]::string::String>>
[INFO] [stdout]   14:     0x56f7c70327d5 - test[73009c9f9aebf890]::run_test::{closure#0}
[INFO] [stdout]   15:     0x56f7c702bb94 - std[104cf6e2632825ea]::sys::backtrace::__rust_begin_short_backtrace::<test[73009c9f9aebf890]::run_test::{closure#1}, ()>
[INFO] [stdout]   16:     0x56f7c7035932 - <std[104cf6e2632825ea]::thread::lifecycle::spawn_unchecked<test[73009c9f9aebf890]::run_test::{closure#1}, ()>::{closure#1} as core[7c831bd917ebf35f]::ops::function::FnOnce<()>>::call_once::{shim:vtable#0}
[INFO] [stdout]   17:     0x56f7c709ef49 - <std[104cf6e2632825ea]::sys::thread::unix::Thread>::new::thread_start
[INFO] [stdout]   18:     0x766df9bfe07a - <unknown>
[INFO] [stdout]   19:     0x766df9c91534 - clone
[INFO] [stdout]   20:                0x0 - <unknown>
[INFO] [stdout] 
[INFO] [stdout] ---- diff_collect::diff_collect_errors_with_no_prior_collect stdout ----
[INFO] [stdout] 
[INFO] [stdout] thread 'diff_collect::diff_collect_errors_with_no_prior_collect' (1572) panicked at tests/functional/diff_collect.rs:239:5:
[INFO] [stdout] expected helpful error about missing prior collect, got:
[INFO] [stdout] Error: cargo-affected requires cargo-nextest >= 0.9.116. Install it with `cargo install cargo-nextest --locked`.
[INFO] [stdout] 
[INFO] [stdout] stack backtrace:
[INFO] [stdout]    0:     0x56f7c709fbd1 - <<std[104cf6e2632825ea]::sys::backtrace::BacktraceLock>::print::DisplayBacktrace as core[7c831bd917ebf35f]::fmt::Display>::fmt
[INFO] [stdout]    1:     0x56f7c70b45fa - core[7c831bd917ebf35f]::fmt::write
[INFO] [stdout]    2:     0x56f7c70a435c - <alloc[2fdc3f7464fcf288]::vec::Vec<u8> as core[7c831bd917ebf35f]::io::write::Write>::write_fmt
[INFO] [stdout]    3:     0x56f7c707a076 - std[104cf6e2632825ea]::panicking::default_hook::{closure#0}
[INFO] [stdout]    4:     0x56f7c70973c9 - std[104cf6e2632825ea]::panicking::default_hook
[INFO] [stdout]    5:     0x56f7c7031e80 - test[73009c9f9aebf890]::test_main_inner::<test[73009c9f9aebf890]::test_main_static::{closure#0}>::{closure#0}
[INFO] [stdout]    6:     0x56f7c7097582 - std[104cf6e2632825ea]::panicking::panic_with_hook
[INFO] [stdout]    7:     0x56f7c707a122 - std[104cf6e2632825ea]::panicking::panic_handler::{closure#0}
[INFO] [stdout]    8:     0x56f7c70723b9 - std[104cf6e2632825ea]::sys::backtrace::__rust_end_short_backtrace::<std[104cf6e2632825ea]::panicking::panic_handler::{closure#0}, !>
[INFO] [stdout]    9:     0x56f7c707ad1d - __rustc[b0d56fa5b193ad05]::rust_begin_unwind
[INFO] [stdout]   10:     0x56f7c70b4d5c - core[7c831bd917ebf35f]::panicking::panic_fmt
[INFO] [stdout]   11:     0x56f7c6e60cf0 - functional[e0a49273faf54269]::diff_collect::diff_collect_errors_with_no_prior_collect
[INFO] [stdout]   12:     0x56f7c6e87c69 - <functional[e0a49273faf54269]::diff_collect::diff_collect_errors_with_no_prior_collect::{closure#0} as core[7c831bd917ebf35f]::ops::function::FnOnce<()>>::call_once
[INFO] [stdout]   13:     0x56f7c702516b - test[73009c9f9aebf890]::__rust_begin_short_backtrace::<core[7c831bd917ebf35f]::result::Result<(), alloc[2fdc3f7464fcf288]::string::String>, fn() -> core[7c831bd917ebf35f]::result::Result<(), alloc[2fdc3f7464fcf288]::string::String>>
[INFO] [stdout]   14:     0x56f7c70327d5 - test[73009c9f9aebf890]::run_test::{closure#0}
[INFO] [stdout]   15:     0x56f7c702bb94 - std[104cf6e2632825ea]::sys::backtrace::__rust_begin_short_backtrace::<test[73009c9f9aebf890]::run_test::{closure#1}, ()>
[INFO] [stdout]   16:     0x56f7c7035932 - <std[104cf6e2632825ea]::thread::lifecycle::spawn_unchecked<test[73009c9f9aebf890]::run_test::{closure#1}, ()>::{closure#1} as core[7c831bd917ebf35f]::ops::function::FnOnce<()>>::call_once::{shim:vtable#0}
[INFO] [stdout]   17:     0x56f7c709ef49 - <std[104cf6e2632825ea]::sys::thread::unix::Thread>::new::thread_start
[INFO] [stdout]   18:     0x766df9bfe07a - <unknown>
[INFO] [stdout]   19:     0x766df9c91534 - clone
[INFO] [stdout]   20:                0x0 - <unknown>
[INFO] [stdout] 
[INFO] [stdout] ---- diff_collect::diff_collect_accumulates_distinct_shas_across_rounds stdout ----
[INFO] [stdout] 
[INFO] [stdout] thread 'diff_collect::diff_collect_accumulates_distinct_shas_across_rounds' (1567) panicked at tests/functional/diff_collect.rs:150:5:
[INFO] [stdout] initial collect failed: Error: cargo-affected requires cargo-nextest >= 0.9.116. Install it with `cargo install cargo-nextest --locked`.
[INFO] [stdout] 
[INFO] [stdout] stack backtrace:
[INFO] [stdout]    0:     0x56f7c709fbd1 - <<std[104cf6e2632825ea]::sys::backtrace::BacktraceLock>::print::DisplayBacktrace as core[7c831bd917ebf35f]::fmt::Display>::fmt
[INFO] [stdout]    1:     0x56f7c70b45fa - core[7c831bd917ebf35f]::fmt::write
[INFO] [stdout]    2:     0x56f7c70a435c - <alloc[2fdc3f7464fcf288]::vec::Vec<u8> as core[7c831bd917ebf35f]::io::write::Write>::write_fmt
[INFO] [stdout]    3:     0x56f7c707a076 - std[104cf6e2632825ea]::panicking::default_hook::{closure#0}
[INFO] [stdout]    4:     0x56f7c70973c9 - std[104cf6e2632825ea]::panicking::default_hook
[INFO] [stdout]    5:     0x56f7c7031e80 - test[73009c9f9aebf890]::test_main_inner::<test[73009c9f9aebf890]::test_main_static::{closure#0}>::{closure#0}
[INFO] [stdout]    6:     0x56f7c7097582 - std[104cf6e2632825ea]::panicking::panic_with_hook
[INFO] [stdout]    7:     0x56f7c707a122 - std[104cf6e2632825ea]::panicking::panic_handler::{closure#0}
[INFO] [stdout]    8:     0x56f7c70723b9 - std[104cf6e2632825ea]::sys::backtrace::__rust_end_short_backtrace::<std[104cf6e2632825ea]::panicking::panic_handler::{closure#0}, !>
[INFO] [stdout]    9:     0x56f7c707ad1d - __rustc[b0d56fa5b193ad05]::rust_begin_unwind
[INFO] [stdout]   10:     0x56f7c70b4d5c - core[7c831bd917ebf35f]::panicking::panic_fmt
[INFO] [stdout]   11:     0x56f7c6e64bfe - functional[e0a49273faf54269]::diff_collect::diff_collect_accumulates_distinct_shas_across_rounds
[INFO] [stdout]   12:     0x56f7c6e87d09 - <functional[e0a49273faf54269]::diff_collect::diff_collect_accumulates_distinct_shas_across_rounds::{closure#0} as core[7c831bd917ebf35f]::ops::function::FnOnce<()>>::call_once
[INFO] [stdout]   13:     0x56f7c702516b - test[73009c9f9aebf890]::__rust_begin_short_backtrace::<core[7c831bd917ebf35f]::result::Result<(), alloc[2fdc3f7464fcf288]::string::String>, fn() -> core[7c831bd917ebf35f]::result::Result<(), alloc[2fdc3f7464fcf288]::string::String>>
[INFO] [stdout]   14:     0x56f7c70327d5 - test[73009c9f9aebf890]::run_test::{closure#0}
[INFO] [stdout]   15:     0x56f7c702bb94 - std[104cf6e2632825ea]::sys::backtrace::__rust_begin_short_backtrace::<test[73009c9f9aebf890]::run_test::{closure#1}, ()>
[INFO] [stdout]   16:     0x56f7c7035932 - <std[104cf6e2632825ea]::thread::lifecycle::spawn_unchecked<test[73009c9f9aebf890]::run_test::{closure#1}, ()>::{closure#1} as core[7c831bd917ebf35f]::ops::function::FnOnce<()>>::call_once::{shim:vtable#0}
[INFO] [stdout]   17:     0x56f7c709ef49 - <std[104cf6e2632825ea]::sys::thread::unix::Thread>::new::thread_start
[INFO] [stdout]   18:     0x766df9bfe07a - <unknown>
[INFO] [stdout]   19:     0x766df9c91534 - clone
[INFO] [stdout]   20:                0x0 - <unknown>
[INFO] [stdout] 
[INFO] [stdout] ---- config_rule::config_rule_selects_test_for_non_rust_input_change stdout ----
[INFO] [stdout] 
[INFO] [stdout] thread 'config_rule::config_rule_selects_test_for_non_rust_input_change' (1565) panicked at tests/functional/config_rule.rs:81:5:
[INFO] [stdout] collect failed: Error: cargo-affected requires cargo-nextest >= 0.9.116. Install it with `cargo install cargo-nextest --locked`.
[INFO] [stdout] 
[INFO] [stdout] stack backtrace:
[INFO] [stdout]    0:     0x56f7c709fbd1 - <<std[104cf6e2632825ea]::sys::backtrace::BacktraceLock>::print::DisplayBacktrace as core[7c831bd917ebf35f]::fmt::Display>::fmt
[INFO] [stdout]    1:     0x56f7c70b45fa - core[7c831bd917ebf35f]::fmt::write
[INFO] [stdout]    2:     0x56f7c70a435c - <alloc[2fdc3f7464fcf288]::vec::Vec<u8> as core[7c831bd917ebf35f]::io::write::Write>::write_fmt
[INFO] [stdout]    3:     0x56f7c707a076 - std[104cf6e2632825ea]::panicking::default_hook::{closure#0}
[INFO] [stdout]    4:     0x56f7c70973c9 - std[104cf6e2632825ea]::panicking::default_hook
[INFO] [stdout]    5:     0x56f7c7031e80 - test[73009c9f9aebf890]::test_main_inner::<test[73009c9f9aebf890]::test_main_static::{closure#0}>::{closure#0}
[INFO] [stdout]    6:     0x56f7c7097582 - std[104cf6e2632825ea]::panicking::panic_with_hook
[INFO] [stdout]    7:     0x56f7c707a122 - std[104cf6e2632825ea]::panicking::panic_handler::{closure#0}
[INFO] [stdout]    8:     0x56f7c70723b9 - std[104cf6e2632825ea]::sys::backtrace::__rust_end_short_backtrace::<std[104cf6e2632825ea]::panicking::panic_handler::{closure#0}, !>
[INFO] [stdout]    9:     0x56f7c707ad1d - __rustc[b0d56fa5b193ad05]::rust_begin_unwind
[INFO] [stdout]   10:     0x56f7c70b4d5c - core[7c831bd917ebf35f]::panicking::panic_fmt
[INFO] [stdout]   11:     0x56f7c6e68f64 - functional[e0a49273faf54269]::config_rule::config_rule_selects_test_for_non_rust_input_change
[INFO] [stdout]   12:     0x56f7c6e87bc9 - <functional[e0a49273faf54269]::config_rule::config_rule_selects_test_for_non_rust_input_change::{closure#0} as core[7c831bd917ebf35f]::ops::function::FnOnce<()>>::call_once
[INFO] [stdout]   13:     0x56f7c702516b - test[73009c9f9aebf890]::__rust_begin_short_backtrace::<core[7c831bd917ebf35f]::result::Result<(), alloc[2fdc3f7464fcf288]::string::String>, fn() -> core[7c831bd917ebf35f]::result::Result<(), alloc[2fdc3f7464fcf288]::string::String>>
[INFO] [stdout]   14:     0x56f7c70327d5 - test[73009c9f9aebf890]::run_test::{closure#0}
[INFO] [stdout]   15:     0x56f7c702bb94 - std[104cf6e2632825ea]::sys::backtrace::__rust_begin_short_backtrace::<test[73009c9f9aebf890]::run_test::{closure#1}, ()>
[INFO] [stdout]   16:     0x56f7c7035932 - <std[104cf6e2632825ea]::thread::lifecycle::spawn_unchecked<test[73009c9f9aebf890]::run_test::{closure#1}, ()>::{closure#1} as core[7c831bd917ebf35f]::ops::function::FnOnce<()>>::call_once::{shim:vtable#0}
[INFO] [stdout]   17:     0x56f7c709ef49 - <std[104cf6e2632825ea]::sys::thread::unix::Thread>::new::thread_start
[INFO] [stdout]   18:     0x766df9bfe07a - <unknown>
[INFO] [stdout]   19:     0x766df9c91534 - clone
[INFO] [stdout]   20:                0x0 - <unknown>
[INFO] [stdout] 
[INFO] [stdout] ---- clean::clean_then_status_reports_no_coverage stdout ----
[INFO] [stdout] 
[INFO] [stdout] thread 'clean::clean_then_status_reports_no_coverage' (1561) panicked at tests/functional/clean.rs:14:5:
[INFO] [stdout] collect failed: Error: cargo-affected requires cargo-nextest >= 0.9.116. Install it with `cargo install cargo-nextest --locked`.
[INFO] [stdout] 
[INFO] [stdout] stack backtrace:
[INFO] [stdout]    0:     0x56f7c709fbd1 - <<std[104cf6e2632825ea]::sys::backtrace::BacktraceLock>::print::DisplayBacktrace as core[7c831bd917ebf35f]::fmt::Display>::fmt
[INFO] [stdout]    1:     0x56f7c70b45fa - core[7c831bd917ebf35f]::fmt::write
[INFO] [stdout]    2:     0x56f7c70a435c - <alloc[2fdc3f7464fcf288]::vec::Vec<u8> as core[7c831bd917ebf35f]::io::write::Write>::write_fmt
[INFO] [stdout]    3:     0x56f7c707a076 - std[104cf6e2632825ea]::panicking::default_hook::{closure#0}
[INFO] [stdout]    4:     0x56f7c70973c9 - std[104cf6e2632825ea]::panicking::default_hook
[INFO] [stdout]    5:     0x56f7c7031e80 - test[73009c9f9aebf890]::test_main_inner::<test[73009c9f9aebf890]::test_main_static::{closure#0}>::{closure#0}
[INFO] [stdout]    6:     0x56f7c7097582 - std[104cf6e2632825ea]::panicking::panic_with_hook
[INFO] [stdout]    7:     0x56f7c707a122 - std[104cf6e2632825ea]::panicking::panic_handler::{closure#0}
[INFO] [stdout]    8:     0x56f7c70723b9 - std[104cf6e2632825ea]::sys::backtrace::__rust_end_short_backtrace::<std[104cf6e2632825ea]::panicking::panic_handler::{closure#0}, !>
[INFO] [stdout]    9:     0x56f7c707ad1d - __rustc[b0d56fa5b193ad05]::rust_begin_unwind
[INFO] [stdout]   10:     0x56f7c70b4d5c - core[7c831bd917ebf35f]::panicking::panic_fmt
[INFO] [stdout]   11:     0x56f7c6e7699b - functional[e0a49273faf54269]::clean::clean_then_status_reports_no_coverage
[INFO] [stdout]   12:     0x56f7c6e87e89 - <functional[e0a49273faf54269]::clean::clean_then_status_reports_no_coverage::{closure#0} as core[7c831bd917ebf35f]::ops::function::FnOnce<()>>::call_once
[INFO] [stdout]   13:     0x56f7c702516b - test[73009c9f9aebf890]::__rust_begin_short_backtrace::<core[7c831bd917ebf35f]::result::Result<(), alloc[2fdc3f7464fcf288]::string::String>, fn() -> core[7c831bd917ebf35f]::result::Result<(), alloc[2fdc3f7464fcf288]::string::String>>
[INFO] [stdout]   14:     0x56f7c70327d5 - test[73009c9f9aebf890]::run_test::{closure#0}
[INFO] [stdout]   15:     0x56f7c702bb94 - std[104cf6e2632825ea]::sys::backtrace::__rust_begin_short_backtrace::<test[73009c9f9aebf890]::run_test::{closure#1}, ()>
[INFO] [stdout]   16:     0x56f7c7035932 - <std[104cf6e2632825ea]::thread::lifecycle::spawn_unchecked<test[73009c9f9aebf890]::run_test::{closure#1}, ()>::{closure#1} as core[7c831bd917ebf35f]::ops::function::FnOnce<()>>::call_once::{shim:vtable#0}
[INFO] [stdout]   17:     0x56f7c709ef49 - <std[104cf6e2632825ea]::sys::thread::unix::Thread>::new::thread_start
[INFO] [stdout]   18:     0x766df9bfe07a - <unknown>
[INFO] [stdout]   19:     0x766df9c91534 - clone
[INFO] [stdout]   20:                0x0 - <unknown>
[INFO] [stdout] 
[INFO] [stdout] ---- config_rule::config_rule_inert_when_no_glob_matches stdout ----
[INFO] [stdout] 
[INFO] [stdout] thread 'config_rule::config_rule_inert_when_no_glob_matches' (1563) panicked at tests/functional/config_rule.rs:172:5:
[INFO] [stdout] collect failed: Error: cargo-affected requires cargo-nextest >= 0.9.116. Install it with `cargo install cargo-nextest --locked`.
[INFO] [stdout] 
[INFO] [stdout] stack backtrace:
[INFO] [stdout]    0:     0x56f7c709fbd1 - <<std[104cf6e2632825ea]::sys::backtrace::BacktraceLock>::print::DisplayBacktrace as core[7c831bd917ebf35f]::fmt::Display>::fmt
[INFO] [stdout]    1:     0x56f7c70b45fa - core[7c831bd917ebf35f]::fmt::write
[INFO] [stdout]    2:     0x56f7c70a435c - <alloc[2fdc3f7464fcf288]::vec::Vec<u8> as core[7c831bd917ebf35f]::io::write::Write>::write_fmt
[INFO] [stdout]    3:     0x56f7c707a076 - std[104cf6e2632825ea]::panicking::default_hook::{closure#0}
[INFO] [stdout]    4:     0x56f7c70973c9 - std[104cf6e2632825ea]::panicking::default_hook
[INFO] [stdout]    5:     0x56f7c7031e80 - test[73009c9f9aebf890]::test_main_inner::<test[73009c9f9aebf890]::test_main_static::{closure#0}>::{closure#0}
[INFO] [stdout]    6:     0x56f7c7097582 - std[104cf6e2632825ea]::panicking::panic_with_hook
[INFO] [stdout]    7:     0x56f7c707a122 - std[104cf6e2632825ea]::panicking::panic_handler::{closure#0}
[INFO] [stdout]    8:     0x56f7c70723b9 - std[104cf6e2632825ea]::sys::backtrace::__rust_end_short_backtrace::<std[104cf6e2632825ea]::panicking::panic_handler::{closure#0}, !>
[INFO] [stdout]    9:     0x56f7c707ad1d - __rustc[b0d56fa5b193ad05]::rust_begin_unwind
[INFO] [stdout]   10:     0x56f7c70b4d5c - core[7c831bd917ebf35f]::panicking::panic_fmt
[INFO] [stdout]   11:     0x56f7c6e683e7 - functional[e0a49273faf54269]::config_rule::config_rule_inert_when_no_glob_matches
[INFO] [stdout]   12:     0x56f7c6e87b89 - <functional[e0a49273faf54269]::config_rule::config_rule_inert_when_no_glob_matches::{closure#0} as core[7c831bd917ebf35f]::ops::function::FnOnce<()>>::call_once
[INFO] [stdout]   13:     0x56f7c702516b - test[73009c9f9aebf890]::__rust_begin_short_backtrace::<core[7c831bd917ebf35f]::result::Result<(), alloc[2fdc3f7464fcf288]::string::String>, fn() -> core[7c831bd917ebf35f]::result::Result<(), alloc[2fdc3f7464fcf288]::string::String>>
[INFO] [stdout]   14:     0x56f7c70327d5 - test[73009c9f9aebf890]::run_test::{closure#0}
[INFO] [stdout]   15:     0x56f7c702bb94 - std[104cf6e2632825ea]::sys::backtrace::__rust_begin_short_backtrace::<test[73009c9f9aebf890]::run_test::{closure#1}, ()>
[INFO] [stdout]   16:     0x56f7c7035932 - <std[104cf6e2632825ea]::thread::lifecycle::spawn_unchecked<test[73009c9f9aebf890]::run_test::{closure#1}, ()>::{closure#1} as core[7c831bd917ebf35f]::ops::function::FnOnce<()>>::call_once::{shim:vtable#0}
[INFO] [stdout]   17:     0x56f7c709ef49 - <std[104cf6e2632825ea]::sys::thread::unix::Thread>::new::thread_start
[INFO] [stdout]   18:     0x766df9bfe07a - <unknown>
[INFO] [stdout]   19:     0x766df9c91534 - clone
[INFO] [stdout]   20:                0x0 - <unknown>
[INFO] [stdout] 
[INFO] [stdout] ---- diff_collect::diff_collect_all_phantom_selection_prunes_cleanly stdout ----
[INFO] [stdout] 
[INFO] [stdout] thread 'diff_collect::diff_collect_all_phantom_selection_prunes_cleanly' (1569) panicked at tests/functional/diff_collect.rs:592:5:
[INFO] [stdout] initial collect failed: Error: cargo-affected requires cargo-nextest >= 0.9.116. Install it with `cargo install cargo-nextest --locked`.
[INFO] [stdout] 
[INFO] [stdout] stack backtrace:
[INFO] [stdout]    0:     0x56f7c709fbd1 - <<std[104cf6e2632825ea]::sys::backtrace::BacktraceLock>::print::DisplayBacktrace as core[7c831bd917ebf35f]::fmt::Display>::fmt
[INFO] [stdout]    1:     0x56f7c70b45fa - core[7c831bd917ebf35f]::fmt::write
[INFO] [stdout]    2:     0x56f7c70a435c - <alloc[2fdc3f7464fcf288]::vec::Vec<u8> as core[7c831bd917ebf35f]::io::write::Write>::write_fmt
[INFO] [stdout]    3:     0x56f7c707a076 - std[104cf6e2632825ea]::panicking::default_hook::{closure#0}
[INFO] [stdout]    4:     0x56f7c70973c9 - std[104cf6e2632825ea]::panicking::default_hook
[INFO] [stdout]    5:     0x56f7c7031e80 - test[73009c9f9aebf890]::test_main_inner::<test[73009c9f9aebf890]::test_main_static::{closure#0}>::{closure#0}
[INFO] [stdout]    6:     0x56f7c7097582 - std[104cf6e2632825ea]::panicking::panic_with_hook
[INFO] [stdout]    7:     0x56f7c707a122 - std[104cf6e2632825ea]::panicking::panic_handler::{closure#0}
[INFO] [stdout]    8:     0x56f7c70723b9 - std[104cf6e2632825ea]::sys::backtrace::__rust_end_short_backtrace::<std[104cf6e2632825ea]::panicking::panic_handler::{closure#0}, !>
[INFO] [stdout]    9:     0x56f7c707ad1d - __rustc[b0d56fa5b193ad05]::rust_begin_unwind
[INFO] [stdout]   10:     0x56f7c70b4d5c - core[7c831bd917ebf35f]::panicking::panic_fmt
[INFO] [stdout]   11:     0x56f7c6e63814 - functional[e0a49273faf54269]::diff_collect::diff_collect_all_phantom_selection_prunes_cleanly
[INFO] [stdout]   12:     0x56f7c6e87ce9 - <functional[e0a49273faf54269]::diff_collect::diff_collect_all_phantom_selection_prunes_cleanly::{closure#0} as core[7c831bd917ebf35f]::ops::function::FnOnce<()>>::call_once
[INFO] [stdout]   13:     0x56f7c702516b - test[73009c9f9aebf890]::__rust_begin_short_backtrace::<core[7c831bd917ebf35f]::result::Result<(), alloc[2fdc3f7464fcf288]::string::String>, fn() -> core[7c831bd917ebf35f]::result::Result<(), alloc[2fdc3f7464fcf288]::string::String>>
[INFO] [stdout]   14:     0x56f7c70327d5 - test[73009c9f9aebf890]::run_test::{closure#0}
[INFO] [stdout]   15:     0x56f7c702bb94 - std[104cf6e2632825ea]::sys::backtrace::__rust_begin_short_backtrace::<test[73009c9f9aebf890]::run_test::{closure#1}, ()>
[INFO] [stdout]   16:     0x56f7c7035932 - <std[104cf6e2632825ea]::thread::lifecycle::spawn_unchecked<test[73009c9f9aebf890]::run_test::{closure#1}, ()>::{closure#1} as core[7c831bd917ebf35f]::ops::function::FnOnce<()>>::call_once::{shim:vtable#0}
[INFO] [stdout]   17:     0x56f7c709ef49 - <std[104cf6e2632825ea]::sys::thread::unix::Thread>::new::thread_start
[INFO] [stdout]   18:     0x766df9bfe07a - <unknown>
[INFO] [stdout]   19:     0x766df9c91534 - clone
[INFO] [stdout]   20:                0x0 - <unknown>
[INFO] [stdout] 
[INFO] [stdout] ---- diff_collect::diff_collect_succeeds_when_sha_is_sibling stdout ----
[INFO] [stdout] 
[INFO] [stdout] thread 'diff_collect::diff_collect_succeeds_when_sha_is_sibling' (1580) panicked at tests/functional/diff_collect.rs:427:5:
[INFO] [stdout] collect failed: Error: cargo-affected requires cargo-nextest >= 0.9.116. Install it with `cargo install cargo-nextest --locked`.
[INFO] [stdout] 
[INFO] [stdout] stack backtrace:
[INFO] [stdout]    0:     0x56f7c709fbd1 - <<std[104cf6e2632825ea]::sys::backtrace::BacktraceLock>::print::DisplayBacktrace as core[7c831bd917ebf35f]::fmt::Display>::fmt
[INFO] [stdout]    1:     0x56f7c70b45fa - core[7c831bd917ebf35f]::fmt::write
[INFO] [stdout]    2:     0x56f7c70a435c - <alloc[2fdc3f7464fcf288]::vec::Vec<u8> as core[7c831bd917ebf35f]::io::write::Write>::write_fmt
[INFO] [stdout]    3:     0x56f7c707a076 - std[104cf6e2632825ea]::panicking::default_hook::{closure#0}
[INFO] [stdout]    4:     0x56f7c70973c9 - std[104cf6e2632825ea]::panicking::default_hook
[INFO] [stdout]    5:     0x56f7c7031e80 - test[73009c9f9aebf890]::test_main_inner::<test[73009c9f9aebf890]::test_main_static::{closure#0}>::{closure#0}
[INFO] [stdout]    6:     0x56f7c7097582 - std[104cf6e2632825ea]::panicking::panic_with_hook
[INFO] [stdout]    7:     0x56f7c707a122 - std[104cf6e2632825ea]::panicking::panic_handler::{closure#0}
[INFO] [stdout]    8:     0x56f7c70723b9 - std[104cf6e2632825ea]::sys::backtrace::__rust_end_short_backtrace::<std[104cf6e2632825ea]::panicking::panic_handler::{closure#0}, !>
[INFO] [stdout]    9:     0x56f7c707ad1d - __rustc[b0d56fa5b193ad05]::rust_begin_unwind
[INFO] [stdout]   10:     0x56f7c70b4d5c - core[7c831bd917ebf35f]::panicking::panic_fmt
[INFO] [stdout]   11:     0x56f7c6e613d0 - functional[e0a49273faf54269]::diff_collect::diff_collect_succeeds_when_sha_is_sibling
[INFO] [stdout]   12:     0x56f7c6e87c89 - <functional[e0a49273faf54269]::diff_collect::diff_collect_succeeds_when_sha_is_sibling::{closure#0} as core[7c831bd917ebf35f]::ops::function::FnOnce<()>>::call_once
[INFO] [stdout]   13:     0x56f7c702516b - test[73009c9f9aebf890]::__rust_begin_short_backtrace::<core[7c831bd917ebf35f]::result::Result<(), alloc[2fdc3f7464fcf288]::string::String>, fn() -> core[7c831bd917ebf35f]::result::Result<(), alloc[2fdc3f7464fcf288]::string::String>>
[INFO] [stdout]   14:     0x56f7c70327d5 - test[73009c9f9aebf890]::run_test::{closure#0}
[INFO] [stdout]   15:     0x56f7c702bb94 - std[104cf6e2632825ea]::sys::backtrace::__rust_begin_short_backtrace::<test[73009c9f9aebf890]::run_test::{closure#1}, ()>
[INFO] [stdout]   16:     0x56f7c7035932 - <std[104cf6e2632825ea]::thread::lifecycle::spawn_unchecked<test[73009c9f9aebf890]::run_test::{closure#1}, ()>::{closure#1} as core[7c831bd917ebf35f]::ops::function::FnOnce<()>>::call_once::{shim:vtable#0}
[INFO] [stdout]   17:     0x56f7c709ef49 - <std[104cf6e2632825ea]::sys::thread::unix::Thread>::new::thread_start
[INFO] [stdout]   18:     0x766df9bfe07a - <unknown>
[INFO] [stdout]   19:     0x766df9c91534 - clone
[INFO] [stdout]   20:                0x0 - <unknown>
[INFO] [stdout] 
[INFO] [stdout] ---- diff_collect::diff_collect_clean_tree_exits_zero stdout ----
[INFO] [stdout] 
[INFO] [stdout] thread 'diff_collect::diff_collect_clean_tree_exits_zero' (1571) panicked at tests/functional/diff_collect.rs:670:5:
[INFO] [stdout] initial collect failed: Error: cargo-affected requires cargo-nextest >= 0.9.116. Install it with `cargo install cargo-nextest --locked`.
[INFO] [stdout] 
[INFO] [stdout] stack backtrace:
[INFO] [stdout]    0:     0x56f7c709fbd1 - <<std[104cf6e2632825ea]::sys::backtrace::BacktraceLock>::print::DisplayBacktrace as core[7c831bd917ebf35f]::fmt::Display>::fmt
[INFO] [stdout]    1:     0x56f7c70b45fa - core[7c831bd917ebf35f]::fmt::write
[INFO] [stdout]    2:     0x56f7c70a435c - <alloc[2fdc3f7464fcf288]::vec::Vec<u8> as core[7c831bd917ebf35f]::io::write::Write>::write_fmt
[INFO] [stdout]    3:     0x56f7c707a076 - std[104cf6e2632825ea]::panicking::default_hook::{closure#0}
[INFO] [stdout]    4:     0x56f7c70973c9 - std[104cf6e2632825ea]::panicking::default_hook
[INFO] [stdout]    5:     0x56f7c7031e80 - test[73009c9f9aebf890]::test_main_inner::<test[73009c9f9aebf890]::test_main_static::{closure#0}>::{closure#0}
[INFO] [stdout]    6:     0x56f7c7097582 - std[104cf6e2632825ea]::panicking::panic_with_hook
[INFO] [stdout]    7:     0x56f7c707a122 - std[104cf6e2632825ea]::panicking::panic_handler::{closure#0}
[INFO] [stdout]    8:     0x56f7c70723b9 - std[104cf6e2632825ea]::sys::backtrace::__rust_end_short_backtrace::<std[104cf6e2632825ea]::panicking::panic_handler::{closure#0}, !>
[INFO] [stdout]    9:     0x56f7c707ad1d - __rustc[b0d56fa5b193ad05]::rust_begin_unwind
[INFO] [stdout]   10:     0x56f7c70b4d5c - core[7c831bd917ebf35f]::panicking::panic_fmt
[INFO] [stdout]   11:     0x56f7c6e5fc76 - functional[e0a49273faf54269]::diff_collect::diff_collect_clean_tree_exits_zero
[INFO] [stdout]   12:     0x56f7c6e87c29 - <functional[e0a49273faf54269]::diff_collect::diff_collect_clean_tree_exits_zero::{closure#0} as core[7c831bd917ebf35f]::ops::function::FnOnce<()>>::call_once
[INFO] [stdout]   13:     0x56f7c702516b - test[73009c9f9aebf890]::__rust_begin_short_backtrace::<core[7c831bd917ebf35f]::result::Result<(), alloc[2fdc3f7464fcf288]::string::String>, fn() -> core[7c831bd917ebf35f]::result::Result<(), alloc[2fdc3f7464fcf288]::string::String>>
[INFO] [stdout]   14:     0x56f7c70327d5 - test[73009c9f9aebf890]::run_test::{closure#0}
[INFO] [stdout]   15:     0x56f7c702bb94 - std[104cf6e2632825ea]::sys::backtrace::__rust_begin_short_backtrace::<test[73009c9f9aebf890]::run_test::{closure#1}, ()>
[INFO] [stdout]   16:     0x56f7c7035932 - <std[104cf6e2632825ea]::thread::lifecycle::spawn_unchecked<test[73009c9f9aebf890]::run_test::{closure#1}, ()>::{closure#1} as core[7c831bd917ebf35f]::ops::function::FnOnce<()>>::call_once::{shim:vtable#0}
[INFO] [stdout]   17:     0x56f7c709ef49 - <std[104cf6e2632825ea]::sys::thread::unix::Thread>::new::thread_start
[INFO] [stdout]   18:     0x766df9bfe07a - <unknown>
[INFO] [stdout]   19:     0x766df9c91534 - clone
[INFO] [stdout]   20:                0x0 - <unknown>
[INFO] [stdout] 
[INFO] [stdout] ---- diff_collect::run_unions_affected_and_stranded_when_partially_diverged stdout ----
[INFO] [stdout] 
[INFO] [stdout] thread 'diff_collect::run_unions_affected_and_stranded_when_partially_diverged' (1941) panicked at tests/functional/diff_collect.rs:350:5:
[INFO] [stdout] collect failed: Error: cargo-affected requires cargo-nextest >= 0.9.116. Install it with `cargo install cargo-nextest --locked`.
[INFO] [stdout] 
[INFO] [stdout] stack backtrace:
[INFO] [stdout]    0:     0x56f7c709fbd1 - <<std[104cf6e2632825ea]::sys::backtrace::BacktraceLock>::print::DisplayBacktrace as core[7c831bd917ebf35f]::fmt::Display>::fmt
[INFO] [stdout]    1:     0x56f7c70b45fa - core[7c831bd917ebf35f]::fmt::write
[INFO] [stdout]    2:     0x56f7c70a435c - <alloc[2fdc3f7464fcf288]::vec::Vec<u8> as core[7c831bd917ebf35f]::io::write::Write>::write_fmt
[INFO] [stdout]    3:     0x56f7c707a076 - std[104cf6e2632825ea]::panicking::default_hook::{closure#0}
[INFO] [stdout]    4:     0x56f7c70973c9 - std[104cf6e2632825ea]::panicking::default_hook
[INFO] [stdout]    5:     0x56f7c7031e80 - test[73009c9f9aebf890]::test_main_inner::<test[73009c9f9aebf890]::test_main_static::{closure#0}>::{closure#0}
[INFO] [stdout]    6:     0x56f7c7097582 - std[104cf6e2632825ea]::panicking::panic_with_hook
[INFO] [stdout]    7:     0x56f7c707a122 - std[104cf6e2632825ea]::panicking::panic_handler::{closure#0}
[INFO] [stdout]    8:     0x56f7c70723b9 - std[104cf6e2632825ea]::sys::backtrace::__rust_end_short_backtrace::<std[104cf6e2632825ea]::panicking::panic_handler::{closure#0}, !>
[INFO] [stdout]    9:     0x56f7c707ad1d - __rustc[b0d56fa5b193ad05]::rust_begin_unwind
[INFO] [stdout]   10:     0x56f7c70b4d5c - core[7c831bd917ebf35f]::panicking::panic_fmt
[INFO] [stdout]   11:     0x56f7c6e65786 - functional[e0a49273faf54269]::diff_collect::run_unions_affected_and_stranded_when_partially_diverged
[INFO] [stdout]   12:     0x56f7c6e87d29 - <functional[e0a49273faf54269]::diff_collect::run_unions_affected_and_stranded_when_partially_diverged::{closure#0} as core[7c831bd917ebf35f]::ops::function::FnOnce<()>>::call_once
[INFO] [stdout]   13:     0x56f7c702516b - test[73009c9f9aebf890]::__rust_begin_short_backtrace::<core[7c831bd917ebf35f]::result::Result<(), alloc[2fdc3f7464fcf288]::string::String>, fn() -> core[7c831bd917ebf35f]::result::Result<(), alloc[2fdc3f7464fcf288]::string::String>>
[INFO] [stdout]   14:     0x56f7c70327d5 - test[73009c9f9aebf890]::run_test::{closure#0}
[INFO] [stdout]   15:     0x56f7c702bb94 - std[104cf6e2632825ea]::sys::backtrace::__rust_begin_short_backtrace::<test[73009c9f9aebf890]::run_test::{closure#1}, ()>
[INFO] [stdout]   16:     0x56f7c7035932 - <std[104cf6e2632825ea]::thread::lifecycle::spawn_unchecked<test[73009c9f9aebf890]::run_test::{closure#1}, ()>::{closure#1} as core[7c831bd917ebf35f]::ops::function::FnOnce<()>>::call_once::{shim:vtable#0}
[INFO] [stdout]   17:     0x56f7c709ef49 - <std[104cf6e2632825ea]::sys::thread::unix::Thread>::new::thread_start
[INFO] [stdout]   18:     0x766df9bfe07a - <unknown>
[INFO] [stdout]   19:     0x766df9c91534 - clone
[INFO] [stdout]   20:                0x0 - <unknown>
[INFO] [stdout] 
[INFO] [stdout] ---- diff_collect::diff_collect_re_anchors_only_affected_tests stdout ----
[INFO] [stdout] 
[INFO] [stdout] thread 'diff_collect::diff_collect_re_anchors_only_affected_tests' (1579) panicked at tests/functional/diff_collect.rs:40:5:
[INFO] [stdout] initial collect failed: Error: cargo-affected requires cargo-nextest >= 0.9.116. Install it with `cargo install cargo-nextest --locked`.
[INFO] [stdout] 
[INFO] [stdout] stack backtrace:
[INFO] [stdout]    0:     0x56f7c709fbd1 - <<std[104cf6e2632825ea]::sys::backtrace::BacktraceLock>::print::DisplayBacktrace as core[7c831bd917ebf35f]::fmt::Display>::fmt
[INFO] [stdout]    1:     0x56f7c70b45fa - core[7c831bd917ebf35f]::fmt::write
[INFO] [stdout]    2:     0x56f7c70a435c - <alloc[2fdc3f7464fcf288]::vec::Vec<u8> as core[7c831bd917ebf35f]::io::write::Write>::write_fmt
[INFO] [stdout]    3:     0x56f7c707a076 - std[104cf6e2632825ea]::panicking::default_hook::{closure#0}
[INFO] [stdout]    4:     0x56f7c70973c9 - std[104cf6e2632825ea]::panicking::default_hook
[INFO] [stdout]    5:     0x56f7c7031e80 - test[73009c9f9aebf890]::test_main_inner::<test[73009c9f9aebf890]::test_main_static::{closure#0}>::{closure#0}
[INFO] [stdout]    6:     0x56f7c7097582 - std[104cf6e2632825ea]::panicking::panic_with_hook
[INFO] [stdout]    7:     0x56f7c707a122 - std[104cf6e2632825ea]::panicking::panic_handler::{closure#0}
[INFO] [stdout]    8:     0x56f7c70723b9 - std[104cf6e2632825ea]::sys::backtrace::__rust_end_short_backtrace::<std[104cf6e2632825ea]::panicking::panic_handler::{closure#0}, !>
[INFO] [stdout]    9:     0x56f7c707ad1d - __rustc[b0d56fa5b193ad05]::rust_begin_unwind
[INFO] [stdout]   10:     0x56f7c70b4d5c - core[7c831bd917ebf35f]::panicking::panic_fmt
[INFO] [stdout]   11:     0x56f7c6e61f0b - functional[e0a49273faf54269]::diff_collect::diff_collect_re_anchors_only_affected_tests
[INFO] [stdout]   12:     0x56f7c6e87ca9 - <functional[e0a49273faf54269]::diff_collect::diff_collect_re_anchors_only_affected_tests::{closure#0} as core[7c831bd917ebf35f]::ops::function::FnOnce<()>>::call_once
[INFO] [stdout]   13:     0x56f7c702516b - test[73009c9f9aebf890]::__rust_begin_short_backtrace::<core[7c831bd917ebf35f]::result::Result<(), alloc[2fdc3f7464fcf288]::string::String>, fn() -> core[7c831bd917ebf35f]::result::Result<(), alloc[2fdc3f7464fcf288]::string::String>>
[INFO] [stdout]   14:     0x56f7c70327d5 - test[73009c9f9aebf890]::run_test::{closure#0}
[INFO] [stdout]   15:     0x56f7c702bb94 - std[104cf6e2632825ea]::sys::backtrace::__rust_begin_short_backtrace::<test[73009c9f9aebf890]::run_test::{closure#1}, ()>
[INFO] [stdout]   16:     0x56f7c7035932 - <std[104cf6e2632825ea]::thread::lifecycle::spawn_unchecked<test[73009c9f9aebf890]::run_test::{closure#1}, ()>::{closure#1} as core[7c831bd917ebf35f]::ops::function::FnOnce<()>>::call_once::{shim:vtable#0}
[INFO] [stdout]   17:     0x56f7c709ef49 - <std[104cf6e2632825ea]::sys::thread::unix::Thread>::new::thread_start
[INFO] [stdout]   18:     0x766df9bfe07a - <unknown>
[INFO] [stdout]   19:     0x766df9c91534 - clone
[INFO] [stdout]   20:                0x0 - <unknown>
[INFO] [stdout] 
[INFO] [stdout] ---- lib_bin_collision::lib_bin_same_basename_resolves_via_nextest_binary_id stdout ----
[INFO] [stdout] 
[INFO] [stdout] thread 'lib_bin_collision::lib_bin_same_basename_resolves_via_nextest_binary_id' (2029) panicked at tests/functional/lib_bin_collision.rs:110:5:
[INFO] [stdout] collect failed: stderr=
[INFO] [stdout] Error: cargo-affected requires cargo-nextest >= 0.9.116. Install it with `cargo install cargo-nextest --locked`.
[INFO] [stdout] 
[INFO] [stdout] stdout=
[INFO] [stdout] 
[INFO] [stdout] stack backtrace:
[INFO] [stdout]    0:     0x56f7c709fbd1 - <<std[104cf6e2632825ea]::sys::backtrace::BacktraceLock>::print::DisplayBacktrace as core[7c831bd917ebf35f]::fmt::Display>::fmt
[INFO] [stdout]    1:     0x56f7c70b45fa - core[7c831bd917ebf35f]::fmt::write
[INFO] [stdout]    2:     0x56f7c70a435c - <alloc[2fdc3f7464fcf288]::vec::Vec<u8> as core[7c831bd917ebf35f]::io::write::Write>::write_fmt
[INFO] [stdout]    3:     0x56f7c707a076 - std[104cf6e2632825ea]::panicking::default_hook::{closure#0}
[INFO] [stdout]    4:     0x56f7c70973c9 - std[104cf6e2632825ea]::panicking::default_hook
[INFO] [stdout]    5:     0x56f7c7031e80 - test[73009c9f9aebf890]::test_main_inner::<test[73009c9f9aebf890]::test_main_static::{closure#0}>::{closure#0}
[INFO] [stdout]    6:     0x56f7c7097582 - std[104cf6e2632825ea]::panicking::panic_with_hook
[INFO] [stdout]    7:     0x56f7c707a122 - std[104cf6e2632825ea]::panicking::panic_handler::{closure#0}
[INFO] [stdout]    8:     0x56f7c70723b9 - std[104cf6e2632825ea]::sys::backtrace::__rust_end_short_backtrace::<std[104cf6e2632825ea]::panicking::panic_handler::{closure#0}, !>
[INFO] [stdout]    9:     0x56f7c707ad1d - __rustc[b0d56fa5b193ad05]::rust_begin_unwind
[INFO] [stdout]   10:     0x56f7c70b4d5c - core[7c831bd917ebf35f]::panicking::panic_fmt
[INFO] [stdout]   11:     0x56f7c6e8d345 - functional[e0a49273faf54269]::lib_bin_collision::lib_bin_same_basename_resolves_via_nextest_binary_id
[INFO] [stdout]   12:     0x56f7c6e87da9 - <functional[e0a49273faf54269]::lib_bin_collision::lib_bin_same_basename_resolves_via_nextest_binary_id::{closure#0} as core[7c831bd917ebf35f]::ops::function::FnOnce<()>>::call_once
[INFO] [stdout]   13:     0x56f7c702516b - test[73009c9f9aebf890]::__rust_begin_short_backtrace::<core[7c831bd917ebf35f]::result::Result<(), alloc[2fdc3f7464fcf288]::string::String>, fn() -> core[7c831bd917ebf35f]::result::Result<(), alloc[2fdc3f7464fcf288]::string::String>>
[INFO] [stdout]   14:     0x56f7c70327d5 - test[73009c9f9aebf890]::run_test::{closure#0}
[INFO] [stdout]   15:     0x56f7c702bb94 - std[104cf6e2632825ea]::sys::backtrace::__rust_begin_short_backtrace::<test[73009c9f9aebf890]::run_test::{closure#1}, ()>
[INFO] [stdout]   16:     0x56f7c7035932 - <std[104cf6e2632825ea]::thread::lifecycle::spawn_unchecked<test[73009c9f9aebf890]::run_test::{closure#1}, ()>::{closure#1} as core[7c831bd917ebf35f]::ops::function::FnOnce<()>>::call_once::{shim:vtable#0}
[INFO] [stdout]   17:     0x56f7c709ef49 - <std[104cf6e2632825ea]::sys::thread::unix::Thread>::new::thread_start
[INFO] [stdout]   18:     0x766df9bfe07a - <unknown>
[INFO] [stdout]   19:     0x766df9c91534 - clone
[INFO] [stdout]   20:                0x0 - <unknown>
[INFO] [stdout] 
[INFO] [stdout] ---- diff_collect::diff_collect_prunes_deleted_tests stdout ----
[INFO] [stdout] 
[INFO] [stdout] thread 'diff_collect::diff_collect_prunes_deleted_tests' (1578) panicked at tests/functional/diff_collect.rs:461:5:
[INFO] [stdout] initial collect failed: Error: cargo-affected requires cargo-nextest >= 0.9.116. Install it with `cargo install cargo-nextest --locked`.
[INFO] [stdout] 
[INFO] [stdout] stack backtrace:
[INFO] [stdout]    0:     0x56f7c709fbd1 - <<std[104cf6e2632825ea]::sys::backtrace::BacktraceLock>::print::DisplayBacktrace as core[7c831bd917ebf35f]::fmt::Display>::fmt
[INFO] [stdout]    1:     0x56f7c70b45fa - core[7c831bd917ebf35f]::fmt::write
[INFO] [stdout]    2:     0x56f7c70a435c - <alloc[2fdc3f7464fcf288]::vec::Vec<u8> as core[7c831bd917ebf35f]::io::write::Write>::write_fmt
[INFO] [stdout]    3:     0x56f7c707a076 - std[104cf6e2632825ea]::panicking::default_hook::{closure#0}
[INFO] [stdout]    4:     0x56f7c70973c9 - std[104cf6e2632825ea]::panicking::default_hook
[INFO] [stdout]    5:     0x56f7c7031e80 - test[73009c9f9aebf890]::test_main_inner::<test[73009c9f9aebf890]::test_main_static::{closure#0}>::{closure#0}
[INFO] [stdout]    6:     0x56f7c7097582 - std[104cf6e2632825ea]::panicking::panic_with_hook
[INFO] [stdout]    7:     0x56f7c707a122 - std[104cf6e2632825ea]::panicking::panic_handler::{closure#0}
[INFO] [stdout]    8:     0x56f7c70723b9 - std[104cf6e2632825ea]::sys::backtrace::__rust_end_short_backtrace::<std[104cf6e2632825ea]::panicking::panic_handler::{closure#0}, !>
[INFO] [stdout]    9:     0x56f7c707ad1d - __rustc[b0d56fa5b193ad05]::rust_begin_unwind
[INFO] [stdout]   10:     0x56f7c70b4d5c - core[7c831bd917ebf35f]::panicking::panic_fmt
[INFO] [stdout]   11:     0x56f7c6e5f47a - functional[e0a49273faf54269]::diff_collect::diff_collect_prunes_deleted_tests
[INFO] [stdout]   12:     0x56f7c6e87c09 - <functional[e0a49273faf54269]::diff_collect::diff_collect_prunes_deleted_tests::{closure#0} as core[7c831bd917ebf35f]::ops::function::FnOnce<()>>::call_once
[INFO] [stdout]   13:     0x56f7c702516b - test[73009c9f9aebf890]::__rust_begin_short_backtrace::<core[7c831bd917ebf35f]::result::Result<(), alloc[2fdc3f7464fcf288]::string::String>, fn() -> core[7c831bd917ebf35f]::result::Result<(), alloc[2fdc3f7464fcf288]::string::String>>
[INFO] [stdout]   14:     0x56f7c70327d5 - test[73009c9f9aebf890]::run_test::{closure#0}
[INFO] [stdout]   15:     0x56f7c702bb94 - std[104cf6e2632825ea]::sys::backtrace::__rust_begin_short_backtrace::<test[73009c9f9aebf890]::run_test::{closure#1}, ()>
[INFO] [stdout]   16:     0x56f7c7035932 - <std[104cf6e2632825ea]::thread::lifecycle::spawn_unchecked<test[73009c9f9aebf890]::run_test::{closure#1}, ()>::{closure#1} as core[7c831bd917ebf35f]::ops::function::FnOnce<()>>::call_once::{shim:vtable#0}
[INFO] [stdout]   17:     0x56f7c709ef49 - <std[104cf6e2632825ea]::sys::thread::unix::Thread>::new::thread_start
[INFO] [stdout]   18:     0x766df9bfe07a - <unknown>
[INFO] [stdout]   19:     0x766df9c91534 - clone
[INFO] [stdout]   20:                0x0 - <unknown>
[INFO] [stdout] 
[INFO] [stdout] ---- duplicate_target_names::duplicate_basename_with_stripped_debuginfo_resolves_correctly stdout ----
[INFO] [stdout] 
[INFO] [stdout] thread 'duplicate_target_names::duplicate_basename_with_stripped_debuginfo_resolves_correctly' (2027) panicked at tests/functional/duplicate_target_names.rs:78:5:
[INFO] [stdout] collect failed: stderr=
[INFO] [stdout] Error: cargo-affected requires cargo-nextest >= 0.9.116. Install it with `cargo install cargo-nextest --locked`.
[INFO] [stdout] 
[INFO] [stdout] stdout=
[INFO] [stdout] 
[INFO] [stdout] stack backtrace:
[INFO] [stdout]    0:     0x56f7c709fbd1 - <<std[104cf6e2632825ea]::sys::backtrace::BacktraceLock>::print::DisplayBacktrace as core[7c831bd917ebf35f]::fmt::Display>::fmt
[INFO] [stdout]    1:     0x56f7c70b45fa - core[7c831bd917ebf35f]::fmt::write
[INFO] [stdout]    2:     0x56f7c70a435c - <alloc[2fdc3f7464fcf288]::vec::Vec<u8> as core[7c831bd917ebf35f]::io::write::Write>::write_fmt
[INFO] [stdout]    3:     0x56f7c707a076 - std[104cf6e2632825ea]::panicking::default_hook::{closure#0}
[INFO] [stdout]    4:     0x56f7c70973c9 - std[104cf6e2632825ea]::panicking::default_hook
[INFO] [stdout]    5:     0x56f7c7031e80 - test[73009c9f9aebf890]::test_main_inner::<test[73009c9f9aebf890]::test_main_static::{closure#0}>::{closure#0}
[INFO] [stdout]    6:     0x56f7c7097582 - std[104cf6e2632825ea]::panicking::panic_with_hook
[INFO] [stdout]    7:     0x56f7c707a122 - std[104cf6e2632825ea]::panicking::panic_handler::{closure#0}
[INFO] [stdout]    8:     0x56f7c70723b9 - std[104cf6e2632825ea]::sys::backtrace::__rust_end_short_backtrace::<std[104cf6e2632825ea]::panicking::panic_handler::{closure#0}, !>
[INFO] [stdout]    9:     0x56f7c707ad1d - __rustc[b0d56fa5b193ad05]::rust_begin_unwind
[INFO] [stdout]   10:     0x56f7c70b4d5c - core[7c831bd917ebf35f]::panicking::panic_fmt
[INFO] [stdout]   11:     0x56f7c6e6bca2 - functional[e0a49273faf54269]::duplicate_target_names::duplicate_basename_with_stripped_debuginfo_resolves_correctly
[INFO] [stdout]   12:     0x56f7c6e87de9 - <functional[e0a49273faf54269]::duplicate_target_names::duplicate_basename_with_stripped_debuginfo_resolves_correctly::{closure#0} as core[7c831bd917ebf35f]::ops::function::FnOnce<()>>::call_once
[INFO] [stdout]   13:     0x56f7c702516b - test[73009c9f9aebf890]::__rust_begin_short_backtrace::<core[7c831bd917ebf35f]::result::Result<(), alloc[2fdc3f7464fcf288]::string::String>, fn() -> core[7c831bd917ebf35f]::result::Result<(), alloc[2fdc3f7464fcf288]::string::String>>
[INFO] [stdout]   14:     0x56f7c70327d5 - test[73009c9f9aebf890]::run_test::{closure#0}
[INFO] [stdout]   15:     0x56f7c702bb94 - std[104cf6e2632825ea]::sys::backtrace::__rust_begin_short_backtrace::<test[73009c9f9aebf890]::run_test::{closure#1}, ()>
[INFO] [stdout]   16:     0x56f7c7035932 - <std[104cf6e2632825ea]::thread::lifecycle::spawn_unchecked<test[73009c9f9aebf890]::run_test::{closure#1}, ()>::{closure#1} as core[7c831bd917ebf35f]::ops::function::FnOnce<()>>::call_once::{shim:vtable#0}
[INFO] [stdout]   17:     0x56f7c709ef49 - <std[104cf6e2632825ea]::sys::thread::unix::Thread>::new::thread_start
[INFO] [stdout]   18:     0x766df9bfe07a - <unknown>
[INFO] [stdout]   19:     0x766df9c91534 - clone
[INFO] [stdout]   20:                0x0 - <unknown>
[INFO] [stdout] 
[INFO] [stdout] ---- new_test::new_integration_test_is_selected_and_tagged stdout ----
[INFO] [stdout] 
[INFO] [stdout] thread 'new_test::new_integration_test_is_selected_and_tagged' (2106) panicked at tests/functional/new_test.rs:27:5:
[INFO] [stdout] collect failed: Error: cargo-affected requires cargo-nextest >= 0.9.116. Install it with `cargo install cargo-nextest --locked`.
[INFO] [stdout] 
[INFO] [stdout] stack backtrace:
[INFO] [stdout]    0:     0x56f7c709fbd1 - <<std[104cf6e2632825ea]::sys::backtrace::BacktraceLock>::print::DisplayBacktrace as core[7c831bd917ebf35f]::fmt::Display>::fmt
[INFO] [stdout]    1:     0x56f7c70b45fa - core[7c831bd917ebf35f]::fmt::write
[INFO] [stdout]    2:     0x56f7c70a435c - <alloc[2fdc3f7464fcf288]::vec::Vec<u8> as core[7c831bd917ebf35f]::io::write::Write>::write_fmt
[INFO] [stdout]    3:     0x56f7c707a076 - std[104cf6e2632825ea]::panicking::default_hook::{closure#0}
[INFO] [stdout]    4:     0x56f7c70973c9 - std[104cf6e2632825ea]::panicking::default_hook
[INFO] [stdout]    5:     0x56f7c7031e80 - test[73009c9f9aebf890]::test_main_inner::<test[73009c9f9aebf890]::test_main_static::{closure#0}>::{closure#0}
[INFO] [stdout]    6:     0x56f7c7097582 - std[104cf6e2632825ea]::panicking::panic_with_hook
[INFO] [stdout]    7:     0x56f7c707a122 - std[104cf6e2632825ea]::panicking::panic_handler::{closure#0}
[INFO] [stdout]    8:     0x56f7c70723b9 - std[104cf6e2632825ea]::sys::backtrace::__rust_end_short_backtrace::<std[104cf6e2632825ea]::panicking::panic_handler::{closure#0}, !>
[INFO] [stdout]    9:     0x56f7c707ad1d - __rustc[b0d56fa5b193ad05]::rust_begin_unwind
[INFO] [stderr] error: test failed, to rerun pass `--test functional`
[INFO] [stdout]   10:     0x56f7c70b4d5c - core[7c831bd917ebf35f]::panicking::panic_fmt
[INFO] [stdout]   11:     0x56f7c6e81408 - functional[e0a49273faf54269]::new_test::new_integration_test_is_selected_and_tagged
[INFO] [stdout]   12:     0x56f7c6e87f89 - <functional[e0a49273faf54269]::new_test::new_integration_test_is_selected_and_tagged::{closure#0} as core[7c831bd917ebf35f]::ops::function::FnOnce<()>>::call_once
[INFO] [stdout]   13:     0x56f7c702516b - test[73009c9f9aebf890]::__rust_begin_short_backtrace::<core[7c831bd917ebf35f]::result::Result<(), alloc[2fdc3f7464fcf288]::string::String>, fn() -> core[7c831bd917ebf35f]::result::Result<(), alloc[2fdc3f7464fcf288]::string::String>>
[INFO] [stdout]   14:     0x56f7c70327d5 - test[73009c9f9aebf890]::run_test::{closure#0}
[INFO] [stdout]   15:     0x56f7c702bb94 - std[104cf6e2632825ea]::sys::backtrace::__rust_begin_short_backtrace::<test[73009c9f9aebf890]::run_test::{closure#1}, ()>
[INFO] [stdout]   16:     0x56f7c7035932 - <std[104cf6e2632825ea]::thread::lifecycle::spawn_unchecked<test[73009c9f9aebf890]::run_test::{closure#1}, ()>::{closure#1} as core[7c831bd917ebf35f]::ops::function::FnOnce<()>>::call_once::{shim:vtable#0}
[INFO] [stdout]   17:     0x56f7c709ef49 - <std[104cf6e2632825ea]::sys::thread::unix::Thread>::new::thread_start
[INFO] [stdout]   18:     0x766df9bfe07a - <unknown>
[INFO] [stdout]   19:     0x766df9c91534 - clone
[INFO] [stdout]   20:                0x0 - <unknown>
[INFO] [stdout] 
[INFO] [stdout] ---- drift::sibling_collect_sha_status_uses_selection stdout ----
[INFO] [stdout] 
[INFO] [stdout] thread 'drift::sibling_collect_sha_status_uses_selection' (2004) panicked at tests/functional/drift.rs:34:5:
[INFO] [stdout] collect failed: Error: cargo-affected requires cargo-nextest >= 0.9.116. Install it with `cargo install cargo-nextest --locked`.
[INFO] [stdout] 
[INFO] [stdout] stack backtrace:
[INFO] [stdout]    0:     0x56f7c709fbd1 - <<std[104cf6e2632825ea]::sys::backtrace::BacktraceLock>::print::DisplayBacktrace as core[7c831bd917ebf35f]::fmt::Display>::fmt
[INFO] [stdout]    1:     0x56f7c70b45fa - core[7c831bd917ebf35f]::fmt::write
[INFO] [stdout]    2:     0x56f7c70a435c - <alloc[2fdc3f7464fcf288]::vec::Vec<u8> as core[7c831bd917ebf35f]::io::write::Write>::write_fmt
[INFO] [stdout]    3:     0x56f7c707a076 - std[104cf6e2632825ea]::panicking::default_hook::{closure#0}
[INFO] [stdout]    4:     0x56f7c70973c9 - std[104cf6e2632825ea]::panicking::default_hook
[INFO] [stdout]    5:     0x56f7c7031e80 - test[73009c9f9aebf890]::test_main_inner::<test[73009c9f9aebf890]::test_main_static::{closure#0}>::{closure#0}
[INFO] [stdout]    6:     0x56f7c7097582 - std[104cf6e2632825ea]::panicking::panic_with_hook
[INFO] [stdout]    7:     0x56f7c707a122 - std[104cf6e2632825ea]::panicking::panic_handler::{closure#0}
[INFO] [stdout]    8:     0x56f7c70723b9 - std[104cf6e2632825ea]::sys::backtrace::__rust_end_short_backtrace::<std[104cf6e2632825ea]::panicking::panic_handler::{closure#0}, !>
[INFO] [stdout]    9:     0x56f7c707ad1d - __rustc[b0d56fa5b193ad05]::rust_begin_unwind
[INFO] [stdout]   10:     0x56f7c70b4d5c - core[7c831bd917ebf35f]::panicking::panic_fmt
[INFO] [stdout]   11:     0x56f7c6e79961 - functional[e0a49273faf54269]::drift::sibling_collect_sha_status_uses_selection
[INFO] [stdout]   12:     0x56f7c6e87ee9 - <functional[e0a49273faf54269]::drift::sibling_collect_sha_status_uses_selection::{closure#0} as core[7c831bd917ebf35f]::ops::function::FnOnce<()>>::call_once
[INFO] [stdout]   13:     0x56f7c702516b - test[73009c9f9aebf890]::__rust_begin_short_backtrace::<core[7c831bd917ebf35f]::result::Result<(), alloc[2fdc3f7464fcf288]::string::String>, fn() -> core[7c831bd917ebf35f]::result::Result<(), alloc[2fdc3f7464fcf288]::string::String>>
[INFO] [stdout]   14:     0x56f7c70327d5 - test[73009c9f9aebf890]::run_test::{closure#0}
[INFO] [stdout]   15:     0x56f7c702bb94 - std[104cf6e2632825ea]::sys::backtrace::__rust_begin_short_backtrace::<test[73009c9f9aebf890]::run_test::{closure#1}, ()>
[INFO] [stdout]   16:     0x56f7c7035932 - <std[104cf6e2632825ea]::thread::lifecycle::spawn_unchecked<test[73009c9f9aebf890]::run_test::{closure#1}, ()>::{closure#1} as core[7c831bd917ebf35f]::ops::function::FnOnce<()>>::call_once::{shim:vtable#0}
[INFO] [stdout]   17:     0x56f7c709ef49 - <std[104cf6e2632825ea]::sys::thread::unix::Thread>::new::thread_start
[INFO] [stdout]   18:     0x766df9bfe07a - <unknown>
[INFO] [stdout]   19:     0x766df9c91534 - clone
[INFO] [stdout]   20:                0x0 - <unknown>
[INFO] [stdout] 
[INFO] [stdout] ---- dirty::collect_with_allow_dirty_proceeds_with_warning stdout ----
[INFO] [stdout] 
[INFO] [stdout] thread 'dirty::collect_with_allow_dirty_proceeds_with_warning' (1984) panicked at tests/functional/dirty.rs:49:5:
[INFO] [stdout] collect --allow-dirty should succeed; stderr=warning: collecting on a dirty working tree (--allow-dirty); stored ranges may not align with future `affected run` queries
[INFO] [stdout] Error: cargo-affected requires cargo-nextest >= 0.9.116. Install it with `cargo install cargo-nextest --locked`.
[INFO] [stdout] 
[INFO] [stdout] stack backtrace:
[INFO] [stdout]    0:     0x56f7c709fbd1 - <<std[104cf6e2632825ea]::sys::backtrace::BacktraceLock>::print::DisplayBacktrace as core[7c831bd917ebf35f]::fmt::Display>::fmt
[INFO] [stdout]    1:     0x56f7c70b45fa - core[7c831bd917ebf35f]::fmt::write
[INFO] [stdout]    2:     0x56f7c70a435c - <alloc[2fdc3f7464fcf288]::vec::Vec<u8> as core[7c831bd917ebf35f]::io::write::Write>::write_fmt
[INFO] [stdout]    3:     0x56f7c707a076 - std[104cf6e2632825ea]::panicking::default_hook::{closure#0}
[INFO] [stdout]    4:     0x56f7c70973c9 - std[104cf6e2632825ea]::panicking::default_hook
[INFO] [stdout]    5:     0x56f7c7031e80 - test[73009c9f9aebf890]::test_main_inner::<test[73009c9f9aebf890]::test_main_static::{closure#0}>::{closure#0}
[INFO] [stdout]    6:     0x56f7c7097582 - std[104cf6e2632825ea]::panicking::panic_with_hook
[INFO] [stdout]    7:     0x56f7c707a122 - std[104cf6e2632825ea]::panicking::panic_handler::{closure#0}
[INFO] [stdout]    8:     0x56f7c70723b9 - std[104cf6e2632825ea]::sys::backtrace::__rust_end_short_backtrace::<std[104cf6e2632825ea]::panicking::panic_handler::{closure#0}, !>
[INFO] [stdout]    9:     0x56f7c707ad1d - __rustc[b0d56fa5b193ad05]::rust_begin_unwind
[INFO] [stdout]   10:     0x56f7c70b4d5c - core[7c831bd917ebf35f]::panicking::panic_fmt
[INFO] [stdout]   11:     0x56f7c6e83dd0 - functional[e0a49273faf54269]::dirty::collect_with_allow_dirty_proceeds_with_warning
[INFO] [stdout]   12:     0x56f7c6e87ec9 - <functional[e0a49273faf54269]::dirty::collect_with_allow_dirty_proceeds_with_warning::{closure#0} as core[7c831bd917ebf35f]::ops::function::FnOnce<()>>::call_once
[INFO] [stdout]   13:     0x56f7c702516b - test[73009c9f9aebf890]::__rust_begin_short_backtrace::<core[7c831bd917ebf35f]::result::Result<(), alloc[2fdc3f7464fcf288]::string::String>, fn() -> core[7c831bd917ebf35f]::result::Result<(), alloc[2fdc3f7464fcf288]::string::String>>
[INFO] [stdout]   14:     0x56f7c70327d5 - test[73009c9f9aebf890]::run_test::{closure#0}
[INFO] [stdout]   15:     0x56f7c702bb94 - std[104cf6e2632825ea]::sys::backtrace::__rust_begin_short_backtrace::<test[73009c9f9aebf890]::run_test::{closure#1}, ()>
[INFO] [stdout]   16:     0x56f7c7035932 - <std[104cf6e2632825ea]::thread::lifecycle::spawn_unchecked<test[73009c9f9aebf890]::run_test::{closure#1}, ()>::{closure#1} as core[7c831bd917ebf35f]::ops::function::FnOnce<()>>::call_once::{shim:vtable#0}
[INFO] [stdout]   17:     0x56f7c709ef49 - <std[104cf6e2632825ea]::sys::thread::unix::Thread>::new::thread_start
[INFO] [stdout]   18:     0x766df9bfe07a - <unknown>
[INFO] [stdout]   19:     0x766df9c91534 - clone
[INFO] [stdout]   20:                0x0 - <unknown>
[INFO] [stdout] 
[INFO] [stdout] ---- fingerprint::cargo_toml_change_invalidates_fingerprint stdout ----
[INFO] [stdout] 
[INFO] [stdout] thread 'fingerprint::cargo_toml_change_invalidates_fingerprint' (2028) panicked at tests/functional/fingerprint.rs:22:5:
[INFO] [stdout] collect failed: Error: cargo-affected requires cargo-nextest >= 0.9.116. Install it with `cargo install cargo-nextest --locked`.
[INFO] [stdout] 
[INFO] [stdout] stack backtrace:
[INFO] [stdout]    0:     0x56f7c709fbd1 - <<std[104cf6e2632825ea]::sys::backtrace::BacktraceLock>::print::DisplayBacktrace as core[7c831bd917ebf35f]::fmt::Display>::fmt
[INFO] [stdout]    1:     0x56f7c70b45fa - core[7c831bd917ebf35f]::fmt::write
[INFO] [stdout]    2:     0x56f7c70a435c - <alloc[2fdc3f7464fcf288]::vec::Vec<u8> as core[7c831bd917ebf35f]::io::write::Write>::write_fmt
[INFO] [stdout]    3:     0x56f7c707a076 - std[104cf6e2632825ea]::panicking::default_hook::{closure#0}
[INFO] [stdout]    4:     0x56f7c70973c9 - std[104cf6e2632825ea]::panicking::default_hook
[INFO] [stdout]    5:     0x56f7c7031e80 - test[73009c9f9aebf890]::test_main_inner::<test[73009c9f9aebf890]::test_main_static::{closure#0}>::{closure#0}
[INFO] [stdout]    6:     0x56f7c7097582 - std[104cf6e2632825ea]::panicking::panic_with_hook
[INFO] [stdout]    7:     0x56f7c707a122 - std[104cf6e2632825ea]::panicking::panic_handler::{closure#0}
[INFO] [stdout]    8:     0x56f7c70723b9 - std[104cf6e2632825ea]::sys::backtrace::__rust_end_short_backtrace::<std[104cf6e2632825ea]::panicking::panic_handler::{closure#0}, !>
[INFO] [stdout]    9:     0x56f7c707ad1d - __rustc[b0d56fa5b193ad05]::rust_begin_unwind
[INFO] [stdout]   10:     0x56f7c70b4d5c - core[7c831bd917ebf35f]::panicking::panic_fmt
[INFO] [stdout]   11:     0x56f7c6e8af2d - functional[e0a49273faf54269]::fingerprint::cargo_toml_change_invalidates_fingerprint
[INFO] [stdout]   12:     0x56f7c6e87be9 - <functional[e0a49273faf54269]::fingerprint::cargo_toml_change_invalidates_fingerprint::{closure#0} as core[7c831bd917ebf35f]::ops::function::FnOnce<()>>::call_once
[INFO] [stdout]   13:     0x56f7c702516b - test[73009c9f9aebf890]::__rust_begin_short_backtrace::<core[7c831bd917ebf35f]::result::Result<(), alloc[2fdc3f7464fcf288]::string::String>, fn() -> core[7c831bd917ebf35f]::result::Result<(), alloc[2fdc3f7464fcf288]::string::String>>
[INFO] [stdout]   14:     0x56f7c70327d5 - test[73009c9f9aebf890]::run_test::{closure#0}
[INFO] [stdout]   15:     0x56f7c702bb94 - std[104cf6e2632825ea]::sys::backtrace::__rust_begin_short_backtrace::<test[73009c9f9aebf890]::run_test::{closure#1}, ()>
[INFO] [stdout]   16:     0x56f7c7035932 - <std[104cf6e2632825ea]::thread::lifecycle::spawn_unchecked<test[73009c9f9aebf890]::run_test::{closure#1}, ()>::{closure#1} as core[7c831bd917ebf35f]::ops::function::FnOnce<()>>::call_once::{shim:vtable#0}
[INFO] [stdout]   17:     0x56f7c709ef49 - <std[104cf6e2632825ea]::sys::thread::unix::Thread>::new::thread_start
[INFO] [stdout]   18:     0x766df9bfe07a - <unknown>
[INFO] [stdout]   19:     0x766df9c91534 - clone
[INFO] [stdout]   20:                0x0 - <unknown>
[INFO] [stdout] 
[INFO] [stdout] ---- new_test::newly_ignored_test_excluded_from_affected stdout ----
[INFO] [stdout] 
[INFO] [stdout] thread 'new_test::newly_ignored_test_excluded_from_affected' (2234) panicked at tests/functional/new_test.rs:134:5:
[INFO] [stdout] initial collect failed: Error: cargo-affected requires cargo-nextest >= 0.9.116. Install it with `cargo install cargo-nextest --locked`.
[INFO] [stdout] 
[INFO] [stdout] stack backtrace:
[INFO] [stdout]    0:     0x56f7c709fbd1 - <<std[104cf6e2632825ea]::sys::backtrace::BacktraceLock>::print::DisplayBacktrace as core[7c831bd917ebf35f]::fmt::Display>::fmt
[INFO] [stdout]    1:     0x56f7c70b45fa - core[7c831bd917ebf35f]::fmt::write
[INFO] [stdout]    2:     0x56f7c70a435c - <alloc[2fdc3f7464fcf288]::vec::Vec<u8> as core[7c831bd917ebf35f]::io::write::Write>::write_fmt
[INFO] [stdout]    3:     0x56f7c707a076 - std[104cf6e2632825ea]::panicking::default_hook::{closure#0}
[INFO] [stdout]    4:     0x56f7c70973c9 - std[104cf6e2632825ea]::panicking::default_hook
[INFO] [stdout]    5:     0x56f7c7031e80 - test[73009c9f9aebf890]::test_main_inner::<test[73009c9f9aebf890]::test_main_static::{closure#0}>::{closure#0}
[INFO] [stdout]    6:     0x56f7c7097582 - std[104cf6e2632825ea]::panicking::panic_with_hook
[INFO] [stdout]    7:     0x56f7c707a122 - std[104cf6e2632825ea]::panicking::panic_handler::{closure#0}
[INFO] [stdout]    8:     0x56f7c70723b9 - std[104cf6e2632825ea]::sys::backtrace::__rust_end_short_backtrace::<std[104cf6e2632825ea]::panicking::panic_handler::{closure#0}, !>
[INFO] [stdout]    9:     0x56f7c707ad1d - __rustc[b0d56fa5b193ad05]::rust_begin_unwind
[INFO] [stdout]   10:     0x56f7c70b4d5c - core[7c831bd917ebf35f]::panicking::panic_fmt
[INFO] [stdout]   11:     0x56f7c6e80bfe - functional[e0a49273faf54269]::new_test::newly_ignored_test_excluded_from_affected
[INFO] [stdout]   12:     0x56f7c6e87f69 - <functional[e0a49273faf54269]::new_test::newly_ignored_test_excluded_from_affected::{closure#0} as core[7c831bd917ebf35f]::ops::function::FnOnce<()>>::call_once
[INFO] [stdout]   13:     0x56f7c702516b - test[73009c9f9aebf890]::__rust_begin_short_backtrace::<core[7c831bd917ebf35f]::result::Result<(), alloc[2fdc3f7464fcf288]::string::String>, fn() -> core[7c831bd917ebf35f]::result::Result<(), alloc[2fdc3f7464fcf288]::string::String>>
[INFO] [stdout]   14:     0x56f7c70327d5 - test[73009c9f9aebf890]::run_test::{closure#0}
[INFO] [stdout]   15:     0x56f7c702bb94 - std[104cf6e2632825ea]::sys::backtrace::__rust_begin_short_backtrace::<test[73009c9f9aebf890]::run_test::{closure#1}, ()>
[INFO] [stdout]   16:     0x56f7c7035932 - <std[104cf6e2632825ea]::thread::lifecycle::spawn_unchecked<test[73009c9f9aebf890]::run_test::{closure#1}, ()>::{closure#1} as core[7c831bd917ebf35f]::ops::function::FnOnce<()>>::call_once::{shim:vtable#0}
[INFO] [stdout]   17:     0x56f7c709ef49 - <std[104cf6e2632825ea]::sys::thread::unix::Thread>::new::thread_start
[INFO] [stdout]   18:     0x766df9bfe07a - <unknown>
[INFO] [stdout]   19:     0x766df9c91534 - clone
[INFO] [stdout]   20:                0x0 - <unknown>
[INFO] [stdout] 
[INFO] [stdout] ---- narrowing::function_body_edit_selects_only_that_test stdout ----
[INFO] [stdout] 
[INFO] [stdout] thread 'narrowing::function_body_edit_selects_only_that_test' (2069) panicked at tests/functional/narrowing.rs:19:5:
[INFO] [stdout] collect failed: Error: cargo-affected requires cargo-nextest >= 0.9.116. Install it with `cargo install cargo-nextest --locked`.
[INFO] [stdout] 
[INFO] [stdout] stdout: 
[INFO] [stdout] stack backtrace:
[INFO] [stdout]    0:     0x56f7c709fbd1 - <<std[104cf6e2632825ea]::sys::backtrace::BacktraceLock>::print::DisplayBacktrace as core[7c831bd917ebf35f]::fmt::Display>::fmt
[INFO] [stdout]    1:     0x56f7c70b45fa - core[7c831bd917ebf35f]::fmt::write
[INFO] [stdout]    2:     0x56f7c70a435c - <alloc[2fdc3f7464fcf288]::vec::Vec<u8> as core[7c831bd917ebf35f]::io::write::Write>::write_fmt
[INFO] [stdout]    3:     0x56f7c707a076 - std[104cf6e2632825ea]::panicking::default_hook::{closure#0}
[INFO] [stdout]    4:     0x56f7c70973c9 - std[104cf6e2632825ea]::panicking::default_hook
[INFO] [stdout]    5:     0x56f7c7031e80 - test[73009c9f9aebf890]::test_main_inner::<test[73009c9f9aebf890]::test_main_static::{closure#0}>::{closure#0}
[INFO] [stdout]    6:     0x56f7c7097582 - std[104cf6e2632825ea]::panicking::panic_with_hook
[INFO] [stdout]    7:     0x56f7c707a122 - std[104cf6e2632825ea]::panicking::panic_handler::{closure#0}
[INFO] [stdout]    8:     0x56f7c70723b9 - std[104cf6e2632825ea]::sys::backtrace::__rust_end_short_backtrace::<std[104cf6e2632825ea]::panicking::panic_handler::{closure#0}, !>
[INFO] [stdout]    9:     0x56f7c707ad1d - __rustc[b0d56fa5b193ad05]::rust_begin_unwind
[INFO] [stdout]   10:     0x56f7c70b4d5c - core[7c831bd917ebf35f]::panicking::panic_fmt
[INFO] [stdout]   11:     0x56f7c6e8f858 - functional[e0a49273faf54269]::narrowing::function_body_edit_selects_only_that_test
[INFO] [stdout]   12:     0x56f7c6e87fa9 - <functional[e0a49273faf54269]::narrowing::function_body_edit_selects_only_that_test::{closure#0} as core[7c831bd917ebf35f]::ops::function::FnOnce<()>>::call_once
[INFO] [stdout]   13:     0x56f7c702516b - test[73009c9f9aebf890]::__rust_begin_short_backtrace::<core[7c831bd917ebf35f]::result::Result<(), alloc[2fdc3f7464fcf288]::string::String>, fn() -> core[7c831bd917ebf35f]::result::Result<(), alloc[2fdc3f7464fcf288]::string::String>>
[INFO] [stdout]   14:     0x56f7c70327d5 - test[73009c9f9aebf890]::run_test::{closure#0}
[INFO] [stdout]   15:     0x56f7c702bb94 - std[104cf6e2632825ea]::sys::backtrace::__rust_begin_short_backtrace::<test[73009c9f9aebf890]::run_test::{closure#1}, ()>
[INFO] [stdout]   16:     0x56f7c7035932 - <std[104cf6e2632825ea]::thread::lifecycle::spawn_unchecked<test[73009c9f9aebf890]::run_test::{closure#1}, ()>::{closure#1} as core[7c831bd917ebf35f]::ops::function::FnOnce<()>>::call_once::{shim:vtable#0}
[INFO] [stdout]   17:     0x56f7c709ef49 - <std[104cf6e2632825ea]::sys::thread::unix::Thread>::new::thread_start
[INFO] [stdout]   18:     0x766df9bfe07a - <unknown>
[INFO] [stdout]   19:     0x766df9c91534 - clone
[INFO] [stdout]   20:                0x0 - <unknown>
[INFO] [stdout] 
[INFO] [stdout] ---- workspace::editing_dep_lib_pulls_in_dependent_tests stdout ----
[INFO] [stdout] 
[INFO] [stdout] thread 'workspace::editing_dep_lib_pulls_in_dependent_tests' (2490) panicked at tests/functional/workspace.rs:295:5:
[INFO] [stdout] collect failed: Error: cargo-affected requires cargo-nextest >= 0.9.116. Install it with `cargo install cargo-nextest --locked`.
[INFO] [stdout] 
[INFO] [stdout] stack backtrace:
[INFO] [stdout]    0:     0x56f7c709fbd1 - <<std[104cf6e2632825ea]::sys::backtrace::BacktraceLock>::print::DisplayBacktrace as core[7c831bd917ebf35f]::fmt::Display>::fmt
[INFO] [stdout]    1:     0x56f7c70b45fa - core[7c831bd917ebf35f]::fmt::write
[INFO] [stdout]    2:     0x56f7c70a435c - <alloc[2fdc3f7464fcf288]::vec::Vec<u8> as core[7c831bd917ebf35f]::io::write::Write>::write_fmt
[INFO] [stdout]    3:     0x56f7c707a076 - std[104cf6e2632825ea]::panicking::default_hook::{closure#0}
[INFO] [stdout]    4:     0x56f7c70973c9 - std[104cf6e2632825ea]::panicking::default_hook
[INFO] [stdout]    5:     0x56f7c7031e80 - test[73009c9f9aebf890]::test_main_inner::<test[73009c9f9aebf890]::test_main_static::{closure#0}>::{closure#0}
[INFO] [stdout]    6:     0x56f7c7097582 - std[104cf6e2632825ea]::panicking::panic_with_hook
[INFO] [stdout]    7:     0x56f7c707a122 - std[104cf6e2632825ea]::panicking::panic_handler::{closure#0}
[INFO] [stdout]    8:     0x56f7c70723b9 - std[104cf6e2632825ea]::sys::backtrace::__rust_end_short_backtrace::<std[104cf6e2632825ea]::panicking::panic_handler::{closure#0}, !>
[INFO] [stdout]    9:     0x56f7c707ad1d - __rustc[b0d56fa5b193ad05]::rust_begin_unwind
[INFO] [stdout]   10:     0x56f7c70b4d5c - core[7c831bd917ebf35f]::panicking::panic_fmt
[INFO] [stdout]   11:     0x56f7c6e6e93d - functional[e0a49273faf54269]::workspace::editing_dep_lib_pulls_in_dependent_tests
[INFO] [stdout]   12:     0x56f7c6e87fc9 - <functional[e0a49273faf54269]::workspace::editing_dep_lib_pulls_in_dependent_tests::{closure#0} as core[7c831bd917ebf35f]::ops::function::FnOnce<()>>::call_once
[INFO] [stdout]   13:     0x56f7c702516b - test[73009c9f9aebf890]::__rust_begin_short_backtrace::<core[7c831bd917ebf35f]::result::Result<(), alloc[2fdc3f7464fcf288]::string::String>, fn() -> core[7c831bd917ebf35f]::result::Result<(), alloc[2fdc3f7464fcf288]::string::String>>
[INFO] [stdout]   14:     0x56f7c70327d5 - test[73009c9f9aebf890]::run_test::{closure#0}
[INFO] [stdout]   15:     0x56f7c702bb94 - std[104cf6e2632825ea]::sys::backtrace::__rust_begin_short_backtrace::<test[73009c9f9aebf890]::run_test::{closure#1}, ()>
[INFO] [stdout]   16:     0x56f7c7035932 - <std[104cf6e2632825ea]::thread::lifecycle::spawn_unchecked<test[73009c9f9aebf890]::run_test::{closure#1}, ()>::{closure#1} as core[7c831bd917ebf35f]::ops::function::FnOnce<()>>::call_once::{shim:vtable#0}
[INFO] [stdout]   17:     0x56f7c709ef49 - <std[104cf6e2632825ea]::sys::thread::unix::Thread>::new::thread_start
[INFO] [stdout]   18:     0x766df9bfe07a - <unknown>
[INFO] [stdout]   19:     0x766df9c91534 - clone
[INFO] [stdout]   20:                0x0 - <unknown>
[INFO] [stdout] 
[INFO] [stdout] ---- new_test::status_prediction_uses_run_features stdout ----
[INFO] [stdout] 
[INFO] [stdout] thread 'new_test::status_prediction_uses_run_features' (2243) panicked at tests/functional/new_test.rs:269:5:
[INFO] [stdout] collect failed: Error: cargo-affected requires cargo-nextest >= 0.9.116. Install it with `cargo install cargo-nextest --locked`.
[INFO] [stdout] 
[INFO] [stdout] stack backtrace:
[INFO] [stdout]    0:     0x56f7c709fbd1 - <<std[104cf6e2632825ea]::sys::backtrace::BacktraceLock>::print::DisplayBacktrace as core[7c831bd917ebf35f]::fmt::Display>::fmt
[INFO] [stdout]    1:     0x56f7c70b45fa - core[7c831bd917ebf35f]::fmt::write
[INFO] [stdout]    2:     0x56f7c70a435c - <alloc[2fdc3f7464fcf288]::vec::Vec<u8> as core[7c831bd917ebf35f]::io::write::Write>::write_fmt
[INFO] [stdout]    3:     0x56f7c707a076 - std[104cf6e2632825ea]::panicking::default_hook::{closure#0}
[INFO] [stdout]    4:     0x56f7c70973c9 - std[104cf6e2632825ea]::panicking::default_hook
[INFO] [stdout]    5:     0x56f7c7031e80 - test[73009c9f9aebf890]::test_main_inner::<test[73009c9f9aebf890]::test_main_static::{closure#0}>::{closure#0}
[INFO] [stdout]    6:     0x56f7c7097582 - std[104cf6e2632825ea]::panicking::panic_with_hook
[INFO] [stdout]    7:     0x56f7c707a122 - std[104cf6e2632825ea]::panicking::panic_handler::{closure#0}
[INFO] [stdout]    8:     0x56f7c70723b9 - std[104cf6e2632825ea]::sys::backtrace::__rust_end_short_backtrace::<std[104cf6e2632825ea]::panicking::panic_handler::{closure#0}, !>
[INFO] [stdout]    9:     0x56f7c707ad1d - __rustc[b0d56fa5b193ad05]::rust_begin_unwind
[INFO] [stdout]   10:     0x56f7c70b4d5c - core[7c831bd917ebf35f]::panicking::panic_fmt
[INFO] [stdout]   11:     0x56f7c6e7fda1 - functional[e0a49273faf54269]::new_test::status_prediction_uses_run_features
[INFO] [stdout]   12:     0x56f7c6e87f29 - <functional[e0a49273faf54269]::new_test::status_prediction_uses_run_features::{closure#0} as core[7c831bd917ebf35f]::ops::function::FnOnce<()>>::call_once
[INFO] [stdout]   13:     0x56f7c702516b - test[73009c9f9aebf890]::__rust_begin_short_backtrace::<core[7c831bd917ebf35f]::result::Result<(), alloc[2fdc3f7464fcf288]::string::String>, fn() -> core[7c831bd917ebf35f]::result::Result<(), alloc[2fdc3f7464fcf288]::string::String>>
[INFO] [stdout]   14:     0x56f7c70327d5 - test[73009c9f9aebf890]::run_test::{closure#0}
[INFO] [stdout]   15:     0x56f7c702bb94 - std[104cf6e2632825ea]::sys::backtrace::__rust_begin_short_backtrace::<test[73009c9f9aebf890]::run_test::{closure#1}, ()>
[INFO] [stdout]   16:     0x56f7c7035932 - <std[104cf6e2632825ea]::thread::lifecycle::spawn_unchecked<test[73009c9f9aebf890]::run_test::{closure#1}, ()>::{closure#1} as core[7c831bd917ebf35f]::ops::function::FnOnce<()>>::call_once::{shim:vtable#0}
[INFO] [stdout]   17:     0x56f7c709ef49 - <std[104cf6e2632825ea]::sys::thread::unix::Thread>::new::thread_start
[INFO] [stdout]   18:     0x766df9bfe07a - <unknown>
[INFO] [stdout]   19:     0x766df9c91534 - clone
[INFO] [stdout]   20:                0x0 - <unknown>
[INFO] [stdout] 
[INFO] [stdout] ---- no_profraw_leak::collect_leaves_no_profraw_outside_target stdout ----
[INFO] [stdout] 
[INFO] [stdout] thread 'no_profraw_leak::collect_leaves_no_profraw_outside_target' (2247) panicked at tests/functional/no_profraw_leak.rs:58:5:
[INFO] [stdout] collect failed: Error: cargo-affected requires cargo-nextest >= 0.9.116. Install it with `cargo install cargo-nextest --locked`.
[INFO] [stdout] 
[INFO] [stdout] stack backtrace:
[INFO] [stdout]    0:     0x56f7c709fbd1 - <<std[104cf6e2632825ea]::sys::backtrace::BacktraceLock>::print::DisplayBacktrace as core[7c831bd917ebf35f]::fmt::Display>::fmt
[INFO] [stdout]    1:     0x56f7c70b45fa - core[7c831bd917ebf35f]::fmt::write
[INFO] [stdout]    2:     0x56f7c70a435c - <alloc[2fdc3f7464fcf288]::vec::Vec<u8> as core[7c831bd917ebf35f]::io::write::Write>::write_fmt
[INFO] [stdout]    3:     0x56f7c707a076 - std[104cf6e2632825ea]::panicking::default_hook::{closure#0}
[INFO] [stdout]    4:     0x56f7c70973c9 - std[104cf6e2632825ea]::panicking::default_hook
[INFO] [stdout]    5:     0x56f7c7031e80 - test[73009c9f9aebf890]::test_main_inner::<test[73009c9f9aebf890]::test_main_static::{closure#0}>::{closure#0}
[INFO] [stdout]    6:     0x56f7c7097582 - std[104cf6e2632825ea]::panicking::panic_with_hook
[INFO] [stdout]    7:     0x56f7c707a122 - std[104cf6e2632825ea]::panicking::panic_handler::{closure#0}
[INFO] [stdout]    8:     0x56f7c70723b9 - std[104cf6e2632825ea]::sys::backtrace::__rust_end_short_backtrace::<std[104cf6e2632825ea]::panicking::panic_handler::{closure#0}, !>
[INFO] [stdout]    9:     0x56f7c707ad1d - __rustc[b0d56fa5b193ad05]::rust_begin_unwind
[INFO] [stdout]   10:     0x56f7c70b4d5c - core[7c831bd917ebf35f]::panicking::panic_fmt
[INFO] [stdout]   11:     0x56f7c6e78fb4 - functional[e0a49273faf54269]::no_profraw_leak::collect_leaves_no_profraw_outside_target
[INFO] [stdout]   12:     0x56f7c6e87d89 - <functional[e0a49273faf54269]::no_profraw_leak::collect_leaves_no_profraw_outside_target::{closure#0} as core[7c831bd917ebf35f]::ops::function::FnOnce<()>>::call_once
[INFO] [stdout]   13:     0x56f7c702516b - test[73009c9f9aebf890]::__rust_begin_short_backtrace::<core[7c831bd917ebf35f]::result::Result<(), alloc[2fdc3f7464fcf288]::string::String>, fn() -> core[7c831bd917ebf35f]::result::Result<(), alloc[2fdc3f7464fcf288]::string::String>>
[INFO] [stdout]   14:     0x56f7c70327d5 - test[73009c9f9aebf890]::run_test::{closure#0}
[INFO] [stdout]   15:     0x56f7c702bb94 - std[104cf6e2632825ea]::sys::backtrace::__rust_begin_short_backtrace::<test[73009c9f9aebf890]::run_test::{closure#1}, ()>
[INFO] [stdout]   16:     0x56f7c7035932 - <std[104cf6e2632825ea]::thread::lifecycle::spawn_unchecked<test[73009c9f9aebf890]::run_test::{closure#1}, ()>::{closure#1} as core[7c831bd917ebf35f]::ops::function::FnOnce<()>>::call_once::{shim:vtable#0}
[INFO] [stdout]   17:     0x56f7c709ef49 - <std[104cf6e2632825ea]::sys::thread::unix::Thread>::new::thread_start
[INFO] [stdout]   18:     0x766df9bfe07a - <unknown>
[INFO] [stdout]   19:     0x766df9c91534 - clone
[INFO] [stdout]   20:                0x0 - <unknown>
[INFO] [stdout] 
[INFO] [stdout] ---- diff_collect::run_uses_reachable_shas_when_one_sha_diverges stdout ----
[INFO] [stdout] 
[INFO] [stdout] thread 'diff_collect::run_uses_reachable_shas_when_one_sha_diverges' (1943) panicked at tests/functional/diff_collect.rs:262:5:
[INFO] [stdout] collect failed: Error: cargo-affected requires cargo-nextest >= 0.9.116. Install it with `cargo install cargo-nextest --locked`.
[INFO] [stdout] 
[INFO] [stdout] stack backtrace:
[INFO] [stdout]    0:     0x56f7c709fbd1 - <<std[104cf6e2632825ea]::sys::backtrace::BacktraceLock>::print::DisplayBacktrace as core[7c831bd917ebf35f]::fmt::Display>::fmt
[INFO] [stdout]    1:     0x56f7c70b45fa - core[7c831bd917ebf35f]::fmt::write
[INFO] [stdout]    2:     0x56f7c70a435c - <alloc[2fdc3f7464fcf288]::vec::Vec<u8> as core[7c831bd917ebf35f]::io::write::Write>::write_fmt
[INFO] [stdout]    3:     0x56f7c707a076 - std[104cf6e2632825ea]::panicking::default_hook::{closure#0}
[INFO] [stdout]    4:     0x56f7c70973c9 - std[104cf6e2632825ea]::panicking::default_hook
[INFO] [stdout]    5:     0x56f7c7031e80 - test[73009c9f9aebf890]::test_main_inner::<test[73009c9f9aebf890]::test_main_static::{closure#0}>::{closure#0}
[INFO] [stdout]    6:     0x56f7c7097582 - std[104cf6e2632825ea]::panicking::panic_with_hook
[INFO] [stdout]    7:     0x56f7c707a122 - std[104cf6e2632825ea]::panicking::panic_handler::{closure#0}
[INFO] [stdout]    8:     0x56f7c70723b9 - std[104cf6e2632825ea]::sys::backtrace::__rust_end_short_backtrace::<std[104cf6e2632825ea]::panicking::panic_handler::{closure#0}, !>
[INFO] [stdout]    9:     0x56f7c707ad1d - __rustc[b0d56fa5b193ad05]::rust_begin_unwind
[INFO] [stdout]   10:     0x56f7c70b4d5c - core[7c831bd917ebf35f]::panicking::panic_fmt
[INFO] [stdout]   11:     0x56f7c6e62b01 - functional[e0a49273faf54269]::diff_collect::run_uses_reachable_shas_when_one_sha_diverges
[INFO] [stdout]   12:     0x56f7c6e87cc9 - <functional[e0a49273faf54269]::diff_collect::run_uses_reachable_shas_when_one_sha_diverges::{closure#0} as core[7c831bd917ebf35f]::ops::function::FnOnce<()>>::call_once
[INFO] [stdout]   13:     0x56f7c702516b - test[73009c9f9aebf890]::__rust_begin_short_backtrace::<core[7c831bd917ebf35f]::result::Result<(), alloc[2fdc3f7464fcf288]::string::String>, fn() -> core[7c831bd917ebf35f]::result::Result<(), alloc[2fdc3f7464fcf288]::string::String>>
[INFO] [stdout]   14:     0x56f7c70327d5 - test[73009c9f9aebf890]::run_test::{closure#0}
[INFO] [stdout]   15:     0x56f7c702bb94 - std[104cf6e2632825ea]::sys::backtrace::__rust_begin_short_backtrace::<test[73009c9f9aebf890]::run_test::{closure#1}, ()>
[INFO] [stdout]   16:     0x56f7c7035932 - <std[104cf6e2632825ea]::thread::lifecycle::spawn_unchecked<test[73009c9f9aebf890]::run_test::{closure#1}, ()>::{closure#1} as core[7c831bd917ebf35f]::ops::function::FnOnce<()>>::call_once::{shim:vtable#0}
[INFO] [stdout]   17:     0x56f7c709ef49 - <std[104cf6e2632825ea]::sys::thread::unix::Thread>::new::thread_start
[INFO] [stdout]   18:     0x766df9bfe07a - <unknown>
[INFO] [stdout]   19:     0x766df9c91534 - clone
[INFO] [stdout]   20:                0x0 - <unknown>
[INFO] [stdout] 
[INFO] [stdout] ---- new_test::ignored_test_not_perpetually_new stdout ----
[INFO] [stdout] 
[INFO] [stdout] thread 'new_test::ignored_test_not_perpetually_new' (2091) panicked at tests/functional/new_test.rs:77:5:
[INFO] [stdout] collect failed: Error: cargo-affected requires cargo-nextest >= 0.9.116. Install it with `cargo install cargo-nextest --locked`.
[INFO] [stdout] 
[INFO] [stdout] stack backtrace:
[INFO] [stdout]    0:     0x56f7c709fbd1 - <<std[104cf6e2632825ea]::sys::backtrace::BacktraceLock>::print::DisplayBacktrace as core[7c831bd917ebf35f]::fmt::Display>::fmt
[INFO] [stdout]    1:     0x56f7c70b45fa - core[7c831bd917ebf35f]::fmt::write
[INFO] [stdout]    2:     0x56f7c70a435c - <alloc[2fdc3f7464fcf288]::vec::Vec<u8> as core[7c831bd917ebf35f]::io::write::Write>::write_fmt
[INFO] [stdout]    3:     0x56f7c707a076 - std[104cf6e2632825ea]::panicking::default_hook::{closure#0}
[INFO] [stdout]    4:     0x56f7c70973c9 - std[104cf6e2632825ea]::panicking::default_hook
[INFO] [stdout]    5:     0x56f7c7031e80 - test[73009c9f9aebf890]::test_main_inner::<test[73009c9f9aebf890]::test_main_static::{closure#0}>::{closure#0}
[INFO] [stdout]    6:     0x56f7c7097582 - std[104cf6e2632825ea]::panicking::panic_with_hook
[INFO] [stdout]    7:     0x56f7c707a122 - std[104cf6e2632825ea]::panicking::panic_handler::{closure#0}
[INFO] [stdout]    8:     0x56f7c70723b9 - std[104cf6e2632825ea]::sys::backtrace::__rust_end_short_backtrace::<std[104cf6e2632825ea]::panicking::panic_handler::{closure#0}, !>
[INFO] [stdout]    9:     0x56f7c707ad1d - __rustc[b0d56fa5b193ad05]::rust_begin_unwind
[INFO] [stdout]   10:     0x56f7c70b4d5c - core[7c831bd917ebf35f]::panicking::panic_fmt
[INFO] [stdout]   11:     0x56f7c6e7f67e - functional[e0a49273faf54269]::new_test::ignored_test_not_perpetually_new
[INFO] [stdout]   12:     0x56f7c6e87f09 - <functional[e0a49273faf54269]::new_test::ignored_test_not_perpetually_new::{closure#0} as core[7c831bd917ebf35f]::ops::function::FnOnce<()>>::call_once
[INFO] [stdout]   13:     0x56f7c702516b - test[73009c9f9aebf890]::__rust_begin_short_backtrace::<core[7c831bd917ebf35f]::result::Result<(), alloc[2fdc3f7464fcf288]::string::String>, fn() -> core[7c831bd917ebf35f]::result::Result<(), alloc[2fdc3f7464fcf288]::string::String>>
[INFO] [stdout]   14:     0x56f7c70327d5 - test[73009c9f9aebf890]::run_test::{closure#0}
[INFO] [stdout]   15:     0x56f7c702bb94 - std[104cf6e2632825ea]::sys::backtrace::__rust_begin_short_backtrace::<test[73009c9f9aebf890]::run_test::{closure#1}, ()>
[INFO] [stdout]   16:     0x56f7c7035932 - <std[104cf6e2632825ea]::thread::lifecycle::spawn_unchecked<test[73009c9f9aebf890]::run_test::{closure#1}, ()>::{closure#1} as core[7c831bd917ebf35f]::ops::function::FnOnce<()>>::call_once::{shim:vtable#0}
[INFO] [stdout]   17:     0x56f7c709ef49 - <std[104cf6e2632825ea]::sys::thread::unix::Thread>::new::thread_start
[INFO] [stdout]   18:     0x766df9bfe07a - <unknown>
[INFO] [stdout]   19:     0x766df9c91534 - clone
[INFO] [stdout]   20:                0x0 - <unknown>
[INFO] [stdout] 
[INFO] [stdout] ---- remapped_paths::remapped_source_paths_fail_the_collect stdout ----
[INFO] [stdout] 
[INFO] [stdout] thread 'remapped_paths::remapped_source_paths_fail_the_collect' (2305) panicked at tests/functional/remapped_paths.rs:57:5:
[INFO] [stdout] error should name the empty coverage map:
[INFO] [stdout] Error: cargo-affected requires cargo-nextest >= 0.9.116. Install it with `cargo install cargo-nextest --locked`.
[INFO] [stdout] 
[INFO] [stdout] stack backtrace:
[INFO] [stdout]    0:     0x56f7c709fbd1 - <<std[104cf6e2632825ea]::sys::backtrace::BacktraceLock>::print::DisplayBacktrace as core[7c831bd917ebf35f]::fmt::Display>::fmt
[INFO] [stdout]    1:     0x56f7c70b45fa - core[7c831bd917ebf35f]::fmt::write
[INFO] [stdout]    2:     0x56f7c70a435c - <alloc[2fdc3f7464fcf288]::vec::Vec<u8> as core[7c831bd917ebf35f]::io::write::Write>::write_fmt
[INFO] [stdout]    3:     0x56f7c707a076 - std[104cf6e2632825ea]::panicking::default_hook::{closure#0}
[INFO] [stdout]    4:     0x56f7c70973c9 - std[104cf6e2632825ea]::panicking::default_hook
[INFO] [stdout]    5:     0x56f7c7031e80 - test[73009c9f9aebf890]::test_main_inner::<test[73009c9f9aebf890]::test_main_static::{closure#0}>::{closure#0}
[INFO] [stdout]    6:     0x56f7c7097582 - std[104cf6e2632825ea]::panicking::panic_with_hook
[INFO] [stdout]    7:     0x56f7c707a122 - std[104cf6e2632825ea]::panicking::panic_handler::{closure#0}
[INFO] [stdout]    8:     0x56f7c70723b9 - std[104cf6e2632825ea]::sys::backtrace::__rust_end_short_backtrace::<std[104cf6e2632825ea]::panicking::panic_handler::{closure#0}, !>
[INFO] [stdout]    9:     0x56f7c707ad1d - __rustc[b0d56fa5b193ad05]::rust_begin_unwind
[INFO] [stdout]   10:     0x56f7c70b4d5c - core[7c831bd917ebf35f]::panicking::panic_fmt
[INFO] [stdout]   11:     0x56f7c6e73f17 - functional[e0a49273faf54269]::remapped_paths::remapped_source_paths_fail_the_collect
[INFO] [stdout]   12:     0x56f7c6e87d49 - <functional[e0a49273faf54269]::remapped_paths::remapped_source_paths_fail_the_collect::{closure#0} as core[7c831bd917ebf35f]::ops::function::FnOnce<()>>::call_once
[INFO] [stdout]   13:     0x56f7c702516b - test[73009c9f9aebf890]::__rust_begin_short_backtrace::<core[7c831bd917ebf35f]::result::Result<(), alloc[2fdc3f7464fcf288]::string::String>, fn() -> core[7c831bd917ebf35f]::result::Result<(), alloc[2fdc3f7464fcf288]::string::String>>
[INFO] [stdout]   14:     0x56f7c70327d5 - test[73009c9f9aebf890]::run_test::{closure#0}
[INFO] [stdout]   15:     0x56f7c702bb94 - std[104cf6e2632825ea]::sys::backtrace::__rust_begin_short_backtrace::<test[73009c9f9aebf890]::run_test::{closure#1}, ()>
[INFO] [stdout]   16:     0x56f7c7035932 - <std[104cf6e2632825ea]::thread::lifecycle::spawn_unchecked<test[73009c9f9aebf890]::run_test::{closure#1}, ()>::{closure#1} as core[7c831bd917ebf35f]::ops::function::FnOnce<()>>::call_once::{shim:vtable#0}
[INFO] [stdout]   17:     0x56f7c709ef49 - <std[104cf6e2632825ea]::sys::thread::unix::Thread>::new::thread_start
[INFO] [stdout]   18:     0x766df9bfe07a - <unknown>
[INFO] [stdout]   19:     0x766df9c91534 - clone
[INFO] [stdout]   20:                0x0 - <unknown>
[INFO] [stdout] 
[INFO] [stdout] ---- run::run_with_no_changes_reports_nothing_to_do stdout ----
[INFO] [stdout] 
[INFO] [stdout] thread 'run::run_with_no_changes_reports_nothing_to_do' (2476) panicked at tests/functional/run.rs:182:5:
[INFO] [stdout] collect failed: Error: cargo-affected requires cargo-nextest >= 0.9.116. Install it with `cargo install cargo-nextest --locked`.
[INFO] [stdout] 
[INFO] [stdout] stack backtrace:
[INFO] [stdout]    0:     0x56f7c709fbd1 - <<std[104cf6e2632825ea]::sys::backtrace::BacktraceLock>::print::DisplayBacktrace as core[7c831bd917ebf35f]::fmt::Display>::fmt
[INFO] [stdout]    1:     0x56f7c70b45fa - core[7c831bd917ebf35f]::fmt::write
[INFO] [stdout]    2:     0x56f7c70a435c - <alloc[2fdc3f7464fcf288]::vec::Vec<u8> as core[7c831bd917ebf35f]::io::write::Write>::write_fmt
[INFO] [stdout]    3:     0x56f7c707a076 - std[104cf6e2632825ea]::panicking::default_hook::{closure#0}
[INFO] [stdout]    4:     0x56f7c70973c9 - std[104cf6e2632825ea]::panicking::default_hook
[INFO] [stdout]    5:     0x56f7c7031e80 - test[73009c9f9aebf890]::test_main_inner::<test[73009c9f9aebf890]::test_main_static::{closure#0}>::{closure#0}
[INFO] [stdout]    6:     0x56f7c7097582 - std[104cf6e2632825ea]::panicking::panic_with_hook
[INFO] [stdout]    7:     0x56f7c707a122 - std[104cf6e2632825ea]::panicking::panic_handler::{closure#0}
[INFO] [stdout]    8:     0x56f7c70723b9 - std[104cf6e2632825ea]::sys::backtrace::__rust_end_short_backtrace::<std[104cf6e2632825ea]::panicking::panic_handler::{closure#0}, !>
[INFO] [stdout]    9:     0x56f7c707ad1d - __rustc[b0d56fa5b193ad05]::rust_begin_unwind
[INFO] [stdout]   10:     0x56f7c70b4d5c - core[7c831bd917ebf35f]::panicking::panic_fmt
[INFO] [stdout]   11:     0x56f7c6e728b0 - functional[e0a49273faf54269]::run::run_with_no_changes_reports_nothing_to_do
[INFO] [stdout]   12:     0x56f7c6e87e49 - <functional[e0a49273faf54269]::run::run_with_no_changes_reports_nothing_to_do::{closure#0} as core[7c831bd917ebf35f]::ops::function::FnOnce<()>>::call_once
[INFO] [stdout]   13:     0x56f7c702516b - test[73009c9f9aebf890]::__rust_begin_short_backtrace::<core[7c831bd917ebf35f]::result::Result<(), alloc[2fdc3f7464fcf288]::string::String>, fn() -> core[7c831bd917ebf35f]::result::Result<(), alloc[2fdc3f7464fcf288]::string::String>>
[INFO] [stdout]   14:     0x56f7c70327d5 - test[73009c9f9aebf890]::run_test::{closure#0}
[INFO] [stdout]   15:     0x56f7c702bb94 - std[104cf6e2632825ea]::sys::backtrace::__rust_begin_short_backtrace::<test[73009c9f9aebf890]::run_test::{closure#1}, ()>
[INFO] [stdout]   16:     0x56f7c7035932 - <std[104cf6e2632825ea]::thread::lifecycle::spawn_unchecked<test[73009c9f9aebf890]::run_test::{closure#1}, ()>::{closure#1} as core[7c831bd917ebf35f]::ops::function::FnOnce<()>>::call_once::{shim:vtable#0}
[INFO] [stdout]   17:     0x56f7c709ef49 - <std[104cf6e2632825ea]::sys::thread::unix::Thread>::new::thread_start
[INFO] [stdout]   18:     0x766df9bfe07a - <unknown>
[INFO] [stdout]   19:     0x766df9c91534 - clone
[INFO] [stdout]   20:                0x0 - <unknown>
[INFO] [stdout] 
[INFO] [stdout] ---- workspace::editing_integration_test_does_not_pull_in_lib_unit_tests stdout ----
[INFO] [stdout] 
[INFO] [stdout] thread 'workspace::editing_integration_test_does_not_pull_in_lib_unit_tests' (2491) panicked at tests/functional/workspace.rs:247:5:
[INFO] [stdout] collect failed: Error: cargo-affected requires cargo-nextest >= 0.9.116. Install it with `cargo install cargo-nextest --locked`.
[INFO] [stdout] 
[INFO] [stdout] stack backtrace:
[INFO] [stdout]    0:     0x56f7c709fbd1 - <<std[104cf6e2632825ea]::sys::backtrace::BacktraceLock>::print::DisplayBacktrace as core[7c831bd917ebf35f]::fmt::Display>::fmt
[INFO] [stdout]    1:     0x56f7c70b45fa - core[7c831bd917ebf35f]::fmt::write
[INFO] [stdout]    2:     0x56f7c70a435c - <alloc[2fdc3f7464fcf288]::vec::Vec<u8> as core[7c831bd917ebf35f]::io::write::Write>::write_fmt
[INFO] [stdout]    3:     0x56f7c707a076 - std[104cf6e2632825ea]::panicking::default_hook::{closure#0}
[INFO] [stdout]    4:     0x56f7c70973c9 - std[104cf6e2632825ea]::panicking::default_hook
[INFO] [stdout]    5:     0x56f7c7031e80 - test[73009c9f9aebf890]::test_main_inner::<test[73009c9f9aebf890]::test_main_static::{closure#0}>::{closure#0}
[INFO] [stdout]    6:     0x56f7c7097582 - std[104cf6e2632825ea]::panicking::panic_with_hook
[INFO] [stdout]    7:     0x56f7c707a122 - std[104cf6e2632825ea]::panicking::panic_handler::{closure#0}
[INFO] [stdout]    8:     0x56f7c70723b9 - std[104cf6e2632825ea]::sys::backtrace::__rust_end_short_backtrace::<std[104cf6e2632825ea]::panicking::panic_handler::{closure#0}, !>
[INFO] [stdout]    9:     0x56f7c707ad1d - __rustc[b0d56fa5b193ad05]::rust_begin_unwind
[INFO] [stdout]   10:     0x56f7c70b4d5c - core[7c831bd917ebf35f]::panicking::panic_fmt
[INFO] [stdout]   11:     0x56f7c6e6f86d - functional[e0a49273faf54269]::workspace::editing_integration_test_does_not_pull_in_lib_unit_tests
[INFO] [stdout]   12:     0x56f7c6e88009 - <functional[e0a49273faf54269]::workspace::editing_integration_test_does_not_pull_in_lib_unit_tests::{closure#0} as core[7c831bd917ebf35f]::ops::function::FnOnce<()>>::call_once
[INFO] [stdout]   13:     0x56f7c702516b - test[73009c9f9aebf890]::__rust_begin_short_backtrace::<core[7c831bd917ebf35f]::result::Result<(), alloc[2fdc3f7464fcf288]::string::String>, fn() -> core[7c831bd917ebf35f]::result::Result<(), alloc[2fdc3f7464fcf288]::string::String>>
[INFO] [stdout]   14:     0x56f7c70327d5 - test[73009c9f9aebf890]::run_test::{closure#0}
[INFO] [stdout]   15:     0x56f7c702bb94 - std[104cf6e2632825ea]::sys::backtrace::__rust_begin_short_backtrace::<test[73009c9f9aebf890]::run_test::{closure#1}, ()>
[INFO] [stdout]   16:     0x56f7c7035932 - <std[104cf6e2632825ea]::thread::lifecycle::spawn_unchecked<test[73009c9f9aebf890]::run_test::{closure#1}, ()>::{closure#1} as core[7c831bd917ebf35f]::ops::function::FnOnce<()>>::call_once::{shim:vtable#0}
[INFO] [stdout]   17:     0x56f7c709ef49 - <std[104cf6e2632825ea]::sys::thread::unix::Thread>::new::thread_start
[INFO] [stdout]   18:     0x766df9bfe07a - <unknown>
[INFO] [stdout]   19:     0x766df9c91534 - clone
[INFO] [stdout]   20:                0x0 - <unknown>
[INFO] [stdout] 
[INFO] [stdout] ---- no_profraw_leak::collect_removes_staging_dirs_on_success stdout ----
[INFO] [stdout] 
[INFO] [stdout] thread 'no_profraw_leak::collect_removes_staging_dirs_on_success' (2291) panicked at tests/functional/no_profraw_leak.rs:90:5:
[INFO] [stdout] collect failed: Error: cargo-affected requires cargo-nextest >= 0.9.116. Install it with `cargo install cargo-nextest --locked`.
[INFO] [stdout] 
[INFO] [stdout] stack backtrace:
[INFO] [stdout]    0:     0x56f7c709fbd1 - <<std[104cf6e2632825ea]::sys::backtrace::BacktraceLock>::print::DisplayBacktrace as core[7c831bd917ebf35f]::fmt::Display>::fmt
[INFO] [stdout]    1:     0x56f7c70b45fa - core[7c831bd917ebf35f]::fmt::write
[INFO] [stdout]    2:     0x56f7c70a435c - <alloc[2fdc3f7464fcf288]::vec::Vec<u8> as core[7c831bd917ebf35f]::io::write::Write>::write_fmt
[INFO] [stdout]    3:     0x56f7c707a076 - std[104cf6e2632825ea]::panicking::default_hook::{closure#0}
[INFO] [stdout]    4:     0x56f7c70973c9 - std[104cf6e2632825ea]::panicking::default_hook
[INFO] [stdout]    5:     0x56f7c7031e80 - test[73009c9f9aebf890]::test_main_inner::<test[73009c9f9aebf890]::test_main_static::{closure#0}>::{closure#0}
[INFO] [stdout]    6:     0x56f7c7097582 - std[104cf6e2632825ea]::panicking::panic_with_hook
[INFO] [stdout]    7:     0x56f7c707a122 - std[104cf6e2632825ea]::panicking::panic_handler::{closure#0}
[INFO] [stdout]    8:     0x56f7c70723b9 - std[104cf6e2632825ea]::sys::backtrace::__rust_end_short_backtrace::<std[104cf6e2632825ea]::panicking::panic_handler::{closure#0}, !>
[INFO] [stdout]    9:     0x56f7c707ad1d - __rustc[b0d56fa5b193ad05]::rust_begin_unwind
[INFO] [stdout]   10:     0x56f7c70b4d5c - core[7c831bd917ebf35f]::panicking::panic_fmt
[INFO] [stdout]   11:     0x56f7c6e783cc - functional[e0a49273faf54269]::no_profraw_leak::collect_removes_staging_dirs_on_success
[INFO] [stdout]   12:     0x56f7c6e87d69 - <functional[e0a49273faf54269]::no_profraw_leak::collect_removes_staging_dirs_on_success::{closure#0} as core[7c831bd917ebf35f]::ops::function::FnOnce<()>>::call_once
[INFO] [stdout]   13:     0x56f7c702516b - test[73009c9f9aebf890]::__rust_begin_short_backtrace::<core[7c831bd917ebf35f]::result::Result<(), alloc[2fdc3f7464fcf288]::string::String>, fn() -> core[7c831bd917ebf35f]::result::Result<(), alloc[2fdc3f7464fcf288]::string::String>>
[INFO] [stdout]   14:     0x56f7c70327d5 - test[73009c9f9aebf890]::run_test::{closure#0}
[INFO] [stdout]   15:     0x56f7c702bb94 - std[104cf6e2632825ea]::sys::backtrace::__rust_begin_short_backtrace::<test[73009c9f9aebf890]::run_test::{closure#1}, ()>
[INFO] [stdout]   16:     0x56f7c7035932 - <std[104cf6e2632825ea]::thread::lifecycle::spawn_unchecked<test[73009c9f9aebf890]::run_test::{closure#1}, ()>::{closure#1} as core[7c831bd917ebf35f]::ops::function::FnOnce<()>>::call_once::{shim:vtable#0}
[INFO] [stdout]   17:     0x56f7c709ef49 - <std[104cf6e2632825ea]::sys::thread::unix::Thread>::new::thread_start
[INFO] [stdout]   18:     0x766df9bfe07a - <unknown>
[INFO] [stdout]   19:     0x766df9c91534 - clone
[INFO] [stdout]   20:                0x0 - <unknown>
[INFO] [stdout] 
[INFO] [stdout] ---- run::run_forwards_fail_fast_flags_to_nextest stdout ----
[INFO] [stdout] 
[INFO] [stdout] thread 'run::run_forwards_fail_fast_flags_to_nextest' (2333) panicked at tests/functional/run.rs:95:5:
[INFO] [stdout] collect failed: Error: cargo-affected requires cargo-nextest >= 0.9.116. Install it with `cargo install cargo-nextest --locked`.
[INFO] [stdout] 
[INFO] [stdout] stack backtrace:
[INFO] [stdout]    0:     0x56f7c709fbd1 - <<std[104cf6e2632825ea]::sys::backtrace::BacktraceLock>::print::DisplayBacktrace as core[7c831bd917ebf35f]::fmt::Display>::fmt
[INFO] [stdout]    1:     0x56f7c70b45fa - core[7c831bd917ebf35f]::fmt::write
[INFO] [stdout]    2:     0x56f7c70a435c - <alloc[2fdc3f7464fcf288]::vec::Vec<u8> as core[7c831bd917ebf35f]::io::write::Write>::write_fmt
[INFO] [stdout]    3:     0x56f7c707a076 - std[104cf6e2632825ea]::panicking::default_hook::{closure#0}
[INFO] [stdout]    4:     0x56f7c70973c9 - std[104cf6e2632825ea]::panicking::default_hook
[INFO] [stdout]    5:     0x56f7c7031e80 - test[73009c9f9aebf890]::test_main_inner::<test[73009c9f9aebf890]::test_main_static::{closure#0}>::{closure#0}
[INFO] [stdout]    6:     0x56f7c7097582 - std[104cf6e2632825ea]::panicking::panic_with_hook
[INFO] [stdout]    7:     0x56f7c707a122 - std[104cf6e2632825ea]::panicking::panic_handler::{closure#0}
[INFO] [stdout]    8:     0x56f7c70723b9 - std[104cf6e2632825ea]::sys::backtrace::__rust_end_short_backtrace::<std[104cf6e2632825ea]::panicking::panic_handler::{closure#0}, !>
[INFO] [stdout]    9:     0x56f7c707ad1d - __rustc[b0d56fa5b193ad05]::rust_begin_unwind
[INFO] [stdout]   10:     0x56f7c70b4d5c - core[7c831bd917ebf35f]::panicking::panic_fmt
[INFO] [stdout]   11:     0x56f7c6e723f7 - functional[e0a49273faf54269]::run::run_forwards_fail_fast_flags_to_nextest
[INFO] [stdout]   12:     0x56f7c6e87e29 - <functional[e0a49273faf54269]::run::run_forwards_fail_fast_flags_to_nextest::{closure#0} as core[7c831bd917ebf35f]::ops::function::FnOnce<()>>::call_once
[INFO] [stdout]   13:     0x56f7c702516b - test[73009c9f9aebf890]::__rust_begin_short_backtrace::<core[7c831bd917ebf35f]::result::Result<(), alloc[2fdc3f7464fcf288]::string::String>, fn() -> core[7c831bd917ebf35f]::result::Result<(), alloc[2fdc3f7464fcf288]::string::String>>
[INFO] [stdout]   14:     0x56f7c70327d5 - test[73009c9f9aebf890]::run_test::{closure#0}
[INFO] [stdout]   15:     0x56f7c702bb94 - std[104cf6e2632825ea]::sys::backtrace::__rust_begin_short_backtrace::<test[73009c9f9aebf890]::run_test::{closure#1}, ()>
[INFO] [stdout]   16:     0x56f7c7035932 - <std[104cf6e2632825ea]::thread::lifecycle::spawn_unchecked<test[73009c9f9aebf890]::run_test::{closure#1}, ()>::{closure#1} as core[7c831bd917ebf35f]::ops::function::FnOnce<()>>::call_once::{shim:vtable#0}
[INFO] [stdout]   17:     0x56f7c709ef49 - <std[104cf6e2632825ea]::sys::thread::unix::Thread>::new::thread_start
[INFO] [stdout]   18:     0x766df9bfe07a - <unknown>
[INFO] [stdout]   19:     0x766df9c91534 - clone
[INFO] [stdout]   20:                0x0 - <unknown>
[INFO] [stdout] 
[INFO] [stdout] ---- structural::added_derive_pulls_in_all_file_tests stdout ----
[INFO] [stdout] 
[INFO] [stdout] thread 'structural::added_derive_pulls_in_all_file_tests' (2488) panicked at tests/functional/structural.rs:18:5:
[INFO] [stdout] collect failed: Error: cargo-affected requires cargo-nextest >= 0.9.116. Install it with `cargo install cargo-nextest --locked`.
[INFO] [stdout] 
[INFO] [stdout] stack backtrace:
[INFO] [stdout]    0:     0x56f7c709fbd1 - <<std[104cf6e2632825ea]::sys::backtrace::BacktraceLock>::print::DisplayBacktrace as core[7c831bd917ebf35f]::fmt::Display>::fmt
[INFO] [stdout]    1:     0x56f7c70b45fa - core[7c831bd917ebf35f]::fmt::write
[INFO] [stdout]    2:     0x56f7c70a435c - <alloc[2fdc3f7464fcf288]::vec::Vec<u8> as core[7c831bd917ebf35f]::io::write::Write>::write_fmt
[INFO] [stdout]    3:     0x56f7c707a076 - std[104cf6e2632825ea]::panicking::default_hook::{closure#0}
[INFO] [stdout]    4:     0x56f7c70973c9 - std[104cf6e2632825ea]::panicking::default_hook
[INFO] [stdout]    5:     0x56f7c7031e80 - test[73009c9f9aebf890]::test_main_inner::<test[73009c9f9aebf890]::test_main_static::{closure#0}>::{closure#0}
[INFO] [stdout]    6:     0x56f7c7097582 - std[104cf6e2632825ea]::panicking::panic_with_hook
[INFO] [stdout]    7:     0x56f7c707a122 - std[104cf6e2632825ea]::panicking::panic_handler::{closure#0}
[INFO] [stdout]    8:     0x56f7c70723b9 - std[104cf6e2632825ea]::sys::backtrace::__rust_end_short_backtrace::<std[104cf6e2632825ea]::panicking::panic_handler::{closure#0}, !>
[INFO] [stdout]    9:     0x56f7c707ad1d - __rustc[b0d56fa5b193ad05]::rust_begin_unwind
[INFO] [stdout]   10:     0x56f7c70b4d5c - core[7c831bd917ebf35f]::panicking::panic_fmt
[INFO] [stdout]   11:     0x56f7c6e82cf0 - functional[e0a49273faf54269]::structural::added_derive_pulls_in_all_file_tests
[INFO] [stdout]   12:     0x56f7c6e87b69 - <functional[e0a49273faf54269]::structural::added_derive_pulls_in_all_file_tests::{closure#0} as core[7c831bd917ebf35f]::ops::function::FnOnce<()>>::call_once
[INFO] [stdout]   13:     0x56f7c702516b - test[73009c9f9aebf890]::__rust_begin_short_backtrace::<core[7c831bd917ebf35f]::result::Result<(), alloc[2fdc3f7464fcf288]::string::String>, fn() -> core[7c831bd917ebf35f]::result::Result<(), alloc[2fdc3f7464fcf288]::string::String>>
[INFO] [stdout]   14:     0x56f7c70327d5 - test[73009c9f9aebf890]::run_test::{closure#0}
[INFO] [stdout]   15:     0x56f7c702bb94 - std[104cf6e2632825ea]::sys::backtrace::__rust_begin_short_backtrace::<test[73009c9f9aebf890]::run_test::{closure#1}, ()>
[INFO] [stdout]   16:     0x56f7c7035932 - <std[104cf6e2632825ea]::thread::lifecycle::spawn_unchecked<test[73009c9f9aebf890]::run_test::{closure#1}, ()>::{closure#1} as core[7c831bd917ebf35f]::ops::function::FnOnce<()>>::call_once::{shim:vtable#0}
[INFO] [stdout]   17:     0x56f7c709ef49 - <std[104cf6e2632825ea]::sys::thread::unix::Thread>::new::thread_start
[INFO] [stdout]   18:     0x766df9bfe07a - <unknown>
[INFO] [stdout]   19:     0x766df9c91534 - clone
[INFO] [stdout]   20:                0x0 - <unknown>
[INFO] [stdout] 
[INFO] [stdout] ---- new_test::new_test_detection_uses_run_features stdout ----
[INFO] [stdout] 
[INFO] [stdout] thread 'new_test::new_test_detection_uses_run_features' (2201) panicked at tests/functional/new_test.rs:224:5:
[INFO] [stdout] collect failed: Error: cargo-affected requires cargo-nextest >= 0.9.116. Install it with `cargo install cargo-nextest --locked`.
[INFO] [stdout] 
[INFO] [stdout] stack backtrace:
[INFO] [stdout]    0:     0x56f7c709fbd1 - <<std[104cf6e2632825ea]::sys::backtrace::BacktraceLock>::print::DisplayBacktrace as core[7c831bd917ebf35f]::fmt::Display>::fmt
[INFO] [stdout]    1:     0x56f7c70b45fa - core[7c831bd917ebf35f]::fmt::write
[INFO] [stdout]    2:     0x56f7c70a435c - <alloc[2fdc3f7464fcf288]::vec::Vec<u8> as core[7c831bd917ebf35f]::io::write::Write>::write_fmt
[INFO] [stdout]    3:     0x56f7c707a076 - std[104cf6e2632825ea]::panicking::default_hook::{closure#0}
[INFO] [stdout]    4:     0x56f7c70973c9 - std[104cf6e2632825ea]::panicking::default_hook
[INFO] [stdout]    5:     0x56f7c7031e80 - test[73009c9f9aebf890]::test_main_inner::<test[73009c9f9aebf890]::test_main_static::{closure#0}>::{closure#0}
[INFO] [stdout]    6:     0x56f7c7097582 - std[104cf6e2632825ea]::panicking::panic_with_hook
[INFO] [stdout]    7:     0x56f7c707a122 - std[104cf6e2632825ea]::panicking::panic_handler::{closure#0}
[INFO] [stdout]    8:     0x56f7c70723b9 - std[104cf6e2632825ea]::sys::backtrace::__rust_end_short_backtrace::<std[104cf6e2632825ea]::panicking::panic_handler::{closure#0}, !>
[INFO] [stdout]    9:     0x56f7c707ad1d - __rustc[b0d56fa5b193ad05]::rust_begin_unwind
[INFO] [stdout]   10:     0x56f7c70b4d5c - core[7c831bd917ebf35f]::panicking::panic_fmt
[INFO] [stdout]   11:     0x56f7c6e80354 - functional[e0a49273faf54269]::new_test::new_test_detection_uses_run_features
[INFO] [stdout]   12:     0x56f7c6e87f49 - <functional[e0a49273faf54269]::new_test::new_test_detection_uses_run_features::{closure#0} as core[7c831bd917ebf35f]::ops::function::FnOnce<()>>::call_once
[INFO] [stdout]   13:     0x56f7c702516b - test[73009c9f9aebf890]::__rust_begin_short_backtrace::<core[7c831bd917ebf35f]::result::Result<(), alloc[2fdc3f7464fcf288]::string::String>, fn() -> core[7c831bd917ebf35f]::result::Result<(), alloc[2fdc3f7464fcf288]::string::String>>
[INFO] [stdout]   14:     0x56f7c70327d5 - test[73009c9f9aebf890]::run_test::{closure#0}
[INFO] [stdout]   15:     0x56f7c702bb94 - std[104cf6e2632825ea]::sys::backtrace::__rust_begin_short_backtrace::<test[73009c9f9aebf890]::run_test::{closure#1}, ()>
[INFO] [stdout]   16:     0x56f7c7035932 - <std[104cf6e2632825ea]::thread::lifecycle::spawn_unchecked<test[73009c9f9aebf890]::run_test::{closure#1}, ()>::{closure#1} as core[7c831bd917ebf35f]::ops::function::FnOnce<()>>::call_once::{shim:vtable#0}
[INFO] [stdout]   17:     0x56f7c709ef49 - <std[104cf6e2632825ea]::sys::thread::unix::Thread>::new::thread_start
[INFO] [stdout]   18:     0x766df9bfe07a - <unknown>
[INFO] [stdout]   19:     0x766df9c91534 - clone
[INFO] [stdout]   20:                0x0 - <unknown>
[INFO] [stdout] 
[INFO] [stdout] ---- workspace::editing_lib_in_one_member_does_not_pull_in_unrelated_member stdout ----
[INFO] [stdout] 
[INFO] [stdout] thread 'workspace::editing_lib_in_one_member_does_not_pull_in_unrelated_member' (2672) panicked at tests/functional/workspace.rs:195:5:
[INFO] [stdout] collect failed: Error: cargo-affected requires cargo-nextest >= 0.9.116. Install it with `cargo install cargo-nextest --locked`.
[INFO] [stdout] 
[INFO] [stdout] stack backtrace:
[INFO] [stdout]    0:     0x56f7c709fbd1 - <<std[104cf6e2632825ea]::sys::backtrace::BacktraceLock>::print::DisplayBacktrace as core[7c831bd917ebf35f]::fmt::Display>::fmt
[INFO] [stdout]    1:     0x56f7c70b45fa - core[7c831bd917ebf35f]::fmt::write
[INFO] [stdout]    2:     0x56f7c70a435c - <alloc[2fdc3f7464fcf288]::vec::Vec<u8> as core[7c831bd917ebf35f]::io::write::Write>::write_fmt
[INFO] [stdout]    3:     0x56f7c707a076 - std[104cf6e2632825ea]::panicking::default_hook::{closure#0}
[INFO] [stdout]    4:     0x56f7c70973c9 - std[104cf6e2632825ea]::panicking::default_hook
[INFO] [stdout]    5:     0x56f7c7031e80 - test[73009c9f9aebf890]::test_main_inner::<test[73009c9f9aebf890]::test_main_static::{closure#0}>::{closure#0}
[INFO] [stdout]    6:     0x56f7c7097582 - std[104cf6e2632825ea]::panicking::panic_with_hook
[INFO] [stdout]    7:     0x56f7c707a122 - std[104cf6e2632825ea]::panicking::panic_handler::{closure#0}
[INFO] [stdout]    8:     0x56f7c70723b9 - std[104cf6e2632825ea]::sys::backtrace::__rust_end_short_backtrace::<std[104cf6e2632825ea]::panicking::panic_handler::{closure#0}, !>
[INFO] [stdout]    9:     0x56f7c707ad1d - __rustc[b0d56fa5b193ad05]::rust_begin_unwind
[INFO] [stdout]   10:     0x56f7c70b4d5c - core[7c831bd917ebf35f]::panicking::panic_fmt
[INFO] [stdout]   11:     0x56f7c6e6fd8d - functional[e0a49273faf54269]::workspace::editing_lib_in_one_member_does_not_pull_in_unrelated_member
[INFO] [stdout]   12:     0x56f7c6e88029 - <functional[e0a49273faf54269]::workspace::editing_lib_in_one_member_does_not_pull_in_unrelated_member::{closure#0} as core[7c831bd917ebf35f]::ops::function::FnOnce<()>>::call_once
[INFO] [stdout]   13:     0x56f7c702516b - test[73009c9f9aebf890]::__rust_begin_short_backtrace::<core[7c831bd917ebf35f]::result::Result<(), alloc[2fdc3f7464fcf288]::string::String>, fn() -> core[7c831bd917ebf35f]::result::Result<(), alloc[2fdc3f7464fcf288]::string::String>>
[INFO] [stdout]   14:     0x56f7c70327d5 - test[73009c9f9aebf890]::run_test::{closure#0}
[INFO] [stdout]   15:     0x56f7c702bb94 - std[104cf6e2632825ea]::sys::backtrace::__rust_begin_short_backtrace::<test[73009c9f9aebf890]::run_test::{closure#1}, ()>
[INFO] [stdout]   16:     0x56f7c7035932 - <std[104cf6e2632825ea]::thread::lifecycle::spawn_unchecked<test[73009c9f9aebf890]::run_test::{closure#1}, ()>::{closure#1} as core[7c831bd917ebf35f]::ops::function::FnOnce<()>>::call_once::{shim:vtable#0}
[INFO] [stdout]   17:     0x56f7c709ef49 - <std[104cf6e2632825ea]::sys::thread::unix::Thread>::new::thread_start
[INFO] [stdout]   18:     0x766df9bfe07a - <unknown>
[INFO] [stdout]   19:     0x766df9c91534 - clone
[INFO] [stdout]   20:                0x0 - <unknown>
[INFO] [stdout] 
[INFO] [stdout] ---- run::run_executes_only_affected_tests stdout ----
[INFO] [stdout] 
[INFO] [stdout] thread 'run::run_executes_only_affected_tests' (2317) panicked at tests/functional/run.rs:21:5:
[INFO] [stdout] collect failed: Error: cargo-affected requires cargo-nextest >= 0.9.116. Install it with `cargo install cargo-nextest --locked`.
[INFO] [stdout] 
[INFO] [stdout] stack backtrace:
[INFO] [stdout]    0:     0x56f7c709fbd1 - <<std[104cf6e2632825ea]::sys::backtrace::BacktraceLock>::print::DisplayBacktrace as core[7c831bd917ebf35f]::fmt::Display>::fmt
[INFO] [stdout]    1:     0x56f7c70b45fa - core[7c831bd917ebf35f]::fmt::write
[INFO] [stdout]    2:     0x56f7c70a435c - <alloc[2fdc3f7464fcf288]::vec::Vec<u8> as core[7c831bd917ebf35f]::io::write::Write>::write_fmt
[INFO] [stdout]    3:     0x56f7c707a076 - std[104cf6e2632825ea]::panicking::default_hook::{closure#0}
[INFO] [stdout]    4:     0x56f7c70973c9 - std[104cf6e2632825ea]::panicking::default_hook
[INFO] [stdout]    5:     0x56f7c7031e80 - test[73009c9f9aebf890]::test_main_inner::<test[73009c9f9aebf890]::test_main_static::{closure#0}>::{closure#0}
[INFO] [stdout]    6:     0x56f7c7097582 - std[104cf6e2632825ea]::panicking::panic_with_hook
[INFO] [stdout]    7:     0x56f7c707a122 - std[104cf6e2632825ea]::panicking::panic_handler::{closure#0}
[INFO] [stdout]    8:     0x56f7c70723b9 - std[104cf6e2632825ea]::sys::backtrace::__rust_end_short_backtrace::<std[104cf6e2632825ea]::panicking::panic_handler::{closure#0}, !>
[INFO] [stdout]    9:     0x56f7c707ad1d - __rustc[b0d56fa5b193ad05]::rust_begin_unwind
[INFO] [stdout]   10:     0x56f7c70b4d5c - core[7c831bd917ebf35f]::panicking::panic_fmt
[INFO] [stdout]   11:     0x56f7c6e71b5d - functional[e0a49273faf54269]::run::run_executes_only_affected_tests
[INFO] [stdout]   12:     0x56f7c6e87e09 - <functional[e0a49273faf54269]::run::run_executes_only_affected_tests::{closure#0} as core[7c831bd917ebf35f]::ops::function::FnOnce<()>>::call_once
[INFO] [stdout]   13:     0x56f7c702516b - test[73009c9f9aebf890]::__rust_begin_short_backtrace::<core[7c831bd917ebf35f]::result::Result<(), alloc[2fdc3f7464fcf288]::string::String>, fn() -> core[7c831bd917ebf35f]::result::Result<(), alloc[2fdc3f7464fcf288]::string::String>>
[INFO] [stdout]   14:     0x56f7c70327d5 - test[73009c9f9aebf890]::run_test::{closure#0}
[INFO] [stdout]   15:     0x56f7c702bb94 - std[104cf6e2632825ea]::sys::backtrace::__rust_begin_short_backtrace::<test[73009c9f9aebf890]::run_test::{closure#1}, ()>
[INFO] [stdout]   16:     0x56f7c7035932 - <std[104cf6e2632825ea]::thread::lifecycle::spawn_unchecked<test[73009c9f9aebf890]::run_test::{closure#1}, ()>::{closure#1} as core[7c831bd917ebf35f]::ops::function::FnOnce<()>>::call_once::{shim:vtable#0}
[INFO] [stdout]   17:     0x56f7c709ef49 - <std[104cf6e2632825ea]::sys::thread::unix::Thread>::new::thread_start
[INFO] [stdout]   18:     0x766df9bfe07a - <unknown>
[INFO] [stdout]   19:     0x766df9c91534 - clone
[INFO] [stdout]   20:                0x0 - <unknown>
[INFO] [stdout] 
[INFO] [stdout] ---- workspace::workspace_collect_finds_all_tests_across_targets stdout ----
[INFO] [stdout] 
[INFO] [stdout] thread 'workspace::workspace_collect_finds_all_tests_across_targets' (2676) panicked at tests/functional/workspace.rs:153:5:
[INFO] [stdout] collect failed: stderr=
[INFO] [stdout] Error: cargo-affected requires cargo-nextest >= 0.9.116. Install it with `cargo install cargo-nextest --locked`.
[INFO] [stdout] 
[INFO] [stdout] stdout=
[INFO] [stdout] 
[INFO] [stdout] stack backtrace:
[INFO] [stdout]    0:     0x56f7c709fbd1 - <<std[104cf6e2632825ea]::sys::backtrace::BacktraceLock>::print::DisplayBacktrace as core[7c831bd917ebf35f]::fmt::Display>::fmt
[INFO] [stdout]    1:     0x56f7c70b45fa - core[7c831bd917ebf35f]::fmt::write
[INFO] [stdout]    2:     0x56f7c70a435c - <alloc[2fdc3f7464fcf288]::vec::Vec<u8> as core[7c831bd917ebf35f]::io::write::Write>::write_fmt
[INFO] [stdout]    3:     0x56f7c707a076 - std[104cf6e2632825ea]::panicking::default_hook::{closure#0}
[INFO] [stdout]    4:     0x56f7c70973c9 - std[104cf6e2632825ea]::panicking::default_hook
[INFO] [stdout]    5:     0x56f7c7031e80 - test[73009c9f9aebf890]::test_main_inner::<test[73009c9f9aebf890]::test_main_static::{closure#0}>::{closure#0}
[INFO] [stdout]    6:     0x56f7c7097582 - std[104cf6e2632825ea]::panicking::panic_with_hook
[INFO] [stdout]    7:     0x56f7c707a122 - std[104cf6e2632825ea]::panicking::panic_handler::{closure#0}
[INFO] [stdout]    8:     0x56f7c70723b9 - std[104cf6e2632825ea]::sys::backtrace::__rust_end_short_backtrace::<std[104cf6e2632825ea]::panicking::panic_handler::{closure#0}, !>
[INFO] [stdout]    9:     0x56f7c707ad1d - __rustc[b0d56fa5b193ad05]::rust_begin_unwind
[INFO] [stdout]   10:     0x56f7c70b4d5c - core[7c831bd917ebf35f]::panicking::panic_fmt
[INFO] [stdout]   11:     0x56f7c6e6f1e4 - functional[e0a49273faf54269]::workspace::workspace_collect_finds_all_tests_across_targets
[INFO] [stdout]   12:     0x56f7c6e87fe9 - <functional[e0a49273faf54269]::workspace::workspace_collect_finds_all_tests_across_targets::{closure#0} as core[7c831bd917ebf35f]::ops::function::FnOnce<()>>::call_once
[INFO] [stdout]   13:     0x56f7c702516b - test[73009c9f9aebf890]::__rust_begin_short_backtrace::<core[7c831bd917ebf35f]::result::Result<(), alloc[2fdc3f7464fcf288]::string::String>, fn() -> core[7c831bd917ebf35f]::result::Result<(), alloc[2fdc3f7464fcf288]::string::String>>
[INFO] [stdout]   14:     0x56f7c70327d5 - test[73009c9f9aebf890]::run_test::{closure#0}
[INFO] [stdout]   15:     0x56f7c702bb94 - std[104cf6e2632825ea]::sys::backtrace::__rust_begin_short_backtrace::<test[73009c9f9aebf890]::run_test::{closure#1}, ()>
[INFO] [stdout]   16:     0x56f7c7035932 - <std[104cf6e2632825ea]::thread::lifecycle::spawn_unchecked<test[73009c9f9aebf890]::run_test::{closure#1}, ()>::{closure#1} as core[7c831bd917ebf35f]::ops::function::FnOnce<()>>::call_once::{shim:vtable#0}
[INFO] [stdout]   17:     0x56f7c709ef49 - <std[104cf6e2632825ea]::sys::thread::unix::Thread>::new::thread_start
[INFO] [stdout]   18:     0x766df9bfe07a - <unknown>
[INFO] [stdout]   19:     0x766df9c91534 - clone
[INFO] [stdout]   20:                0x0 - <unknown>
[INFO] [stdout] 
[INFO] [stdout] 
[INFO] [stdout] failures:
[INFO] [stdout]     cache_miss::run_executes_full_suite_when_no_coverage_data
[INFO] [stdout]     cache_miss::run_uses_selection_when_collect_sha_is_sibling
[INFO] [stdout]     clean::clean_then_status_reports_no_coverage
[INFO] [stdout]     config_rule::config_rule_inert_when_no_glob_matches
[INFO] [stdout]     config_rule::config_rule_rescues_committed_added_input
[INFO] [stdout]     config_rule::config_rule_selects_test_for_non_rust_input_change
[INFO] [stdout]     db_has_function_ranges::collect_writes_non_sentinel_function_ranges
[INFO] [stdout]     diff_collect::diff_collect_accumulates_distinct_shas_across_rounds
[INFO] [stdout]     diff_collect::diff_collect_all_phantom_selection_prunes_cleanly
[INFO] [stdout]     diff_collect::diff_collect_clean_tree_exits_zero
[INFO] [stdout]     diff_collect::diff_collect_errors_with_no_prior_collect
[INFO] [stdout]     diff_collect::diff_collect_keeps_ignored_test_rows
[INFO] [stdout]     diff_collect::diff_collect_prunes_deleted_tests
[INFO] [stdout]     diff_collect::diff_collect_re_anchors_only_affected_tests
[INFO] [stdout]     diff_collect::diff_collect_succeeds_when_sha_is_sibling
[INFO] [stdout]     diff_collect::run_unions_affected_and_stranded_when_partially_diverged
[INFO] [stdout]     diff_collect::run_uses_reachable_shas_when_one_sha_diverges
[INFO] [stdout]     dirty::collect_with_allow_dirty_proceeds_with_warning
[INFO] [stdout]     drift::sibling_collect_sha_status_uses_selection
[INFO] [stdout]     duplicate_target_names::duplicate_basename_with_stripped_debuginfo_resolves_correctly
[INFO] [stdout]     fingerprint::cargo_toml_change_invalidates_fingerprint
[INFO] [stdout]     lib_bin_collision::lib_bin_same_basename_resolves_via_nextest_binary_id
[INFO] [stdout]     narrowing::function_body_edit_selects_only_that_test
[INFO] [stdout]     new_test::ignored_test_not_perpetually_new
[INFO] [stdout]     new_test::new_integration_test_is_selected_and_tagged
[INFO] [stdout]     new_test::new_test_detection_uses_run_features
[INFO] [stdout]     new_test::newly_ignored_test_excluded_from_affected
[INFO] [stdout]     new_test::status_prediction_uses_run_features
[INFO] [stdout]     no_profraw_leak::collect_leaves_no_profraw_outside_target
[INFO] [stdout]     no_profraw_leak::collect_removes_staging_dirs_on_success
[INFO] [stdout]     remapped_paths::remapped_source_paths_fail_the_collect
[INFO] [stdout]     run::run_executes_only_affected_tests
[INFO] [stdout]     run::run_forwards_fail_fast_flags_to_nextest
[INFO] [stdout]     run::run_with_no_changes_reports_nothing_to_do
[INFO] [stdout]     structural::added_derive_pulls_in_all_file_tests
[INFO] [stdout]     workspace::editing_dep_lib_pulls_in_dependent_tests
[INFO] [stdout]     workspace::editing_integration_test_does_not_pull_in_lib_unit_tests
[INFO] [stdout]     workspace::editing_lib_in_one_member_does_not_pull_in_unrelated_member
[INFO] [stdout]     workspace::workspace_collect_finds_all_tests_across_targets
[INFO] [stdout] 
[INFO] [stdout] test result: FAILED. 2 passed; 39 failed; 0 ignored; 0 measured; 0 filtered out; finished in 1.27s
[INFO] [stdout] 
[INFO] running `Command { std: "docker" "inspect" "f49a1659e33dc4c42e683c4707e9036543738542e222460d273ae237d5247d70", kill_on_drop: false }`
[INFO] running `Command { std: "docker" "rm" "-f" "f49a1659e33dc4c42e683c4707e9036543738542e222460d273ae237d5247d70", kill_on_drop: false }`
[INFO] [stdout] f49a1659e33dc4c42e683c4707e9036543738542e222460d273ae237d5247d70
