[INFO] cloning repository https://github.com/mavdi/aurelia
[INFO] running `Command { std: "git" "-c" "credential.helper=" "-c" "credential.helper=/workspace/cargo-home/bin/git-credential-null" "clone" "--bare" "https://github.com/mavdi/aurelia" "/workspace/cache/git-repos/https%3A%2F%2Fgithub.com%2Fmavdi%2Faurelia", kill_on_drop: false }`
[INFO] [stderr] Cloning into bare repository '/workspace/cache/git-repos/https%3A%2F%2Fgithub.com%2Fmavdi%2Faurelia'...
[INFO] running `Command { std: "git" "rev-parse" "HEAD", kill_on_drop: false }`
[INFO] [stdout] 4aecaed39e1690eafc29a4b8e13c6370a764c042
[INFO] testing mavdi/aurelia against 1.99.0-beta.1+cargoflags=--release for beta-release-1.99-2
[INFO] running `Command { std: "git" "clone" "/workspace/cache/git-repos/https%3A%2F%2Fgithub.com%2Fmavdi%2Faurelia" "/workspace/builds/worker-5-tc2/source", kill_on_drop: false }`
[INFO] [stderr] Cloning into '/workspace/builds/worker-5-tc2/source'...
[INFO] [stderr] done.
[INFO] started tweaking git repo https://github.com/mavdi/aurelia
[INFO] finished tweaking git repo https://github.com/mavdi/aurelia
[INFO] tweaked toml for git repo https://github.com/mavdi/aurelia written to /workspace/builds/worker-5-tc2/source/Cargo.toml
[INFO] validating manifest of git repo https://github.com/mavdi/aurelia on toolchain 1.99.0-beta.1
[INFO] running `Command { std: CARGO_HOME="/workspace/cargo-home" RUSTUP_HOME="/workspace/rustup-home" "/workspace/cargo-home/bin/cargo" "+1.99.0-beta.1" "metadata" "--manifest-path" "Cargo.toml" "--no-deps", kill_on_drop: false }`
[INFO] crate git repo https://github.com/mavdi/aurelia already has a lockfile, it will not be regenerated
[INFO] running `Command { std: CARGO_HOME="/workspace/cargo-home" RUSTUP_HOME="/workspace/rustup-home" "/workspace/cargo-home/bin/cargo" "+1.99.0-beta.1" "fetch" "--manifest-path" "Cargo.toml", kill_on_drop: false }`
[INFO] [stderr]     Blocking waiting for file lock on package cache
[INFO] running `Command { std: "docker" "create" "-v" "/var/lib/crater-agent-workspace/builds/worker-5-tc2/source:/opt/rustwide/workdir:ro,Z" "-v" "/var/lib/crater-agent-workspace/builds/worker-5-tc2/target:/opt/rustwide/target:rw,Z" "-v" "/var/lib/crater-agent-workspace/cargo-home:/opt/rustwide/cargo-home:ro,Z" "-v" "/var/lib/crater-agent-workspace/rustup-home:/opt/rustwide/rustup-home:ro,Z" "-m" "1610612736" "--network" "none" "ghcr.io/rust-lang/crates-build-env/linux@sha256:8683fc1fc2eb5c9ac98e0d076ab094b2ffac7f99da555d2b6a2e27f346de2ec7" "sleep" "infinity", kill_on_drop: false }`
[INFO] [stdout] af68fe877df0680895595a81f9e82c2cb0d92c49de95412ca12245d193fc27d3
[INFO] running `Command { std: "docker" "start" "af68fe877df0680895595a81f9e82c2cb0d92c49de95412ca12245d193fc27d3", kill_on_drop: false }`
[INFO] running `Command { std: "docker" "inspect" "af68fe877df0680895595a81f9e82c2cb0d92c49de95412ca12245d193fc27d3", kill_on_drop: false }`
[INFO] running `Command { std: "docker" "exec" "-e" "SOURCE_DIR=/opt/rustwide/workdir" "-e" "CARGO_HOME=/opt/rustwide/cargo-home" "-e" "RUSTUP_HOME=/opt/rustwide/rustup-home" "-e" "CARGO_TARGET_DIR=/opt/rustwide/target" "-w" "/opt/rustwide/workdir" "--user" "0:0" "af68fe877df0680895595a81f9e82c2cb0d92c49de95412ca12245d193fc27d3" "/opt/rustwide/cargo-home/bin/cargo" "+1.99.0-beta.1" "metadata" "--no-deps" "--format-version=1", kill_on_drop: false }`
[INFO] running `Command { std: "docker" "inspect" "af68fe877df0680895595a81f9e82c2cb0d92c49de95412ca12245d193fc27d3", kill_on_drop: false }`
[INFO] running `Command { std: "docker" "exec" "-e" "SOURCE_DIR=/opt/rustwide/workdir" "-e" "CARGO_HOME=/opt/rustwide/cargo-home" "-e" "RUSTUP_HOME=/opt/rustwide/rustup-home" "-e" "CARGO_TARGET_DIR=/opt/rustwide/target" "-e" "CARGO_INCREMENTAL=0" "-e" "RUST_BACKTRACE=full" "-e" "RUSTFLAGS=--cap-lints=warn" "-e" "RUSTDOCFLAGS=--cap-lints=warn" "-w" "/opt/rustwide/workdir" "--user" "0:0" "af68fe877df0680895595a81f9e82c2cb0d92c49de95412ca12245d193fc27d3" "/opt/rustwide/cargo-home/bin/cargo" "+1.99.0-beta.1" "build" "--frozen" "--message-format=json" "--release", kill_on_drop: false }`
[INFO] [stderr]    Compiling find-msvc-tools v0.1.9
[INFO] [stderr]    Compiling shlex v1.3.0
[INFO] [stderr]    Compiling sdl3-src v3.4.8
[INFO] [stderr]    Compiling proc-macro2 v1.0.106
[INFO] [stderr]    Compiling rpkg-config v0.1.2
[INFO] [stderr]    Compiling quote v1.0.45
[INFO] [stderr]    Compiling unicode-ident v1.0.24
[INFO] [stderr]    Compiling libc v0.2.186
[INFO] [stderr]    Compiling cfg-if v1.0.4
[INFO] [stderr]    Compiling zerocopy v0.8.48
[INFO] [stderr]    Compiling utf8parse v0.2.2
[INFO] [stderr]    Compiling once_cell v1.21.4
[INFO] [stderr]    Compiling lazy_static v1.5.0
[INFO] [stderr]    Compiling is_terminal_polyfill v1.70.2
[INFO] [stderr]    Compiling regex-syntax v0.8.10
[INFO] [stderr]    Compiling colorchoice v1.0.5
[INFO] [stderr]    Compiling anstyle-query v1.1.5
[INFO] [stderr]    Compiling anstyle v1.0.14
[INFO] [stderr]    Compiling log v0.4.29
[INFO] [stderr]    Compiling pin-project-lite v0.2.17
[INFO] [stderr]    Compiling anstyle-parse v1.0.0
[INFO] [stderr]    Compiling strsim v0.11.1
[INFO] [stderr]    Compiling clap_lex v1.1.0
[INFO] [stderr]    Compiling heck v0.5.0
[INFO] [stderr]    Compiling tracing-core v0.1.36
[INFO] [stderr]    Compiling anyhow v1.0.102
[INFO] [stderr]    Compiling sharded-slab v0.1.7
[INFO] [stderr]    Compiling cc v1.2.62
[INFO] [stderr]    Compiling anstream v1.0.0
[INFO] [stderr]    Compiling thread_local v1.1.9
[INFO] [stderr]    Compiling bitflags v2.11.1
[INFO] [stderr]    Compiling smallvec v1.15.1
[INFO] [stderr]    Compiling nu-ansi-term v0.50.3
[INFO] [stderr]    Compiling font8x8 v0.3.1
[INFO] [stderr]    Compiling tracing-log v0.2.0
[INFO] [stderr]    Compiling clap_builder v4.6.0
[INFO] [stderr]    Compiling syn v2.0.117
[INFO] [stderr]    Compiling getrandom v0.2.17
[INFO] [stderr]    Compiling cmake v0.1.58
[INFO] [stderr]    Compiling rand_core v0.6.4
[INFO] [stderr]    Compiling rand_pcg v0.3.1
[INFO] [stderr]    Compiling sdl3-sys v0.6.5+SDL-3.4.8
[INFO] [stderr]    Compiling regex-automata v0.4.14
[INFO] [stderr]    Compiling sdl3 v0.17.3
[INFO] [stderr]    Compiling matchers v0.2.0
[INFO] [stderr]    Compiling tracing-attributes v0.1.31
[INFO] [stderr]    Compiling clap_derive v4.6.1
[INFO] [stderr]    Compiling tracing v0.1.44
[INFO] [stderr]    Compiling tracing-subscriber v0.3.23
[INFO] [stderr]    Compiling ppv-lite86 v0.2.21
[INFO] [stderr]    Compiling rand_chacha v0.3.1
[INFO] [stderr]    Compiling rand v0.8.6
[INFO] [stderr]    Compiling clap v4.6.1
[INFO] [stderr]    Compiling aurelia v0.1.0 (/opt/rustwide/workdir)
[INFO] [stderr]     Finished `release` profile [optimized] target(s) in 4m 03s
[INFO] running `Command { std: "docker" "inspect" "af68fe877df0680895595a81f9e82c2cb0d92c49de95412ca12245d193fc27d3", kill_on_drop: false }`
[INFO] running `Command { std: "docker" "exec" "-e" "SOURCE_DIR=/opt/rustwide/workdir" "-e" "CARGO_HOME=/opt/rustwide/cargo-home" "-e" "RUSTUP_HOME=/opt/rustwide/rustup-home" "-e" "CARGO_TARGET_DIR=/opt/rustwide/target" "-e" "CARGO_INCREMENTAL=0" "-e" "RUST_BACKTRACE=full" "-e" "RUSTFLAGS=--cap-lints=warn" "-e" "RUSTDOCFLAGS=--cap-lints=warn" "-w" "/opt/rustwide/workdir" "--user" "0:0" "af68fe877df0680895595a81f9e82c2cb0d92c49de95412ca12245d193fc27d3" "/opt/rustwide/cargo-home/bin/cargo" "+1.99.0-beta.1" "test" "--frozen" "--no-run" "--message-format=json" "--release", kill_on_drop: false }`
[INFO] [stderr]    Compiling aurelia v0.1.0 (/opt/rustwide/workdir)
[INFO] [stderr]     Finished `release` profile [optimized] target(s) in 49.86s
[INFO] running `Command { std: "docker" "inspect" "af68fe877df0680895595a81f9e82c2cb0d92c49de95412ca12245d193fc27d3", kill_on_drop: false }`
[INFO] running `Command { std: "docker" "exec" "-e" "SOURCE_DIR=/opt/rustwide/workdir" "-e" "CARGO_HOME=/opt/rustwide/cargo-home" "-e" "RUSTUP_HOME=/opt/rustwide/rustup-home" "-e" "CARGO_TARGET_DIR=/opt/rustwide/target" "-e" "CARGO_INCREMENTAL=0" "-e" "RUST_BACKTRACE=full" "-e" "RUSTFLAGS=--cap-lints=warn" "-e" "RUSTDOCFLAGS=--cap-lints=warn" "-w" "/opt/rustwide/workdir" "--user" "0:0" "af68fe877df0680895595a81f9e82c2cb0d92c49de95412ca12245d193fc27d3" "/opt/rustwide/cargo-home/bin/cargo" "+1.99.0-beta.1" "test" "--frozen" "--release", kill_on_drop: false }`
[INFO] [stderr]     Finished `release` profile [optimized] target(s) in 0.09s
[INFO] [stderr]      Running unittests src/lib.rs (/opt/rustwide/target/release/deps/aurelia-dbe6e1acca193b3e)
[INFO] [stdout] 
[INFO] [stdout] running 4 tests
[INFO] [stdout] test spawn::tests::burst_count_is_in_range ... ok
[INFO] [stdout] test spawn::tests::burst_centred_with_jitter ... ok
[INFO] [stdout] test spawn::tests::burst_seqs_are_assigned_from_base ... ok
[INFO] [stdout] test spawn::tests::deterministic_for_seeded_rng ... ok
[INFO] [stdout] 
[INFO] [stdout] test result: ok. 4 passed; 0 failed; 0 ignored; 0 measured; 0 filtered out; finished in 0.00s
[INFO] [stdout] 
[INFO] [stderr]      Running unittests src/main.rs (/opt/rustwide/target/release/deps/aurelia-cb46a2dbd9ba6247)
[INFO] [stdout] 
[INFO] [stdout] running 0 tests
[INFO] [stdout] 
[INFO] [stdout] test result: ok. 0 passed; 0 failed; 0 ignored; 0 measured; 0 filtered out; finished in 0.00s
[INFO] [stdout] 
[INFO] [stderr]      Running tests/config_test.rs (/opt/rustwide/target/release/deps/config_test-0135963323675cde)
[INFO] [stdout] 
[INFO] [stdout] running 10 tests
[INFO] [stdout] test monitor_flag ... ok
[INFO] [stdout] test list_monitors_flag ... ok
[INFO] [stdout] test override_exit_hold ... ok
[INFO] [stdout] test palette_flag ... ok
[INFO] [stdout] test parse_chord_keys_default ... ok
[INFO] [stdout] test parse_chord_keys_rejects_empty_input ... ok
[INFO] [stdout] test parse_chord_keys_rejects_super ... ok
[INFO] [stdout] test defaults ... ok
[INFO] [stdout] test parse_chord_keys_rejects_duplicates ... ok
[INFO] [stdout] test parse_chord_keys_rejects_unknown ... ok
[INFO] [stdout] 
[INFO] [stdout] test result: ok. 10 passed; 0 failed; 0 ignored; 0 measured; 0 filtered out; finished in 0.16s
[INFO] [stdout] 
[INFO] [stderr]      Running tests/output_test.rs (/opt/rustwide/target/release/deps/output_test-6e6c650523948d42)
[INFO] [stdout] 
[INFO] [stdout] running 4 tests
[INFO] [stdout] test matches_by_name_case_sensitive ... ok
[INFO] [stdout] test primary_when_no_monitor_requested ... ok
[INFO] [stdout] test empty_display_list_errors ... ok
[INFO] [stdout] test unknown_monitor_errors_with_helpful_message ... ok
[INFO] [stdout] 
[INFO] [stdout] test result: ok. 4 passed; 0 failed; 0 ignored; 0 measured; 0 filtered out; finished in 0.00s
[INFO] [stdout] 
[INFO] [stderr]      Running tests/palette_test.rs (/opt/rustwide/target/release/deps/palette_test-786d454b3a1932c0)
[INFO] [stdout] 
[INFO] [stdout] running 8 tests
[INFO] [stdout] test hsl_green_round_trip ... ok
[INFO] [stdout] test hsl_grey ... ok
[INFO] [stdout] test palette_indices_wrap ... ok
[INFO] [stdout] test primary_palette_has_five_distinct_colors ... ok
[INFO] [stdout] test hsl_red_round_trip ... ok
[INFO] [stdout] test all_palettes_have_five_colors ... ok
[INFO] [stdout] test background_drift_wraps_at_360 ... ok
[INFO] [stderr]      Running tests/particles_test.rs (/opt/rustwide/target/release/deps/particles_test-6467fb5b3f58aaf9)
[INFO] [stdout] test background_drift_advances_hue_at_12_deg_per_second ... ok
[INFO] [stdout] 
[INFO] [stdout] test result: ok. 8 passed; 0 failed; 0 ignored; 0 measured; 0 filtered out; finished in 0.01s
[INFO] [stdout] 
[INFO] [stdout] 
[INFO] [stdout] running 9 tests
[INFO] [stdout] test alpha_is_one_then_fades_to_zero ... ok
[INFO] [stdout] test cap_evicts_oldest_when_overflow ... ok
[INFO] [stdout] test alpha_with_zero_lifetime_is_finite ... ok
[INFO] [stdout] test pool_starts_empty ... ok
[INFO] [stdout] test spawn_increments_alive_count ... ok
[INFO] [stderr]      Running tests/safe_exit_test.rs (/opt/rustwide/target/release/deps/safe_exit_test-a6feafa8e892f8d2)
[INFO] [stdout] test dead_particles_removed_after_lifetime ... ok
[INFO] [stderr]      Running tests/smoke_test.rs (/opt/rustwide/target/release/deps/smoke_test-2b9c594aa2ff4d8f)
[INFO] [stdout] test step_advances_position_with_velocity_and_acceleration ... ok
[INFO] [stdout] test step_ages_particles ... ok
[INFO] [stdout] test pool_reuses_slots_across_many_cycles ... ok
[INFO] [stdout] 
[INFO] [stdout] test result: ok. 9 passed; 0 failed; 0 ignored; 0 measured; 0 filtered out; finished in 0.00s
[INFO] [stdout] 
[INFO] [stdout] 
[INFO] [stdout] running 11 tests
[INFO] [stdout] test arms_when_all_four_keys_down ... ok
[INFO] [stdout] test breaks_on_any_key_release ... ok
[INFO] [stdout] test force_sync_from_modifier_mask_self_heals ... ok
[INFO] [stdout] test idle_at_start ... ok
[INFO] [stdout] test fires_after_hold_threshold ... ok
[INFO] [stdout] test progress_climbs_linearly ... ok
[INFO] [stdout] test rapid_mash_does_not_arm ... ok
[INFO] [stdout] test key_progress_climbs_with_each_key ... ok
[INFO] [stdout] test key_repeat_does_not_reset_armed_at ... ok
[INFO] [stdout] test rearms_after_break_and_repress ... ok
[INFO] [stdout] test sync_preserves_armed_at_when_all_modifiers_still_held ... ok
[INFO] [stdout] 
[INFO] [stdout] test result: ok. 11 passed; 0 failed; 0 ignored; 0 measured; 0 filtered out; finished in 0.00s
[INFO] [stdout] 
[INFO] [stdout] 
[INFO] [stdout] running 7 tests
[INFO] [stdout] test audio_subsystem_initialises ... ok
[INFO] [stdout] test list_displays_returns_at_least_one ... FAILED
[INFO] [stdout] test renders_one_frame_without_panic ... FAILED
[INFO] [stdout] test open_dummy_window_succeeds ... FAILED
[INFO] [stdout] test shape_textures_build ... FAILED
[INFO] [stdout] test unknown_monitor_errors ... FAILED
[INFO] [stdout] test text_render_string_produces_a_texture ... FAILED
[INFO] [stdout] 
[INFO] [stdout] failures:
[INFO] [stdout] 
[INFO] [stdout] ---- list_displays_returns_at_least_one stdout ----
[INFO] [stdout] 
[INFO] [stdout] thread 'list_displays_returns_at_least_one' (8418) panicked at tests/smoke_test.rs:31:28:
[INFO] [stdout] sdl init: Error("Cannot initialize `Sdl` from a thread other than the main thread.  For testing, you can disable this check with the feature 'test-mode'.")
[INFO] [stdout] stack backtrace:
[INFO] [stdout]    0:     0x5e1f027292d6 - <unknown>
[INFO] [stdout]    1:     0x5e1f026d6e1a - <unknown>
[INFO] [stdout]    2:     0x5e1f0272ecac - <unknown>
[INFO] [stdout]    3:     0x5e1f02706432 - <unknown>
[INFO] [stdout]    4:     0x5e1f02722051 - <unknown>
[INFO] [stdout]    5:     0x5e1f02722232 - <unknown>
[INFO] [stdout]    6:     0x5e1f027064e2 - <unknown>
[INFO] [stdout]    7:     0x5e1f026fe939 - <unknown>
[INFO] [stdout]    8:     0x5e1f0270727d - <unknown>
[INFO] [stdout]    9:     0x5e1f026d750c - <unknown>
[INFO] [stdout]   10:     0x5e1f026d72e2 - <unknown>
[INFO] [stdout]   11:     0x5e1f026f1857 - <unknown>
[INFO] [stdout]   12:     0x5e1f0273031b - <unknown>
[INFO] [stdout]   13:     0x5e1f0273e471 - <unknown>
[INFO] [stdout]   14:     0x5e1f027376d4 - <unknown>
[INFO] [stdout]   15:     0x5e1f02742292 - <unknown>
[INFO] [stdout]   16:     0x5e1f02728bce - <unknown>
[INFO] [stdout]   17:     0x7064f1ae907a - <unknown>
[INFO] [stdout]   18:     0x7064f1b7c534 - clone
[INFO] [stdout]   19:                0x0 - <unknown>
[INFO] [stdout] 
[INFO] [stdout] ---- renders_one_frame_without_panic stdout ----
[INFO] [stdout] 
[INFO] [stdout] thread 'renders_one_frame_without_panic' (8420) panicked at tests/smoke_test.rs:70:28:
[INFO] [stdout] sdl init: Error("Cannot initialize `Sdl` from a thread other than the main thread.  For testing, you can disable this check with the feature 'test-mode'.")
[INFO] [stdout] stack backtrace:
[INFO] [stdout]    0:     0x5e1f027292d6 - <unknown>
[INFO] [stdout]    1:     0x5e1f026d6e1a - <unknown>
[INFO] [stdout]    2:     0x5e1f0272ecac - <unknown>
[INFO] [stdout]    3:     0x5e1f02706432 - <unknown>
[INFO] [stdout]    4:     0x5e1f02722051 - <unknown>
[INFO] [stdout]    5:     0x5e1f02722232 - <unknown>
[INFO] [stdout]    6:     0x5e1f027064e2 - <unknown>
[INFO] [stdout]    7:     0x5e1f026fe939 - <unknown>
[INFO] [stdout]    8:     0x5e1f0270727d - <unknown>
[INFO] [stdout]    9:     0x5e1f026d750c - <unknown>
[INFO] [stdout]   10:     0x5e1f026d72e2 - <unknown>
[INFO] [stdout]   11:     0x5e1f026f0f2a - <unknown>
[INFO] [stdout]   12:     0x5e1f0273031b - <unknown>
[INFO] [stdout]   13:     0x5e1f0273e471 - <unknown>
[INFO] [stdout]   14:     0x5e1f027376d4 - <unknown>
[INFO] [stdout]   15:     0x5e1f02742292 - <unknown>
[INFO] [stdout]   16:     0x5e1f02728bce - <unknown>
[INFO] [stdout]   17:     0x7064f1ae907a - <unknown>
[INFO] [stdout]   18:     0x7064f1b7c534 - clone
[INFO] [stdout]   19:                0x0 - <unknown>
[INFO] [stdout] 
[INFO] [stdout] ---- open_dummy_window_succeeds stdout ----
[INFO] [stdout] 
[INFO] [stdout] thread 'open_dummy_window_succeeds' (8419) panicked at tests/smoke_test.rs:22:28:
[INFO] [stdout] sdl init: Error("Cannot initialize `Sdl` from a thread other than the main thread.  For testing, you can disable this check with the feature 'test-mode'.")
[INFO] [stdout] stack backtrace:
[INFO] [stdout]    0:     0x5e1f027292d6 - <unknown>
[INFO] [stdout]    1:     0x5e1f026d6e1a - <unknown>
[INFO] [stdout]    2:     0x5e1f0272ecac - <unknown>
[INFO] [stdout]    3:     0x5e1f02706432 - <unknown>
[INFO] [stdout]    4:     0x5e1f02722051 - <unknown>
[INFO] [stdout]    5:     0x5e1f02722232 - <unknown>
[INFO] [stdout]    6:     0x5e1f027064e2 - <unknown>
[INFO] [stdout]    7:     0x5e1f026fe939 - <unknown>
[INFO] [stdout]    8:     0x5e1f0270727d - <unknown>
[INFO] [stdout]    9:     0x5e1f026d750c - <unknown>
[INFO] [stdout]   10:     0x5e1f026d72e2 - <unknown>
[INFO] [stdout]   11:     0x5e1f026f05a3 - <unknown>
[INFO] [stdout]   12:     0x5e1f0273031b - <unknown>
[INFO] [stdout]   13:     0x5e1f0273e471 - <unknown>
[INFO] [stdout]   14:     0x5e1f027376d4 - <unknown>
[INFO] [stdout]   15:     0x5e1f02742292 - <unknown>
[INFO] [stdout]   16:     0x5e1f02728bce - <unknown>
[INFO] [stdout]   17:     0x7064f1ae907a - <unknown>
[INFO] [stdout]   18:     0x7064f1b7c534 - clone
[INFO] [stdout]   19:                0x0 - <unknown>
[INFO] [stdout] 
[INFO] [stdout] ---- shape_textures_build stdout ----
[INFO] [stdout] 
[INFO] [stdout] thread 'shape_textures_build' (8421) panicked at tests/smoke_test.rs:59:28:
[INFO] [stdout] sdl init: Error("Cannot initialize `Sdl` from a thread other than the main thread.  For testing, you can disable this check with the feature 'test-mode'.")
[INFO] [stdout] stack backtrace:
[INFO] [stdout]    0:     0x5e1f027292d6 - <unknown>
[INFO] [stdout]    1:     0x5e1f026d6e1a - <unknown>
[INFO] [stdout]    2:     0x5e1f0272ecac - <unknown>
[INFO] [stdout]    3:     0x5e1f02706432 - <unknown>
[INFO] [stdout]    4:     0x5e1f02722051 - <unknown>
[INFO] [stdout]    5:     0x5e1f02722232 - <unknown>
[INFO] [stdout]    6:     0x5e1f027064e2 - <unknown>
[INFO] [stdout]    7:     0x5e1f026fe939 - <unknown>
[INFO] [stdout]    8:     0x5e1f0270727d - <unknown>
[INFO] [stdout]    9:     0x5e1f026d750c - <unknown>
[INFO] [stdout]   10:     0x5e1f026d72e2 - <unknown>
[INFO] [stdout]   11:     0x5e1f026ef53b - <unknown>
[INFO] [stdout]   12:     0x5e1f0273031b - <unknown>
[INFO] [stdout]   13:     0x5e1f0273e471 - <unknown>
[INFO] [stdout]   14:     0x5e1f027376d4 - <unknown>
[INFO] [stdout]   15:     0x5e1f02742292 - <unknown>
[INFO] [stdout]   16:     0x5e1f02728bce - <unknown>
[INFO] [stdout]   17:     0x7064f1ae907a - <unknown>
[INFO] [stdout]   18:     0x7064f1b7c534 - clone
[INFO] [stdout]   19:                0x0 - <unknown>
[INFO] [stdout] 
[INFO] [stdout] ---- unknown_monitor_errors stdout ----
[INFO] [stdout] 
[INFO] [stdout] thread 'unknown_monitor_errors' (8423) panicked at tests/smoke_test.rs:39:28:
[INFO] [stdout] sdl init: Error("Cannot initialize `Sdl` from a thread other than the main thread.  For testing, you can disable this check with the feature 'test-mode'.")
[INFO] [stdout] stack backtrace:
[INFO] [stdout]    0:     0x5e1f027292d6 - <unknown>
[INFO] [stdout]    1:     0x5e1f026d6e1a - <unknown>
[INFO] [stdout]    2:     0x5e1f0272ecac - <unknown>
[INFO] [stdout]    3:     0x5e1f02706432 - <unknown>
[INFO] [stdout]    4:     0x5e1f02722051 - <unknown>
[INFO] [stdout]    5:     0x5e1f02722232 - <unknown>
[INFO] [stdout]    6:     0x5e1f027064e2 - <unknown>
[INFO] [stdout]    7:     0x5e1f026fe939 - <unknown>
[INFO] [stdout]    8:     0x5e1f0270727d - <unknown>
[INFO] [stdout]    9:     0x5e1f026d750c - <unknown>
[INFO] [stdout]   10:     0x5e1f026d72e2 - <unknown>
[INFO] [stdout]   11:     0x5e1f026efcd6 - <unknown>
[INFO] [stdout]   12:     0x5e1f0273031b - <unknown>
[INFO] [stdout]   13:     0x5e1f0273e471 - <unknown>
[INFO] [stdout]   14:     0x5e1f027376d4 - <unknown>
[INFO] [stdout]   15:     0x5e1f02742292 - <unknown>
[INFO] [stdout]   16:     0x5e1f02728bce - <unknown>
[INFO] [stdout]   17:     0x7064f1ae907a - <unknown>
[INFO] [stdout]   18:     0x7064f1b7c534 - clone
[INFO] [stdout]   19:                0x0 - <unknown>
[INFO] [stdout] 
[INFO] [stdout] ---- text_render_string_produces_a_texture stdout ----
[INFO] [stdout] 
[INFO] [stdout] thread 'text_render_string_produces_a_texture' (8422) panicked at tests/smoke_test.rs:97:28:
[INFO] [stdout] sdl init: Error("Cannot initialize `Sdl` from a thread other than the main thread.  For testing, you can disable this check with the feature 'test-mode'.")
[INFO] [stdout] stack backtrace:
[INFO] [stdout]    0:     0x5e1f027292d6 - <unknown>
[INFO] [stdout]    1:     0x5e1f026d6e1a - <unknown>
[INFO] [stdout]    2:     0x5e1f0272ecac - <unknown>
[INFO] [stdout]    3:     0x5e1f02706432 - <unknown>
[INFO] [stdout]    4:     0x5e1f02722051 - <unknown>
[INFO] [stdout]    5:     0x5e1f02722232 - <unknown>
[INFO] [stdout]    6:     0x5e1f027064e2 - <unknown>
[INFO] [stdout]    7:     0x5e1f026fe939 - <unknown>
[INFO] [stdout]    8:     0x5e1f0270727d - <unknown>
[INFO] [stdout]    9:     0x5e1f026d750c - <unknown>
[INFO] [stdout]   10:     0x5e1f026d72e2 - <unknown>
[INFO] [stdout]   11:     0x5e1f026f1cee - <unknown>
[INFO] [stdout]   12:     0x5e1f0273031b - <unknown>
[INFO] [stdout]   13:     0x5e1f0273e471 - <unknown>
[INFO] [stdout]   14:     0x5e1f027376d4 - <unknown>
[INFO] [stderr] error: test failed, to rerun pass `--test smoke_test`
[INFO] [stdout]   15:     0x5e1f02742292 - <unknown>
[INFO] [stdout]   16:     0x5e1f02728bce - <unknown>
[INFO] [stdout]   17:     0x7064f1ae907a - <unknown>
[INFO] [stdout]   18:     0x7064f1b7c534 - clone
[INFO] [stdout]   19:                0x0 - <unknown>
[INFO] [stdout] 
[INFO] [stdout] 
[INFO] [stdout] failures:
[INFO] [stdout]     list_displays_returns_at_least_one
[INFO] [stdout]     open_dummy_window_succeeds
[INFO] [stdout]     renders_one_frame_without_panic
[INFO] [stdout]     shape_textures_build
[INFO] [stdout]     text_render_string_produces_a_texture
[INFO] [stdout]     unknown_monitor_errors
[INFO] [stdout] 
[INFO] [stdout] test result: FAILED. 1 passed; 6 failed; 0 ignored; 0 measured; 0 filtered out; finished in 0.01s
[INFO] [stdout] 
[INFO] running `Command { std: "docker" "inspect" "af68fe877df0680895595a81f9e82c2cb0d92c49de95412ca12245d193fc27d3", kill_on_drop: false }`
[INFO] running `Command { std: "docker" "rm" "-f" "af68fe877df0680895595a81f9e82c2cb0d92c49de95412ca12245d193fc27d3", kill_on_drop: false }`
[INFO] [stdout] af68fe877df0680895595a81f9e82c2cb0d92c49de95412ca12245d193fc27d3
