[INFO] cloning repository https://github.com/mattwilkinsonn/jj-hooks
[INFO] running `Command { std: "git" "-c" "credential.helper=" "-c" "credential.helper=/workspace/cargo-home/bin/git-credential-null" "clone" "--bare" "https://github.com/mattwilkinsonn/jj-hooks" "/workspace/cache/git-repos/https%3A%2F%2Fgithub.com%2Fmattwilkinsonn%2Fjj-hooks", kill_on_drop: false }`
[INFO] [stderr] Cloning into bare repository '/workspace/cache/git-repos/https%3A%2F%2Fgithub.com%2Fmattwilkinsonn%2Fjj-hooks'...
[INFO] running `Command { std: "git" "rev-parse" "HEAD", kill_on_drop: false }`
[INFO] [stdout] b2c2b02e2695ceabee2e1faffddf00587bcf1f97
[INFO] testing mattwilkinsonn/jj-hooks against 1.99.0-beta.1+cargoflags=--release for beta-release-1.99-2
[INFO] running `Command { std: "git" "clone" "/workspace/cache/git-repos/https%3A%2F%2Fgithub.com%2Fmattwilkinsonn%2Fjj-hooks" "/workspace/builds/worker-4-tc2/source", kill_on_drop: false }`
[INFO] [stderr] Cloning into '/workspace/builds/worker-4-tc2/source'...
[INFO] [stderr] done.
[INFO] started tweaking git repo https://github.com/mattwilkinsonn/jj-hooks
[INFO] finished tweaking git repo https://github.com/mattwilkinsonn/jj-hooks
[INFO] tweaked toml for git repo https://github.com/mattwilkinsonn/jj-hooks written to /workspace/builds/worker-4-tc2/source/Cargo.toml
[INFO] validating manifest of git repo https://github.com/mattwilkinsonn/jj-hooks on toolchain 1.99.0-beta.1
[INFO] running `Command { std: CARGO_HOME="/workspace/cargo-home" RUSTUP_HOME="/workspace/rustup-home" "/workspace/cargo-home/bin/cargo" "+1.99.0-beta.1" "metadata" "--manifest-path" "Cargo.toml" "--no-deps", kill_on_drop: false }`
[INFO] crate git repo https://github.com/mattwilkinsonn/jj-hooks already has a lockfile, it will not be regenerated
[INFO] running `Command { std: CARGO_HOME="/workspace/cargo-home" RUSTUP_HOME="/workspace/rustup-home" "/workspace/cargo-home/bin/cargo" "+1.99.0-beta.1" "fetch" "--manifest-path" "Cargo.toml", kill_on_drop: false }`
[INFO] running `Command { std: "docker" "create" "-v" "/var/lib/crater-agent-workspace/builds/worker-4-tc2/source:/opt/rustwide/workdir:ro,Z" "-v" "/var/lib/crater-agent-workspace/builds/worker-4-tc2/target:/opt/rustwide/target:rw,Z" "-v" "/var/lib/crater-agent-workspace/cargo-home:/opt/rustwide/cargo-home:ro,Z" "-v" "/var/lib/crater-agent-workspace/rustup-home:/opt/rustwide/rustup-home:ro,Z" "-m" "1610612736" "--network" "none" "ghcr.io/rust-lang/crates-build-env/linux@sha256:8683fc1fc2eb5c9ac98e0d076ab094b2ffac7f99da555d2b6a2e27f346de2ec7" "sleep" "infinity", kill_on_drop: false }`
[INFO] [stdout] 1bf9daad90f0609f55032602933399a5c9bb3d012f83e305941d75f030791da6
[INFO] running `Command { std: "docker" "start" "1bf9daad90f0609f55032602933399a5c9bb3d012f83e305941d75f030791da6", kill_on_drop: false }`
[INFO] running `Command { std: "docker" "inspect" "1bf9daad90f0609f55032602933399a5c9bb3d012f83e305941d75f030791da6", kill_on_drop: false }`
[INFO] running `Command { std: "docker" "exec" "-e" "SOURCE_DIR=/opt/rustwide/workdir" "-e" "CARGO_HOME=/opt/rustwide/cargo-home" "-e" "RUSTUP_HOME=/opt/rustwide/rustup-home" "-e" "CARGO_TARGET_DIR=/opt/rustwide/target" "-w" "/opt/rustwide/workdir" "--user" "0:0" "1bf9daad90f0609f55032602933399a5c9bb3d012f83e305941d75f030791da6" "/opt/rustwide/cargo-home/bin/cargo" "+1.99.0-beta.1" "metadata" "--no-deps" "--format-version=1", kill_on_drop: false }`
[INFO] running `Command { std: "docker" "inspect" "1bf9daad90f0609f55032602933399a5c9bb3d012f83e305941d75f030791da6", kill_on_drop: false }`
[INFO] running `Command { std: "docker" "exec" "-e" "SOURCE_DIR=/opt/rustwide/workdir" "-e" "CARGO_HOME=/opt/rustwide/cargo-home" "-e" "RUSTUP_HOME=/opt/rustwide/rustup-home" "-e" "CARGO_TARGET_DIR=/opt/rustwide/target" "-e" "CARGO_INCREMENTAL=0" "-e" "RUST_BACKTRACE=full" "-e" "RUSTFLAGS=--cap-lints=warn" "-e" "RUSTDOCFLAGS=--cap-lints=warn" "-w" "/opt/rustwide/workdir" "--user" "0:0" "1bf9daad90f0609f55032602933399a5c9bb3d012f83e305941d75f030791da6" "/opt/rustwide/cargo-home/bin/cargo" "+1.99.0-beta.1" "build" "--frozen" "--message-format=json" "--release", kill_on_drop: false }`
[INFO] [stderr]    Compiling proc-macro2 v1.0.106
[INFO] [stderr]    Compiling quote v1.0.45
[INFO] [stderr]    Compiling unicode-ident v1.0.24
[INFO] [stderr]    Compiling libc v0.2.186
[INFO] [stderr]    Compiling once_cell v1.21.4
[INFO] [stderr]    Compiling memchr v2.8.0
[INFO] [stderr]    Compiling utf8parse v0.2.2
[INFO] [stderr]    Compiling serde_core v1.0.228
[INFO] [stderr]    Compiling is_terminal_polyfill v1.70.2
[INFO] [stderr]    Compiling colorchoice v1.0.5
[INFO] [stderr]    Compiling anstyle-query v1.1.5
[INFO] [stderr]    Compiling regex-syntax v0.8.10
[INFO] [stderr]    Compiling cfg-if v1.0.4
[INFO] [stderr]    Compiling anstyle v1.0.14
[INFO] [stderr]    Compiling heck v0.5.0
[INFO] [stderr]    Compiling strsim v0.11.1
[INFO] [stderr]    Compiling clap_lex v1.1.0
[INFO] [stderr]    Compiling anstyle-parse v1.0.0
[INFO] [stderr]    Compiling getrandom v0.4.2
[INFO] [stderr]    Compiling rustix v1.1.4
[INFO] [stderr]    Compiling pin-project-lite v0.2.17
[INFO] [stderr]    Compiling linux-raw-sys v0.12.1
[INFO] [stderr]    Compiling tracing-core v0.1.36
[INFO] [stderr]    Compiling bitflags v2.11.1
[INFO] [stderr]    Compiling log v0.4.29
[INFO] [stderr]    Compiling unicode-width v0.2.2
[INFO] [stderr]    Compiling anyhow v1.0.102
[INFO] [stderr]    Compiling anstream v1.0.0
[INFO] [stderr]    Compiling thiserror v2.0.18
[INFO] [stderr]    Compiling lazy_static v1.5.0
[INFO] [stderr]    Compiling winnow v1.0.2
[INFO] [stderr]    Compiling sharded-slab v0.1.7
[INFO] [stderr]    Compiling thread_local v1.1.9
[INFO] [stderr]    Compiling nu-ansi-term v0.50.3
[INFO] [stderr]    Compiling is_executable v1.0.5
[INFO] [stderr]    Compiling clap_builder v4.6.0
[INFO] [stderr]    Compiling shell-words v1.1.1
[INFO] [stderr]    Compiling toml_writer v1.1.1+spec-1.1.0
[INFO] [stderr]    Compiling tracing-log v0.2.0
[INFO] [stderr]    Compiling fastrand v2.4.1
[INFO] [stderr]    Compiling shlex v1.3.0
[INFO] [stderr]    Compiling smallvec v1.15.1
[INFO] [stderr]    Compiling toml_parser v1.1.2+spec-1.1.0
[INFO] [stderr]    Compiling aho-corasick v1.1.4
[INFO] [stderr]    Compiling syn v2.0.117
[INFO] [stderr]    Compiling console v0.16.3
[INFO] [stderr]    Compiling dialoguer v0.12.0
[INFO] [stderr]    Compiling tempfile v3.27.0
[INFO] [stderr]    Compiling regex-automata v0.4.14
[INFO] [stderr]    Compiling toml_datetime v1.1.1+spec-1.1.0
[INFO] [stderr]    Compiling serde_spanned v1.1.1
[INFO] [stderr]    Compiling toml v1.1.2+spec-1.1.0
[INFO] [stderr]    Compiling clap_derive v4.6.1
[INFO] [stderr]    Compiling tracing-attributes v0.1.31
[INFO] [stderr]    Compiling thiserror-impl v2.0.18
[INFO] [stderr]    Compiling tracing v0.1.44
[INFO] [stderr]    Compiling clap v4.6.1
[INFO] [stderr]    Compiling clap_complete v4.6.5
[INFO] [stderr]    Compiling matchers v0.2.0
[INFO] [stderr]    Compiling regex v1.12.3
[INFO] [stderr]    Compiling tracing-subscriber v0.3.23
[INFO] [stderr]    Compiling jj-hooks v0.2.1 (/opt/rustwide/workdir)
[INFO] [stderr]     Finished `release` profile [optimized] target(s) in 1m 18s
[INFO] running `Command { std: "docker" "inspect" "1bf9daad90f0609f55032602933399a5c9bb3d012f83e305941d75f030791da6", kill_on_drop: false }`
[INFO] running `Command { std: "docker" "exec" "-e" "SOURCE_DIR=/opt/rustwide/workdir" "-e" "CARGO_HOME=/opt/rustwide/cargo-home" "-e" "RUSTUP_HOME=/opt/rustwide/rustup-home" "-e" "CARGO_TARGET_DIR=/opt/rustwide/target" "-e" "CARGO_INCREMENTAL=0" "-e" "RUST_BACKTRACE=full" "-e" "RUSTFLAGS=--cap-lints=warn" "-e" "RUSTDOCFLAGS=--cap-lints=warn" "-w" "/opt/rustwide/workdir" "--user" "0:0" "1bf9daad90f0609f55032602933399a5c9bb3d012f83e305941d75f030791da6" "/opt/rustwide/cargo-home/bin/cargo" "+1.99.0-beta.1" "test" "--frozen" "--no-run" "--message-format=json" "--release", kill_on_drop: false }`
[INFO] [stderr]    Compiling indoc v2.0.7
[INFO] [stderr]    Compiling jj-hooks v0.2.1 (/opt/rustwide/workdir)
[INFO] [stderr]     Finished `release` profile [optimized] target(s) in 1m 03s
[INFO] running `Command { std: "docker" "inspect" "1bf9daad90f0609f55032602933399a5c9bb3d012f83e305941d75f030791da6", kill_on_drop: false }`
[INFO] running `Command { std: "docker" "exec" "-e" "SOURCE_DIR=/opt/rustwide/workdir" "-e" "CARGO_HOME=/opt/rustwide/cargo-home" "-e" "RUSTUP_HOME=/opt/rustwide/rustup-home" "-e" "CARGO_TARGET_DIR=/opt/rustwide/target" "-e" "CARGO_INCREMENTAL=0" "-e" "RUST_BACKTRACE=full" "-e" "RUSTFLAGS=--cap-lints=warn" "-e" "RUSTDOCFLAGS=--cap-lints=warn" "-w" "/opt/rustwide/workdir" "--user" "0:0" "1bf9daad90f0609f55032602933399a5c9bb3d012f83e305941d75f030791da6" "/opt/rustwide/cargo-home/bin/cargo" "+1.99.0-beta.1" "test" "--frozen" "--release", kill_on_drop: false }`
[INFO] [stderr]     Finished `release` profile [optimized] target(s) in 0.13s
[INFO] [stderr]      Running unittests src/lib.rs (/opt/rustwide/target/release/deps/jj_hooks-e63126c640e3ee05)
[INFO] [stdout] 
[INFO] [stdout] running 19 tests
[INFO] [stdout] test hooks::tests::fixup_bookmark_uses_same_sanitizer ... ok
[INFO] [stdout] test hooks::tests::fixup_ref_for_plain_bookmark ... ok
[INFO] [stdout] test hooks::tests::fixup_ref_keeps_internal_slash ... ok
[INFO] [stdout] test hooks::tests::fixup_ref_scrubs_colon ... ok
[INFO] [stdout] test hooks::tests::sanitize_collapses_at_brace ... ok
[INFO] [stdout] test hooks::tests::sanitize_collapses_double_dot ... ok
[INFO] [stdout] test hooks::tests::sanitize_collapses_double_slash ... ok
[INFO] [stdout] test hooks::tests::sanitize_empty_becomes_underscore ... ok
[INFO] [stdout] test hooks::tests::sanitize_replaces_each_invalid_char ... ok
[INFO] [stdout] test hooks::tests::sanitize_strips_leading_dash ... ok
[INFO] [stdout] test hooks::tests::sanitize_strips_leading_dot ... ok
[INFO] [stdout] test hooks::tests::sanitize_strips_trailing_dot ... ok
[INFO] [stdout] test hooks::tests::sanitize_strips_trailing_dot_lock ... ok
[INFO] [stdout] test hooks::tests::sanitize_strips_trailing_slash ... ok
[INFO] [stdout] test push::tests::advance_bookmark_argv_includes_ignore_working_copy ... ok
[INFO] [stdout] test push::tests::dry_run_argv_includes_ignore_working_copy ... ok
[INFO] [stdout] test push::tests::execute_push_argv_appends_dry_run_when_set ... ok
[INFO] [stdout] test push::tests::execute_push_argv_includes_ignore_working_copy ... ok
[INFO] [stdout] test push::tests::execute_push_argv_passes_through_caller_args ... ok
[INFO] [stdout] 
[INFO] [stdout] test result: ok. 19 passed; 0 failed; 0 ignored; 0 measured; 0 filtered out; finished in 0.00s
[INFO] [stdout] 
[INFO] [stderr]      Running unittests src/main.rs (/opt/rustwide/target/release/deps/jj_hooks-3e884c7a7858018e)
[INFO] [stdout] 
[INFO] [stdout] running 0 tests
[INFO] [stdout] 
[INFO] [stdout] test result: ok. 0 passed; 0 failed; 0 ignored; 0 measured; 0 filtered out; finished in 0.00s
[INFO] [stdout] 
[INFO] [stderr]      Running unittests src/bin/jj-hp.rs (/opt/rustwide/target/release/deps/jj_hp-a7717c23fa084957)
[INFO] [stdout] 
[INFO] [stdout] running 0 tests
[INFO] [stdout] 
[INFO] [stdout] test result: ok. 0 passed; 0 failed; 0 ignored; 0 measured; 0 filtered out; finished in 0.00s
[INFO] [stdout] 
[INFO] [stderr]      Running tests/cli.rs (/opt/rustwide/target/release/deps/cli-f0ef1b4622ef09c8)
[INFO] [stdout] 
[INFO] [stdout] running 9 tests
[INFO] [stdout] test boolean_flags ... ok
[INFO] [stdout] test dry_run_combines_with_other_flags ... ok
[INFO] [stdout] test dry_run_emits_flag ... ok
[INFO] [stdout] test empty_args_no_flags ... ok
[INFO] [stdout] test multiple_bookmarks_each_get_dash_b ... ok
[INFO] [stdout] test passthrough_appended_after_known_flags ... ok
[INFO] [stdout] test remote_emits_long_flag ... ok
[INFO] [stdout] test revision_and_change ... ok
[INFO] [stdout] test single_bookmark ... ok
[INFO] [stdout] 
[INFO] [stdout] test result: ok. 9 passed; 0 failed; 0 ignored; 0 measured; 0 filtered out; finished in 0.00s
[INFO] [stdout] 
[INFO] [stderr]      Running tests/completions.rs (/opt/rustwide/target/release/deps/completions-7a711c3144a2756b)
[INFO] [stdout] 
[INFO] [stdout] running 3 tests
[INFO] [stdout] test complete_bookmarks_outside_a_repo_returns_empty ... ok
[INFO] [stdout] test complete_remotes_lists_origin ... FAILED
[INFO] [stdout] test complete_bookmarks_lists_local_bookmarks ... FAILED
[INFO] [stdout] 
[INFO] [stdout] failures:
[INFO] [stdout] 
[INFO] [stdout] ---- complete_remotes_lists_origin stdout ----
[INFO] [stdout] 
[INFO] [stdout] thread 'complete_remotes_lists_origin' (3907) panicked at tests/harness/mod.rs:313:10:
[INFO] [stdout] called `Result::unwrap()` on an `Err` value: Os { code: 2, kind: NotFound, message: "No such file or directory" }
[INFO] [stdout] stack backtrace:
[INFO] [stdout]    0:     0x5d1baa6f6016 - <unknown>
[INFO] [stdout]    1:     0x5d1baa6a67ea - <unknown>
[INFO] [stdout]    2:     0x5d1baa6fbbfc - <unknown>
[INFO] [stdout]    3:     0x5d1baa6cdea2 - <unknown>
[INFO] [stdout]    4:     0x5d1baa6ee591 - <unknown>
[INFO] [stdout]    5:     0x5d1baa6ee772 - <unknown>
[INFO] [stdout]    6:     0x5d1baa6cdf52 - <unknown>
[INFO] [stdout]    7:     0x5d1baa6c6969 - <unknown>
[INFO] [stdout]    8:     0x5d1baa6d2e4d - <unknown>
[INFO] [stdout]    9:     0x5d1baa6a6edc - <unknown>
[INFO] [stdout]   10:     0x5d1baa6a6cb2 - <unknown>
[INFO] [stdout]   11:     0x5d1baa6a260e - <unknown>
[INFO] [stdout]   12:     0x5d1baa6a2a21 - <unknown>
[INFO] [stdout]   13:     0x5d1baa6a1d97 - <unknown>
[INFO] [stdout]   14:     0x5d1baa6a337d - <unknown>
[INFO] [stdout]   15:     0x5d1baa6fe35b - <unknown>
[INFO] [stdout]   16:     0x5d1baa70c4b1 - <unknown>
[INFO] [stdout]   17:     0x5d1baa705714 - <unknown>
[INFO] [stdout]   18:     0x5d1baa7102d2 - <unknown>
[INFO] [stdout]   19:     0x5d1baa6f565e - <unknown>
[INFO] [stdout]   20:     0x7156ae0fd07a - <unknown>
[INFO] [stdout]   21:     0x7156ae190534 - clone
[INFO] [stdout]   22:                0x0 - <unknown>
[INFO] [stdout] 
[INFO] [stdout] ---- complete_bookmarks_lists_local_bookmarks stdout ----
[INFO] [stdout] 
[INFO] [stdout] thread 'complete_bookmarks_lists_local_bookmarks' (3904) panicked at tests/harness/mod.rs:313:10:
[INFO] [stdout] called `Result::unwrap()` on an `Err` value: Os { code: 2, kind: NotFound, message: "No such file or directory" }
[INFO] [stdout] stack backtrace:
[INFO] [stdout]    0:     0x5d1baa6f6016 - <unknown>
[INFO] [stdout]    1:     0x5d1baa6a67ea - <unknown>
[INFO] [stdout]    2:     0x5d1baa6fbbfc - <unknown>
[INFO] [stdout]    3:     0x5d1baa6cdea2 - <unknown>
[INFO] [stdout]    4:     0x5d1baa6ee591 - <unknown>
[INFO] [stdout]    5:     0x5d1baa6ee772 - <unknown>
[INFO] [stdout]    6:     0x5d1baa6cdf52 - <unknown>
[INFO] [stdout]    7:     0x5d1baa6c6969 - <unknown>
[INFO] [stdout]    8:     0x5d1baa6d2e4d - <unknown>
[INFO] [stdout]    9:     0x5d1baa6a6edc - <unknown>
[INFO] [stdout]   10:     0x5d1baa6a6cb2 - <unknown>
[INFO] [stdout]   11:     0x5d1baa6a260e - <unknown>
[INFO] [stdout]   12:     0x5d1baa6a2a21 - <unknown>
[INFO] [stdout]   13:     0x5d1baa6a1d97 - <unknown>
[INFO] [stdout]   14:     0x5d1baa6a357e - <unknown>
[INFO] [stdout]   15:     0x5d1baa6fe35b - <unknown>
[INFO] [stdout]   16:     0x5d1baa70c4b1 - <unknown>
[INFO] [stdout]   17:     0x5d1baa705714 - <unknown>
[INFO] [stdout]   18:     0x5d1baa7102d2 - <unknown>
[INFO] [stdout]   19:     0x5d1baa6f565e - <unknown>
[INFO] [stdout]   20:     0x7156ae0fd07a - <unknown>
[INFO] [stdout]   21:     0x7156ae190534 - clone
[INFO] [stdout]   22:                0x0 - <unknown>
[INFO] [stdout] 
[INFO] [stdout] 
[INFO] [stdout] failures:
[INFO] [stdout]     complete_bookmarks_lists_local_bookmarks
[INFO] [stdout]     complete_remotes_lists_origin
[INFO] [stdout] 
[INFO] [stdout] test result: FAILED. 1 passed; 2 failed; 0 ignored; 0 measured; 0 filtered out; finished in 0.03s
[INFO] [stdout] 
[INFO] [stderr] error: test failed, to rerun pass `--test completions`
[INFO] running `Command { std: "docker" "inspect" "1bf9daad90f0609f55032602933399a5c9bb3d012f83e305941d75f030791da6", kill_on_drop: false }`
[INFO] running `Command { std: "docker" "rm" "-f" "1bf9daad90f0609f55032602933399a5c9bb3d012f83e305941d75f030791da6", kill_on_drop: false }`
[INFO] [stdout] 1bf9daad90f0609f55032602933399a5c9bb3d012f83e305941d75f030791da6
