[INFO] cloning repository https://github.com/matthewjberger/zag
[INFO] running `Command { std: "git" "-c" "credential.helper=" "-c" "credential.helper=/workspace/cargo-home/bin/git-credential-null" "clone" "--bare" "https://github.com/matthewjberger/zag" "/workspace/cache/git-repos/https%3A%2F%2Fgithub.com%2Fmatthewjberger%2Fzag", kill_on_drop: false }`
[INFO] [stderr] Cloning into bare repository '/workspace/cache/git-repos/https%3A%2F%2Fgithub.com%2Fmatthewjberger%2Fzag'...
[INFO] running `Command { std: "git" "rev-parse" "HEAD", kill_on_drop: false }`
[INFO] [stdout] c9f58f6d6599e56703b970ade77b56757d818cc3
[INFO] testing matthewjberger/zag against 1.98.0-beta.8+cargoflags=--release for beta-release-1.99-2
[INFO] running `Command { std: "git" "clone" "/workspace/cache/git-repos/https%3A%2F%2Fgithub.com%2Fmatthewjberger%2Fzag" "/workspace/builds/worker-0-tc1/source", kill_on_drop: false }`
[INFO] [stderr] Cloning into '/workspace/builds/worker-0-tc1/source'...
[INFO] [stderr] done.
[INFO] removed /workspace/builds/worker-0-tc1/source/rust-toolchain
[INFO] started tweaking git repo https://github.com/matthewjberger/zag
[INFO] finished tweaking git repo https://github.com/matthewjberger/zag
[INFO] tweaked toml for git repo https://github.com/matthewjberger/zag written to /workspace/builds/worker-0-tc1/source/Cargo.toml
[INFO] validating manifest of git repo https://github.com/matthewjberger/zag on toolchain 1.98.0-beta.8
[INFO] running `Command { std: CARGO_HOME="/workspace/cargo-home" RUSTUP_HOME="/workspace/rustup-home" "/workspace/cargo-home/bin/cargo" "+1.98.0-beta.8" "metadata" "--manifest-path" "Cargo.toml" "--no-deps", kill_on_drop: false }`
[INFO] crate git repo https://github.com/matthewjberger/zag already has a lockfile, it will not be regenerated
[INFO] running `Command { std: CARGO_HOME="/workspace/cargo-home" RUSTUP_HOME="/workspace/rustup-home" "/workspace/cargo-home/bin/cargo" "+1.98.0-beta.8" "fetch" "--manifest-path" "Cargo.toml", kill_on_drop: false }`
[INFO] running `Command { std: "docker" "create" "-v" "/var/lib/crater-agent-workspace/builds/worker-0-tc1/source:/opt/rustwide/workdir:ro,Z" "-v" "/var/lib/crater-agent-workspace/builds/worker-0-tc1/target:/opt/rustwide/target:rw,Z" "-v" "/var/lib/crater-agent-workspace/cargo-home:/opt/rustwide/cargo-home:ro,Z" "-v" "/var/lib/crater-agent-workspace/rustup-home:/opt/rustwide/rustup-home:ro,Z" "-m" "1610612736" "--network" "none" "ghcr.io/rust-lang/crates-build-env/linux@sha256:8683fc1fc2eb5c9ac98e0d076ab094b2ffac7f99da555d2b6a2e27f346de2ec7" "sleep" "infinity", kill_on_drop: false }`
[INFO] [stdout] 398b5fb0edf5aacfc215a1d510acc330529ea77bdc73aceb450ad20247c46600
[INFO] running `Command { std: "docker" "start" "398b5fb0edf5aacfc215a1d510acc330529ea77bdc73aceb450ad20247c46600", kill_on_drop: false }`
[INFO] running `Command { std: "docker" "inspect" "398b5fb0edf5aacfc215a1d510acc330529ea77bdc73aceb450ad20247c46600", kill_on_drop: false }`
[INFO] running `Command { std: "docker" "exec" "-e" "SOURCE_DIR=/opt/rustwide/workdir" "-e" "CARGO_HOME=/opt/rustwide/cargo-home" "-e" "RUSTUP_HOME=/opt/rustwide/rustup-home" "-e" "CARGO_TARGET_DIR=/opt/rustwide/target" "-w" "/opt/rustwide/workdir" "--user" "0:0" "398b5fb0edf5aacfc215a1d510acc330529ea77bdc73aceb450ad20247c46600" "/opt/rustwide/cargo-home/bin/cargo" "+1.98.0-beta.8" "metadata" "--no-deps" "--format-version=1", kill_on_drop: false }`
[INFO] running `Command { std: "docker" "inspect" "398b5fb0edf5aacfc215a1d510acc330529ea77bdc73aceb450ad20247c46600", kill_on_drop: false }`
[INFO] running `Command { std: "docker" "exec" "-e" "SOURCE_DIR=/opt/rustwide/workdir" "-e" "CARGO_HOME=/opt/rustwide/cargo-home" "-e" "RUSTUP_HOME=/opt/rustwide/rustup-home" "-e" "CARGO_TARGET_DIR=/opt/rustwide/target" "-e" "CARGO_INCREMENTAL=0" "-e" "RUST_BACKTRACE=full" "-e" "RUSTFLAGS=--cap-lints=warn" "-e" "RUSTDOCFLAGS=--cap-lints=warn" "-w" "/opt/rustwide/workdir" "--user" "0:0" "398b5fb0edf5aacfc215a1d510acc330529ea77bdc73aceb450ad20247c46600" "/opt/rustwide/cargo-home/bin/cargo" "+1.98.0-beta.8" "build" "--frozen" "--message-format=json" "--release", kill_on_drop: false }`
[INFO] [stderr]    Compiling proc-macro2 v1.0.107
[INFO] [stderr]    Compiling quote v1.0.47
[INFO] [stderr]    Compiling zag-facts v0.1.0 (/opt/rustwide/workdir/crates/zag-facts)
[INFO] [stderr]    Compiling zag-verify v0.1.0 (/opt/rustwide/workdir/crates/zag-verify)
[INFO] [stderr]    Compiling zag-repair v0.1.0 (/opt/rustwide/workdir/crates/zag-repair)
[INFO] [stderr]    Compiling clap_builder v4.6.5
[INFO] [stderr]    Compiling syn v3.0.3
[INFO] [stderr]    Compiling zag-analysis v0.1.0 (/opt/rustwide/workdir/crates/zag-analysis)
[INFO] [stderr]    Compiling zag-render v0.1.0 (/opt/rustwide/workdir/crates/zag-render)
[INFO] [stderr]    Compiling zag-frontend v0.1.0 (/opt/rustwide/workdir/crates/zag-frontend)
[INFO] [stderr]    Compiling zag-emit v0.1.0 (/opt/rustwide/workdir/crates/zag-emit)
[INFO] [stderr]    Compiling clap_derive v4.6.4
[INFO] [stderr]    Compiling clap v4.6.5
[INFO] [stderr]    Compiling zag v0.1.0 (/opt/rustwide/workdir/crates/zag)
[INFO] [stderr]     Finished `release` profile [optimized] target(s) in 24.76s
[INFO] running `Command { std: "docker" "inspect" "398b5fb0edf5aacfc215a1d510acc330529ea77bdc73aceb450ad20247c46600", kill_on_drop: false }`
[INFO] running `Command { std: "docker" "exec" "-e" "SOURCE_DIR=/opt/rustwide/workdir" "-e" "CARGO_HOME=/opt/rustwide/cargo-home" "-e" "RUSTUP_HOME=/opt/rustwide/rustup-home" "-e" "CARGO_TARGET_DIR=/opt/rustwide/target" "-e" "CARGO_INCREMENTAL=0" "-e" "RUST_BACKTRACE=full" "-e" "RUSTFLAGS=--cap-lints=warn" "-e" "RUSTDOCFLAGS=--cap-lints=warn" "-w" "/opt/rustwide/workdir" "--user" "0:0" "398b5fb0edf5aacfc215a1d510acc330529ea77bdc73aceb450ad20247c46600" "/opt/rustwide/cargo-home/bin/cargo" "+1.98.0-beta.8" "test" "--frozen" "--no-run" "--message-format=json" "--release", kill_on_drop: false }`
[INFO] [stderr]    Compiling libc v0.2.189
[INFO] [stderr]    Compiling getrandom v0.3.4
[INFO] [stderr]    Compiling zerocopy v0.8.55
[INFO] [stderr]    Compiling rustix v1.1.4
[INFO] [stderr]    Compiling bitflags v2.13.1
[INFO] [stderr]    Compiling linux-raw-sys v0.12.1
[INFO] [stderr]    Compiling fastrand v2.5.0
[INFO] [stderr]    Compiling once_cell v1.21.4
[INFO] [stderr]    Compiling bit-vec v0.8.0
[INFO] [stderr]    Compiling quick-error v1.2.3
[INFO] [stderr]    Compiling unarray v0.1.4
[INFO] [stderr]    Compiling num-traits v0.2.19
[INFO] [stderr]    Compiling zag-frontend v0.1.0 (/opt/rustwide/workdir/crates/zag-frontend)
[INFO] [stderr]    Compiling zag-emit v0.1.0 (/opt/rustwide/workdir/crates/zag-emit)
[INFO] [stderr]    Compiling zag-render v0.1.0 (/opt/rustwide/workdir/crates/zag-render)
[INFO] [stderr]    Compiling bit-set v0.8.0
[INFO] [stderr]    Compiling zag-verify v0.1.0 (/opt/rustwide/workdir/crates/zag-verify)
[INFO] [stderr]    Compiling getrandom v0.4.3
[INFO] [stderr]    Compiling wait-timeout v0.2.1
[INFO] [stderr]    Compiling rand_core v0.9.5
[INFO] [stderr]    Compiling rand_xorshift v0.4.0
[INFO] [stderr]    Compiling rand v0.9.5
[INFO] [stderr]    Compiling tempfile v3.27.0
[INFO] [stderr]    Compiling rusty-fork v0.3.1
[INFO] [stderr]    Compiling ppv-lite86 v0.2.21
[INFO] [stderr]    Compiling rand_chacha v0.9.0
[INFO] [stderr]    Compiling proptest v1.11.0
[INFO] [stderr]    Compiling zag-analysis v0.1.0 (/opt/rustwide/workdir/crates/zag-analysis)
[INFO] [stderr]    Compiling zag-facts v0.1.0 (/opt/rustwide/workdir/crates/zag-facts)
[INFO] [stderr]    Compiling zag-repair v0.1.0 (/opt/rustwide/workdir/crates/zag-repair)
[INFO] [stderr]    Compiling zag v0.1.0 (/opt/rustwide/workdir/crates/zag)
[INFO] [stderr]     Finished `release` profile [optimized] target(s) in 31.99s
[INFO] running `Command { std: "docker" "inspect" "398b5fb0edf5aacfc215a1d510acc330529ea77bdc73aceb450ad20247c46600", kill_on_drop: false }`
[INFO] running `Command { std: "docker" "exec" "-e" "SOURCE_DIR=/opt/rustwide/workdir" "-e" "CARGO_HOME=/opt/rustwide/cargo-home" "-e" "RUSTUP_HOME=/opt/rustwide/rustup-home" "-e" "CARGO_TARGET_DIR=/opt/rustwide/target" "-e" "CARGO_INCREMENTAL=0" "-e" "RUST_BACKTRACE=full" "-e" "RUSTFLAGS=--cap-lints=warn" "-e" "RUSTDOCFLAGS=--cap-lints=warn" "-w" "/opt/rustwide/workdir" "--user" "0:0" "398b5fb0edf5aacfc215a1d510acc330529ea77bdc73aceb450ad20247c46600" "/opt/rustwide/cargo-home/bin/cargo" "+1.98.0-beta.8" "test" "--frozen" "--release", kill_on_drop: false }`
[INFO] [stderr]     Finished `release` profile [optimized] target(s) in 0.08s
[INFO] [stderr]      Running unittests src/lib.rs (/opt/rustwide/target/release/deps/zag-3abde011aff7b21a)
[INFO] [stderr]      Running unittests src/main.rs (/opt/rustwide/target/release/deps/zag-224f36511241b312)
[INFO] [stdout] 
[INFO] [stdout] running 0 tests
[INFO] [stdout] 
[INFO] [stdout] test result: ok. 0 passed; 0 failed; 0 ignored; 0 measured; 0 filtered out; finished in 0.00s
[INFO] [stdout] 
[INFO] [stdout] 
[INFO] [stdout] running 0 tests
[INFO] [stdout] 
[INFO] [stdout] test result: ok. 0 passed; 0 failed; 0 ignored; 0 measured; 0 filtered out; finished in 0.00s
[INFO] [stdout] 
[INFO] [stderr]      Running tests/compilation.rs (/opt/rustwide/target/release/deps/compilation-4d5471d973c34e4f)
[INFO] [stdout] 
[INFO] [stdout] running 4 tests
[INFO] [stdout] test every_port_is_free_of_lifetimes_it_does_not_declare ... ok
[INFO] [stdout] test the_layout_assertions_are_evaluated_rather_than_ignored ... FAILED
[INFO] [stdout] test a_port_that_names_a_type_that_does_not_exist_fails_the_check ... FAILED
[INFO] [stdout] test every_port_the_pipeline_produces_compiles ... ok
[INFO] [stdout] 
[INFO] [stdout] failures:
[INFO] [stdout] 
[INFO] [stdout] ---- the_layout_assertions_are_evaluated_rather_than_ignored stdout ----
[INFO] [stdout] 
[INFO] [stdout] thread 'the_layout_assertions_are_evaluated_rather_than_ignored' (2228) panicked at crates/zag/tests/compilation.rs:89:10:
[INFO] [stdout] a false layout assertion has to fail the build: ()
[INFO] [stdout] stack backtrace:
[INFO] [stdout]    0:     0x62c040b364b1 - <<std[97b98282bc616a66]::sys::backtrace::BacktraceLock>::print::DisplayBacktrace as core[832e9a552fc17241]::fmt::Display>::fmt
[INFO] [stdout]    1:     0x62c040b4a70a - core[832e9a552fc17241]::fmt::write
[INFO] [stdout]    2:     0x62c040b3abcc - <alloc[3ecab9f82c41dc7d]::vec::Vec<u8> as std[97b98282bc616a66]::io::Write>::write_fmt
[INFO] [stdout]    3:     0x62c040b13606 - std[97b98282bc616a66]::panicking::default_hook::{closure#0}
[INFO] [stdout]    4:     0x62c040b2ddf9 - std[97b98282bc616a66]::panicking::default_hook
[INFO] [stdout]    5:     0x62c040ab45f0 - test[39766f3d73431624]::test_main_inner::<test[39766f3d73431624]::test_main_static::{closure#0}>::{closure#0}
[INFO] [stdout]    6:     0x62c040b2dfb2 - std[97b98282bc616a66]::panicking::panic_with_hook
[INFO] [stdout]    7:     0x62c040b136b2 - std[97b98282bc616a66]::panicking::panic_handler::{closure#0}
[INFO] [stdout]    8:     0x62c040b0aee9 - std[97b98282bc616a66]::sys::backtrace::__rust_end_short_backtrace::<std[97b98282bc616a66]::panicking::panic_handler::{closure#0}, !>
[INFO] [stdout]    9:     0x62c040b142ad - __rustc[e3d8617bb01b7f69]::rust_begin_unwind
[INFO] [stdout]   10:     0x62c040b4ae3c - core[832e9a552fc17241]::panicking::panic_fmt
[INFO] [stdout]   11:     0x62c040b4ac12 - core[832e9a552fc17241]::result::unwrap_failed
[INFO] [stdout]   12:     0x62c040a88421 - <compilation[be494ebed23ff224]::the_layout_assertions_are_evaluated_rather_than_ignored::{closure#0} as core[832e9a552fc17241]::ops::function::FnOnce<()>>::call_once
[INFO] [stdout]   13:     0x62c040aa792b - test[39766f3d73431624]::__rust_begin_short_backtrace::<core[832e9a552fc17241]::result::Result<(), alloc[3ecab9f82c41dc7d]::string::String>, fn() -> core[832e9a552fc17241]::result::Result<(), alloc[3ecab9f82c41dc7d]::string::String>>
[INFO] [stdout]   14:     0x62c040ab4f75 - test[39766f3d73431624]::run_test::{closure#0}
[INFO] [stdout]   15:     0x62c040aafa24 - std[97b98282bc616a66]::sys::backtrace::__rust_begin_short_backtrace::<test[39766f3d73431624]::run_test::{closure#1}, ()>
[INFO] [stdout]   16:     0x62c040ab80c2 - <std[97b98282bc616a66]::thread::lifecycle::spawn_unchecked<test[39766f3d73431624]::run_test::{closure#1}, ()>::{closure#1} as core[832e9a552fc17241]::ops::function::FnOnce<()>>::call_once::{shim:vtable#0}
[INFO] [stdout]   17:     0x62c040b35b3f - <std[97b98282bc616a66]::sys::thread::unix::Thread>::new::thread_start
[INFO] [stdout]   18:     0x7cba7283e07a - <unknown>
[INFO] [stdout]   19:     0x7cba728d1534 - clone
[INFO] [stdout]   20:                0x0 - <unknown>
[INFO] [stdout] 
[INFO] [stdout] ---- a_port_that_names_a_type_that_does_not_exist_fails_the_check stdout ----
[INFO] [stdout] 
[INFO] [stdout] thread 'a_port_that_names_a_type_that_does_not_exist_fails_the_check' (2225) panicked at crates/zag/tests/compilation.rs:102:6:
[INFO] [stdout] an unknown type has to fail the build: ()
[INFO] [stdout] stack backtrace:
[INFO] [stdout]    0:     0x62c040b364b1 - <<std[97b98282bc616a66]::sys::backtrace::BacktraceLock>::print::DisplayBacktrace as core[832e9a552fc17241]::fmt::Display>::fmt
[INFO] [stdout]    1:     0x62c040b4a70a - core[832e9a552fc17241]::fmt::write
[INFO] [stdout]    2:     0x62c040b3abcc - <alloc[3ecab9f82c41dc7d]::vec::Vec<u8> as std[97b98282bc616a66]::io::Write>::write_fmt
[INFO] [stdout]    3:     0x62c040b13606 - std[97b98282bc616a66]::panicking::default_hook::{closure#0}
[INFO] [stdout]    4:     0x62c040b2ddf9 - std[97b98282bc616a66]::panicking::default_hook
[INFO] [stdout]    5:     0x62c040ab45f0 - test[39766f3d73431624]::test_main_inner::<test[39766f3d73431624]::test_main_static::{closure#0}>::{closure#0}
[INFO] [stdout]    6:     0x62c040b2dfb2 - std[97b98282bc616a66]::panicking::panic_with_hook
[INFO] [stdout]    7:     0x62c040b136b2 - std[97b98282bc616a66]::panicking::panic_handler::{closure#0}
[INFO] [stdout]    8:     0x62c040b0aee9 - std[97b98282bc616a66]::sys::backtrace::__rust_end_short_backtrace::<std[97b98282bc616a66]::panicking::panic_handler::{closure#0}, !>
[INFO] [stdout]    9:     0x62c040b142ad - __rustc[e3d8617bb01b7f69]::rust_begin_unwind
[INFO] [stdout]   10:     0x62c040b4ae3c - core[832e9a552fc17241]::panicking::panic_fmt
[INFO] [stdout]   11:     0x62c040b4ac12 - core[832e9a552fc17241]::result::unwrap_failed
[INFO] [stdout]   12:     0x62c040a885d5 - <compilation[be494ebed23ff224]::a_port_that_names_a_type_that_does_not_exist_fails_the_check::{closure#0} as core[832e9a552fc17241]::ops::function::FnOnce<()>>::call_once
[INFO] [stdout]   13:     0x62c040aa792b - test[39766f3d73431624]::__rust_begin_short_backtrace::<core[832e9a552fc17241]::result::Result<(), alloc[3ecab9f82c41dc7d]::string::String>, fn() -> core[832e9a552fc17241]::result::Result<(), alloc[3ecab9f82c41dc7d]::string::String>>
[INFO] [stdout]   14:     0x62c040ab4f75 - test[39766f3d73431624]::run_test::{closure#0}
[INFO] [stdout]   15:     0x62c040aafa24 - std[97b98282bc616a66]::sys::backtrace::__rust_begin_short_backtrace::<test[39766f3d73431624]::run_test::{closure#1}, ()>
[INFO] [stdout]   16:     0x62c040ab80c2 - <std[97b98282bc616a66]::thread::lifecycle::spawn_unchecked<test[39766f3d73431624]::run_test::{closure#1}, ()>::{closure#1} as core[832e9a552fc17241]::ops::function::FnOnce<()>>::call_once::{shim:vtable#0}
[INFO] [stdout]   17:     0x62c040b35b3f - <std[97b98282bc616a66]::sys::thread::unix::Thread>::new::thread_start
[INFO] [stdout]   18:     0x7cba7283e07a - <unknown>
[INFO] [stdout]   19:     0x7cba728d1534 - clone
[INFO] [stdout]   20:                0x0 - <unknown>
[INFO] [stdout] 
[INFO] [stdout] 
[INFO] [stdout] failures:
[INFO] [stdout]     a_port_that_names_a_type_that_does_not_exist_fails_the_check
[INFO] [stdout]     the_layout_assertions_are_evaluated_rather_than_ignored
[INFO] [stdout] 
[INFO] [stdout] test result: FAILED. 2 passed; 2 failed; 0 ignored; 0 measured; 0 filtered out; finished in 1.22s
[INFO] [stdout] 
[INFO] [stderr] error: test failed, to rerun pass `-p zag --test compilation`
[INFO] running `Command { std: "docker" "inspect" "398b5fb0edf5aacfc215a1d510acc330529ea77bdc73aceb450ad20247c46600", kill_on_drop: false }`
[INFO] running `Command { std: "docker" "rm" "-f" "398b5fb0edf5aacfc215a1d510acc330529ea77bdc73aceb450ad20247c46600", kill_on_drop: false }`
[INFO] [stdout] 398b5fb0edf5aacfc215a1d510acc330529ea77bdc73aceb450ad20247c46600
