[INFO] cloning repository https://github.com/marcoh00/pss-rs
[INFO] running `Command { std: "git" "-c" "credential.helper=" "-c" "credential.helper=/workspace/cargo-home/bin/git-credential-null" "clone" "--bare" "https://github.com/marcoh00/pss-rs" "/workspace/cache/git-repos/https%3A%2F%2Fgithub.com%2Fmarcoh00%2Fpss-rs", kill_on_drop: false }`
[INFO] [stderr] Cloning into bare repository '/workspace/cache/git-repos/https%3A%2F%2Fgithub.com%2Fmarcoh00%2Fpss-rs'...
[INFO] running `Command { std: "git" "rev-parse" "HEAD", kill_on_drop: false }`
[INFO] [stdout] 77535f6377ef87fe6f993ae492e260f607401d82
[INFO] testing marcoh00/pss-rs against 1.99.0-beta.1+cargoflags=--release for beta-release-1.99-2
[INFO] running `Command { std: "git" "clone" "/workspace/cache/git-repos/https%3A%2F%2Fgithub.com%2Fmarcoh00%2Fpss-rs" "/workspace/builds/worker-0-tc2/source", kill_on_drop: false }`
[INFO] [stderr] Cloning into '/workspace/builds/worker-0-tc2/source'...
[INFO] [stderr] done.
[INFO] started tweaking git repo https://github.com/marcoh00/pss-rs
[INFO] finished tweaking git repo https://github.com/marcoh00/pss-rs
[INFO] tweaked toml for git repo https://github.com/marcoh00/pss-rs written to /workspace/builds/worker-0-tc2/source/Cargo.toml
[INFO] validating manifest of git repo https://github.com/marcoh00/pss-rs on toolchain 1.99.0-beta.1
[INFO] running `Command { std: CARGO_HOME="/workspace/cargo-home" RUSTUP_HOME="/workspace/rustup-home" "/workspace/cargo-home/bin/cargo" "+1.99.0-beta.1" "metadata" "--manifest-path" "Cargo.toml" "--no-deps", kill_on_drop: false }`
[INFO] crate git repo https://github.com/marcoh00/pss-rs already has a lockfile, it will not be regenerated
[INFO] running `Command { std: CARGO_HOME="/workspace/cargo-home" RUSTUP_HOME="/workspace/rustup-home" "/workspace/cargo-home/bin/cargo" "+1.99.0-beta.1" "fetch" "--manifest-path" "Cargo.toml", kill_on_drop: false }`
[INFO] [stderr] warning: profiles for the non root package will be ignored, specify profiles at the workspace root:
[INFO] [stderr] package:   /workspace/builds/worker-0-tc2/source/pss-rs-wasm/Cargo.toml
[INFO] [stderr] workspace: /workspace/builds/worker-0-tc2/source/Cargo.toml
[INFO] running `Command { std: "docker" "create" "-v" "/var/lib/crater-agent-workspace/builds/worker-0-tc2/source:/opt/rustwide/workdir:ro,Z" "-v" "/var/lib/crater-agent-workspace/builds/worker-0-tc2/target:/opt/rustwide/target:rw,Z" "-v" "/var/lib/crater-agent-workspace/cargo-home:/opt/rustwide/cargo-home:ro,Z" "-v" "/var/lib/crater-agent-workspace/rustup-home:/opt/rustwide/rustup-home:ro,Z" "-m" "1610612736" "--network" "none" "ghcr.io/rust-lang/crates-build-env/linux@sha256:8683fc1fc2eb5c9ac98e0d076ab094b2ffac7f99da555d2b6a2e27f346de2ec7" "sleep" "infinity", kill_on_drop: false }`
[INFO] [stdout] ad605dd29c2917e7505cb9b806580d7f5dfe383314b36945881481ca47f655fd
[INFO] running `Command { std: "docker" "start" "ad605dd29c2917e7505cb9b806580d7f5dfe383314b36945881481ca47f655fd", kill_on_drop: false }`
[INFO] running `Command { std: "docker" "inspect" "ad605dd29c2917e7505cb9b806580d7f5dfe383314b36945881481ca47f655fd", kill_on_drop: false }`
[INFO] running `Command { std: "docker" "exec" "-e" "SOURCE_DIR=/opt/rustwide/workdir" "-e" "CARGO_HOME=/opt/rustwide/cargo-home" "-e" "RUSTUP_HOME=/opt/rustwide/rustup-home" "-e" "CARGO_TARGET_DIR=/opt/rustwide/target" "-w" "/opt/rustwide/workdir" "--user" "0:0" "ad605dd29c2917e7505cb9b806580d7f5dfe383314b36945881481ca47f655fd" "/opt/rustwide/cargo-home/bin/cargo" "+1.99.0-beta.1" "metadata" "--no-deps" "--format-version=1", kill_on_drop: false }`
[INFO] running `Command { std: "docker" "inspect" "ad605dd29c2917e7505cb9b806580d7f5dfe383314b36945881481ca47f655fd", kill_on_drop: false }`
[INFO] running `Command { std: "docker" "exec" "-e" "SOURCE_DIR=/opt/rustwide/workdir" "-e" "CARGO_HOME=/opt/rustwide/cargo-home" "-e" "RUSTUP_HOME=/opt/rustwide/rustup-home" "-e" "CARGO_TARGET_DIR=/opt/rustwide/target" "-e" "CARGO_INCREMENTAL=0" "-e" "RUST_BACKTRACE=full" "-e" "RUSTFLAGS=--cap-lints=warn" "-e" "RUSTDOCFLAGS=--cap-lints=warn" "-w" "/opt/rustwide/workdir" "--user" "0:0" "ad605dd29c2917e7505cb9b806580d7f5dfe383314b36945881481ca47f655fd" "/opt/rustwide/cargo-home/bin/cargo" "+1.99.0-beta.1" "build" "--frozen" "--message-format=json" "--release", kill_on_drop: false }`
[INFO] [stderr] warning: profiles for the non root package will be ignored, specify profiles at the workspace root:
[INFO] [stderr] package:   /opt/rustwide/workdir/pss-rs-wasm/Cargo.toml
[INFO] [stderr] workspace: /opt/rustwide/workdir/Cargo.toml
[INFO] [stderr]    Compiling libc v0.2.155
[INFO] [stderr]    Compiling const-oid v0.9.6
[INFO] [stderr]    Compiling wasm-bindgen-shared v0.2.92
[INFO] [stderr]    Compiling bumpalo v3.16.0
[INFO] [stderr]    Compiling num-traits v0.2.19
[INFO] [stderr]    Compiling once_cell v1.19.0
[INFO] [stderr]    Compiling itertools v0.13.0
[INFO] [stderr]    Compiling wasm-bindgen v0.2.92
[INFO] [stderr]    Compiling hashbrown v0.15.1
[INFO] [stderr]    Compiling syn v2.0.72
[INFO] [stderr]    Compiling anstyle-parse v0.2.5
[INFO] [stderr]    Compiling serde v1.0.204
[INFO] [stderr]    Compiling colorchoice v1.0.2
[INFO] [stderr]    Compiling anstyle v1.0.8
[INFO] [stderr]    Compiling keccak v0.1.5
[INFO] [stderr]    Compiling anstyle-query v1.1.1
[INFO] [stderr]    Compiling clap_lex v0.7.2
[INFO] [stderr]    Compiling serde_json v1.0.121
[INFO] [stderr]    Compiling memchr v2.7.4
[INFO] [stderr]    Compiling anstream v0.6.15
[INFO] [stderr]    Compiling clap_builder v4.5.11
[INFO] [stderr]    Compiling num-integer v0.1.46
[INFO] [stderr]    Compiling getrandom v0.2.15
[INFO] [stderr]    Compiling rand_core v0.6.4
[INFO] [stderr]    Compiling ff v0.13.0
[INFO] [stderr]    Compiling num-bigint v0.4.6
[INFO] [stderr]    Compiling group v0.13.0
[INFO] [stderr]    Compiling wasm-bindgen-backend v0.2.92
[INFO] [stderr]    Compiling zeroize_derive v1.4.2
[INFO] [stderr]    Compiling zerocopy-derive v0.7.35
[INFO] [stderr]    Compiling enum-ordinalize-derive v4.3.1
[INFO] [stderr]    Compiling ark-serialize-derive v0.5.0
[INFO] [stderr]    Compiling ark-ff-macros v0.5.0
[INFO] [stderr]    Compiling ark-ff-asm v0.5.0
[INFO] [stderr]    Compiling serde_derive v1.0.204
[INFO] [stderr]    Compiling clap_derive v4.5.11
[INFO] [stderr]    Compiling zeroize v1.8.1
[INFO] [stderr]    Compiling enum-ordinalize v4.3.0
[INFO] [stderr]    Compiling educe v0.6.0
[INFO] [stderr]    Compiling generic-array v0.14.7
[INFO] [stderr]    Compiling der v0.7.9
[INFO] [stderr]    Compiling zerocopy v0.7.35
[INFO] [stderr]    Compiling block-buffer v0.10.4
[INFO] [stderr]    Compiling crypto-common v0.1.6
[INFO] [stderr]    Compiling wasm-bindgen-macro-support v0.2.92
[INFO] [stderr]    Compiling digest v0.10.7
[INFO] [stderr]    Compiling crypto-bigint v0.5.5
[INFO] [stderr]    Compiling ppv-lite86 v0.2.20
[INFO] [stderr]    Compiling ahash v0.8.11
[INFO] [stderr]    Compiling clap v4.5.11
[INFO] [stderr]    Compiling hmac v0.12.1
[INFO] [stderr]    Compiling signature v2.2.0
[INFO] [stderr]    Compiling sha2 v0.10.8
[INFO] [stderr]    Compiling sha3 v0.10.8
[INFO] [stderr]    Compiling rfc6979 v0.4.0
[INFO] [stderr]    Compiling rand_chacha v0.3.1
[INFO] [stderr]    Compiling spki v0.7.3
[INFO] [stderr]    Compiling sec1 v0.7.3
[INFO] [stderr]    Compiling rand v0.8.5
[INFO] [stderr]    Compiling wasm-bindgen-macro v0.2.92
[INFO] [stderr]    Compiling pkcs8 v0.10.2
[INFO] [stderr]    Compiling elliptic-curve v0.13.8
[INFO] [stderr]    Compiling ark-std v0.5.0
[INFO] [stderr]    Compiling ark-serialize v0.5.0
[INFO] [stderr]    Compiling ecdsa v0.16.9
[INFO] [stderr]    Compiling console_error_panic_hook v0.1.7
[INFO] [stderr]    Compiling js-sys v0.3.69
[INFO] [stderr]    Compiling ark-ff v0.5.0
[INFO] [stderr]    Compiling k256 v0.13.3
[INFO] [stderr]    Compiling ark-poly v0.5.0
[INFO] [stderr]    Compiling ark-ec v0.5.0
[INFO] [stderr]    Compiling ark-bn254 v0.5.0
[INFO] [stderr]    Compiling pss-rs v0.1.0 (/opt/rustwide/workdir/pss-rs)
[INFO] [stderr]    Compiling pss-keygen v0.1.0 (/opt/rustwide/workdir/pss-keygen)
[INFO] [stderr]    Compiling pss-rs-wasm v0.1.0 (/opt/rustwide/workdir/pss-rs-wasm)
[INFO] [stderr]     Finished `release` profile [optimized] target(s) in 51.84s
[INFO] running `Command { std: "docker" "inspect" "ad605dd29c2917e7505cb9b806580d7f5dfe383314b36945881481ca47f655fd", kill_on_drop: false }`
[INFO] running `Command { std: "docker" "exec" "-e" "SOURCE_DIR=/opt/rustwide/workdir" "-e" "CARGO_HOME=/opt/rustwide/cargo-home" "-e" "RUSTUP_HOME=/opt/rustwide/rustup-home" "-e" "CARGO_TARGET_DIR=/opt/rustwide/target" "-e" "CARGO_INCREMENTAL=0" "-e" "RUST_BACKTRACE=full" "-e" "RUSTFLAGS=--cap-lints=warn" "-e" "RUSTDOCFLAGS=--cap-lints=warn" "-w" "/opt/rustwide/workdir" "--user" "0:0" "ad605dd29c2917e7505cb9b806580d7f5dfe383314b36945881481ca47f655fd" "/opt/rustwide/cargo-home/bin/cargo" "+1.99.0-beta.1" "test" "--frozen" "--no-run" "--message-format=json" "--release", kill_on_drop: false }`
[INFO] [stderr] warning: profiles for the non root package will be ignored, specify profiles at the workspace root:
[INFO] [stderr] package:   /opt/rustwide/workdir/pss-rs-wasm/Cargo.toml
[INFO] [stderr] workspace: /opt/rustwide/workdir/Cargo.toml
[INFO] [stderr]    Compiling wasm-bindgen-test-macro v0.3.42
[INFO] [stderr]    Compiling wasm-bindgen-futures v0.4.42
[INFO] [stderr]    Compiling pss-rs v0.1.0 (/opt/rustwide/workdir/pss-rs)
[INFO] [stderr]    Compiling pss-keygen v0.1.0 (/opt/rustwide/workdir/pss-keygen)
[INFO] [stderr]    Compiling wasm-bindgen-test v0.3.42
[INFO] [stderr]    Compiling pss-rs-wasm v0.1.0 (/opt/rustwide/workdir/pss-rs-wasm)
[INFO] [stderr]     Finished `release` profile [optimized] target(s) in 3.31s
[INFO] running `Command { std: "docker" "inspect" "ad605dd29c2917e7505cb9b806580d7f5dfe383314b36945881481ca47f655fd", kill_on_drop: false }`
[INFO] running `Command { std: "docker" "exec" "-e" "SOURCE_DIR=/opt/rustwide/workdir" "-e" "CARGO_HOME=/opt/rustwide/cargo-home" "-e" "RUSTUP_HOME=/opt/rustwide/rustup-home" "-e" "CARGO_TARGET_DIR=/opt/rustwide/target" "-e" "CARGO_INCREMENTAL=0" "-e" "RUST_BACKTRACE=full" "-e" "RUSTFLAGS=--cap-lints=warn" "-e" "RUSTDOCFLAGS=--cap-lints=warn" "-w" "/opt/rustwide/workdir" "--user" "0:0" "ad605dd29c2917e7505cb9b806580d7f5dfe383314b36945881481ca47f655fd" "/opt/rustwide/cargo-home/bin/cargo" "+1.99.0-beta.1" "test" "--frozen" "--release", kill_on_drop: false }`
[INFO] [stderr] warning: profiles for the non root package will be ignored, specify profiles at the workspace root:
[INFO] [stderr] package:   /opt/rustwide/workdir/pss-rs-wasm/Cargo.toml
[INFO] [stderr] workspace: /opt/rustwide/workdir/Cargo.toml
[INFO] [stderr]     Finished `release` profile [optimized] target(s) in 0.14s
[INFO] [stderr]      Running unittests src/main.rs (/opt/rustwide/target/release/deps/pss_keygen-42e0fd49cd19d258)
[INFO] [stdout] 
[INFO] [stdout] running 0 tests
[INFO] [stdout] 
[INFO] [stdout] test result: ok. 0 passed; 0 failed; 0 ignored; 0 measured; 0 filtered out; finished in 0.00s
[INFO] [stdout] 
[INFO] [stderr]      Running unittests src/lib.rs (/opt/rustwide/target/release/deps/pss_rs-1b0887788665efe7)
[INFO] [stdout] 
[INFO] [stdout] running 12 tests
[INFO] [stdout] test altbn::tests::correct_mod ... ok
[INFO] [stdout] test altbn::tests::scalar_serialization ... ok
[INFO] [stdout] test altbn::tests::point_serializaion ... ok
[INFO] [stdout] test rustcryptoecc::tests::valid_keys ... ok
[INFO] [stdout] test altbn::tests::valid_keys ... ok
[INFO] [stdout] test altbn::tests::mult_test ... ok
[INFO] [stdout] test rustcryptoecc::tests::sol_test_values ... FAILED
[INFO] [stdout] test altbn::tests::random_scalar_serialization ... ok
[INFO] [stdout] test rustcryptoecc::tests::valid_signature ... ok
[INFO] [stdout] test altbn::tests::valid_signature ... ok
[INFO] [stdout] test rustcryptoecc::tests::invalid_signature ... ok
[INFO] [stdout] test altbn::tests::invalid_signature ... ok
[INFO] [stdout] 
[INFO] [stdout] failures:
[INFO] [stdout] 
[INFO] [stdout] ---- rustcryptoecc::tests::sol_test_values stdout ----
[INFO] [stdout] 
[INFO] [stdout] thread 'rustcryptoecc::tests::sol_test_values' (1592) panicked at pss-rs/src/rustcryptoecc.rs:244:9:
[INFO] [stdout] assertion failed: gpk.check_signature(&message, &pk_sector, &signature)
[INFO] [stdout] stack backtrace:
[INFO] [stdout]    0:     0x5feb15b45a11 - <<std[104cf6e2632825ea]::sys::backtrace::BacktraceLock>::print::DisplayBacktrace as core[7c831bd917ebf35f]::fmt::Display>::fmt
[INFO] [stdout]    1:     0x5feb15b59d5a - core[7c831bd917ebf35f]::fmt::write
[INFO] [stdout]    2:     0x5feb15b49eac - <alloc[2fdc3f7464fcf288]::vec::Vec<u8> as core[7c831bd917ebf35f]::io::write::Write>::write_fmt
[INFO] [stdout]    3:     0x5feb15b21ff6 - std[104cf6e2632825ea]::panicking::default_hook::{closure#0}
[INFO] [stdout]    4:     0x5feb15b3e129 - std[104cf6e2632825ea]::panicking::default_hook
[INFO] [stdout]    5:     0x5feb15aba840 - test[73009c9f9aebf890]::test_main_inner::<test[73009c9f9aebf890]::test_main_static::{closure#0}>::{closure#0}
[INFO] [stdout]    6:     0x5feb15b3e2e2 - std[104cf6e2632825ea]::panicking::panic_with_hook
[INFO] [stdout]    7:     0x5feb15b220d4 - std[104cf6e2632825ea]::panicking::panic_handler::{closure#0}
[INFO] [stdout]    8:     0x5feb15b1aa49 - std[104cf6e2632825ea]::sys::backtrace::__rust_end_short_backtrace::<std[104cf6e2632825ea]::panicking::panic_handler::{closure#0}, !>
[INFO] [stdout]    9:     0x5feb15b22c9d - __rustc[b0d56fa5b193ad05]::rust_begin_unwind
[INFO] [stdout]   10:     0x5feb15b5a48c - core[7c831bd917ebf35f]::panicking::panic_fmt
[INFO] [stdout]   11:     0x5feb15b5a452 - core[7c831bd917ebf35f]::panicking::panic
[INFO] [stdout]   12:     0x5feb15aa04cc - pss_rs[dd9079b4d5ac9474]::rustcryptoecc::tests::sol_test_values
[INFO] [stdout]   13:     0x5feb15a9e6c9 - <pss_rs[dd9079b4d5ac9474]::rustcryptoecc::tests::sol_test_values::{closure#0} as core[7c831bd917ebf35f]::ops::function::FnOnce<()>>::call_once
[INFO] [stdout]   14:     0x5feb15aadb2b - test[73009c9f9aebf890]::__rust_begin_short_backtrace::<core[7c831bd917ebf35f]::result::Result<(), alloc[2fdc3f7464fcf288]::string::String>, fn() -> core[7c831bd917ebf35f]::result::Result<(), alloc[2fdc3f7464fcf288]::string::String>>
[INFO] [stdout]   15:     0x5feb15abb195 - test[73009c9f9aebf890]::run_test::{closure#0}
[INFO] [stdout]   16:     0x5feb15ab4554 - std[104cf6e2632825ea]::sys::backtrace::__rust_begin_short_backtrace::<test[73009c9f9aebf890]::run_test::{closure#1}, ()>
[INFO] [stdout]   17:     0x5feb15abe2f2 - <std[104cf6e2632825ea]::thread::lifecycle::spawn_unchecked<test[73009c9f9aebf890]::run_test::{closure#1}, ()>::{closure#1} as core[7c831bd917ebf35f]::ops::function::FnOnce<()>>::call_once::{shim:vtable#0}
[INFO] [stdout]   18:     0x5feb15b452e9 - <std[104cf6e2632825ea]::sys::thread::unix::Thread>::new::thread_start
[INFO] [stdout]   19:     0x73b1cb79807a - <unknown>
[INFO] [stdout]   20:     0x73b1cb82b534 - clone
[INFO] [stdout]   21:                0x0 - <unknown>
[INFO] [stdout] 
[INFO] [stdout] 
[INFO] [stdout] failures:
[INFO] [stdout]     rustcryptoecc::tests::sol_test_values
[INFO] [stdout] 
[INFO] [stdout] test result: FAILED. 11 passed; 1 failed; 0 ignored; 0 measured; 0 filtered out; finished in 0.04s
[INFO] [stdout] 
[INFO] [stderr] error: test failed, to rerun pass `-p pss-rs --lib`
[INFO] running `Command { std: "docker" "inspect" "ad605dd29c2917e7505cb9b806580d7f5dfe383314b36945881481ca47f655fd", kill_on_drop: false }`
[INFO] running `Command { std: "docker" "rm" "-f" "ad605dd29c2917e7505cb9b806580d7f5dfe383314b36945881481ca47f655fd", kill_on_drop: false }`
[INFO] [stdout] ad605dd29c2917e7505cb9b806580d7f5dfe383314b36945881481ca47f655fd
