[INFO] cloning repository https://github.com/makabaka1880/sewing-box
[INFO] running `Command { std: "git" "-c" "credential.helper=" "-c" "credential.helper=/workspace/cargo-home/bin/git-credential-null" "clone" "--bare" "https://github.com/makabaka1880/sewing-box" "/workspace/cache/git-repos/https%3A%2F%2Fgithub.com%2Fmakabaka1880%2Fsewing-box", kill_on_drop: false }`
[INFO] [stderr] Cloning into bare repository '/workspace/cache/git-repos/https%3A%2F%2Fgithub.com%2Fmakabaka1880%2Fsewing-box'...
[INFO] running `Command { std: "git" "rev-parse" "HEAD", kill_on_drop: false }`
[INFO] [stdout] 943b8f4487c6c2528f2ba2936d0e7a228de963b5
[INFO] testing makabaka1880/sewing-box against 1.99.0-beta.1+cargoflags=--release for beta-release-1.99-2
[INFO] running `Command { std: "git" "clone" "/workspace/cache/git-repos/https%3A%2F%2Fgithub.com%2Fmakabaka1880%2Fsewing-box" "/workspace/builds/worker-2-tc2/source", kill_on_drop: false }`
[INFO] [stderr] Cloning into '/workspace/builds/worker-2-tc2/source'...
[INFO] [stderr] done.
[INFO] started tweaking git repo https://github.com/makabaka1880/sewing-box
[INFO] finished tweaking git repo https://github.com/makabaka1880/sewing-box
[INFO] tweaked toml for git repo https://github.com/makabaka1880/sewing-box written to /workspace/builds/worker-2-tc2/source/Cargo.toml
[INFO] validating manifest of git repo https://github.com/makabaka1880/sewing-box on toolchain 1.99.0-beta.1
[INFO] running `Command { std: CARGO_HOME="/workspace/cargo-home" RUSTUP_HOME="/workspace/rustup-home" "/workspace/cargo-home/bin/cargo" "+1.99.0-beta.1" "metadata" "--manifest-path" "Cargo.toml" "--no-deps", kill_on_drop: false }`
[INFO] crate git repo https://github.com/makabaka1880/sewing-box already has a lockfile, it will not be regenerated
[INFO] running `Command { std: CARGO_HOME="/workspace/cargo-home" RUSTUP_HOME="/workspace/rustup-home" "/workspace/cargo-home/bin/cargo" "+1.99.0-beta.1" "fetch" "--manifest-path" "Cargo.toml", kill_on_drop: false }`
[INFO] [stderr] warning: virtual workspace defaulting to `resolver = "1"` despite one or more workspace members being on edition 2024 which implies `resolver = "3"`
[INFO] [stderr]   |
[INFO] [stderr]   = note: to keep the current resolver, specify `workspace.resolver = "1"` in the workspace root's manifest
[INFO] [stderr]   = note: to use the edition 2024 resolver, specify `workspace.resolver = "3"` in the workspace root's manifest
[INFO] [stderr]   = note: for more details see https://doc.rust-lang.org/cargo/reference/resolver.html#resolver-versions
[INFO] [stderr]     Blocking waiting for file lock on package cache
[ERROR] error running command: no output for 300 seconds
[INFO] testing makabaka1880/sewing-box against 1.99.0-beta.1+cargoflags=--release for beta-release-1.99-2
[INFO] running `Command { std: "git" "clone" "/workspace/cache/git-repos/https%3A%2F%2Fgithub.com%2Fmakabaka1880%2Fsewing-box" "/workspace/builds/worker-2-tc2/source", kill_on_drop: false }`
[INFO] [stderr] Cloning into '/workspace/builds/worker-2-tc2/source'...
[INFO] [stderr] done.
[INFO] started tweaking git repo https://github.com/makabaka1880/sewing-box
[INFO] finished tweaking git repo https://github.com/makabaka1880/sewing-box
[INFO] tweaked toml for git repo https://github.com/makabaka1880/sewing-box written to /workspace/builds/worker-2-tc2/source/Cargo.toml
[INFO] validating manifest of git repo https://github.com/makabaka1880/sewing-box on toolchain 1.99.0-beta.1
[INFO] running `Command { std: CARGO_HOME="/workspace/cargo-home" RUSTUP_HOME="/workspace/rustup-home" "/workspace/cargo-home/bin/cargo" "+1.99.0-beta.1" "metadata" "--manifest-path" "Cargo.toml" "--no-deps", kill_on_drop: false }`
[INFO] crate git repo https://github.com/makabaka1880/sewing-box already has a lockfile, it will not be regenerated
[INFO] running `Command { std: CARGO_HOME="/workspace/cargo-home" RUSTUP_HOME="/workspace/rustup-home" "/workspace/cargo-home/bin/cargo" "+1.99.0-beta.1" "fetch" "--manifest-path" "Cargo.toml", kill_on_drop: false }`
[INFO] [stderr] warning: virtual workspace defaulting to `resolver = "1"` despite one or more workspace members being on edition 2024 which implies `resolver = "3"`
[INFO] [stderr]   |
[INFO] [stderr]   = note: to keep the current resolver, specify `workspace.resolver = "1"` in the workspace root's manifest
[INFO] [stderr]   = note: to use the edition 2024 resolver, specify `workspace.resolver = "3"` in the workspace root's manifest
[INFO] [stderr]   = note: for more details see https://doc.rust-lang.org/cargo/reference/resolver.html#resolver-versions
[INFO] [stderr]     Blocking waiting for file lock on package cache
[INFO] [stderr]     Blocking waiting for file lock on package cache
[INFO] [stderr]  Downloading crates ...
[INFO] [stderr]   Downloaded sexp v1.1.4
[INFO] [stderr]   Downloaded serde-wasm-bindgen v0.6.5
[INFO] running `Command { std: "docker" "create" "-v" "/var/lib/crater-agent-workspace/builds/worker-2-tc2/source:/opt/rustwide/workdir:ro,Z" "-v" "/var/lib/crater-agent-workspace/builds/worker-2-tc2/target:/opt/rustwide/target:rw,Z" "-v" "/var/lib/crater-agent-workspace/cargo-home:/opt/rustwide/cargo-home:ro,Z" "-v" "/var/lib/crater-agent-workspace/rustup-home:/opt/rustwide/rustup-home:ro,Z" "-m" "1610612736" "--network" "none" "ghcr.io/rust-lang/crates-build-env/linux@sha256:8683fc1fc2eb5c9ac98e0d076ab094b2ffac7f99da555d2b6a2e27f346de2ec7" "sleep" "infinity", kill_on_drop: false }`
[INFO] [stdout] b992507bcc3571f1132dc56e4eb367a4392d5d149d378db28e019c05267cc6bd
[INFO] running `Command { std: "docker" "start" "b992507bcc3571f1132dc56e4eb367a4392d5d149d378db28e019c05267cc6bd", kill_on_drop: false }`
[INFO] running `Command { std: "docker" "inspect" "b992507bcc3571f1132dc56e4eb367a4392d5d149d378db28e019c05267cc6bd", kill_on_drop: false }`
[INFO] running `Command { std: "docker" "exec" "-e" "SOURCE_DIR=/opt/rustwide/workdir" "-e" "CARGO_HOME=/opt/rustwide/cargo-home" "-e" "RUSTUP_HOME=/opt/rustwide/rustup-home" "-e" "CARGO_TARGET_DIR=/opt/rustwide/target" "-w" "/opt/rustwide/workdir" "--user" "0:0" "b992507bcc3571f1132dc56e4eb367a4392d5d149d378db28e019c05267cc6bd" "/opt/rustwide/cargo-home/bin/cargo" "+1.99.0-beta.1" "metadata" "--no-deps" "--format-version=1", kill_on_drop: false }`
[INFO] running `Command { std: "docker" "inspect" "b992507bcc3571f1132dc56e4eb367a4392d5d149d378db28e019c05267cc6bd", kill_on_drop: false }`
[INFO] running `Command { std: "docker" "exec" "-e" "SOURCE_DIR=/opt/rustwide/workdir" "-e" "CARGO_HOME=/opt/rustwide/cargo-home" "-e" "RUSTUP_HOME=/opt/rustwide/rustup-home" "-e" "CARGO_TARGET_DIR=/opt/rustwide/target" "-e" "CARGO_INCREMENTAL=0" "-e" "RUST_BACKTRACE=full" "-e" "RUSTFLAGS=--cap-lints=warn" "-e" "RUSTDOCFLAGS=--cap-lints=warn" "-w" "/opt/rustwide/workdir" "--user" "0:0" "b992507bcc3571f1132dc56e4eb367a4392d5d149d378db28e019c05267cc6bd" "/opt/rustwide/cargo-home/bin/cargo" "+1.99.0-beta.1" "build" "--frozen" "--message-format=json" "--release", kill_on_drop: false }`
[INFO] [stderr] warning: virtual workspace defaulting to `resolver = "1"` despite one or more workspace members being on edition 2024 which implies `resolver = "3"`
[INFO] [stderr]   |
[INFO] [stderr]   = note: to keep the current resolver, specify `workspace.resolver = "1"` in the workspace root's manifest
[INFO] [stderr]   = note: to use the edition 2024 resolver, specify `workspace.resolver = "3"` in the workspace root's manifest
[INFO] [stderr]   = note: for more details see https://doc.rust-lang.org/cargo/reference/resolver.html#resolver-versions
[INFO] [stderr]    Compiling wasm-bindgen-shared v0.2.125
[INFO] [stderr]    Compiling rustversion v1.0.22
[INFO] [stderr]    Compiling bumpalo v3.20.3
[INFO] [stderr]    Compiling serde_core v1.0.228
[INFO] [stderr]    Compiling unicode-ident v1.0.24
[INFO] [stderr]    Compiling once_cell v1.21.4
[INFO] [stderr]    Compiling futures-core v0.3.32
[INFO] [stderr]    Compiling slab v0.4.12
[INFO] [stderr]    Compiling futures-task v0.3.32
[INFO] [stderr]    Compiling serde v1.0.228
[INFO] [stderr]    Compiling sexp v1.1.4
[INFO] [stderr]    Compiling syn v2.0.118
[INFO] [stderr]    Compiling futures-util v0.3.32
[INFO] [stderr]    Compiling wasm-bindgen v0.2.125
[INFO] [stderr]    Compiling wasm-bindgen-macro-support v0.2.125
[INFO] [stderr]    Compiling serde_derive v1.0.228
[INFO] [stderr]    Compiling wasm-bindgen-macro v0.2.125
[INFO] [stderr]    Compiling js-sys v0.3.102
[INFO] [stderr]    Compiling serde-wasm-bindgen v0.6.5
[INFO] [stderr]    Compiling wasm-brainfuck v0.1.0 (/opt/rustwide/workdir/packages/wasm-brainfuck)
[INFO] [stderr]    Compiling wasm-stacky v0.1.0 (/opt/rustwide/workdir/packages/wasm-stacky)
[INFO] [stderr]    Compiling wasm-lambda v0.1.0 (/opt/rustwide/workdir/packages/wasm-lambda)
[INFO] [stderr]    Compiling wasm-i8080 v0.1.0 (/opt/rustwide/workdir/packages/wasm-i8080)
[INFO] [stdout] warning: constant `BC` is never used
[INFO] [stdout]   --> packages/wasm-i8080/src/machine.rs:43:18
[INFO] [stdout]    |
[INFO] [stdout] 43 | pub(crate) const BC: u8 = 0;
[INFO] [stdout]    |                  ^^
[INFO] [stdout]    |
[INFO] [stdout]    = note: `#[warn(dead_code)]` (part of `#[warn(unused)]`) on by default
[INFO] [stdout] 
[INFO] [stdout] 
[INFO] [stdout] warning: constant `SP` is never used
[INFO] [stdout]   --> packages/wasm-i8080/src/machine.rs:46:18
[INFO] [stdout]    |
[INFO] [stdout] 46 | pub(crate) const SP: u8 = 3;
[INFO] [stdout]    |                  ^^
[INFO] [stdout] 
[INFO] [stdout] 
[INFO] [stdout] warning: constant `PSW` is never used
[INFO] [stdout]   --> packages/wasm-i8080/src/machine.rs:47:18
[INFO] [stdout]    |
[INFO] [stdout] 47 | pub(crate) const PSW: u8 = 3; // same encoding as SP, different semantics for push/pop
[INFO] [stdout]    |                  ^^^
[INFO] [stdout] 
[INFO] [stdout] 
[INFO] [stdout] warning: enum `Tokens` is never used
[INFO] [stdout]  --> packages/wasm-brainfuck/src/parser.rs:9:10
[INFO] [stdout]   |
[INFO] [stdout] 9 | pub enum Tokens {
[INFO] [stdout]   |          ^^^^^^
[INFO] [stdout]   |
[INFO] [stdout]   = note: `#[warn(dead_code)]` (part of `#[warn(unused)]`) on by default
[INFO] [stdout] 
[INFO] [stdout] 
[INFO] [stdout] warning: function `parse` is never used
[INFO] [stdout]   --> packages/wasm-brainfuck/src/parser.rs:20:8
[INFO] [stdout]    |
[INFO] [stdout] 20 | pub fn parse(src: &str) -> Vec<Tokens> {
[INFO] [stdout]    |        ^^^^^
[INFO] [stdout] 
[INFO] [stdout] 
[INFO] [stdout] warning: struct `Tape` is never constructed
[INFO] [stdout]   --> packages/wasm-brainfuck/src/interpreter.rs:11:12
[INFO] [stdout]    |
[INFO] [stdout] 11 | pub struct Tape {
[INFO] [stdout]    |            ^^^^
[INFO] [stdout] 
[INFO] [stdout] 
[INFO] [stdout] warning: methods `extend`, `get`, and `set` are never used
[INFO] [stdout]   --> packages/wasm-brainfuck/src/interpreter.rs:17:8
[INFO] [stdout]    |
[INFO] [stdout] 16 | impl Tape {
[INFO] [stdout]    | --------- methods in this implementation
[INFO] [stdout] 17 |     fn extend(&mut self, idx: i32) {
[INFO] [stdout]    |        ^^^^^^
[INFO] [stdout] ...
[INFO] [stdout] 30 |     pub fn get(&mut self, idx: i32) -> i32 {
[INFO] [stdout]    |            ^^^
[INFO] [stdout] ...
[INFO] [stdout] 38 |     pub fn set(&mut self, idx: i32, value: i32) {
[INFO] [stdout]    |            ^^^
[INFO] [stdout] 
[INFO] [stdout] 
[INFO] [stdout] warning: struct `BFMachine` is never constructed
[INFO] [stdout]   --> packages/wasm-brainfuck/src/interpreter.rs:48:12
[INFO] [stdout]    |
[INFO] [stdout] 48 | pub struct BFMachine {
[INFO] [stdout]    |            ^^^^^^^^^
[INFO] [stdout] 
[INFO] [stdout] 
[INFO] [stdout] warning: multiple associated items are never used
[INFO] [stdout]    --> packages/wasm-brainfuck/src/interpreter.rs:58:12
[INFO] [stdout]     |
[INFO] [stdout]  57 | impl BFMachine {
[INFO] [stdout]     | -------------- associated items in this implementation
[INFO] [stdout]  58 |     pub fn new(program: Vec<Tokens>) -> Result<Self, String> {
[INFO] [stdout]     |            ^^^
[INFO] [stdout] ...
[INFO] [stdout]  87 |     fn scan_fwd_to_match(&self, start: usize) -> usize {
[INFO] [stdout]     |        ^^^^^^^^^^^^^^^^^
[INFO] [stdout] ...
[INFO] [stdout] 106 |     fn scan_bwd_to_match(&self, start: usize) -> usize {
[INFO] [stdout]     |        ^^^^^^^^^^^^^^^^^
[INFO] [stdout] ...
[INFO] [stdout] 125 |     pub fn feed_input(&mut self, input: &[i32]) {
[INFO] [stdout]     |            ^^^^^^^^^^
[INFO] [stdout] ...
[INFO] [stdout] 131 |     pub fn input_len(&self) -> usize {
[INFO] [stdout]     |            ^^^^^^^^^
[INFO] [stdout] ...
[INFO] [stdout] 135 |     pub fn output(&self) -> &[i32] {
[INFO] [stdout]     |            ^^^^^^
[INFO] [stdout] ...
[INFO] [stdout] 139 |     pub fn tape_ptr(&self) -> i32 {
[INFO] [stdout]     |            ^^^^^^^^
[INFO] [stdout] ...
[INFO] [stdout] 143 |     pub fn prog_ptr(&self) -> usize {
[INFO] [stdout]     |            ^^^^^^^^
[INFO] [stdout] ...
[INFO] [stdout] 147 |     pub fn instr_at(&self, pos: usize) -> Option<String> {
[INFO] [stdout]     |            ^^^^^^^^
[INFO] [stdout] ...
[INFO] [stdout] 163 |     pub fn tape_slice(&self, from: i32, to: i32) -> Vec<i32> {
[INFO] [stdout]     |            ^^^^^^^^^^
[INFO] [stdout] ...
[INFO] [stdout] 177 |     pub fn step(&mut self) -> Result<bool, String> {
[INFO] [stdout]     |            ^^^^
[INFO] [stdout] 
[INFO] [stdout] 
[INFO] [stderr]     Finished `release` profile [optimized] target(s) in 21.50s
[INFO] running `Command { std: "docker" "inspect" "b992507bcc3571f1132dc56e4eb367a4392d5d149d378db28e019c05267cc6bd", kill_on_drop: false }`
[INFO] running `Command { std: "docker" "exec" "-e" "SOURCE_DIR=/opt/rustwide/workdir" "-e" "CARGO_HOME=/opt/rustwide/cargo-home" "-e" "RUSTUP_HOME=/opt/rustwide/rustup-home" "-e" "CARGO_TARGET_DIR=/opt/rustwide/target" "-e" "CARGO_INCREMENTAL=0" "-e" "RUST_BACKTRACE=full" "-e" "RUSTFLAGS=--cap-lints=warn" "-e" "RUSTDOCFLAGS=--cap-lints=warn" "-w" "/opt/rustwide/workdir" "--user" "0:0" "b992507bcc3571f1132dc56e4eb367a4392d5d149d378db28e019c05267cc6bd" "/opt/rustwide/cargo-home/bin/cargo" "+1.99.0-beta.1" "test" "--frozen" "--no-run" "--message-format=json" "--release", kill_on_drop: false }`
[INFO] [stderr] warning: virtual workspace defaulting to `resolver = "1"` despite one or more workspace members being on edition 2024 which implies `resolver = "3"`
[INFO] [stderr]   |
[INFO] [stderr]   = note: to keep the current resolver, specify `workspace.resolver = "1"` in the workspace root's manifest
[INFO] [stderr]   = note: to use the edition 2024 resolver, specify `workspace.resolver = "3"` in the workspace root's manifest
[INFO] [stderr]   = note: for more details see https://doc.rust-lang.org/cargo/reference/resolver.html#resolver-versions
[INFO] [stdout] warning: constant `BC` is never used
[INFO] [stdout]   --> packages/wasm-i8080/src/machine.rs:43:18
[INFO] [stdout]    |
[INFO] [stdout] 43 | pub(crate) const BC: u8 = 0;
[INFO] [stdout]    |                  ^^
[INFO] [stdout]    |
[INFO] [stdout]    = note: `#[warn(dead_code)]` (part of `#[warn(unused)]`) on by default
[INFO] [stdout] 
[INFO] [stdout] 
[INFO] [stdout] warning: constant `SP` is never used
[INFO] [stdout]   --> packages/wasm-i8080/src/machine.rs:46:18
[INFO] [stdout]    |
[INFO] [stdout] 46 | pub(crate) const SP: u8 = 3;
[INFO] [stdout]    |                  ^^
[INFO] [stdout] 
[INFO] [stdout] 
[INFO] [stdout] warning: constant `PSW` is never used
[INFO] [stdout]   --> packages/wasm-i8080/src/machine.rs:47:18
[INFO] [stdout]    |
[INFO] [stdout] 47 | pub(crate) const PSW: u8 = 3; // same encoding as SP, different semantics for push/pop
[INFO] [stdout]    |                  ^^^
[INFO] [stdout] 
[INFO] [stdout] 
[INFO] [stderr]    Compiling wasm-stacky v0.1.0 (/opt/rustwide/workdir/packages/wasm-stacky)
[INFO] [stderr]    Compiling wasm-i8080 v0.1.0 (/opt/rustwide/workdir/packages/wasm-i8080)
[INFO] [stderr]    Compiling wasm-brainfuck v0.1.0 (/opt/rustwide/workdir/packages/wasm-brainfuck)
[INFO] [stderr]    Compiling wasm-lambda v0.1.0 (/opt/rustwide/workdir/packages/wasm-lambda)
[INFO] [stdout] warning: enum `Tokens` is never used
[INFO] [stdout]  --> packages/wasm-brainfuck/src/parser.rs:9:10
[INFO] [stdout]   |
[INFO] [stdout] 9 | pub enum Tokens {
[INFO] [stdout]   |          ^^^^^^
[INFO] [stdout]   |
[INFO] [stdout]   = note: `#[warn(dead_code)]` (part of `#[warn(unused)]`) on by default
[INFO] [stdout] 
[INFO] [stdout] 
[INFO] [stdout] warning: function `parse` is never used
[INFO] [stdout]   --> packages/wasm-brainfuck/src/parser.rs:20:8
[INFO] [stdout]    |
[INFO] [stdout] 20 | pub fn parse(src: &str) -> Vec<Tokens> {
[INFO] [stdout]    |        ^^^^^
[INFO] [stdout] 
[INFO] [stdout] 
[INFO] [stdout] warning: struct `Tape` is never constructed
[INFO] [stdout]   --> packages/wasm-brainfuck/src/interpreter.rs:11:12
[INFO] [stdout]    |
[INFO] [stdout] 11 | pub struct Tape {
[INFO] [stdout]    |            ^^^^
[INFO] [stdout] 
[INFO] [stdout] 
[INFO] [stdout] warning: methods `extend`, `get`, and `set` are never used
[INFO] [stdout]   --> packages/wasm-brainfuck/src/interpreter.rs:17:8
[INFO] [stdout]    |
[INFO] [stdout] 16 | impl Tape {
[INFO] [stdout]    | --------- methods in this implementation
[INFO] [stdout] 17 |     fn extend(&mut self, idx: i32) {
[INFO] [stdout]    |        ^^^^^^
[INFO] [stdout] ...
[INFO] [stdout] 30 |     pub fn get(&mut self, idx: i32) -> i32 {
[INFO] [stdout]    |            ^^^
[INFO] [stdout] ...
[INFO] [stdout] 38 |     pub fn set(&mut self, idx: i32, value: i32) {
[INFO] [stdout]    |            ^^^
[INFO] [stdout] 
[INFO] [stdout] 
[INFO] [stdout] warning: struct `BFMachine` is never constructed
[INFO] [stdout]   --> packages/wasm-brainfuck/src/interpreter.rs:48:12
[INFO] [stdout]    |
[INFO] [stdout] 48 | pub struct BFMachine {
[INFO] [stdout]    |            ^^^^^^^^^
[INFO] [stdout] 
[INFO] [stdout] 
[INFO] [stdout] warning: multiple associated items are never used
[INFO] [stdout]    --> packages/wasm-brainfuck/src/interpreter.rs:58:12
[INFO] [stdout]     |
[INFO] [stdout]  57 | impl BFMachine {
[INFO] [stdout]     | -------------- associated items in this implementation
[INFO] [stdout]  58 |     pub fn new(program: Vec<Tokens>) -> Result<Self, String> {
[INFO] [stdout]     |            ^^^
[INFO] [stdout] ...
[INFO] [stdout]  87 |     fn scan_fwd_to_match(&self, start: usize) -> usize {
[INFO] [stdout]     |        ^^^^^^^^^^^^^^^^^
[INFO] [stdout] ...
[INFO] [stdout] 106 |     fn scan_bwd_to_match(&self, start: usize) -> usize {
[INFO] [stdout]     |        ^^^^^^^^^^^^^^^^^
[INFO] [stdout] ...
[INFO] [stdout] 125 |     pub fn feed_input(&mut self, input: &[i32]) {
[INFO] [stdout]     |            ^^^^^^^^^^
[INFO] [stdout] ...
[INFO] [stdout] 131 |     pub fn input_len(&self) -> usize {
[INFO] [stdout]     |            ^^^^^^^^^
[INFO] [stdout] ...
[INFO] [stdout] 135 |     pub fn output(&self) -> &[i32] {
[INFO] [stdout]     |            ^^^^^^
[INFO] [stdout] ...
[INFO] [stdout] 139 |     pub fn tape_ptr(&self) -> i32 {
[INFO] [stdout]     |            ^^^^^^^^
[INFO] [stdout] ...
[INFO] [stdout] 143 |     pub fn prog_ptr(&self) -> usize {
[INFO] [stdout]     |            ^^^^^^^^
[INFO] [stdout] ...
[INFO] [stdout] 147 |     pub fn instr_at(&self, pos: usize) -> Option<String> {
[INFO] [stdout]     |            ^^^^^^^^
[INFO] [stdout] ...
[INFO] [stdout] 163 |     pub fn tape_slice(&self, from: i32, to: i32) -> Vec<i32> {
[INFO] [stdout]     |            ^^^^^^^^^^
[INFO] [stdout] ...
[INFO] [stdout] 177 |     pub fn step(&mut self) -> Result<bool, String> {
[INFO] [stdout]     |            ^^^^
[INFO] [stdout] 
[INFO] [stdout] 
[INFO] [stderr]     Finished `release` profile [optimized] target(s) in 1.13s
[INFO] running `Command { std: "docker" "inspect" "b992507bcc3571f1132dc56e4eb367a4392d5d149d378db28e019c05267cc6bd", kill_on_drop: false }`
[INFO] running `Command { std: "docker" "exec" "-e" "SOURCE_DIR=/opt/rustwide/workdir" "-e" "CARGO_HOME=/opt/rustwide/cargo-home" "-e" "RUSTUP_HOME=/opt/rustwide/rustup-home" "-e" "CARGO_TARGET_DIR=/opt/rustwide/target" "-e" "CARGO_INCREMENTAL=0" "-e" "RUST_BACKTRACE=full" "-e" "RUSTFLAGS=--cap-lints=warn" "-e" "RUSTDOCFLAGS=--cap-lints=warn" "-w" "/opt/rustwide/workdir" "--user" "0:0" "b992507bcc3571f1132dc56e4eb367a4392d5d149d378db28e019c05267cc6bd" "/opt/rustwide/cargo-home/bin/cargo" "+1.99.0-beta.1" "test" "--frozen" "--release", kill_on_drop: false }`
[INFO] [stderr] warning: virtual workspace defaulting to `resolver = "1"` despite one or more workspace members being on edition 2024 which implies `resolver = "3"`
[INFO] [stderr]   |
[INFO] [stderr]   = note: to keep the current resolver, specify `workspace.resolver = "1"` in the workspace root's manifest
[INFO] [stderr]   = note: to use the edition 2024 resolver, specify `workspace.resolver = "3"` in the workspace root's manifest
[INFO] [stderr]   = note: for more details see https://doc.rust-lang.org/cargo/reference/resolver.html#resolver-versions
[INFO] [stderr] warning: constant `BC` is never used
[INFO] [stderr]   --> packages/wasm-i8080/src/machine.rs:43:18
[INFO] [stderr]    |
[INFO] [stderr] 43 | pub(crate) const BC: u8 = 0;
[INFO] [stderr]    |                  ^^
[INFO] [stderr]    |
[INFO] [stderr]    = note: `#[warn(dead_code)]` (part of `#[warn(unused)]`) on by default
[INFO] [stderr] 
[INFO] [stderr] warning: constant `SP` is never used
[INFO] [stderr]   --> packages/wasm-i8080/src/machine.rs:46:18
[INFO] [stderr]    |
[INFO] [stderr] 46 | pub(crate) const SP: u8 = 3;
[INFO] [stderr]    |                  ^^
[INFO] [stderr] 
[INFO] [stderr] warning: constant `PSW` is never used
[INFO] [stderr]   --> packages/wasm-i8080/src/machine.rs:47:18
[INFO] [stderr]    |
[INFO] [stderr] 47 | pub(crate) const PSW: u8 = 3; // same encoding as SP, different semantics for push/pop
[INFO] [stderr]    |                  ^^^
[INFO] [stderr] 
[INFO] [stderr] warning: `wasm-i8080` (lib) generated 3 warnings
[INFO] [stderr] warning: enum `Tokens` is never used
[INFO] [stderr]  --> packages/wasm-brainfuck/src/parser.rs:9:10
[INFO] [stderr]   |
[INFO] [stderr] 9 | pub enum Tokens {
[INFO] [stderr]   |          ^^^^^^
[INFO] [stderr]   |
[INFO] [stderr]   = note: `#[warn(dead_code)]` (part of `#[warn(unused)]`) on by default
[INFO] [stderr] 
[INFO] [stderr] warning: function `parse` is never used
[INFO] [stderr]   --> packages/wasm-brainfuck/src/parser.rs:20:8
[INFO] [stderr]    |
[INFO] [stderr] 20 | pub fn parse(src: &str) -> Vec<Tokens> {
[INFO] [stderr]    |        ^^^^^
[INFO] [stderr] 
[INFO] [stderr] warning: struct `Tape` is never constructed
[INFO] [stderr]   --> packages/wasm-brainfuck/src/interpreter.rs:11:12
[INFO] [stderr]    |
[INFO] [stderr] 11 | pub struct Tape {
[INFO] [stderr]    |            ^^^^
[INFO] [stderr] 
[INFO] [stderr] warning: methods `extend`, `get`, and `set` are never used
[INFO] [stderr]   --> packages/wasm-brainfuck/src/interpreter.rs:17:8
[INFO] [stderr]    |
[INFO] [stderr] 16 | impl Tape {
[INFO] [stderr]    | --------- methods in this implementation
[INFO] [stderr] 17 |     fn extend(&mut self, idx: i32) {
[INFO] [stderr]    |        ^^^^^^
[INFO] [stderr] ...
[INFO] [stderr] 30 |     pub fn get(&mut self, idx: i32) -> i32 {
[INFO] [stderr]    |            ^^^
[INFO] [stderr] ...
[INFO] [stderr] 38 |     pub fn set(&mut self, idx: i32, value: i32) {
[INFO] [stderr]    |            ^^^
[INFO] [stderr] 
[INFO] [stderr] warning: struct `BFMachine` is never constructed
[INFO] [stderr]   --> packages/wasm-brainfuck/src/interpreter.rs:48:12
[INFO] [stderr]    |
[INFO] [stderr] 48 | pub struct BFMachine {
[INFO] [stderr]    |            ^^^^^^^^^
[INFO] [stderr] 
[INFO] [stderr] warning: multiple associated items are never used
[INFO] [stderr]    --> packages/wasm-brainfuck/src/interpreter.rs:58:12
[INFO] [stderr]     |
[INFO] [stderr]  57 | impl BFMachine {
[INFO] [stderr]     | -------------- associated items in this implementation
[INFO] [stderr]  58 |     pub fn new(program: Vec<Tokens>) -> Result<Self, String> {
[INFO] [stderr]     |            ^^^
[INFO] [stderr] ...
[INFO] [stderr]  87 |     fn scan_fwd_to_match(&self, start: usize) -> usize {
[INFO] [stderr]     |        ^^^^^^^^^^^^^^^^^
[INFO] [stderr] ...
[INFO] [stderr] 106 |     fn scan_bwd_to_match(&self, start: usize) -> usize {
[INFO] [stderr]     |        ^^^^^^^^^^^^^^^^^
[INFO] [stderr] ...
[INFO] [stderr] 125 |     pub fn feed_input(&mut self, input: &[i32]) {
[INFO] [stderr]     |            ^^^^^^^^^^
[INFO] [stderr] ...
[INFO] [stderr] 131 |     pub fn input_len(&self) -> usize {
[INFO] [stderr]     |            ^^^^^^^^^
[INFO] [stderr] ...
[INFO] [stderr] 135 |     pub fn output(&self) -> &[i32] {
[INFO] [stderr]     |            ^^^^^^
[INFO] [stderr] ...
[INFO] [stderr] 139 |     pub fn tape_ptr(&self) -> i32 {
[INFO] [stderr]     |            ^^^^^^^^
[INFO] [stderr] ...
[INFO] [stderr] 143 |     pub fn prog_ptr(&self) -> usize {
[INFO] [stderr]     |            ^^^^^^^^
[INFO] [stderr] ...
[INFO] [stderr] 147 |     pub fn instr_at(&self, pos: usize) -> Option<String> {
[INFO] [stderr]     |            ^^^^^^^^
[INFO] [stderr] ...
[INFO] [stderr] 163 |     pub fn tape_slice(&self, from: i32, to: i32) -> Vec<i32> {
[INFO] [stderr]     |            ^^^^^^^^^^
[INFO] [stderr] ...
[INFO] [stderr] 177 |     pub fn step(&mut self) -> Result<bool, String> {
[INFO] [stderr]     |            ^^^^
[INFO] [stderr] 
[INFO] [stderr] warning: `wasm-brainfuck` (bin "wasm-brainfuck" test) generated 6 warnings
[INFO] [stderr]     Finished `release` profile [optimized] target(s) in 0.04s
[INFO] [stderr]      Running unittests src/lib.rs (/opt/rustwide/target/release/deps/wasm_brainfuck-0a9ab07910983247)
[INFO] [stdout] 
[INFO] [stdout] running 0 tests
[INFO] [stdout] 
[INFO] [stdout] test result: ok. 0 passed; 0 failed; 0 ignored; 0 measured; 0 filtered out; finished in 0.00s
[INFO] [stdout] 
[INFO] [stderr]      Running unittests src/main.rs (/opt/rustwide/target/release/deps/wasm_brainfuck-6053fc0e08ce5fc8)
[INFO] [stdout] 
[INFO] [stdout] running 0 tests
[INFO] [stdout] 
[INFO] [stdout] test result: ok. 0 passed; 0 failed; 0 ignored; 0 measured; 0 filtered out; finished in 0.00s
[INFO] [stdout] 
[INFO] [stderr]      Running unittests src/lib.rs (/opt/rustwide/target/release/deps/wasm_i8080-5eea299afa6c9ee9)
[INFO] [stdout] 
[INFO] [stdout] running 74 tests
[INFO] [stdout] test test_instructions::byte_size_2_byte_instructions ... ok
[INFO] [stdout] test test_instructions::byte_size_3_byte_instructions ... ok
[INFO] [stdout] test test_instructions::cc_from_bits_all ... ok
[INFO] [stdout] test test_machine::decode_alu_class ... ok
[INFO] [stdout] test test_machine::decode_branches ... ok
[INFO] [stdout] test test_instructions::byte_size_1_byte_instructions ... ok
[INFO] [stdout] test test_machine::decode_conditionals ... ok
[INFO] [stdout] test test_machine::decode_nop_hlt ... ok
[INFO] [stdout] test test_machine::decode_immediates ... ok
[INFO] [stdout] test test_machine::decode_rst ... ok
[INFO] [stdout] test test_machine::decode_mov ... ok
[INFO] [stdout] test test_machine::decode_unknown_returns_none_and_step_skips ... ok
[INFO] [stdout] test test_machine::get_set_m_indirect ... ok
[INFO] [stdout] test test_machine::disasm_various ... ok
[INFO] [stdout] test test_machine::flag_set_basic ... ok
[INFO] [stdout] test test_machine::get_set_registers ... ok
[INFO] [stdout] test test_machine::push_pop_psw ... ok
[INFO] [stdout] test test_machine::push_pop_word ... ok
[INFO] [stdout] test test_machine::register_pairs ... ok
[INFO] [stdout] test test_machine::step_adc_with_carry_in ... ok
[INFO] [stdout] test test_machine::step_add_carry_and_zero ... ok
[INFO] [stdout] test test_machine::step_add_simple ... ok
[INFO] [stdout] test test_machine::step_ana_zero ... ok
[INFO] [stdout] test test_machine::step_cpi_aux_carry_regression ... ok
[INFO] [stdout] test test_machine::step_cmp_aux_carry_high_nibble_does_not_mask ... ok
[INFO] [stdout] test test_machine::step_call_ret ... ok
[INFO] [stdout] test test_machine::step_dad_no_carry ... ok
[INFO] [stdout] test test_machine::step_dad_with_carry ... ok
[INFO] [stdout] test test_machine::step_daa_with_carry ... ok
[INFO] [stdout] test test_machine::step_di_clears_int_enable ... ok
[INFO] [stdout] test test_machine::step_hlt ... ok
[INFO] [stdout] test test_machine::step_dcr_zero ... ok
[INFO] [stdout] test test_machine::step_ei_sets_int_enable ... ok
[INFO] [stdout] test test_machine::step_cmp_aux_carry_no_borrow ... ok
[INFO] [stdout] test test_machine::step_inr_wrap ... ok
[INFO] [stdout] test test_machine::step_cmp_preserves_a ... ok
[INFO] [stdout] test test_machine::step_cmp_aux_carry_with_borrow ... ok
[INFO] [stdout] test test_machine::step_daa_basic ... ok
[INFO] [stdout] test test_machine::step_inx_dcx ... ok
[INFO] [stdout] test test_machine::step_jcond_not_taken ... ok
[INFO] [stdout] test test_machine::step_jcond_taken ... ok
[INFO] [stdout] test test_machine::step_jmp ... ok
[INFO] [stdout] test test_machine::step_lhld_byte_order ... ok
[INFO] [stdout] test test_machine::step_mov_from_m ... ok
[INFO] [stdout] test test_machine::step_mov_to_m ... ok
[INFO] [stdout] test test_machine::step_ora ... ok
[INFO] [stdout] test test_machine::step_out_in ... ok
[INFO] [stdout] test test_machine::step_push_pop ... ok
[INFO] [stdout] test test_machine::step_ral_rvc ... ok
[INFO] [stdout] test test_machine::step_rar ... ok
[INFO] [stdout] test test_machine::step_rlc ... ok
[INFO] [stdout] test test_machine::step_rrc ... ok
[INFO] [stdout] test test_machine::step_rst ... ok
[INFO] [stdout] test test_machine::step_sphl ... ok
[INFO] [stdout] test test_machine::step_shld_byte_order ... ok
[INFO] [stdout] test test_machine::step_sub_with_borrow ... ok
[INFO] [stdout] test test_machine::step_xchg ... ok
[INFO] [stdout] test test_machine::step_xthl ... ok
[INFO] [stdout] test test_parser::all_registers ... ok
[INFO] [stdout] test test_parser::conditional_branches ... ok
[INFO] [stdout] test test_parser::db_character_literals ... ok
[INFO] [stdout] test test_parser::empty_block ... ok
[INFO] [stdout] test test_parser::empty_input ... ok
[INFO] [stdout] test test_machine::step_xra_clears_carry ... ok
[INFO] [stdout] test test_parser::immediate_byte_instructions ... ok
[INFO] [stdout] test test_parser::decimal_address ... ok
[INFO] [stdout] test test_parser::io_ports ... ok
[INFO] [stdout] test test_parser::parse_example_from_readme ... ok
[INFO] [stdout] test test_parser::rst_out_of_range ... ok
[INFO] [stdout] test test_parser::rst_vector ... ok
[INFO] [stdout] test test_parser::unknown_mnemonic_is_error ... ok
[INFO] [stdout] test test_parser::wrong_arg_count_is_error ... ok
[INFO] [stdout] test test_parser::register_pairs ... FAILED
[INFO] [stdout] test test_parser::label_is_error ... ok
[INFO] [stdout] 
[INFO] [stdout] failures:
[INFO] [stdout] 
[INFO] [stdout] ---- test_parser::register_pairs stdout ----
[INFO] [stdout] 
[INFO] [stdout] thread 'test_parser::register_pairs' (1087) panicked at packages/wasm-i8080/src/test_parser.rs:104:29:
[INFO] [stdout] called `Result::unwrap()` on an `Err` value: "Unknown register pair: 'B'"
[INFO] [stdout] stack backtrace:
[INFO] [stdout]    0:     0x57447bdffb61 - <<std[104cf6e2632825ea]::sys::backtrace::BacktraceLock>::print::DisplayBacktrace as core[7c831bd917ebf35f]::fmt::Display>::fmt
[INFO] [stdout]    1:     0x57447be14d7a - core[7c831bd917ebf35f]::fmt::write
[INFO] [stdout]    2:     0x57447be03ffc - <alloc[2fdc3f7464fcf288]::vec::Vec<u8> as core[7c831bd917ebf35f]::io::write::Write>::write_fmt
[INFO] [stdout]    3:     0x57447bddc146 - std[104cf6e2632825ea]::panicking::default_hook::{closure#0}
[INFO] [stdout]    4:     0x57447bdf8279 - std[104cf6e2632825ea]::panicking::default_hook
[INFO] [stdout]    5:     0x57447bd920e0 - test[73009c9f9aebf890]::test_main_inner::<test[73009c9f9aebf890]::test_main_static::{closure#0}>::{closure#0}
[INFO] [stdout]    6:     0x57447bdf8432 - std[104cf6e2632825ea]::panicking::panic_with_hook
[INFO] [stdout]    7:     0x57447bddc1f2 - std[104cf6e2632825ea]::panicking::panic_handler::{closure#0}
[INFO] [stdout]    8:     0x57447bdd4b99 - std[104cf6e2632825ea]::sys::backtrace::__rust_end_short_backtrace::<std[104cf6e2632825ea]::panicking::panic_handler::{closure#0}, !>
[INFO] [stdout]    9:     0x57447bddcded - __rustc[b0d56fa5b193ad05]::rust_begin_unwind
[INFO] [stdout]   10:     0x57447be154ac - core[7c831bd917ebf35f]::panicking::panic_fmt
[INFO] [stdout]   11:     0x57447be15282 - core[7c831bd917ebf35f]::result::unwrap_failed
[INFO] [stdout]   12:     0x57447bd7ffac - <wasm_i8080[80419a912a6b7f9f]::test_parser::register_pairs::{closure#0} as core[7c831bd917ebf35f]::ops::function::FnOnce<()>>::call_once
[INFO] [stdout]   13:     0x57447bd853cb - test[73009c9f9aebf890]::__rust_begin_short_backtrace::<core[7c831bd917ebf35f]::result::Result<(), alloc[2fdc3f7464fcf288]::string::String>, fn() -> core[7c831bd917ebf35f]::result::Result<(), alloc[2fdc3f7464fcf288]::string::String>>
[INFO] [stdout]   14:     0x57447bd92a35 - test[73009c9f9aebf890]::run_test::{closure#0}
[INFO] [stdout]   15:     0x57447bd8bdf4 - std[104cf6e2632825ea]::sys::backtrace::__rust_begin_short_backtrace::<test[73009c9f9aebf890]::run_test::{closure#1}, ()>
[INFO] [stdout]   16:     0x57447bd95b92 - <std[104cf6e2632825ea]::thread::lifecycle::spawn_unchecked<test[73009c9f9aebf890]::run_test::{closure#1}, ()>::{closure#1} as core[7c831bd917ebf35f]::ops::function::FnOnce<()>>::call_once::{shim:vtable#0}
[INFO] [stdout]   17:     0x57447bdff439 - <std[104cf6e2632825ea]::sys::thread::unix::Thread>::new::thread_start
[INFO] [stdout]   18:     0x704528e7207a - <unknown>
[INFO] [stdout]   19:     0x704528f05534 - clone
[INFO] [stdout]   20:                0x0 - <unknown>
[INFO] [stdout] 
[INFO] [stdout] 
[INFO] [stdout] failures:
[INFO] [stdout]     test_parser::register_pairs
[INFO] [stdout] 
[INFO] [stdout] test result: FAILED. 73 passed; 1 failed; 0 ignored; 0 measured; 0 filtered out; finished in 0.01s
[INFO] [stderr] error: test failed, to rerun pass `-p wasm-i8080 --lib`
[INFO] [stdout] 
[INFO] running `Command { std: "docker" "inspect" "b992507bcc3571f1132dc56e4eb367a4392d5d149d378db28e019c05267cc6bd", kill_on_drop: false }`
[INFO] running `Command { std: "docker" "rm" "-f" "b992507bcc3571f1132dc56e4eb367a4392d5d149d378db28e019c05267cc6bd", kill_on_drop: false }`
[INFO] [stdout] b992507bcc3571f1132dc56e4eb367a4392d5d149d378db28e019c05267cc6bd
