[INFO] cloning repository https://github.com/maartenvdmeulen/aoc2024
[INFO] running `Command { std: "git" "-c" "credential.helper=" "-c" "credential.helper=/workspace/cargo-home/bin/git-credential-null" "clone" "--bare" "https://github.com/maartenvdmeulen/aoc2024" "/workspace/cache/git-repos/https%3A%2F%2Fgithub.com%2Fmaartenvdmeulen%2Faoc2024", kill_on_drop: false }`
[INFO] [stderr] Cloning into bare repository '/workspace/cache/git-repos/https%3A%2F%2Fgithub.com%2Fmaartenvdmeulen%2Faoc2024'...
[INFO] running `Command { std: "git" "rev-parse" "HEAD", kill_on_drop: false }`
[INFO] [stdout] 338c4a75267c8588e00d8552535911c57e066ee7
[INFO] testing maartenvdmeulen/aoc2024 against 1.98.0-beta.8+cargoflags=--release for beta-release-1.99-2
[INFO] running `Command { std: "git" "clone" "/workspace/cache/git-repos/https%3A%2F%2Fgithub.com%2Fmaartenvdmeulen%2Faoc2024" "/workspace/builds/worker-6-tc1/source", kill_on_drop: false }`
[INFO] [stderr] Cloning into '/workspace/builds/worker-6-tc1/source'...
[INFO] [stderr] done.
[INFO] started tweaking git repo https://github.com/maartenvdmeulen/aoc2024
[INFO] finished tweaking git repo https://github.com/maartenvdmeulen/aoc2024
[INFO] tweaked toml for git repo https://github.com/maartenvdmeulen/aoc2024 written to /workspace/builds/worker-6-tc1/source/Cargo.toml
[INFO] validating manifest of git repo https://github.com/maartenvdmeulen/aoc2024 on toolchain 1.98.0-beta.8
[INFO] running `Command { std: CARGO_HOME="/workspace/cargo-home" RUSTUP_HOME="/workspace/rustup-home" "/workspace/cargo-home/bin/cargo" "+1.98.0-beta.8" "metadata" "--manifest-path" "Cargo.toml" "--no-deps", kill_on_drop: false }`
[INFO] crate git repo https://github.com/maartenvdmeulen/aoc2024 already has a lockfile, it will not be regenerated
[INFO] running `Command { std: CARGO_HOME="/workspace/cargo-home" RUSTUP_HOME="/workspace/rustup-home" "/workspace/cargo-home/bin/cargo" "+1.98.0-beta.8" "fetch" "--manifest-path" "Cargo.toml", kill_on_drop: false }`
[INFO] [stderr]     Updating crates.io index
[INFO] [stderr]  Downloading crates ...
[INFO] [stderr]   Downloaded test_each_file v0.3.4
[INFO] [stderr]   Downloaded pathfinding v4.12.0
[INFO] [stderr]   Downloaded thiserror v2.0.7
[INFO] [stderr]   Downloaded thiserror-impl v2.0.7
[INFO] [stderr]   Downloaded glam v0.29.2
[INFO] running `Command { std: "docker" "create" "-v" "/var/lib/crater-agent-workspace/builds/worker-6-tc1/source:/opt/rustwide/workdir:ro,Z" "-v" "/var/lib/crater-agent-workspace/builds/worker-6-tc1/target:/opt/rustwide/target:rw,Z" "-v" "/var/lib/crater-agent-workspace/cargo-home:/opt/rustwide/cargo-home:ro,Z" "-v" "/var/lib/crater-agent-workspace/rustup-home:/opt/rustwide/rustup-home:ro,Z" "-m" "1610612736" "--network" "none" "ghcr.io/rust-lang/crates-build-env/linux@sha256:8683fc1fc2eb5c9ac98e0d076ab094b2ffac7f99da555d2b6a2e27f346de2ec7" "sleep" "infinity", kill_on_drop: false }`
[INFO] [stdout] 8fddbf888081eed13a51325423b6858c841e6314be8e3e54069335b58bd9c2e3
[INFO] running `Command { std: "docker" "start" "8fddbf888081eed13a51325423b6858c841e6314be8e3e54069335b58bd9c2e3", kill_on_drop: false }`
[INFO] running `Command { std: "docker" "inspect" "8fddbf888081eed13a51325423b6858c841e6314be8e3e54069335b58bd9c2e3", kill_on_drop: false }`
[INFO] running `Command { std: "docker" "exec" "-e" "SOURCE_DIR=/opt/rustwide/workdir" "-e" "CARGO_HOME=/opt/rustwide/cargo-home" "-e" "RUSTUP_HOME=/opt/rustwide/rustup-home" "-e" "CARGO_TARGET_DIR=/opt/rustwide/target" "-w" "/opt/rustwide/workdir" "--user" "0:0" "8fddbf888081eed13a51325423b6858c841e6314be8e3e54069335b58bd9c2e3" "/opt/rustwide/cargo-home/bin/cargo" "+1.98.0-beta.8" "metadata" "--no-deps" "--format-version=1", kill_on_drop: false }`
[INFO] running `Command { std: "docker" "inspect" "8fddbf888081eed13a51325423b6858c841e6314be8e3e54069335b58bd9c2e3", kill_on_drop: false }`
[INFO] running `Command { std: "docker" "exec" "-e" "SOURCE_DIR=/opt/rustwide/workdir" "-e" "CARGO_HOME=/opt/rustwide/cargo-home" "-e" "RUSTUP_HOME=/opt/rustwide/rustup-home" "-e" "CARGO_TARGET_DIR=/opt/rustwide/target" "-e" "CARGO_INCREMENTAL=0" "-e" "RUST_BACKTRACE=full" "-e" "RUSTFLAGS=--cap-lints=warn" "-e" "RUSTDOCFLAGS=--cap-lints=warn" "-w" "/opt/rustwide/workdir" "--user" "0:0" "8fddbf888081eed13a51325423b6858c841e6314be8e3e54069335b58bd9c2e3" "/opt/rustwide/cargo-home/bin/cargo" "+1.98.0-beta.8" "build" "--frozen" "--message-format=json" "--release", kill_on_drop: false }`
[INFO] [stderr]    Compiling proc-macro2 v1.0.92
[INFO] [stderr]    Compiling unicode-ident v1.0.14
[INFO] [stderr]    Compiling semver v1.0.24
[INFO] [stderr]    Compiling thiserror v2.0.7
[INFO] [stderr]    Compiling indexmap v2.7.0
[INFO] [stderr]    Compiling rustc-hash v2.1.0
[INFO] [stderr]    Compiling itertools v0.13.0
[INFO] [stderr]    Compiling nom v7.1.3
[INFO] [stderr]    Compiling glam v0.29.2
[INFO] [stderr]    Compiling quote v1.0.37
[INFO] [stderr]    Compiling syn v2.0.90
[INFO] [stderr]    Compiling thiserror-impl v2.0.7
[INFO] [stderr]    Compiling deprecate-until v0.1.1
[INFO] [stderr]    Compiling test_each_file v0.3.4
[INFO] [stderr]    Compiling pathfinding v4.12.0
[INFO] [stderr]    Compiling aoc2024 v0.1.0 (/opt/rustwide/workdir)
[INFO] [stderr]     Finished `release` profile [optimized] target(s) in 11.93s
[INFO] running `Command { std: "docker" "inspect" "8fddbf888081eed13a51325423b6858c841e6314be8e3e54069335b58bd9c2e3", kill_on_drop: false }`
[INFO] running `Command { std: "docker" "exec" "-e" "SOURCE_DIR=/opt/rustwide/workdir" "-e" "CARGO_HOME=/opt/rustwide/cargo-home" "-e" "RUSTUP_HOME=/opt/rustwide/rustup-home" "-e" "CARGO_TARGET_DIR=/opt/rustwide/target" "-e" "CARGO_INCREMENTAL=0" "-e" "RUST_BACKTRACE=full" "-e" "RUSTFLAGS=--cap-lints=warn" "-e" "RUSTDOCFLAGS=--cap-lints=warn" "-w" "/opt/rustwide/workdir" "--user" "0:0" "8fddbf888081eed13a51325423b6858c841e6314be8e3e54069335b58bd9c2e3" "/opt/rustwide/cargo-home/bin/cargo" "+1.98.0-beta.8" "test" "--frozen" "--no-run" "--message-format=json" "--release", kill_on_drop: false }`
[INFO] [stderr]    Compiling aoc2024 v0.1.0 (/opt/rustwide/workdir)
[INFO] [stderr]     Finished `release` profile [optimized] target(s) in 3.92s
[INFO] running `Command { std: "docker" "inspect" "8fddbf888081eed13a51325423b6858c841e6314be8e3e54069335b58bd9c2e3", kill_on_drop: false }`
[INFO] running `Command { std: "docker" "exec" "-e" "SOURCE_DIR=/opt/rustwide/workdir" "-e" "CARGO_HOME=/opt/rustwide/cargo-home" "-e" "RUSTUP_HOME=/opt/rustwide/rustup-home" "-e" "CARGO_TARGET_DIR=/opt/rustwide/target" "-e" "CARGO_INCREMENTAL=0" "-e" "RUST_BACKTRACE=full" "-e" "RUSTFLAGS=--cap-lints=warn" "-e" "RUSTDOCFLAGS=--cap-lints=warn" "-w" "/opt/rustwide/workdir" "--user" "0:0" "8fddbf888081eed13a51325423b6858c841e6314be8e3e54069335b58bd9c2e3" "/opt/rustwide/cargo-home/bin/cargo" "+1.98.0-beta.8" "test" "--frozen" "--release", kill_on_drop: false }`
[INFO] [stderr]     Finished `release` profile [optimized] target(s) in 0.04s
[INFO] [stdout] 
[INFO] [stderr]      Running unittests src/main.rs (/opt/rustwide/target/release/deps/aoc2024-92808e7874e32abe)
[INFO] [stdout] running 44 tests
[INFO] [stdout] test day14::test1::example ... ok
[INFO] [stdout] test day14::test2::example ... ok
[INFO] [stdout] test day11::test1::example ... ok
[INFO] [stdout] test day16::test1::example ... ok
[INFO] [stdout] test day16::test2::example ... ok
[INFO] [stdout] test day11::test2::example ... ok
[INFO] [stdout] test day11::test1::input ... ok
[INFO] [stdout] test day1::test1::example ... ok
[INFO] [stdout] test day1::test2::example ... ok
[INFO] [stdout] test day1::test1::input ... ok
[INFO] [stdout] test day2::test1::example ... ok
[INFO] [stdout] test day2::test2::example ... ok
[INFO] [stdout] test day1::test2::input ... ok
[INFO] [stdout] test day14::test1::input ... FAILED
[INFO] [stdout] test day16::test1::example2 ... FAILED
[INFO] [stdout] test day3::test1::example ... ok
[INFO] [stdout] test day3::test1::input ... ok
[INFO] [stdout] test day2::test1::input ... ok
[INFO] [stdout] test day3::test2::example ... ok
[INFO] [stdout] test day2::test2::input ... FAILED
[INFO] [stdout] test day4::test1::example2 ... ok
[INFO] [stdout] test day3::test2::input ... ok
[INFO] [stdout] test day4::test1::example ... ok
[INFO] [stdout] test day4::test2::example ... ok
[INFO] [stdout] test day4::test2::example2 ... FAILED
[INFO] [stdout] test day5::test1::example ... FAILED
[INFO] [stdout] test day5::test2::input ... FAILED
[INFO] [stdout] test day5::test2::example ... FAILED
[INFO] [stdout] test day6::test2::input ... ok
[INFO] [stdout] test day5::test1::input ... FAILED
[INFO] [stdout] test day6::test1::example ... ok
[INFO] [stdout] test day6::test2::example ... ok
[INFO] [stdout] test day9::test1::example ... ok
[INFO] [stdout] test day6::test1::input ... FAILED
[INFO] [stdout] test day4::test1::input ... ok
[INFO] [stdout] test day16::test2::example2 ... ok
[INFO] [stdout] test day9::test1::input ... ok
[INFO] [stdout] test day4::test2::input ... ok
[INFO] [stdout] test day16::test1::input ... ok
[INFO] [stdout] test day16::test2::input ... ok
[INFO] [stdout] test day9::test2::input ... ok
[INFO] [stdout] test day9::test2::example ... ok
[INFO] [stdout] test day11::test2::input ... ok
[INFO] [stdout] test day14::test2::input ... ok
[INFO] [stdout] 
[INFO] [stdout] failures:
[INFO] [stdout] 
[INFO] [stdout] ---- day14::test1::input stdout ----
[INFO] [stdout] 
[INFO] [stdout] thread 'day14::test1::input' (536) panicked at src/day14/mod.rs:102:5:
[INFO] [stdout] assertion `left == right` failed
[INFO] [stdout]   left: 228457125
[INFO] [stdout]  right: 1
[INFO] [stdout] stack backtrace:
[INFO] [stdout]    0:     0x590bc0454891 - <<std[97b98282bc616a66]::sys::backtrace::BacktraceLock>::print::DisplayBacktrace as core[832e9a552fc17241]::fmt::Display>::fmt
[INFO] [stdout]    1:     0x590bc0469bea - core[832e9a552fc17241]::fmt::write
[INFO] [stdout]    2:     0x590bc0458d4c - <alloc[3ecab9f82c41dc7d]::vec::Vec<u8> as std[97b98282bc616a66]::io::Write>::write_fmt
[INFO] [stdout]    3:     0x590bc0432fb6 - std[97b98282bc616a66]::panicking::default_hook::{closure#0}
[INFO] [stdout]    4:     0x590bc044cab9 - std[97b98282bc616a66]::panicking::default_hook
[INFO] [stdout]    5:     0x590bc0326b20 - test[39766f3d73431624]::test_main_inner::<test[39766f3d73431624]::test_main_static::{closure#0}>::{closure#0}
[INFO] [stdout]    6:     0x590bc044cc72 - std[97b98282bc616a66]::panicking::panic_with_hook
[INFO] [stdout]    7:     0x590bc0433062 - std[97b98282bc616a66]::panicking::panic_handler::{closure#0}
[INFO] [stdout]    8:     0x590bc042a9b9 - std[97b98282bc616a66]::sys::backtrace::__rust_end_short_backtrace::<std[97b98282bc616a66]::panicking::panic_handler::{closure#0}, !>
[INFO] [stdout]    9:     0x590bc0433c5d - __rustc[e3d8617bb01b7f69]::rust_begin_unwind
[INFO] [stdout]   10:     0x590bc046a3cc - core[832e9a552fc17241]::panicking::panic_fmt
[INFO] [stdout]   11:     0x590bc046a2e3 - core[832e9a552fc17241]::panicking::assert_failed_inner
[INFO] [stdout]   12:     0x590bc0465bbd - core[832e9a552fc17241]::panicking::assert_failed::<usize, usize>
[INFO] [stdout]   13:     0x590bc031443d - aoc2024[af52f4814f9a78e4]::day14::test1
[INFO] [stdout]   14:     0x590bc03111c9 - <aoc2024[af52f4814f9a78e4]::day14::test1::input::{closure#0} as core[832e9a552fc17241]::ops::function::FnOnce<()>>::call_once
[INFO] [stdout]   15:     0x590bc0319e5b - test[39766f3d73431624]::__rust_begin_short_backtrace::<core[832e9a552fc17241]::result::Result<(), alloc[3ecab9f82c41dc7d]::string::String>, fn() -> core[832e9a552fc17241]::result::Result<(), alloc[3ecab9f82c41dc7d]::string::String>>
[INFO] [stdout]   16:     0x590bc03274a5 - test[39766f3d73431624]::run_test::{closure#0}
[INFO] [stdout]   17:     0x590bc0321f54 - std[97b98282bc616a66]::sys::backtrace::__rust_begin_short_backtrace::<test[39766f3d73431624]::run_test::{closure#1}, ()>
[INFO] [stdout]   18:     0x590bc032a5f2 - <std[97b98282bc616a66]::thread::lifecycle::spawn_unchecked<test[39766f3d73431624]::run_test::{closure#1}, ()>::{closure#1} as core[832e9a552fc17241]::ops::function::FnOnce<()>>::call_once::{shim:vtable#0}
[INFO] [stdout]   19:     0x590bc045411f - <std[97b98282bc616a66]::sys::thread::unix::Thread>::new::thread_start
[INFO] [stdout]   20:     0x7341fa83507a - <unknown>
[INFO] [stdout]   21:     0x7341fa8c8534 - clone
[INFO] [stdout]   22:                0x0 - <unknown>
[INFO] [stdout] 
[INFO] [stdout] ---- day16::test1::example2 stdout ----
[INFO] [stdout] 
[INFO] [stdout] thread 'day16::test1::example2' (540) panicked at src/day16/mod.rs:102:5:
[INFO] [stdout] assertion `left == right` failed
[INFO] [stdout]   left: 11048
[INFO] [stdout]  right: 45
[INFO] [stdout] stack backtrace:
[INFO] [stdout]    0:     0x590bc0454891 - <<std[97b98282bc616a66]::sys::backtrace::BacktraceLock>::print::DisplayBacktrace as core[832e9a552fc17241]::fmt::Display>::fmt
[INFO] [stdout]    1:     0x590bc0469bea - core[832e9a552fc17241]::fmt::write
[INFO] [stdout]    2:     0x590bc0458d4c - <alloc[3ecab9f82c41dc7d]::vec::Vec<u8> as std[97b98282bc616a66]::io::Write>::write_fmt
[INFO] [stdout]    3:     0x590bc0432fb6 - std[97b98282bc616a66]::panicking::default_hook::{closure#0}
[INFO] [stdout]    4:     0x590bc044cab9 - std[97b98282bc616a66]::panicking::default_hook
[INFO] [stdout]    5:     0x590bc0326b20 - test[39766f3d73431624]::test_main_inner::<test[39766f3d73431624]::test_main_static::{closure#0}>::{closure#0}
[INFO] [stdout]    6:     0x590bc044cc72 - std[97b98282bc616a66]::panicking::panic_with_hook
[INFO] [stdout]    7:     0x590bc0433062 - std[97b98282bc616a66]::panicking::panic_handler::{closure#0}
[INFO] [stdout]    8:     0x590bc042a9b9 - std[97b98282bc616a66]::sys::backtrace::__rust_end_short_backtrace::<std[97b98282bc616a66]::panicking::panic_handler::{closure#0}, !>
[INFO] [stdout]    9:     0x590bc0433c5d - __rustc[e3d8617bb01b7f69]::rust_begin_unwind
[INFO] [stdout]   10:     0x590bc046a3cc - core[832e9a552fc17241]::panicking::panic_fmt
[INFO] [stdout]   11:     0x590bc046a2e3 - core[832e9a552fc17241]::panicking::assert_failed_inner
[INFO] [stdout]   12:     0x590bc0465bbd - core[832e9a552fc17241]::panicking::assert_failed::<usize, usize>
[INFO] [stdout]   13:     0x590bc0313028 - aoc2024[af52f4814f9a78e4]::day16::test1
[INFO] [stdout]   14:     0x590bc03113a9 - <aoc2024[af52f4814f9a78e4]::day16::test1::example2::{closure#0} as core[832e9a552fc17241]::ops::function::FnOnce<()>>::call_once
[INFO] [stdout]   15:     0x590bc0319e5b - test[39766f3d73431624]::__rust_begin_short_backtrace::<core[832e9a552fc17241]::result::Result<(), alloc[3ecab9f82c41dc7d]::string::String>, fn() -> core[832e9a552fc17241]::result::Result<(), alloc[3ecab9f82c41dc7d]::string::String>>
[INFO] [stdout]   16:     0x590bc03274a5 - test[39766f3d73431624]::run_test::{closure#0}
[INFO] [stdout]   17:     0x590bc0321f54 - std[97b98282bc616a66]::sys::backtrace::__rust_begin_short_backtrace::<test[39766f3d73431624]::run_test::{closure#1}, ()>
[INFO] [stdout]   18:     0x590bc032a5f2 - <std[97b98282bc616a66]::thread::lifecycle::spawn_unchecked<test[39766f3d73431624]::run_test::{closure#1}, ()>::{closure#1} as core[832e9a552fc17241]::ops::function::FnOnce<()>>::call_once::{shim:vtable#0}
[INFO] [stdout]   19:     0x590bc045411f - <std[97b98282bc616a66]::sys::thread::unix::Thread>::new::thread_start
[INFO] [stdout]   20:     0x7341fa83507a - <unknown>
[INFO] [stdout]   21:     0x7341fa8c8534 - clone
[INFO] [stdout]   22:                0x0 - <unknown>
[INFO] [stdout] 
[INFO] [stdout] ---- day2::test2::input stdout ----
[INFO] [stdout] 
[INFO] [stdout] thread 'day2::test2::input' (552) panicked at src/day2/mod.rs:66:5:
[INFO] [stdout] assertion `left == right` failed
[INFO] [stdout]   left: 285
[INFO] [stdout]  right: 253000295
[INFO] [stdout] stack backtrace:
[INFO] [stdout]    0:     0x590bc0454891 - <<std[97b98282bc616a66]::sys::backtrace::BacktraceLock>::print::DisplayBacktrace as core[832e9a552fc17241]::fmt::Display>::fmt
[INFO] [stdout]    1:     0x590bc0469bea - core[832e9a552fc17241]::fmt::write
[INFO] [stdout]    2:     0x590bc0458d4c - <alloc[3ecab9f82c41dc7d]::vec::Vec<u8> as std[97b98282bc616a66]::io::Write>::write_fmt
[INFO] [stdout]    3:     0x590bc0432fb6 - std[97b98282bc616a66]::panicking::default_hook::{closure#0}
[INFO] [stdout]    4:     0x590bc044cab9 - std[97b98282bc616a66]::panicking::default_hook
[INFO] [stdout]    5:     0x590bc0326b20 - test[39766f3d73431624]::test_main_inner::<test[39766f3d73431624]::test_main_static::{closure#0}>::{closure#0}
[INFO] [stdout]    6:     0x590bc044cc72 - std[97b98282bc616a66]::panicking::panic_with_hook
[INFO] [stdout]    7:     0x590bc0433062 - std[97b98282bc616a66]::panicking::panic_handler::{closure#0}
[INFO] [stdout]    8:     0x590bc042a9b9 - std[97b98282bc616a66]::sys::backtrace::__rust_end_short_backtrace::<std[97b98282bc616a66]::panicking::panic_handler::{closure#0}, !>
[INFO] [stdout]    9:     0x590bc0433c5d - __rustc[e3d8617bb01b7f69]::rust_begin_unwind
[INFO] [stdout]   10:     0x590bc046a3cc - core[832e9a552fc17241]::panicking::panic_fmt
[INFO] [stdout]   11:     0x590bc046a2e3 - core[832e9a552fc17241]::panicking::assert_failed_inner
[INFO] [stdout]   12:     0x590bc0465bbd - core[832e9a552fc17241]::panicking::assert_failed::<usize, usize>
[INFO] [stdout]   13:     0x590bc0313c56 - aoc2024[af52f4814f9a78e4]::day2::test2
[INFO] [stdout]   14:     0x590bc0310909 - <aoc2024[af52f4814f9a78e4]::day2::test2::input::{closure#0} as core[832e9a552fc17241]::ops::function::FnOnce<()>>::call_once
[INFO] [stdout]   15:     0x590bc0319e5b - test[39766f3d73431624]::__rust_begin_short_backtrace::<core[832e9a552fc17241]::result::Result<(), alloc[3ecab9f82c41dc7d]::string::String>, fn() -> core[832e9a552fc17241]::result::Result<(), alloc[3ecab9f82c41dc7d]::string::String>>
[INFO] [stdout]   16:     0x590bc03274a5 - test[39766f3d73431624]::run_test::{closure#0}
[INFO] [stdout]   17:     0x590bc0321f54 - std[97b98282bc616a66]::sys::backtrace::__rust_begin_short_backtrace::<test[39766f3d73431624]::run_test::{closure#1}, ()>
[INFO] [stdout]   18:     0x590bc032a5f2 - <std[97b98282bc616a66]::thread::lifecycle::spawn_unchecked<test[39766f3d73431624]::run_test::{closure#1}, ()>::{closure#1} as core[832e9a552fc17241]::ops::function::FnOnce<()>>::call_once::{shim:vtable#0}
[INFO] [stdout]   19:     0x590bc045411f - <std[97b98282bc616a66]::sys::thread::unix::Thread>::new::thread_start
[INFO] [stdout]   20:     0x7341fa83507a - <unknown>
[INFO] [stdout]   21:     0x7341fa8c8534 - clone
[INFO] [stdout]   22:                0x0 - <unknown>
[INFO] [stdout] 
[INFO] [stdout] ---- day4::test2::example2 stdout ----
[INFO] [stdout] 
[INFO] [stdout] thread 'day4::test2::example2' (561) panicked at src/day4/mod.rs:85:5:
[INFO] [stdout] assertion `left == right` failed
[INFO] [stdout]   left: 0
[INFO] [stdout]  right: 1
[INFO] [stdout] stack backtrace:
[INFO] [stdout]    0:     0x590bc0454891 - <<std[97b98282bc616a66]::sys::backtrace::BacktraceLock>::print::DisplayBacktrace as core[832e9a552fc17241]::fmt::Display>::fmt
[INFO] [stdout]    1:     0x590bc0469bea - core[832e9a552fc17241]::fmt::write
[INFO] [stdout]    2:     0x590bc0458d4c - <alloc[3ecab9f82c41dc7d]::vec::Vec<u8> as std[97b98282bc616a66]::io::Write>::write_fmt
[INFO] [stdout]    3:     0x590bc0432fb6 - std[97b98282bc616a66]::panicking::default_hook::{closure#0}
[INFO] [stdout]    4:     0x590bc044cab9 - std[97b98282bc616a66]::panicking::default_hook
[INFO] [stdout]    5:     0x590bc0326b20 - test[39766f3d73431624]::test_main_inner::<test[39766f3d73431624]::test_main_static::{closure#0}>::{closure#0}
[INFO] [stdout]    6:     0x590bc044cc72 - std[97b98282bc616a66]::panicking::panic_with_hook
[INFO] [stdout]    7:     0x590bc0433062 - std[97b98282bc616a66]::panicking::panic_handler::{closure#0}
[INFO] [stdout]    8:     0x590bc042a9b9 - std[97b98282bc616a66]::sys::backtrace::__rust_end_short_backtrace::<std[97b98282bc616a66]::panicking::panic_handler::{closure#0}, !>
[INFO] [stdout]    9:     0x590bc0433c5d - __rustc[e3d8617bb01b7f69]::rust_begin_unwind
[INFO] [stdout]   10:     0x590bc046a3cc - core[832e9a552fc17241]::panicking::panic_fmt
[INFO] [stdout]   11:     0x590bc046a2e3 - core[832e9a552fc17241]::panicking::assert_failed_inner
[INFO] [stdout]   12:     0x590bc0465bbd - core[832e9a552fc17241]::panicking::assert_failed::<usize, usize>
[INFO] [stdout]   13:     0x590bc0312a59 - aoc2024[af52f4814f9a78e4]::day4::test2
[INFO] [stdout]   14:     0x590bc0310c79 - <aoc2024[af52f4814f9a78e4]::day4::test2::example2::{closure#0} as core[832e9a552fc17241]::ops::function::FnOnce<()>>::call_once
[INFO] [stdout]   15:     0x590bc0319e5b - test[39766f3d73431624]::__rust_begin_short_backtrace::<core[832e9a552fc17241]::result::Result<(), alloc[3ecab9f82c41dc7d]::string::String>, fn() -> core[832e9a552fc17241]::result::Result<(), alloc[3ecab9f82c41dc7d]::string::String>>
[INFO] [stdout]   16:     0x590bc03274a5 - test[39766f3d73431624]::run_test::{closure#0}
[INFO] [stdout]   17:     0x590bc0321f54 - std[97b98282bc616a66]::sys::backtrace::__rust_begin_short_backtrace::<test[39766f3d73431624]::run_test::{closure#1}, ()>
[INFO] [stdout]   18:     0x590bc032a5f2 - <std[97b98282bc616a66]::thread::lifecycle::spawn_unchecked<test[39766f3d73431624]::run_test::{closure#1}, ()>::{closure#1} as core[832e9a552fc17241]::ops::function::FnOnce<()>>::call_once::{shim:vtable#0}
[INFO] [stdout]   19:     0x590bc045411f - <std[97b98282bc616a66]::sys::thread::unix::Thread>::new::thread_start
[INFO] [stdout]   20:     0x7341fa83507a - <unknown>
[INFO] [stdout]   21:     0x7341fa8c8534 - clone
[INFO] [stdout]   22:                0x0 - <unknown>
[INFO] [stdout] 
[INFO] [stdout] ---- day5::test1::example stdout ----
[INFO] [stdout] 
[INFO] [stdout] thread 'day5::test1::example' (563) panicked at src/day5/mod.rs:61:55:
[INFO] [stdout] called `Option::unwrap()` on a `None` value
[INFO] [stdout] stack backtrace:
[INFO] [stdout]    0:     0x590bc0454891 - <<std[97b98282bc616a66]::sys::backtrace::BacktraceLock>::print::DisplayBacktrace as core[832e9a552fc17241]::fmt::Display>::fmt
[INFO] [stdout]    1:     0x590bc0469bea - core[832e9a552fc17241]::fmt::write
[INFO] [stdout]    2:     0x590bc0458d4c - <alloc[3ecab9f82c41dc7d]::vec::Vec<u8> as std[97b98282bc616a66]::io::Write>::write_fmt
[INFO] [stdout]    3:     0x590bc0432fb6 - std[97b98282bc616a66]::panicking::default_hook::{closure#0}
[INFO] [stdout]    4:     0x590bc044cab9 - std[97b98282bc616a66]::panicking::default_hook
[INFO] [stdout]    5:     0x590bc0326b20 - test[39766f3d73431624]::test_main_inner::<test[39766f3d73431624]::test_main_static::{closure#0}>::{closure#0}
[INFO] [stdout]    6:     0x590bc044cc72 - std[97b98282bc616a66]::panicking::panic_with_hook
[INFO] [stdout]    7:     0x590bc0433094 - std[97b98282bc616a66]::panicking::panic_handler::{closure#0}
[INFO] [stdout]    8:     0x590bc042a9b9 - std[97b98282bc616a66]::sys::backtrace::__rust_end_short_backtrace::<std[97b98282bc616a66]::panicking::panic_handler::{closure#0}, !>
[INFO] [stdout]    9:     0x590bc0433c5d - __rustc[e3d8617bb01b7f69]::rust_begin_unwind
[INFO] [stdout]   10:     0x590bc046a3cc - core[832e9a552fc17241]::panicking::panic_fmt
[INFO] [stdout]   11:     0x590bc046a392 - core[832e9a552fc17241]::panicking::panic
[INFO] [stdout]   12:     0x590bc046a149 - core[832e9a552fc17241]::option::unwrap_failed
[INFO] [stdout]   13:     0x590bc030fa96 - aoc2024[af52f4814f9a78e4]::day5::parse_input
[INFO] [stdout]   14:     0x590bc030fe5a - aoc2024[af52f4814f9a78e4]::day5::test1
[INFO] [stdout]   15:     0x590bc0310d19 - <aoc2024[af52f4814f9a78e4]::day5::test1::example::{closure#0} as core[832e9a552fc17241]::ops::function::FnOnce<()>>::call_once
[INFO] [stdout]   16:     0x590bc0319e5b - test[39766f3d73431624]::__rust_begin_short_backtrace::<core[832e9a552fc17241]::result::Result<(), alloc[3ecab9f82c41dc7d]::string::String>, fn() -> core[832e9a552fc17241]::result::Result<(), alloc[3ecab9f82c41dc7d]::string::String>>
[INFO] [stdout]   17:     0x590bc03274a5 - test[39766f3d73431624]::run_test::{closure#0}
[INFO] [stdout]   18:     0x590bc0321f54 - std[97b98282bc616a66]::sys::backtrace::__rust_begin_short_backtrace::<test[39766f3d73431624]::run_test::{closure#1}, ()>
[INFO] [stdout]   19:     0x590bc032a5f2 - <std[97b98282bc616a66]::thread::lifecycle::spawn_unchecked<test[39766f3d73431624]::run_test::{closure#1}, ()>::{closure#1} as core[832e9a552fc17241]::ops::function::FnOnce<()>>::call_once::{shim:vtable#0}
[INFO] [stdout]   20:     0x590bc045411f - <std[97b98282bc616a66]::sys::thread::unix::Thread>::new::thread_start
[INFO] [stdout]   21:     0x7341fa83507a - <unknown>
[INFO] [stdout]   22:     0x7341fa8c8534 - clone
[INFO] [stdout]   23:                0x0 - <unknown>
[INFO] [stdout] 
[INFO] [stdout] ---- day5::test2::input stdout ----
[INFO] [stdout] 
[INFO] [stdout] thread 'day5::test2::input' (566) panicked at src/day5/mod.rs:61:55:
[INFO] [stdout] called `Option::unwrap()` on a `None` value
[INFO] [stdout] stack backtrace:
[INFO] [stdout]    0:     0x590bc0454891 - <<std[97b98282bc616a66]::sys::backtrace::BacktraceLock>::print::DisplayBacktrace as core[832e9a552fc17241]::fmt::Display>::fmt
[INFO] [stdout]    1:     0x590bc0469bea - core[832e9a552fc17241]::fmt::write
[INFO] [stdout]    2:     0x590bc0458d4c - <alloc[3ecab9f82c41dc7d]::vec::Vec<u8> as std[97b98282bc616a66]::io::Write>::write_fmt
[INFO] [stdout]    3:     0x590bc0432fb6 - std[97b98282bc616a66]::panicking::default_hook::{closure#0}
[INFO] [stdout]    4:     0x590bc044cab9 - std[97b98282bc616a66]::panicking::default_hook
[INFO] [stdout]    5:     0x590bc0326b20 - test[39766f3d73431624]::test_main_inner::<test[39766f3d73431624]::test_main_static::{closure#0}>::{closure#0}
[INFO] [stdout]    6:     0x590bc044cc72 - std[97b98282bc616a66]::panicking::panic_with_hook
[INFO] [stdout]    7:     0x590bc0433094 - std[97b98282bc616a66]::panicking::panic_handler::{closure#0}
[INFO] [stdout]    8:     0x590bc042a9b9 - std[97b98282bc616a66]::sys::backtrace::__rust_end_short_backtrace::<std[97b98282bc616a66]::panicking::panic_handler::{closure#0}, !>
[INFO] [stdout]    9:     0x590bc0433c5d - __rustc[e3d8617bb01b7f69]::rust_begin_unwind
[INFO] [stdout]   10:     0x590bc046a3cc - core[832e9a552fc17241]::panicking::panic_fmt
[INFO] [stdout]   11:     0x590bc046a392 - core[832e9a552fc17241]::panicking::panic
[INFO] [stdout]   12:     0x590bc046a149 - core[832e9a552fc17241]::option::unwrap_failed
[INFO] [stdout]   13:     0x590bc030fa96 - aoc2024[af52f4814f9a78e4]::day5::parse_input
[INFO] [stdout]   14:     0x590bc031006a - aoc2024[af52f4814f9a78e4]::day5::test2
[INFO] [stdout]   15:     0x590bc0310d69 - <aoc2024[af52f4814f9a78e4]::day5::test2::input::{closure#0} as core[832e9a552fc17241]::ops::function::FnOnce<()>>::call_once
[INFO] [stdout]   16:     0x590bc0319e5b - test[39766f3d73431624]::__rust_begin_short_backtrace::<core[832e9a552fc17241]::result::Result<(), alloc[3ecab9f82c41dc7d]::string::String>, fn() -> core[832e9a552fc17241]::result::Result<(), alloc[3ecab9f82c41dc7d]::string::String>>
[INFO] [stdout]   17:     0x590bc03274a5 - test[39766f3d73431624]::run_test::{closure#0}
[INFO] [stdout]   18:     0x590bc0321f54 - std[97b98282bc616a66]::sys::backtrace::__rust_begin_short_backtrace::<test[39766f3d73431624]::run_test::{closure#1}, ()>
[INFO] [stdout]   19:     0x590bc032a5f2 - <std[97b98282bc616a66]::thread::lifecycle::spawn_unchecked<test[39766f3d73431624]::run_test::{closure#1}, ()>::{closure#1} as core[832e9a552fc17241]::ops::function::FnOnce<()>>::call_once::{shim:vtable#0}
[INFO] [stdout]   20:     0x590bc045411f - <std[97b98282bc616a66]::sys::thread::unix::Thread>::new::thread_start
[INFO] [stdout]   21:     0x7341fa83507a - <unknown>
[INFO] [stdout]   22:     0x7341fa8c8534 - clone
[INFO] [stdout]   23:                0x0 - <unknown>
[INFO] [stdout] 
[INFO] [stdout] ---- day5::test2::example stdout ----
[INFO] [stdout] 
[INFO] [stdout] thread 'day5::test2::example' (565) panicked at src/day5/mod.rs:61:55:
[INFO] [stdout] called `Option::unwrap()` on a `None` value
[INFO] [stdout] stack backtrace:
[INFO] [stdout]    0:     0x590bc0454891 - <<std[97b98282bc616a66]::sys::backtrace::BacktraceLock>::print::DisplayBacktrace as core[832e9a552fc17241]::fmt::Display>::fmt
[INFO] [stdout]    1:     0x590bc0469bea - core[832e9a552fc17241]::fmt::write
[INFO] [stdout]    2:     0x590bc0458d4c - <alloc[3ecab9f82c41dc7d]::vec::Vec<u8> as std[97b98282bc616a66]::io::Write>::write_fmt
[INFO] [stdout]    3:     0x590bc0432fb6 - std[97b98282bc616a66]::panicking::default_hook::{closure#0}
[INFO] [stdout]    4:     0x590bc044cab9 - std[97b98282bc616a66]::panicking::default_hook
[INFO] [stdout]    5:     0x590bc0326b20 - test[39766f3d73431624]::test_main_inner::<test[39766f3d73431624]::test_main_static::{closure#0}>::{closure#0}
[INFO] [stdout]    6:     0x590bc044cc72 - std[97b98282bc616a66]::panicking::panic_with_hook
[INFO] [stdout]    7:     0x590bc0433094 - std[97b98282bc616a66]::panicking::panic_handler::{closure#0}
[INFO] [stdout]    8:     0x590bc042a9b9 - std[97b98282bc616a66]::sys::backtrace::__rust_end_short_backtrace::<std[97b98282bc616a66]::panicking::panic_handler::{closure#0}, !>
[INFO] [stdout]    9:     0x590bc0433c5d - __rustc[e3d8617bb01b7f69]::rust_begin_unwind
[INFO] [stdout]   10:     0x590bc046a3cc - core[832e9a552fc17241]::panicking::panic_fmt
[INFO] [stdout]   11:     0x590bc046a392 - core[832e9a552fc17241]::panicking::panic
[INFO] [stdout]   12:     0x590bc046a149 - core[832e9a552fc17241]::option::unwrap_failed
[INFO] [stdout]   13:     0x590bc030fa96 - aoc2024[af52f4814f9a78e4]::day5::parse_input
[INFO] [stdout]   14:     0x590bc031006a - aoc2024[af52f4814f9a78e4]::day5::test2
[INFO] [stdout]   15:     0x590bc0310db9 - <aoc2024[af52f4814f9a78e4]::day5::test2::example::{closure#0} as core[832e9a552fc17241]::ops::function::FnOnce<()>>::call_once
[INFO] [stdout]   16:     0x590bc0319e5b - test[39766f3d73431624]::__rust_begin_short_backtrace::<core[832e9a552fc17241]::result::Result<(), alloc[3ecab9f82c41dc7d]::string::String>, fn() -> core[832e9a552fc17241]::result::Result<(), alloc[3ecab9f82c41dc7d]::string::String>>
[INFO] [stdout]   17:     0x590bc03274a5 - test[39766f3d73431624]::run_test::{closure#0}
[INFO] [stdout]   18:     0x590bc0321f54 - std[97b98282bc616a66]::sys::backtrace::__rust_begin_short_backtrace::<test[39766f3d73431624]::run_test::{closure#1}, ()>
[INFO] [stdout]   19:     0x590bc032a5f2 - <std[97b98282bc616a66]::thread::lifecycle::spawn_unchecked<test[39766f3d73431624]::run_test::{closure#1}, ()>::{closure#1} as core[832e9a552fc17241]::ops::function::FnOnce<()>>::call_once::{shim:vtable#0}
[INFO] [stdout]   20:     0x590bc045411f - <std[97b98282bc616a66]::sys::thread::unix::Thread>::new::thread_start
[INFO] [stdout]   21:     0x7341fa83507a - <unknown>
[INFO] [stdout]   22:     0x7341fa8c8534 - clone
[INFO] [stdout]   23:                0x0 - <unknown>
[INFO] [stdout] 
[INFO] [stdout] ---- day5::test1::input stdout ----
[INFO] [stdout] 
[INFO] [stdout] thread 'day5::test1::input' (564) panicked at src/day5/mod.rs:61:55:
[INFO] [stdout] called `Option::unwrap()` on a `None` value
[INFO] [stdout] stack backtrace:
[INFO] [stdout]    0:     0x590bc0454891 - <<std[97b98282bc616a66]::sys::backtrace::BacktraceLock>::print::DisplayBacktrace as core[832e9a552fc17241]::fmt::Display>::fmt
[INFO] [stdout]    1:     0x590bc0469bea - core[832e9a552fc17241]::fmt::write
[INFO] [stdout]    2:     0x590bc0458d4c - <alloc[3ecab9f82c41dc7d]::vec::Vec<u8> as std[97b98282bc616a66]::io::Write>::write_fmt
[INFO] [stdout]    3:     0x590bc0432fb6 - std[97b98282bc616a66]::panicking::default_hook::{closure#0}
[INFO] [stdout]    4:     0x590bc044cab9 - std[97b98282bc616a66]::panicking::default_hook
[INFO] [stdout]    5:     0x590bc0326b20 - test[39766f3d73431624]::test_main_inner::<test[39766f3d73431624]::test_main_static::{closure#0}>::{closure#0}
[INFO] [stdout]    6:     0x590bc044cc72 - std[97b98282bc616a66]::panicking::panic_with_hook
[INFO] [stdout]    7:     0x590bc0433094 - std[97b98282bc616a66]::panicking::panic_handler::{closure#0}
[INFO] [stdout]    8:     0x590bc042a9b9 - std[97b98282bc616a66]::sys::backtrace::__rust_end_short_backtrace::<std[97b98282bc616a66]::panicking::panic_handler::{closure#0}, !>
[INFO] [stdout]    9:     0x590bc0433c5d - __rustc[e3d8617bb01b7f69]::rust_begin_unwind
[INFO] [stdout]   10:     0x590bc046a3cc - core[832e9a552fc17241]::panicking::panic_fmt
[INFO] [stdout]   11:     0x590bc046a392 - core[832e9a552fc17241]::panicking::panic
[INFO] [stdout]   12:     0x590bc046a149 - core[832e9a552fc17241]::option::unwrap_failed
[INFO] [stdout]   13:     0x590bc030fa96 - aoc2024[af52f4814f9a78e4]::day5::parse_input
[INFO] [stdout]   14:     0x590bc030fe5a - aoc2024[af52f4814f9a78e4]::day5::test1
[INFO] [stdout]   15:     0x590bc0310cc9 - <aoc2024[af52f4814f9a78e4]::day5::test1::input::{closure#0} as core[832e9a552fc17241]::ops::function::FnOnce<()>>::call_once
[INFO] [stdout]   16:     0x590bc0319e5b - test[39766f3d73431624]::__rust_begin_short_backtrace::<core[832e9a552fc17241]::result::Result<(), alloc[3ecab9f82c41dc7d]::string::String>, fn() -> core[832e9a552fc17241]::result::Result<(), alloc[3ecab9f82c41dc7d]::string::String>>
[INFO] [stdout]   17:     0x590bc03274a5 - test[39766f3d73431624]::run_test::{closure#0}
[INFO] [stdout]   18:     0x590bc0321f54 - std[97b98282bc616a66]::sys::backtrace::__rust_begin_short_backtrace::<test[39766f3d73431624]::run_test::{closure#1}, ()>
[INFO] [stdout]   19:     0x590bc032a5f2 - <std[97b98282bc616a66]::thread::lifecycle::spawn_unchecked<test[39766f3d73431624]::run_test::{closure#1}, ()>::{closure#1} as core[832e9a552fc17241]::ops::function::FnOnce<()>>::call_once::{shim:vtable#0}
[INFO] [stdout]   20:     0x590bc045411f - <std[97b98282bc616a66]::sys::thread::unix::Thread>::new::thread_start
[INFO] [stdout]   21:     0x7341fa83507a - <unknown>
[INFO] [stdout]   22:     0x7341fa8c8534 - clone
[INFO] [stdout]   23:                0x0 - <unknown>
[INFO] [stdout] 
[INFO] [stdout] ---- day6::test1::input stdout ----
[INFO] [stdout] 
[INFO] [stdout] thread 'day6::test1::input' (568) panicked at src/day6/mod.rs:61:5:
[INFO] [stdout] assertion `left == right` failed
[INFO] [stdout]   left: 4656
[INFO] [stdout]  right: 1
[INFO] [stdout] stack backtrace:
[INFO] [stdout]    0:     0x590bc0454891 - <<std[97b98282bc616a66]::sys::backtrace::BacktraceLock>::print::DisplayBacktrace as core[832e9a552fc17241]::fmt::Display>::fmt
[INFO] [stdout]    1:     0x590bc0469bea - core[832e9a552fc17241]::fmt::write
[INFO] [stdout]    2:     0x590bc0458d4c - <alloc[3ecab9f82c41dc7d]::vec::Vec<u8> as std[97b98282bc616a66]::io::Write>::write_fmt
[INFO] [stdout]    3:     0x590bc0432fb6 - std[97b98282bc616a66]::panicking::default_hook::{closure#0}
[INFO] [stdout]    4:     0x590bc044cab9 - std[97b98282bc616a66]::panicking::default_hook
[INFO] [stdout]    5:     0x590bc0326b20 - test[39766f3d73431624]::test_main_inner::<test[39766f3d73431624]::test_main_static::{closure#0}>::{closure#0}
[INFO] [stdout]    6:     0x590bc044cc72 - std[97b98282bc616a66]::panicking::panic_with_hook
[INFO] [stdout]    7:     0x590bc0433062 - std[97b98282bc616a66]::panicking::panic_handler::{closure#0}
[INFO] [stdout]    8:     0x590bc042a9b9 - std[97b98282bc616a66]::sys::backtrace::__rust_end_short_backtrace::<std[97b98282bc616a66]::panicking::panic_handler::{closure#0}, !>
[INFO] [stdout]    9:     0x590bc0433c5d - __rustc[e3d8617bb01b7f69]::rust_begin_unwind
[INFO] [stdout]   10:     0x590bc046a3cc - core[832e9a552fc17241]::panicking::panic_fmt
[INFO] [stdout]   11:     0x590bc046a2e3 - core[832e9a552fc17241]::panicking::assert_failed_inner
[INFO] [stdout]   12:     0x590bc0465bbd - core[832e9a552fc17241]::panicking::assert_failed::<usize, usize>
[INFO] [stdout]   13:     0x590bc030e997 - aoc2024[af52f4814f9a78e4]::day6::test1
[INFO] [stdout]   14:     0x590bc0310e09 - <aoc2024[af52f4814f9a78e4]::day6::test1::input::{closure#0} as core[832e9a552fc17241]::ops::function::FnOnce<()>>::call_once
[INFO] [stdout]   15:     0x590bc0319e5b - test[39766f3d73431624]::__rust_begin_short_backtrace::<core[832e9a552fc17241]::result::Result<(), alloc[3ecab9f82c41dc7d]::string::String>, fn() -> core[832e9a552fc17241]::result::Result<(), alloc[3ecab9f82c41dc7d]::string::String>>
[INFO] [stdout]   16:     0x590bc03274a5 - test[39766f3d73431624]::run_test::{closure#0}
[INFO] [stdout]   17:     0x590bc0321f54 - std[97b98282bc616a66]::sys::backtrace::__rust_begin_short_backtrace::<test[39766f3d73431624]::run_test::{closure#1}, ()>
[INFO] [stdout]   18:     0x590bc032a5f2 - <std[97b98282bc616a66]::thread::lifecycle::spawn_unchecked<test[39766f3d73431624]::run_test::{closure#1}, ()>::{closure#1} as core[832e9a552fc17241]::ops::function::FnOnce<()>>::call_once::{shim:vtable#0}
[INFO] [stdout]   19:     0x590bc045411f - <std[97b98282bc616a66]::sys::thread::unix::Thread>::new::thread_start
[INFO] [stdout]   20:     0x7341fa83507a - <unknown>
[INFO] [stdout]   21:     0x7341fa8c8534 - clone
[INFO] [stdout]   22:                0x0 - <unknown>
[INFO] [stdout] 
[INFO] [stdout] 
[INFO] [stdout] failures:
[INFO] [stdout]     day14::test1::input
[INFO] [stdout]     day16::test1::example2
[INFO] [stdout]     day2::test2::input
[INFO] [stdout]     day4::test2::example2
[INFO] [stdout]     day5::test1::example
[INFO] [stdout]     day5::test1::input
[INFO] [stdout]     day5::test2::example
[INFO] [stdout]     day5::test2::input
[INFO] [stdout]     day6::test1::input
[INFO] [stdout] 
[INFO] [stdout] test result: FAILED. 35 passed; 9 failed; 0 ignored; 0 measured; 0 filtered out; finished in 0.40s
[INFO] [stdout] 
[INFO] [stderr] error: test failed, to rerun pass `--bin aoc2024`
[INFO] running `Command { std: "docker" "inspect" "8fddbf888081eed13a51325423b6858c841e6314be8e3e54069335b58bd9c2e3", kill_on_drop: false }`
[INFO] running `Command { std: "docker" "rm" "-f" "8fddbf888081eed13a51325423b6858c841e6314be8e3e54069335b58bd9c2e3", kill_on_drop: false }`
[INFO] [stdout] 8fddbf888081eed13a51325423b6858c841e6314be8e3e54069335b58bd9c2e3
