[INFO] cloning repository https://github.com/m4rc3l04ugu2t0/advent-of-code
[INFO] running `Command { std: "git" "-c" "credential.helper=" "-c" "credential.helper=/workspace/cargo-home/bin/git-credential-null" "clone" "--bare" "https://github.com/m4rc3l04ugu2t0/advent-of-code" "/workspace/cache/git-repos/https%3A%2F%2Fgithub.com%2Fm4rc3l04ugu2t0%2Fadvent-of-code", kill_on_drop: false }`
[INFO] [stderr] Cloning into bare repository '/workspace/cache/git-repos/https%3A%2F%2Fgithub.com%2Fm4rc3l04ugu2t0%2Fadvent-of-code'...
[INFO] running `Command { std: "git" "rev-parse" "HEAD", kill_on_drop: false }`
[INFO] [stdout] 71bef7c9e128239d525e7152e48e8967751fe98a
[INFO] testing m4rc3l04ugu2t0/advent-of-code against 1.98.0-beta.8+cargoflags=--release for beta-release-1.99-2
[INFO] running `Command { std: "git" "clone" "/workspace/cache/git-repos/https%3A%2F%2Fgithub.com%2Fm4rc3l04ugu2t0%2Fadvent-of-code" "/workspace/builds/worker-2-tc1/source", kill_on_drop: false }`
[INFO] [stderr] Cloning into '/workspace/builds/worker-2-tc1/source'...
[INFO] [stderr] done.
[INFO] started tweaking git repo https://github.com/m4rc3l04ugu2t0/advent-of-code
[INFO] finished tweaking git repo https://github.com/m4rc3l04ugu2t0/advent-of-code
[INFO] tweaked toml for git repo https://github.com/m4rc3l04ugu2t0/advent-of-code written to /workspace/builds/worker-2-tc1/source/Cargo.toml
[INFO] validating manifest of git repo https://github.com/m4rc3l04ugu2t0/advent-of-code on toolchain 1.98.0-beta.8
[INFO] running `Command { std: CARGO_HOME="/workspace/cargo-home" RUSTUP_HOME="/workspace/rustup-home" "/workspace/cargo-home/bin/cargo" "+1.98.0-beta.8" "metadata" "--manifest-path" "Cargo.toml" "--no-deps", kill_on_drop: false }`
[INFO] crate git repo https://github.com/m4rc3l04ugu2t0/advent-of-code already has a lockfile, it will not be regenerated
[INFO] running `Command { std: CARGO_HOME="/workspace/cargo-home" RUSTUP_HOME="/workspace/rustup-home" "/workspace/cargo-home/bin/cargo" "+1.98.0-beta.8" "fetch" "--manifest-path" "Cargo.toml", kill_on_drop: false }`
[INFO] [stderr]     Blocking waiting for file lock on package cache
[INFO] [stderr]     Updating crates.io index
[INFO] [stderr]  Downloading crates ...
[INFO] [stderr]   Downloaded clap v4.5.23
[INFO] [stderr]   Downloaded divan v0.1.17
[INFO] [stderr]   Downloaded terminal_size v0.4.1
[INFO] [stderr]   Downloaded clap_builder v4.5.23
[INFO] running `Command { std: "docker" "create" "-v" "/var/lib/crater-agent-workspace/builds/worker-2-tc1/source:/opt/rustwide/workdir:ro,Z" "-v" "/var/lib/crater-agent-workspace/builds/worker-2-tc1/target:/opt/rustwide/target:rw,Z" "-v" "/var/lib/crater-agent-workspace/cargo-home:/opt/rustwide/cargo-home:ro,Z" "-v" "/var/lib/crater-agent-workspace/rustup-home:/opt/rustwide/rustup-home:ro,Z" "-m" "1610612736" "--network" "none" "ghcr.io/rust-lang/crates-build-env/linux@sha256:8683fc1fc2eb5c9ac98e0d076ab094b2ffac7f99da555d2b6a2e27f346de2ec7" "sleep" "infinity", kill_on_drop: false }`
[INFO] [stdout] b3fc68894116c4e18cdd7915687ef1ade225ba023c6e1f27549580469cfa19b6
[INFO] running `Command { std: "docker" "start" "b3fc68894116c4e18cdd7915687ef1ade225ba023c6e1f27549580469cfa19b6", kill_on_drop: false }`
[INFO] running `Command { std: "docker" "inspect" "b3fc68894116c4e18cdd7915687ef1ade225ba023c6e1f27549580469cfa19b6", kill_on_drop: false }`
[INFO] running `Command { std: "docker" "exec" "-e" "SOURCE_DIR=/opt/rustwide/workdir" "-e" "CARGO_HOME=/opt/rustwide/cargo-home" "-e" "RUSTUP_HOME=/opt/rustwide/rustup-home" "-e" "CARGO_TARGET_DIR=/opt/rustwide/target" "-w" "/opt/rustwide/workdir" "--user" "0:0" "b3fc68894116c4e18cdd7915687ef1ade225ba023c6e1f27549580469cfa19b6" "/opt/rustwide/cargo-home/bin/cargo" "+1.98.0-beta.8" "metadata" "--no-deps" "--format-version=1", kill_on_drop: false }`
[INFO] running `Command { std: "docker" "inspect" "b3fc68894116c4e18cdd7915687ef1ade225ba023c6e1f27549580469cfa19b6", kill_on_drop: false }`
[INFO] running `Command { std: "docker" "exec" "-e" "SOURCE_DIR=/opt/rustwide/workdir" "-e" "CARGO_HOME=/opt/rustwide/cargo-home" "-e" "RUSTUP_HOME=/opt/rustwide/rustup-home" "-e" "CARGO_TARGET_DIR=/opt/rustwide/target" "-e" "CARGO_INCREMENTAL=0" "-e" "RUST_BACKTRACE=full" "-e" "RUSTFLAGS=--cap-lints=warn" "-e" "RUSTDOCFLAGS=--cap-lints=warn" "-w" "/opt/rustwide/workdir" "--user" "0:0" "b3fc68894116c4e18cdd7915687ef1ade225ba023c6e1f27549580469cfa19b6" "/opt/rustwide/cargo-home/bin/cargo" "+1.98.0-beta.8" "build" "--frozen" "--message-format=json" "--release", kill_on_drop: false }`
[INFO] [stderr]    Compiling proc-macro2 v1.0.92
[INFO] [stderr]    Compiling rustix v0.38.41
[INFO] [stderr]    Compiling bitflags v2.6.0
[INFO] [stderr]    Compiling unicode-ident v1.0.14
[INFO] [stderr]    Compiling linux-raw-sys v0.4.14
[INFO] [stderr]    Compiling libc v0.2.167
[INFO] [stderr]    Compiling clap_lex v0.7.4
[INFO] [stderr]    Compiling anstyle v1.0.10
[INFO] [stderr]    Compiling memchr v2.7.4
[INFO] [stderr]    Compiling regex-lite v0.1.6
[INFO] [stderr]    Compiling either v1.13.0
[INFO] [stderr]    Compiling cfg-if v1.0.0
[INFO] [stderr]    Compiling condtype v1.3.0
[INFO] [stderr]    Compiling regex-syntax v0.8.5
[INFO] [stderr]    Compiling minimal-lexical v0.2.1
[INFO] [stderr]    Compiling day-1 v0.1.0 (/opt/rustwide/workdir/day-1)
[INFO] [stderr]    Compiling itertools v0.13.0
[INFO] [stderr]    Compiling quote v1.0.37
[INFO] [stderr]    Compiling syn v2.0.90
[INFO] [stderr]    Compiling aho-corasick v1.1.3
[INFO] [stderr]    Compiling nom v7.1.3
[INFO] [stderr]    Compiling terminal_size v0.4.1
[INFO] [stderr]    Compiling clap_builder v4.5.23
[INFO] [stderr]    Compiling regex-automata v0.4.9
[INFO] [stderr]    Compiling divan-macros v0.1.17
[INFO] [stderr]    Compiling clap v4.5.23
[INFO] [stderr]    Compiling divan v0.1.17
[INFO] [stderr]    Compiling regex v1.11.1
[INFO] [stderr]    Compiling day-3 v0.1.0 (/opt/rustwide/workdir/day-3)
[INFO] [stderr]    Compiling day-2 v0.1.0 (/opt/rustwide/workdir/day-2)
[INFO] [stderr]     Finished `release` profile [optimized + debuginfo] target(s) in 39.27s
[INFO] running `Command { std: "docker" "inspect" "b3fc68894116c4e18cdd7915687ef1ade225ba023c6e1f27549580469cfa19b6", kill_on_drop: false }`
[INFO] running `Command { std: "docker" "exec" "-e" "SOURCE_DIR=/opt/rustwide/workdir" "-e" "CARGO_HOME=/opt/rustwide/cargo-home" "-e" "RUSTUP_HOME=/opt/rustwide/rustup-home" "-e" "CARGO_TARGET_DIR=/opt/rustwide/target" "-e" "CARGO_INCREMENTAL=0" "-e" "RUST_BACKTRACE=full" "-e" "RUSTFLAGS=--cap-lints=warn" "-e" "RUSTDOCFLAGS=--cap-lints=warn" "-w" "/opt/rustwide/workdir" "--user" "0:0" "b3fc68894116c4e18cdd7915687ef1ade225ba023c6e1f27549580469cfa19b6" "/opt/rustwide/cargo-home/bin/cargo" "+1.98.0-beta.8" "test" "--frozen" "--no-run" "--message-format=json" "--release", kill_on_drop: false }`
[INFO] [stderr]    Compiling day-2 v0.1.0 (/opt/rustwide/workdir/day-2)
[INFO] [stderr]    Compiling day-1 v0.1.0 (/opt/rustwide/workdir/day-1)
[INFO] [stderr]    Compiling day-3 v0.1.0 (/opt/rustwide/workdir/day-3)
[INFO] [stderr]     Finished `release` profile [optimized + debuginfo] target(s) in 1.52s
[INFO] running `Command { std: "docker" "inspect" "b3fc68894116c4e18cdd7915687ef1ade225ba023c6e1f27549580469cfa19b6", kill_on_drop: false }`
[INFO] running `Command { std: "docker" "exec" "-e" "SOURCE_DIR=/opt/rustwide/workdir" "-e" "CARGO_HOME=/opt/rustwide/cargo-home" "-e" "RUSTUP_HOME=/opt/rustwide/rustup-home" "-e" "CARGO_TARGET_DIR=/opt/rustwide/target" "-e" "CARGO_INCREMENTAL=0" "-e" "RUST_BACKTRACE=full" "-e" "RUSTFLAGS=--cap-lints=warn" "-e" "RUSTDOCFLAGS=--cap-lints=warn" "-w" "/opt/rustwide/workdir" "--user" "0:0" "b3fc68894116c4e18cdd7915687ef1ade225ba023c6e1f27549580469cfa19b6" "/opt/rustwide/cargo-home/bin/cargo" "+1.98.0-beta.8" "test" "--frozen" "--release", kill_on_drop: false }`
[INFO] [stderr]     Finished `release` profile [optimized + debuginfo] target(s) in 0.06s
[INFO] [stderr]      Running unittests src/lib.rs (/opt/rustwide/target/release/deps/day_1-4b33f6c697266eb3)
[INFO] [stdout] 
[INFO] [stdout] running 2 tests
[INFO] [stdout] test part_1::test ... ok
[INFO] [stdout] test part_2::test ... ok
[INFO] [stderr]      Running unittests src/bin/bin_1_1.rs (/opt/rustwide/target/release/deps/bin_1_1-846456183e1a3608)
[INFO] [stdout] 
[INFO] [stdout] test result: ok. 2 passed; 0 failed; 0 ignored; 0 measured; 0 filtered out; finished in 0.12s
[INFO] [stdout] 
[INFO] [stderr]      Running unittests src/bin/bin_2_1.rs (/opt/rustwide/target/release/deps/bin_2_1-e505db646a2d4d27)
[INFO] [stdout] 
[INFO] [stdout] running 0 tests
[INFO] [stdout] 
[INFO] [stdout] test result: ok. 0 passed; 0 failed; 0 ignored; 0 measured; 0 filtered out; finished in 0.00s
[INFO] [stdout] 
[INFO] [stdout] 
[INFO] [stdout] running 0 tests
[INFO] [stdout] 
[INFO] [stderr]      Running unittests src/lib.rs (/opt/rustwide/target/release/deps/day_2-e6a7c22dd575ff1b)
[INFO] [stdout] test result: ok. 0 passed; 0 failed; 0 ignored; 0 measured; 0 filtered out; finished in 0.00s
[INFO] [stdout] 
[INFO] [stdout] 
[INFO] [stdout] running 2 tests
[INFO] [stderr] error: test failed, to rerun pass `-p day-2 --lib`
[INFO] [stdout] test part2::test_day_2 ... FAILED
[INFO] [stdout] test part1::test_day_2 ... FAILED
[INFO] [stdout] 
[INFO] [stdout] failures:
[INFO] [stdout] 
[INFO] [stdout] ---- part2::test_day_2 stdout ----
[INFO] [stdout] 
[INFO] [stdout] thread 'part2::test_day_2' (1227) panicked at day-2/src/part2.rs:100:5:
[INFO] [stdout] assertion `left == right` failed
[INFO] [stdout]   left: "3"
[INFO] [stdout]  right: "2"
[INFO] [stdout] stack backtrace:
[INFO] [stdout]    0:     0x591cee640d41 - std[97b98282bc616a66]::backtrace_rs::backtrace::libunwind::trace
[INFO] [stdout]                                at /rustc/04eb0d7194012623e82369b466d5084522957446/library/std/src/../../backtrace/src/backtrace/libunwind.rs:117:9
[INFO] [stdout]    1:     0x591cee640d41 - std[97b98282bc616a66]::backtrace_rs::backtrace::trace_unsynchronized::<std[97b98282bc616a66]::sys::backtrace::_print_fmt::{closure#1}>
[INFO] [stdout]                                at /rustc/04eb0d7194012623e82369b466d5084522957446/library/std/src/../../backtrace/src/backtrace/mod.rs:66:14
[INFO] [stdout]    2:     0x591cee640d41 - std[97b98282bc616a66]::sys::backtrace::_print_fmt
[INFO] [stdout]                                at /rustc/04eb0d7194012623e82369b466d5084522957446/library/std/src/sys/backtrace.rs:74:9
[INFO] [stdout]    3:     0x591cee640d41 - <<std[97b98282bc616a66]::sys::backtrace::BacktraceLock>::print::DisplayBacktrace as core[832e9a552fc17241]::fmt::Display>::fmt
[INFO] [stdout]                                at /rustc/04eb0d7194012623e82369b466d5084522957446/library/std/src/sys/backtrace.rs:44:26
[INFO] [stdout]    4:     0x591cee654a7a - <core[832e9a552fc17241]::fmt::rt::Argument>::fmt
[INFO] [stdout]                                at /rustc/04eb0d7194012623e82369b466d5084522957446/library/core/src/fmt/rt.rs:152:76
[INFO] [stdout]    5:     0x591cee654a7a - core[832e9a552fc17241]::fmt::write
[INFO] [stdout]    6:     0x591cee6451fc - std[97b98282bc616a66]::io::default_write_fmt::<alloc[3ecab9f82c41dc7d]::vec::Vec<u8>>
[INFO] [stdout]                                at /rustc/04eb0d7194012623e82369b466d5084522957446/library/std/src/io/mod.rs:626:11
[INFO] [stdout]    7:     0x591cee6451fc - <alloc[3ecab9f82c41dc7d]::vec::Vec<u8> as std[97b98282bc616a66]::io::Write>::write_fmt
[INFO] [stdout]                                at /rustc/04eb0d7194012623e82369b466d5084522957446/library/std/src/io/mod.rs:1730:13
[INFO] [stdout]    8:     0x591cee61f466 - <std[97b98282bc616a66]::sys::backtrace::BacktraceLock>::print
[INFO] [stdout]                                at /rustc/04eb0d7194012623e82369b466d5084522957446/library/std/src/sys/backtrace.rs:47:9
[INFO] [stdout]    9:     0x591cee61f466 - std[97b98282bc616a66]::panicking::default_hook::{closure#0}
[INFO] [stdout]                                at /rustc/04eb0d7194012623e82369b466d5084522957446/library/std/src/panicking.rs:292:27
[INFO] [stdout]   10:     0x591cee638f69 - std[97b98282bc616a66]::panicking::default_hook
[INFO] [stdout]                                at /rustc/04eb0d7194012623e82369b466d5084522957446/library/std/src/panicking.rs:316:9
[INFO] [stdout]   11:     0x591cee5d3f90 - <alloc[3ecab9f82c41dc7d]::boxed::Box<dyn for<'a, 'b> core[832e9a552fc17241]::ops::function::Fn<(&'a std[97b98282bc616a66]::panic::PanicHookInfo<'b>,), Output = ()> + core[832e9a552fc17241]::marker::Sync + core[832e9a552fc17241]::marker::Send> as core[832e9a552fc17241]::ops::function::Fn<(&std[97b98282bc616a66]::panic::PanicHookInfo,)>>::call
[INFO] [stdout]                                at /rustc/04eb0d7194012623e82369b466d5084522957446/library/alloc/src/boxed.rs:2333:9
[INFO] [stdout]   12:     0x591cee5d3f90 - test[39766f3d73431624]::test_main_inner::<test[39766f3d73431624]::test_main_static::{closure#0}>::{closure#0}
[INFO] [stdout]                                at /rustc/04eb0d7194012623e82369b466d5084522957446/library/test/src/lib.rs:155:21
[INFO] [stdout]   13:     0x591cee639122 - <alloc[3ecab9f82c41dc7d]::boxed::Box<dyn for<'a, 'b> core[832e9a552fc17241]::ops::function::Fn<(&'a std[97b98282bc616a66]::panic::PanicHookInfo<'b>,), Output = ()> + core[832e9a552fc17241]::marker::Sync + core[832e9a552fc17241]::marker::Send> as core[832e9a552fc17241]::ops::function::Fn<(&std[97b98282bc616a66]::panic::PanicHookInfo,)>>::call
[INFO] [stdout]                                at /rustc/04eb0d7194012623e82369b466d5084522957446/library/alloc/src/boxed.rs:2333:9
[INFO] [stdout]   14:     0x591cee639122 - std[97b98282bc616a66]::panicking::panic_with_hook
[INFO] [stdout]                                at /rustc/04eb0d7194012623e82369b466d5084522957446/library/std/src/panicking.rs:823:13
[INFO] [stdout]   15:     0x591cee61f512 - std[97b98282bc616a66]::panicking::panic_handler::{closure#0}
[INFO] [stdout]                                at /rustc/04eb0d7194012623e82369b466d5084522957446/library/std/src/panicking.rs:688:13
[INFO] [stdout]   16:     0x591cee616e69 - std[97b98282bc616a66]::sys::backtrace::__rust_end_short_backtrace::<std[97b98282bc616a66]::panicking::panic_handler::{closure#0}, !>
[INFO] [stdout]                                at /rustc/04eb0d7194012623e82369b466d5084522957446/library/std/src/sys/backtrace.rs:182:18
[INFO] [stdout]   17:     0x591cee62010d - __rustc[e3d8617bb01b7f69]::rust_begin_unwind
[INFO] [stdout]                                at /rustc/04eb0d7194012623e82369b466d5084522957446/library/std/src/panicking.rs:679:5
[INFO] [stdout]   18:     0x591cee6551ac - core[832e9a552fc17241]::panicking::panic_fmt
[INFO] [stdout]                                at /rustc/04eb0d7194012623e82369b466d5084522957446/library/core/src/panicking.rs:80:14
[INFO] [stdout]   19:     0x591cee6550c3 - core[832e9a552fc17241]::panicking::assert_failed_inner
[INFO] [stdout]                                at /rustc/04eb0d7194012623e82369b466d5084522957446/library/core/src/panicking.rs:439:17
[INFO] [stdout]   20:     0x591cee5c67a0 - core[832e9a552fc17241]::panicking::assert_failed::<alloc[3ecab9f82c41dc7d]::string::String, &str>
[INFO] [stdout]                                at /rustc/04eb0d7194012623e82369b466d5084522957446/library/core/src/panicking.rs:394:5
[INFO] [stdout]   21:     0x591cee5c71bf - day_2[ddc7f0ca902ded75]::part2::test_day_2
[INFO] [stdout]                                at /opt/rustwide/workdir/day-2/src/part2.rs:100:5
[INFO] [stdout]   22:     0x591cee5c71bf - day_2[ddc7f0ca902ded75]::part2::test_day_2::{closure#0}
[INFO] [stdout]                                at /opt/rustwide/workdir/day-2/src/part2.rs:95:16
[INFO] [stdout]   23:     0x591cee5c71bf - <day_2[ddc7f0ca902ded75]::part2::test_day_2::{closure#0} as core[832e9a552fc17241]::ops::function::FnOnce<()>>::call_once
[INFO] [stdout]                                at /rustc/04eb0d7194012623e82369b466d5084522957446/library/core/src/ops/function.rs:250:5
[INFO] [stdout]   24:     0x591cee5c72cb - <fn() -> core[832e9a552fc17241]::result::Result<(), alloc[3ecab9f82c41dc7d]::string::String> as core[832e9a552fc17241]::ops::function::FnOnce<()>>::call_once
[INFO] [stdout]                                at /rustc/04eb0d7194012623e82369b466d5084522957446/library/core/src/ops/function.rs:250:5
[INFO] [stdout]   25:     0x591cee5c72cb - test[39766f3d73431624]::__rust_begin_short_backtrace::<core[832e9a552fc17241]::result::Result<(), alloc[3ecab9f82c41dc7d]::string::String>, fn() -> core[832e9a552fc17241]::result::Result<(), alloc[3ecab9f82c41dc7d]::string::String>>
[INFO] [stdout]                                at /rustc/04eb0d7194012623e82369b466d5084522957446/library/test/src/lib.rs:724:18
[INFO] [stdout]   26:     0x591cee5d4915 - test[39766f3d73431624]::run_test_in_process::{closure#0}
[INFO] [stdout]                                at /rustc/04eb0d7194012623e82369b466d5084522957446/library/test/src/lib.rs:747:74
[INFO] [stdout]   27:     0x591cee5d4915 - <core[832e9a552fc17241]::panic::unwind_safe::AssertUnwindSafe<test[39766f3d73431624]::run_test_in_process::{closure#0}> as core[832e9a552fc17241]::ops::function::FnOnce<()>>::call_once
[INFO] [stdout]                                at /rustc/04eb0d7194012623e82369b466d5084522957446/library/core/src/panic/unwind_safe.rs:275:9
[INFO] [stdout]   28:     0x591cee5d4915 - std[97b98282bc616a66]::panicking::catch_unwind::do_call::<core[832e9a552fc17241]::panic::unwind_safe::AssertUnwindSafe<test[39766f3d73431624]::run_test_in_process::{closure#0}>, core[832e9a552fc17241]::result::Result<(), alloc[3ecab9f82c41dc7d]::string::String>>
[INFO] [stdout]                                at /rustc/04eb0d7194012623e82369b466d5084522957446/library/std/src/panicking.rs:576:43
[INFO] [stdout]   29:     0x591cee5d4915 - std[97b98282bc616a66]::panicking::catch_unwind::<core[832e9a552fc17241]::result::Result<(), alloc[3ecab9f82c41dc7d]::string::String>, core[832e9a552fc17241]::panic::unwind_safe::AssertUnwindSafe<test[39766f3d73431624]::run_test_in_process::{closure#0}>>
[INFO] [stdout]                                at /rustc/04eb0d7194012623e82369b466d5084522957446/library/std/src/panicking.rs:544:19
[INFO] [stdout]   30:     0x591cee5d4915 - std[97b98282bc616a66]::panic::catch_unwind::<core[832e9a552fc17241]::panic::unwind_safe::AssertUnwindSafe<test[39766f3d73431624]::run_test_in_process::{closure#0}>, core[832e9a552fc17241]::result::Result<(), alloc[3ecab9f82c41dc7d]::string::String>>
[INFO] [stdout]                                at /rustc/04eb0d7194012623e82369b466d5084522957446/library/std/src/panic.rs:359:14
[INFO] [stdout]   31:     0x591cee5d4915 - test[39766f3d73431624]::run_test_in_process
[INFO] [stdout]                                at /rustc/04eb0d7194012623e82369b466d5084522957446/library/test/src/lib.rs:747:27
[INFO] [stdout]   32:     0x591cee5d4915 - test[39766f3d73431624]::run_test::{closure#0}
[INFO] [stdout]                                at /rustc/04eb0d7194012623e82369b466d5084522957446/library/test/src/lib.rs:668:43
[INFO] [stdout]   33:     0x591cee5cf3c4 - test[39766f3d73431624]::run_test::{closure#1}
[INFO] [stdout]                                at /rustc/04eb0d7194012623e82369b466d5084522957446/library/test/src/lib.rs:698:41
[INFO] [stdout]   34:     0x591cee5cf3c4 - std[97b98282bc616a66]::sys::backtrace::__rust_begin_short_backtrace::<test[39766f3d73431624]::run_test::{closure#1}, ()>
[INFO] [stdout]                                at /rustc/04eb0d7194012623e82369b466d5084522957446/library/std/src/sys/backtrace.rs:166:18
[INFO] [stdout]   35:     0x591cee5d7a62 - std[97b98282bc616a66]::thread::lifecycle::spawn_unchecked::<test[39766f3d73431624]::run_test::{closure#1}, ()>::{closure#1}::{closure#0}
[INFO] [stdout]                                at /rustc/04eb0d7194012623e82369b466d5084522957446/library/std/src/thread/lifecycle.rs:70:13
[INFO] [stdout]   36:     0x591cee5d7a62 - <core[832e9a552fc17241]::panic::unwind_safe::AssertUnwindSafe<std[97b98282bc616a66]::thread::lifecycle::spawn_unchecked<test[39766f3d73431624]::run_test::{closure#1}, ()>::{closure#1}::{closure#0}> as core[832e9a552fc17241]::ops::function::FnOnce<()>>::call_once
[INFO] [stdout]                                at /rustc/04eb0d7194012623e82369b466d5084522957446/library/core/src/panic/unwind_safe.rs:275:9
[INFO] [stdout]   37:     0x591cee5d7a62 - std[97b98282bc616a66]::panicking::catch_unwind::do_call::<core[832e9a552fc17241]::panic::unwind_safe::AssertUnwindSafe<std[97b98282bc616a66]::thread::lifecycle::spawn_unchecked<test[39766f3d73431624]::run_test::{closure#1}, ()>::{closure#1}::{closure#0}>, ()>
[INFO] [stdout]                                at /rustc/04eb0d7194012623e82369b466d5084522957446/library/std/src/panicking.rs:576:43
[INFO] [stdout]   38:     0x591cee5d7a62 - std[97b98282bc616a66]::panicking::catch_unwind::<(), core[832e9a552fc17241]::panic::unwind_safe::AssertUnwindSafe<std[97b98282bc616a66]::thread::lifecycle::spawn_unchecked<test[39766f3d73431624]::run_test::{closure#1}, ()>::{closure#1}::{closure#0}>>
[INFO] [stdout]                                at /rustc/04eb0d7194012623e82369b466d5084522957446/library/std/src/panicking.rs:544:19
[INFO] [stdout]   39:     0x591cee5d7a62 - std[97b98282bc616a66]::panic::catch_unwind::<core[832e9a552fc17241]::panic::unwind_safe::AssertUnwindSafe<std[97b98282bc616a66]::thread::lifecycle::spawn_unchecked<test[39766f3d73431624]::run_test::{closure#1}, ()>::{closure#1}::{closure#0}>, ()>
[INFO] [stdout]                                at /rustc/04eb0d7194012623e82369b466d5084522957446/library/std/src/panic.rs:359:14
[INFO] [stdout]   40:     0x591cee5d7a62 - std[97b98282bc616a66]::thread::lifecycle::spawn_unchecked::<test[39766f3d73431624]::run_test::{closure#1}, ()>::{closure#1}
[INFO] [stdout]                                at /rustc/04eb0d7194012623e82369b466d5084522957446/library/std/src/thread/lifecycle.rs:68:26
[INFO] [stdout]   41:     0x591cee5d7a62 - <std[97b98282bc616a66]::thread::lifecycle::spawn_unchecked<test[39766f3d73431624]::run_test::{closure#1}, ()>::{closure#1} as core[832e9a552fc17241]::ops::function::FnOnce<()>>::call_once::{shim:vtable#0}
[INFO] [stdout]                                at /rustc/04eb0d7194012623e82369b466d5084522957446/library/core/src/ops/function.rs:250:5
[INFO] [stdout]   42:     0x591cee6405cf - <alloc[3ecab9f82c41dc7d]::boxed::Box<dyn core[832e9a552fc17241]::ops::function::FnOnce<(), Output = ()> + core[832e9a552fc17241]::marker::Send> as core[832e9a552fc17241]::ops::function::FnOnce<()>>::call_once
[INFO] [stdout]                                at /rustc/04eb0d7194012623e82369b466d5084522957446/library/alloc/src/boxed.rs:2319:9
[INFO] [stdout]   43:     0x591cee6405cf - <std[97b98282bc616a66]::sys::thread::unix::Thread>::new::thread_start
[INFO] [stdout]                                at /rustc/04eb0d7194012623e82369b466d5084522957446/library/std/src/sys/thread/unix.rs:123:17
[INFO] [stdout]   44:     0x79df46ab707a - <unknown>
[INFO] [stdout]   45:     0x79df46b4a534 - clone
[INFO] [stdout]   46:                0x0 - <unknown>
[INFO] [stdout] 
[INFO] [stdout] ---- part1::test_day_2 stdout ----
[INFO] [stdout] 
[INFO] [stdout] thread 'part1::test_day_2' (1226) panicked at day-2/src/part1.rs:9:43:
[INFO] [stdout] called `Result::unwrap()` on an `Err` value: ParseIntError { kind: Empty }
[INFO] [stdout] stack backtrace:
[INFO] [stdout]    0:     0x591cee640d41 - std[97b98282bc616a66]::backtrace_rs::backtrace::libunwind::trace
[INFO] [stdout]                                at /rustc/04eb0d7194012623e82369b466d5084522957446/library/std/src/../../backtrace/src/backtrace/libunwind.rs:117:9
[INFO] [stdout]    1:     0x591cee640d41 - std[97b98282bc616a66]::backtrace_rs::backtrace::trace_unsynchronized::<std[97b98282bc616a66]::sys::backtrace::_print_fmt::{closure#1}>
[INFO] [stdout]                                at /rustc/04eb0d7194012623e82369b466d5084522957446/library/std/src/../../backtrace/src/backtrace/mod.rs:66:14
[INFO] [stdout]    2:     0x591cee640d41 - std[97b98282bc616a66]::sys::backtrace::_print_fmt
[INFO] [stdout]                                at /rustc/04eb0d7194012623e82369b466d5084522957446/library/std/src/sys/backtrace.rs:74:9
[INFO] [stdout]    3:     0x591cee640d41 - <<std[97b98282bc616a66]::sys::backtrace::BacktraceLock>::print::DisplayBacktrace as core[832e9a552fc17241]::fmt::Display>::fmt
[INFO] [stdout]                                at /rustc/04eb0d7194012623e82369b466d5084522957446/library/std/src/sys/backtrace.rs:44:26
[INFO] [stdout]    4:     0x591cee654a7a - <core[832e9a552fc17241]::fmt::rt::Argument>::fmt
[INFO] [stdout]                                at /rustc/04eb0d7194012623e82369b466d5084522957446/library/core/src/fmt/rt.rs:152:76
[INFO] [stdout]    5:     0x591cee654a7a - core[832e9a552fc17241]::fmt::write
[INFO] [stdout]    6:     0x591cee6451fc - std[97b98282bc616a66]::io::default_write_fmt::<alloc[3ecab9f82c41dc7d]::vec::Vec<u8>>
[INFO] [stdout]                                at /rustc/04eb0d7194012623e82369b466d5084522957446/library/std/src/io/mod.rs:626:11
[INFO] [stdout]    7:     0x591cee6451fc - <alloc[3ecab9f82c41dc7d]::vec::Vec<u8> as std[97b98282bc616a66]::io::Write>::write_fmt
[INFO] [stdout]                                at /rustc/04eb0d7194012623e82369b466d5084522957446/library/std/src/io/mod.rs:1730:13
[INFO] [stdout]    8:     0x591cee61f466 - <std[97b98282bc616a66]::sys::backtrace::BacktraceLock>::print
[INFO] [stdout]                                at /rustc/04eb0d7194012623e82369b466d5084522957446/library/std/src/sys/backtrace.rs:47:9
[INFO] [stdout]    9:     0x591cee61f466 - std[97b98282bc616a66]::panicking::default_hook::{closure#0}
[INFO] [stdout]                                at /rustc/04eb0d7194012623e82369b466d5084522957446/library/std/src/panicking.rs:292:27
[INFO] [stdout]   10:     0x591cee638f69 - std[97b98282bc616a66]::panicking::default_hook
[INFO] [stdout]                                at /rustc/04eb0d7194012623e82369b466d5084522957446/library/std/src/panicking.rs:316:9
[INFO] [stdout]   11:     0x591cee5d3f90 - <alloc[3ecab9f82c41dc7d]::boxed::Box<dyn for<'a, 'b> core[832e9a552fc17241]::ops::function::Fn<(&'a std[97b98282bc616a66]::panic::PanicHookInfo<'b>,), Output = ()> + core[832e9a552fc17241]::marker::Sync + core[832e9a552fc17241]::marker::Send> as core[832e9a552fc17241]::ops::function::Fn<(&std[97b98282bc616a66]::panic::PanicHookInfo,)>>::call
[INFO] [stdout]                                at /rustc/04eb0d7194012623e82369b466d5084522957446/library/alloc/src/boxed.rs:2333:9
[INFO] [stdout]   12:     0x591cee5d3f90 - test[39766f3d73431624]::test_main_inner::<test[39766f3d73431624]::test_main_static::{closure#0}>::{closure#0}
[INFO] [stdout]                                at /rustc/04eb0d7194012623e82369b466d5084522957446/library/test/src/lib.rs:155:21
[INFO] [stdout]   13:     0x591cee639122 - <alloc[3ecab9f82c41dc7d]::boxed::Box<dyn for<'a, 'b> core[832e9a552fc17241]::ops::function::Fn<(&'a std[97b98282bc616a66]::panic::PanicHookInfo<'b>,), Output = ()> + core[832e9a552fc17241]::marker::Sync + core[832e9a552fc17241]::marker::Send> as core[832e9a552fc17241]::ops::function::Fn<(&std[97b98282bc616a66]::panic::PanicHookInfo,)>>::call
[INFO] [stdout]                                at /rustc/04eb0d7194012623e82369b466d5084522957446/library/alloc/src/boxed.rs:2333:9
[INFO] [stdout]   14:     0x591cee639122 - std[97b98282bc616a66]::panicking::panic_with_hook
[INFO] [stdout]                                at /rustc/04eb0d7194012623e82369b466d5084522957446/library/std/src/panicking.rs:823:13
[INFO] [stdout]   15:     0x591cee61f512 - std[97b98282bc616a66]::panicking::panic_handler::{closure#0}
[INFO] [stdout]                                at /rustc/04eb0d7194012623e82369b466d5084522957446/library/std/src/panicking.rs:688:13
[INFO] [stdout]   16:     0x591cee616e69 - std[97b98282bc616a66]::sys::backtrace::__rust_end_short_backtrace::<std[97b98282bc616a66]::panicking::panic_handler::{closure#0}, !>
[INFO] [stdout]                                at /rustc/04eb0d7194012623e82369b466d5084522957446/library/std/src/sys/backtrace.rs:182:18
[INFO] [stdout]   17:     0x591cee62010d - __rustc[e3d8617bb01b7f69]::rust_begin_unwind
[INFO] [stdout]                                at /rustc/04eb0d7194012623e82369b466d5084522957446/library/std/src/panicking.rs:679:5
[INFO] [stdout]   18:     0x591cee6551ac - core[832e9a552fc17241]::panicking::panic_fmt
[INFO] [stdout]                                at /rustc/04eb0d7194012623e82369b466d5084522957446/library/core/src/panicking.rs:80:14
[INFO] [stdout]   19:     0x591cee654f82 - core[832e9a552fc17241]::result::unwrap_failed
[INFO] [stdout]                                at /rustc/04eb0d7194012623e82369b466d5084522957446/library/core/src/result.rs:1870:5
[INFO] [stdout]   20:     0x591cee5c60a2 - <core[832e9a552fc17241]::result::Result<i32, core[832e9a552fc17241]::num::error::ParseIntError>>::unwrap
[INFO] [stdout]                                at /rustc/04eb0d7194012623e82369b466d5084522957446/library/core/src/result.rs:1231:23
[INFO] [stdout]   21:     0x591cee5c60a2 - day_2[ddc7f0ca902ded75]::part1::parse_input_01::{closure#0}::{closure#0}
[INFO] [stdout]                                at /opt/rustwide/workdir/day-2/src/part1.rs:9:43
[INFO] [stdout]   22:     0x591cee5c60a2 - <&mut day_2[ddc7f0ca902ded75]::part1::parse_input_01::{closure#0}::{closure#0} as core[832e9a552fc17241]::ops::function::FnOnce<(&str,)>>::call_once
[INFO] [stdout]                                at /rustc/04eb0d7194012623e82369b466d5084522957446/library/core/src/ops/function.rs:310:21
[INFO] [stdout]   23:     0x591cee5c60a2 - <core[832e9a552fc17241]::option::Option<&str>>::map::<i32, &mut day_2[ddc7f0ca902ded75]::part1::parse_input_01::{closure#0}::{closure#0}>
[INFO] [stdout]                                at /rustc/04eb0d7194012623e82369b466d5084522957446/library/core/src/option.rs:1163:29
[INFO] [stdout]   24:     0x591cee5c60a2 - <core[832e9a552fc17241]::iter::adapters::map::Map<core[832e9a552fc17241]::str::iter::Split<&str>, day_2[ddc7f0ca902ded75]::part1::parse_input_01::{closure#0}::{closure#0}> as core[832e9a552fc17241]::iter::traits::iterator::Iterator>::next
[INFO] [stdout]                                at /rustc/04eb0d7194012623e82369b466d5084522957446/library/core/src/iter/adapters/map.rs:107:26
[INFO] [stdout]   25:     0x591cee5c575f - <alloc[3ecab9f82c41dc7d]::vec::Vec<i32> as alloc[3ecab9f82c41dc7d]::vec::spec_from_iter_nested::SpecFromIterNested<i32, core[832e9a552fc17241]::iter::adapters::map::Map<core[832e9a552fc17241]::str::iter::Split<&str>, day_2[ddc7f0ca902ded75]::part1::parse_input_01::{closure#0}::{closure#0}>>>::from_iter
[INFO] [stdout]                                at /rustc/04eb0d7194012623e82369b466d5084522957446/library/alloc/src/vec/spec_from_iter_nested.rs:24:41
[INFO] [stdout]   26:     0x591cee5c6ac6 - <alloc[3ecab9f82c41dc7d]::vec::Vec<i32> as alloc[3ecab9f82c41dc7d]::vec::spec_from_iter::SpecFromIter<i32, core[832e9a552fc17241]::iter::adapters::map::Map<core[832e9a552fc17241]::str::iter::Split<&str>, day_2[ddc7f0ca902ded75]::part1::parse_input_01::{closure#0}::{closure#0}>>>::from_iter
[INFO] [stdout]                                at /rustc/04eb0d7194012623e82369b466d5084522957446/library/alloc/src/vec/spec_from_iter.rs:33:9
[INFO] [stdout]   27:     0x591cee5c6ac6 - <alloc[3ecab9f82c41dc7d]::vec::Vec<i32> as core[832e9a552fc17241]::iter::traits::collect::FromIterator<i32>>::from_iter::<core[832e9a552fc17241]::iter::adapters::map::Map<core[832e9a552fc17241]::str::iter::Split<&str>, day_2[ddc7f0ca902ded75]::part1::parse_input_01::{closure#0}::{closure#0}>>
[INFO] [stdout]                                at /rustc/04eb0d7194012623e82369b466d5084522957446/library/alloc/src/vec/mod.rs:3941:9
[INFO] [stdout]   28:     0x591cee5c6ac6 - <core[832e9a552fc17241]::iter::adapters::map::Map<core[832e9a552fc17241]::str::iter::Split<&str>, day_2[ddc7f0ca902ded75]::part1::parse_input_01::{closure#0}::{closure#0}> as core[832e9a552fc17241]::iter::traits::iterator::Iterator>::collect::<alloc[3ecab9f82c41dc7d]::vec::Vec<i32>>
[INFO] [stdout]                                at /rustc/04eb0d7194012623e82369b466d5084522957446/library/core/src/iter/traits/iterator.rs:2090:9
[INFO] [stdout]   29:     0x591cee5c6ac6 - day_2[ddc7f0ca902ded75]::part1::parse_input_01::{closure#0}
[INFO] [stdout]                                at /opt/rustwide/workdir/day-2/src/part1.rs:10:18
[INFO] [stdout]   30:     0x591cee5c6ac6 - core[832e9a552fc17241]::iter::adapters::map::map_fold::<&str, i32, i32, day_2[ddc7f0ca902ded75]::part1::parse_input_01::{closure#0}, <i32 as core[832e9a552fc17241]::iter::traits::accum::Sum>::sum<core[832e9a552fc17241]::iter::adapters::map::Map<alloc[3ecab9f82c41dc7d]::vec::into_iter::IntoIter<&str>, day_2[ddc7f0ca902ded75]::part1::parse_input_01::{closure#0}>>::{closure#0}>::{closure#0}
[INFO] [stdout]                                at /rustc/04eb0d7194012623e82369b466d5084522957446/library/core/src/iter/adapters/map.rs:88:28
[INFO] [stdout]   31:     0x591cee5c6ac6 - <alloc[3ecab9f82c41dc7d]::vec::into_iter::IntoIter<&str> as core[832e9a552fc17241]::iter::traits::iterator::Iterator>::fold::<i32, core[832e9a552fc17241]::iter::adapters::map::map_fold<&str, i32, i32, day_2[ddc7f0ca902ded75]::part1::parse_input_01::{closure#0}, <i32 as core[832e9a552fc17241]::iter::traits::accum::Sum>::sum<core[832e9a552fc17241]::iter::adapters::map::Map<alloc[3ecab9f82c41dc7d]::vec::into_iter::IntoIter<&str>, day_2[ddc7f0ca902ded75]::part1::parse_input_01::{closure#0}>>::{closure#0}>::{closure#0}>
[INFO] [stdout]                                at /rustc/04eb0d7194012623e82369b466d5084522957446/library/alloc/src/vec/into_iter.rs:367:25
[INFO] [stdout]   32:     0x591cee5c6ac6 - <core[832e9a552fc17241]::iter::adapters::map::Map<alloc[3ecab9f82c41dc7d]::vec::into_iter::IntoIter<&str>, day_2[ddc7f0ca902ded75]::part1::parse_input_01::{closure#0}> as core[832e9a552fc17241]::iter::traits::iterator::Iterator>::fold::<i32, <i32 as core[832e9a552fc17241]::iter::traits::accum::Sum>::sum<core[832e9a552fc17241]::iter::adapters::map::Map<alloc[3ecab9f82c41dc7d]::vec::into_iter::IntoIter<&str>, day_2[ddc7f0ca902ded75]::part1::parse_input_01::{closure#0}>>::{closure#0}>
[INFO] [stdout]                                at /rustc/04eb0d7194012623e82369b466d5084522957446/library/core/src/iter/adapters/map.rs:128:19
[INFO] [stdout]   33:     0x591cee5c6ac6 - <i32 as core[832e9a552fc17241]::iter::traits::accum::Sum>::sum::<core[832e9a552fc17241]::iter::adapters::map::Map<alloc[3ecab9f82c41dc7d]::vec::into_iter::IntoIter<&str>, day_2[ddc7f0ca902ded75]::part1::parse_input_01::{closure#0}>>
[INFO] [stdout]                                at /rustc/04eb0d7194012623e82369b466d5084522957446/library/core/src/iter/traits/accum.rs:52:22
[INFO] [stdout]   34:     0x591cee5c6ac6 - <core[832e9a552fc17241]::iter::adapters::map::Map<alloc[3ecab9f82c41dc7d]::vec::into_iter::IntoIter<&str>, day_2[ddc7f0ca902ded75]::part1::parse_input_01::{closure#0}> as core[832e9a552fc17241]::iter::traits::iterator::Iterator>::sum::<i32>
[INFO] [stdout]                                at /rustc/04eb0d7194012623e82369b466d5084522957446/library/core/src/iter/traits/iterator.rs:3674:9
[INFO] [stdout]   35:     0x591cee5c6ac6 - day_2[ddc7f0ca902ded75]::part1::parse_input_01
[INFO] [stdout]                                at /opt/rustwide/workdir/day-2/src/part1.rs:44:10
[INFO] [stdout]   36:     0x591cee5c6ac6 - day_2[ddc7f0ca902ded75]::part1::test_day_2
[INFO] [stdout]                                at /opt/rustwide/workdir/day-2/src/part1.rs:57:16
[INFO] [stdout]   37:     0x591cee5c6ac6 - day_2[ddc7f0ca902ded75]::part1::test_day_2::{closure#0}
[INFO] [stdout]                                at /opt/rustwide/workdir/day-2/src/part1.rs:48:16
[INFO] [stdout]   38:     0x591cee5c6ac6 - <day_2[ddc7f0ca902ded75]::part1::test_day_2::{closure#0} as core[832e9a552fc17241]::ops::function::FnOnce<()>>::call_once
[INFO] [stdout]                                at /rustc/04eb0d7194012623e82369b466d5084522957446/library/core/src/ops/function.rs:250:5
[INFO] [stdout]   39:     0x591cee5c72cb - <fn() -> core[832e9a552fc17241]::result::Result<(), alloc[3ecab9f82c41dc7d]::string::String> as core[832e9a552fc17241]::ops::function::FnOnce<()>>::call_once
[INFO] [stdout]                                at /rustc/04eb0d7194012623e82369b466d5084522957446/library/core/src/ops/function.rs:250:5
[INFO] [stdout]   40:     0x591cee5c72cb - test[39766f3d73431624]::__rust_begin_short_backtrace::<core[832e9a552fc17241]::result::Result<(), alloc[3ecab9f82c41dc7d]::string::String>, fn() -> core[832e9a552fc17241]::result::Result<(), alloc[3ecab9f82c41dc7d]::string::String>>
[INFO] [stdout]                                at /rustc/04eb0d7194012623e82369b466d5084522957446/library/test/src/lib.rs:724:18
[INFO] [stdout]   41:     0x591cee5d4915 - test[39766f3d73431624]::run_test_in_process::{closure#0}
[INFO] [stdout]                                at /rustc/04eb0d7194012623e82369b466d5084522957446/library/test/src/lib.rs:747:74
[INFO] [stdout]   42:     0x591cee5d4915 - <core[832e9a552fc17241]::panic::unwind_safe::AssertUnwindSafe<test[39766f3d73431624]::run_test_in_process::{closure#0}> as core[832e9a552fc17241]::ops::function::FnOnce<()>>::call_once
[INFO] [stdout]                                at /rustc/04eb0d7194012623e82369b466d5084522957446/library/core/src/panic/unwind_safe.rs:275:9
[INFO] [stdout]   43:     0x591cee5d4915 - std[97b98282bc616a66]::panicking::catch_unwind::do_call::<core[832e9a552fc17241]::panic::unwind_safe::AssertUnwindSafe<test[39766f3d73431624]::run_test_in_process::{closure#0}>, core[832e9a552fc17241]::result::Result<(), alloc[3ecab9f82c41dc7d]::string::String>>
[INFO] [stdout]                                at /rustc/04eb0d7194012623e82369b466d5084522957446/library/std/src/panicking.rs:576:43
[INFO] [stdout]   44:     0x591cee5d4915 - std[97b98282bc616a66]::panicking::catch_unwind::<core[832e9a552fc17241]::result::Result<(), alloc[3ecab9f82c41dc7d]::string::String>, core[832e9a552fc17241]::panic::unwind_safe::AssertUnwindSafe<test[39766f3d73431624]::run_test_in_process::{closure#0}>>
[INFO] [stdout]                                at /rustc/04eb0d7194012623e82369b466d5084522957446/library/std/src/panicking.rs:544:19
[INFO] [stdout]   45:     0x591cee5d4915 - std[97b98282bc616a66]::panic::catch_unwind::<core[832e9a552fc17241]::panic::unwind_safe::AssertUnwindSafe<test[39766f3d73431624]::run_test_in_process::{closure#0}>, core[832e9a552fc17241]::result::Result<(), alloc[3ecab9f82c41dc7d]::string::String>>
[INFO] [stdout]                                at /rustc/04eb0d7194012623e82369b466d5084522957446/library/std/src/panic.rs:359:14
[INFO] [stdout]   46:     0x591cee5d4915 - test[39766f3d73431624]::run_test_in_process
[INFO] [stdout]                                at /rustc/04eb0d7194012623e82369b466d5084522957446/library/test/src/lib.rs:747:27
[INFO] [stdout]   47:     0x591cee5d4915 - test[39766f3d73431624]::run_test::{closure#0}
[INFO] [stdout]                                at /rustc/04eb0d7194012623e82369b466d5084522957446/library/test/src/lib.rs:668:43
[INFO] [stdout]   48:     0x591cee5cf3c4 - test[39766f3d73431624]::run_test::{closure#1}
[INFO] [stdout]                                at /rustc/04eb0d7194012623e82369b466d5084522957446/library/test/src/lib.rs:698:41
[INFO] [stdout]   49:     0x591cee5cf3c4 - std[97b98282bc616a66]::sys::backtrace::__rust_begin_short_backtrace::<test[39766f3d73431624]::run_test::{closure#1}, ()>
[INFO] [stdout]                                at /rustc/04eb0d7194012623e82369b466d5084522957446/library/std/src/sys/backtrace.rs:166:18
[INFO] [stdout]   50:     0x591cee5d7a62 - std[97b98282bc616a66]::thread::lifecycle::spawn_unchecked::<test[39766f3d73431624]::run_test::{closure#1}, ()>::{closure#1}::{closure#0}
[INFO] [stdout]                                at /rustc/04eb0d7194012623e82369b466d5084522957446/library/std/src/thread/lifecycle.rs:70:13
[INFO] [stdout]   51:     0x591cee5d7a62 - <core[832e9a552fc17241]::panic::unwind_safe::AssertUnwindSafe<std[97b98282bc616a66]::thread::lifecycle::spawn_unchecked<test[39766f3d73431624]::run_test::{closure#1}, ()>::{closure#1}::{closure#0}> as core[832e9a552fc17241]::ops::function::FnOnce<()>>::call_once
[INFO] [stdout]                                at /rustc/04eb0d7194012623e82369b466d5084522957446/library/core/src/panic/unwind_safe.rs:275:9
[INFO] [stdout]   52:     0x591cee5d7a62 - std[97b98282bc616a66]::panicking::catch_unwind::do_call::<core[832e9a552fc17241]::panic::unwind_safe::AssertUnwindSafe<std[97b98282bc616a66]::thread::lifecycle::spawn_unchecked<test[39766f3d73431624]::run_test::{closure#1}, ()>::{closure#1}::{closure#0}>, ()>
[INFO] [stdout]                                at /rustc/04eb0d7194012623e82369b466d5084522957446/library/std/src/panicking.rs:576:43
[INFO] [stdout]   53:     0x591cee5d7a62 - std[97b98282bc616a66]::panicking::catch_unwind::<(), core[832e9a552fc17241]::panic::unwind_safe::AssertUnwindSafe<std[97b98282bc616a66]::thread::lifecycle::spawn_unchecked<test[39766f3d73431624]::run_test::{closure#1}, ()>::{closure#1}::{closure#0}>>
[INFO] [stdout]                                at /rustc/04eb0d7194012623e82369b466d5084522957446/library/std/src/panicking.rs:544:19
[INFO] [stdout]   54:     0x591cee5d7a62 - std[97b98282bc616a66]::panic::catch_unwind::<core[832e9a552fc17241]::panic::unwind_safe::AssertUnwindSafe<std[97b98282bc616a66]::thread::lifecycle::spawn_unchecked<test[39766f3d73431624]::run_test::{closure#1}, ()>::{closure#1}::{closure#0}>, ()>
[INFO] [stdout]                                at /rustc/04eb0d7194012623e82369b466d5084522957446/library/std/src/panic.rs:359:14
[INFO] [stdout]   55:     0x591cee5d7a62 - std[97b98282bc616a66]::thread::lifecycle::spawn_unchecked::<test[39766f3d73431624]::run_test::{closure#1}, ()>::{closure#1}
[INFO] [stdout]                                at /rustc/04eb0d7194012623e82369b466d5084522957446/library/std/src/thread/lifecycle.rs:68:26
[INFO] [stdout]   56:     0x591cee5d7a62 - <std[97b98282bc616a66]::thread::lifecycle::spawn_unchecked<test[39766f3d73431624]::run_test::{closure#1}, ()>::{closure#1} as core[832e9a552fc17241]::ops::function::FnOnce<()>>::call_once::{shim:vtable#0}
[INFO] [stdout]                                at /rustc/04eb0d7194012623e82369b466d5084522957446/library/core/src/ops/function.rs:250:5
[INFO] [stdout]   57:     0x591cee6405cf - <alloc[3ecab9f82c41dc7d]::boxed::Box<dyn core[832e9a552fc17241]::ops::function::FnOnce<(), Output = ()> + core[832e9a552fc17241]::marker::Send> as core[832e9a552fc17241]::ops::function::FnOnce<()>>::call_once
[INFO] [stdout]                                at /rustc/04eb0d7194012623e82369b466d5084522957446/library/alloc/src/boxed.rs:2319:9
[INFO] [stdout]   58:     0x591cee6405cf - <std[97b98282bc616a66]::sys::thread::unix::Thread>::new::thread_start
[INFO] [stdout]                                at /rustc/04eb0d7194012623e82369b466d5084522957446/library/std/src/sys/thread/unix.rs:123:17
[INFO] [stdout]   59:     0x79df46ab707a - <unknown>
[INFO] [stdout]   60:     0x79df46b4a534 - clone
[INFO] [stdout]   61:                0x0 - <unknown>
[INFO] [stdout] 
[INFO] [stdout] 
[INFO] [stdout] failures:
[INFO] [stdout]     part1::test_day_2
[INFO] [stdout]     part2::test_day_2
[INFO] [stdout] 
[INFO] [stdout] test result: FAILED. 0 passed; 2 failed; 0 ignored; 0 measured; 0 filtered out; finished in 0.06s
[INFO] [stdout] 
[INFO] running `Command { std: "docker" "inspect" "b3fc68894116c4e18cdd7915687ef1ade225ba023c6e1f27549580469cfa19b6", kill_on_drop: false }`
[INFO] running `Command { std: "docker" "rm" "-f" "b3fc68894116c4e18cdd7915687ef1ade225ba023c6e1f27549580469cfa19b6", kill_on_drop: false }`
[INFO] [stdout] b3fc68894116c4e18cdd7915687ef1ade225ba023c6e1f27549580469cfa19b6
