[INFO] cloning repository https://github.com/m4mbr3/filter_comments
[INFO] running `Command { std: "git" "-c" "credential.helper=" "-c" "credential.helper=/workspace/cargo-home/bin/git-credential-null" "clone" "--bare" "https://github.com/m4mbr3/filter_comments" "/workspace/cache/git-repos/https%3A%2F%2Fgithub.com%2Fm4mbr3%2Ffilter_comments", kill_on_drop: false }`
[INFO] [stderr] Cloning into bare repository '/workspace/cache/git-repos/https%3A%2F%2Fgithub.com%2Fm4mbr3%2Ffilter_comments'...
[INFO] running `Command { std: "git" "rev-parse" "HEAD", kill_on_drop: false }`
[INFO] [stdout] d977a8decb1a86aa1490f061b52a96f54c07614b
[INFO] testing m4mbr3/filter_comments against 1.99.0-beta.1+cargoflags=--release for beta-release-1.99-2
[INFO] running `Command { std: "git" "clone" "/workspace/cache/git-repos/https%3A%2F%2Fgithub.com%2Fm4mbr3%2Ffilter_comments" "/workspace/builds/worker-5-tc2/source", kill_on_drop: false }`
[INFO] [stderr] Cloning into '/workspace/builds/worker-5-tc2/source'...
[INFO] [stderr] done.
[INFO] started tweaking git repo https://github.com/m4mbr3/filter_comments
[INFO] finished tweaking git repo https://github.com/m4mbr3/filter_comments
[INFO] tweaked toml for git repo https://github.com/m4mbr3/filter_comments written to /workspace/builds/worker-5-tc2/source/Cargo.toml
[INFO] validating manifest of git repo https://github.com/m4mbr3/filter_comments on toolchain 1.99.0-beta.1
[INFO] running `Command { std: CARGO_HOME="/workspace/cargo-home" RUSTUP_HOME="/workspace/rustup-home" "/workspace/cargo-home/bin/cargo" "+1.99.0-beta.1" "metadata" "--manifest-path" "Cargo.toml" "--no-deps", kill_on_drop: false }`
[INFO] crate git repo https://github.com/m4mbr3/filter_comments already has a lockfile, it will not be regenerated
[INFO] running `Command { std: CARGO_HOME="/workspace/cargo-home" RUSTUP_HOME="/workspace/rustup-home" "/workspace/cargo-home/bin/cargo" "+1.99.0-beta.1" "fetch" "--manifest-path" "Cargo.toml", kill_on_drop: false }`
[INFO] running `Command { std: "docker" "create" "-v" "/var/lib/crater-agent-workspace/builds/worker-5-tc2/source:/opt/rustwide/workdir:ro,Z" "-v" "/var/lib/crater-agent-workspace/builds/worker-5-tc2/target:/opt/rustwide/target:rw,Z" "-v" "/var/lib/crater-agent-workspace/cargo-home:/opt/rustwide/cargo-home:ro,Z" "-v" "/var/lib/crater-agent-workspace/rustup-home:/opt/rustwide/rustup-home:ro,Z" "-m" "1610612736" "--network" "none" "ghcr.io/rust-lang/crates-build-env/linux@sha256:8683fc1fc2eb5c9ac98e0d076ab094b2ffac7f99da555d2b6a2e27f346de2ec7" "sleep" "infinity", kill_on_drop: false }`
[INFO] [stdout] f68caa62608f5d3c312ff07566eef96e2087c021bb90c6ad43fd1d21a9c05992
[INFO] running `Command { std: "docker" "start" "f68caa62608f5d3c312ff07566eef96e2087c021bb90c6ad43fd1d21a9c05992", kill_on_drop: false }`
[INFO] running `Command { std: "docker" "inspect" "f68caa62608f5d3c312ff07566eef96e2087c021bb90c6ad43fd1d21a9c05992", kill_on_drop: false }`
[INFO] running `Command { std: "docker" "exec" "-e" "SOURCE_DIR=/opt/rustwide/workdir" "-e" "CARGO_HOME=/opt/rustwide/cargo-home" "-e" "RUSTUP_HOME=/opt/rustwide/rustup-home" "-e" "CARGO_TARGET_DIR=/opt/rustwide/target" "-w" "/opt/rustwide/workdir" "--user" "0:0" "f68caa62608f5d3c312ff07566eef96e2087c021bb90c6ad43fd1d21a9c05992" "/opt/rustwide/cargo-home/bin/cargo" "+1.99.0-beta.1" "metadata" "--no-deps" "--format-version=1", kill_on_drop: false }`
[INFO] running `Command { std: "docker" "inspect" "f68caa62608f5d3c312ff07566eef96e2087c021bb90c6ad43fd1d21a9c05992", kill_on_drop: false }`
[INFO] running `Command { std: "docker" "exec" "-e" "SOURCE_DIR=/opt/rustwide/workdir" "-e" "CARGO_HOME=/opt/rustwide/cargo-home" "-e" "RUSTUP_HOME=/opt/rustwide/rustup-home" "-e" "CARGO_TARGET_DIR=/opt/rustwide/target" "-e" "CARGO_INCREMENTAL=0" "-e" "RUST_BACKTRACE=full" "-e" "RUSTFLAGS=--cap-lints=warn" "-e" "RUSTDOCFLAGS=--cap-lints=warn" "-w" "/opt/rustwide/workdir" "--user" "0:0" "f68caa62608f5d3c312ff07566eef96e2087c021bb90c6ad43fd1d21a9c05992" "/opt/rustwide/cargo-home/bin/cargo" "+1.99.0-beta.1" "build" "--frozen" "--message-format=json" "--release", kill_on_drop: false }`
[INFO] [stderr]    Compiling mambretti v2.0.0 (/opt/rustwide/workdir)
[INFO] [stderr]     Finished `release` profile [optimized] target(s) in 0.59s
[INFO] running `Command { std: "docker" "inspect" "f68caa62608f5d3c312ff07566eef96e2087c021bb90c6ad43fd1d21a9c05992", kill_on_drop: false }`
[INFO] running `Command { std: "docker" "exec" "-e" "SOURCE_DIR=/opt/rustwide/workdir" "-e" "CARGO_HOME=/opt/rustwide/cargo-home" "-e" "RUSTUP_HOME=/opt/rustwide/rustup-home" "-e" "CARGO_TARGET_DIR=/opt/rustwide/target" "-e" "CARGO_INCREMENTAL=0" "-e" "RUST_BACKTRACE=full" "-e" "RUSTFLAGS=--cap-lints=warn" "-e" "RUSTDOCFLAGS=--cap-lints=warn" "-w" "/opt/rustwide/workdir" "--user" "0:0" "f68caa62608f5d3c312ff07566eef96e2087c021bb90c6ad43fd1d21a9c05992" "/opt/rustwide/cargo-home/bin/cargo" "+1.99.0-beta.1" "test" "--frozen" "--no-run" "--message-format=json" "--release", kill_on_drop: false }`
[INFO] [stderr]    Compiling mambretti v2.0.0 (/opt/rustwide/workdir)
[INFO] [stderr]     Finished `release` profile [optimized] target(s) in 0.55s
[INFO] running `Command { std: "docker" "inspect" "f68caa62608f5d3c312ff07566eef96e2087c021bb90c6ad43fd1d21a9c05992", kill_on_drop: false }`
[INFO] running `Command { std: "docker" "exec" "-e" "SOURCE_DIR=/opt/rustwide/workdir" "-e" "CARGO_HOME=/opt/rustwide/cargo-home" "-e" "RUSTUP_HOME=/opt/rustwide/rustup-home" "-e" "CARGO_TARGET_DIR=/opt/rustwide/target" "-e" "CARGO_INCREMENTAL=0" "-e" "RUST_BACKTRACE=full" "-e" "RUSTFLAGS=--cap-lints=warn" "-e" "RUSTDOCFLAGS=--cap-lints=warn" "-w" "/opt/rustwide/workdir" "--user" "0:0" "f68caa62608f5d3c312ff07566eef96e2087c021bb90c6ad43fd1d21a9c05992" "/opt/rustwide/cargo-home/bin/cargo" "+1.99.0-beta.1" "test" "--frozen" "--release", kill_on_drop: false }`
[INFO] [stderr]     Finished `release` profile [optimized] target(s) in 0.02s
[INFO] [stderr]      Running unittests src/main.rs (/opt/rustwide/target/release/deps/mambretti-7b0a8cd00f30ddf7)
[INFO] [stdout] 
[INFO] [stdout] running 5 tests
[INFO] [stdout] test tests::test_nonexisting ... ok
[INFO] [stdout] test tests::test_others ... FAILED
[INFO] [stdout] test tests::test_empty ... FAILED
[INFO] [stdout] test tests::test_i ... FAILED
[INFO] [stdout] test tests::test_fid ... FAILED
[INFO] [stdout] 
[INFO] [stdout] failures:
[INFO] [stdout] 
[INFO] [stdout] ---- tests::test_others stdout ----
[INFO] [stderr] error: test failed, to rerun pass `--bin mambretti`
[INFO] [stdout] 
[INFO] [stdout] thread 'tests::test_others' (176) panicked at src/main.rs:144:23:
[INFO] [stdout] assertion failed: false
[INFO] [stdout] stack backtrace:
[INFO] [stdout]    0:     0x62f6181a81b1 - <<std[104cf6e2632825ea]::sys::backtrace::BacktraceLock>::print::DisplayBacktrace as core[7c831bd917ebf35f]::fmt::Display>::fmt
[INFO] [stdout]    1:     0x62f6181bc3ba - core[7c831bd917ebf35f]::fmt::write
[INFO] [stdout]    2:     0x62f6181ac64c - <alloc[2fdc3f7464fcf288]::vec::Vec<u8> as core[7c831bd917ebf35f]::io::write::Write>::write_fmt
[INFO] [stdout]    3:     0x62f618184796 - std[104cf6e2632825ea]::panicking::default_hook::{closure#0}
[INFO] [stdout]    4:     0x62f6181a08c9 - std[104cf6e2632825ea]::panicking::default_hook
[INFO] [stdout]    5:     0x62f61813cd80 - test[73009c9f9aebf890]::test_main_inner::<test[73009c9f9aebf890]::test_main_static::{closure#0}>::{closure#0}
[INFO] [stdout]    6:     0x62f6181a0a82 - std[104cf6e2632825ea]::panicking::panic_with_hook
[INFO] [stdout]    7:     0x62f618184874 - std[104cf6e2632825ea]::panicking::panic_handler::{closure#0}
[INFO] [stdout]    8:     0x62f61817d1e9 - std[104cf6e2632825ea]::sys::backtrace::__rust_end_short_backtrace::<std[104cf6e2632825ea]::panicking::panic_handler::{closure#0}, !>
[INFO] [stdout]    9:     0x62f61818543d - __rustc[b0d56fa5b193ad05]::rust_begin_unwind
[INFO] [stdout]   10:     0x62f6181bcaec - core[7c831bd917ebf35f]::panicking::panic_fmt
[INFO] [stdout]   11:     0x62f6181bcab2 - core[7c831bd917ebf35f]::panicking::panic
[INFO] [stdout]   12:     0x62f61812d4b6 - mambretti[db2e9f7f4ac78850]::tests::test_others
[INFO] [stdout]   13:     0x62f61812ff99 - <mambretti[db2e9f7f4ac78850]::tests::test_others::{closure#0} as core[7c831bd917ebf35f]::ops::function::FnOnce<()>>::call_once
[INFO] [stdout]   14:     0x62f61813006b - test[73009c9f9aebf890]::__rust_begin_short_backtrace::<core[7c831bd917ebf35f]::result::Result<(), alloc[2fdc3f7464fcf288]::string::String>, fn() -> core[7c831bd917ebf35f]::result::Result<(), alloc[2fdc3f7464fcf288]::string::String>>
[INFO] [stdout]   15:     0x62f61813d6d5 - test[73009c9f9aebf890]::run_test::{closure#0}
[INFO] [stdout]   16:     0x62f618136a94 - std[104cf6e2632825ea]::sys::backtrace::__rust_begin_short_backtrace::<test[73009c9f9aebf890]::run_test::{closure#1}, ()>
[INFO] [stdout]   17:     0x62f618140832 - <std[104cf6e2632825ea]::thread::lifecycle::spawn_unchecked<test[73009c9f9aebf890]::run_test::{closure#1}, ()>::{closure#1} as core[7c831bd917ebf35f]::ops::function::FnOnce<()>>::call_once::{shim:vtable#0}
[INFO] [stdout]   18:     0x62f6181a7a89 - <std[104cf6e2632825ea]::sys::thread::unix::Thread>::new::thread_start
[INFO] [stdout]   19:     0x7bb7ef87207a - <unknown>
[INFO] [stdout]   20:     0x7bb7ef905534 - clone
[INFO] [stdout]   21:                0x0 - <unknown>
[INFO] [stdout] 
[INFO] [stdout] ---- tests::test_empty stdout ----
[INFO] [stdout] 
[INFO] [stdout] thread 'tests::test_empty' (172) panicked at src/main.rs:170:23:
[INFO] [stdout] assertion failed: false
[INFO] [stdout] stack backtrace:
[INFO] [stdout]    0:     0x62f6181a81b1 - <<std[104cf6e2632825ea]::sys::backtrace::BacktraceLock>::print::DisplayBacktrace as core[7c831bd917ebf35f]::fmt::Display>::fmt
[INFO] [stdout]    1:     0x62f6181bc3ba - core[7c831bd917ebf35f]::fmt::write
[INFO] [stdout]    2:     0x62f6181ac64c - <alloc[2fdc3f7464fcf288]::vec::Vec<u8> as core[7c831bd917ebf35f]::io::write::Write>::write_fmt
[INFO] [stdout]    3:     0x62f618184796 - std[104cf6e2632825ea]::panicking::default_hook::{closure#0}
[INFO] [stdout]    4:     0x62f6181a08c9 - std[104cf6e2632825ea]::panicking::default_hook
[INFO] [stdout]    5:     0x62f61813cd80 - test[73009c9f9aebf890]::test_main_inner::<test[73009c9f9aebf890]::test_main_static::{closure#0}>::{closure#0}
[INFO] [stdout]    6:     0x62f6181a0a82 - std[104cf6e2632825ea]::panicking::panic_with_hook
[INFO] [stdout]    7:     0x62f618184874 - std[104cf6e2632825ea]::panicking::panic_handler::{closure#0}
[INFO] [stdout]    8:     0x62f61817d1e9 - std[104cf6e2632825ea]::sys::backtrace::__rust_end_short_backtrace::<std[104cf6e2632825ea]::panicking::panic_handler::{closure#0}, !>
[INFO] [stdout]    9:     0x62f61818543d - __rustc[b0d56fa5b193ad05]::rust_begin_unwind
[INFO] [stdout]   10:     0x62f6181bcaec - core[7c831bd917ebf35f]::panicking::panic_fmt
[INFO] [stdout]   11:     0x62f6181bcab2 - core[7c831bd917ebf35f]::panicking::panic
[INFO] [stdout]   12:     0x62f61812d13d - mambretti[db2e9f7f4ac78850]::tests::test_empty
[INFO] [stdout]   13:     0x62f61812ff79 - <mambretti[db2e9f7f4ac78850]::tests::test_empty::{closure#0} as core[7c831bd917ebf35f]::ops::function::FnOnce<()>>::call_once
[INFO] [stdout]   14:     0x62f61813006b - test[73009c9f9aebf890]::__rust_begin_short_backtrace::<core[7c831bd917ebf35f]::result::Result<(), alloc[2fdc3f7464fcf288]::string::String>, fn() -> core[7c831bd917ebf35f]::result::Result<(), alloc[2fdc3f7464fcf288]::string::String>>
[INFO] [stdout]   15:     0x62f61813d6d5 - test[73009c9f9aebf890]::run_test::{closure#0}
[INFO] [stdout]   16:     0x62f618136a94 - std[104cf6e2632825ea]::sys::backtrace::__rust_begin_short_backtrace::<test[73009c9f9aebf890]::run_test::{closure#1}, ()>
[INFO] [stdout]   17:     0x62f618140832 - <std[104cf6e2632825ea]::thread::lifecycle::spawn_unchecked<test[73009c9f9aebf890]::run_test::{closure#1}, ()>::{closure#1} as core[7c831bd917ebf35f]::ops::function::FnOnce<()>>::call_once::{shim:vtable#0}
[INFO] [stdout]   18:     0x62f6181a7a89 - <std[104cf6e2632825ea]::sys::thread::unix::Thread>::new::thread_start
[INFO] [stdout]   19:     0x7bb7ef87207a - <unknown>
[INFO] [stdout]   20:     0x7bb7ef905534 - clone
[INFO] [stdout]   21:                0x0 - <unknown>
[INFO] [stdout] 
[INFO] [stdout] ---- tests::test_i stdout ----
[INFO] [stdout] 
[INFO] [stdout] thread 'tests::test_i' (174) panicked at src/main.rs:208:23:
[INFO] [stdout] assertion failed: false
[INFO] [stdout] stack backtrace:
[INFO] [stdout]    0:     0x62f6181a81b1 - <<std[104cf6e2632825ea]::sys::backtrace::BacktraceLock>::print::DisplayBacktrace as core[7c831bd917ebf35f]::fmt::Display>::fmt
[INFO] [stdout]    1:     0x62f6181bc3ba - core[7c831bd917ebf35f]::fmt::write
[INFO] [stdout]    2:     0x62f6181ac64c - <alloc[2fdc3f7464fcf288]::vec::Vec<u8> as core[7c831bd917ebf35f]::io::write::Write>::write_fmt
[INFO] [stdout]    3:     0x62f618184796 - std[104cf6e2632825ea]::panicking::default_hook::{closure#0}
[INFO] [stdout]    4:     0x62f6181a08c9 - std[104cf6e2632825ea]::panicking::default_hook
[INFO] [stdout]    5:     0x62f61813cd80 - test[73009c9f9aebf890]::test_main_inner::<test[73009c9f9aebf890]::test_main_static::{closure#0}>::{closure#0}
[INFO] [stdout]    6:     0x62f6181a0a82 - std[104cf6e2632825ea]::panicking::panic_with_hook
[INFO] [stdout]    7:     0x62f618184874 - std[104cf6e2632825ea]::panicking::panic_handler::{closure#0}
[INFO] [stdout]    8:     0x62f61817d1e9 - std[104cf6e2632825ea]::sys::backtrace::__rust_end_short_backtrace::<std[104cf6e2632825ea]::panicking::panic_handler::{closure#0}, !>
[INFO] [stdout]    9:     0x62f61818543d - __rustc[b0d56fa5b193ad05]::rust_begin_unwind
[INFO] [stdout]   10:     0x62f6181bcaec - core[7c831bd917ebf35f]::panicking::panic_fmt
[INFO] [stdout]   11:     0x62f6181bcab2 - core[7c831bd917ebf35f]::panicking::panic
[INFO] [stdout]   12:     0x62f61812daf0 - mambretti[db2e9f7f4ac78850]::tests::test_i
[INFO] [stdout]   13:     0x62f61812ffd9 - <mambretti[db2e9f7f4ac78850]::tests::test_i::{closure#0} as core[7c831bd917ebf35f]::ops::function::FnOnce<()>>::call_once
[INFO] [stdout]   14:     0x62f61813006b - test[73009c9f9aebf890]::__rust_begin_short_backtrace::<core[7c831bd917ebf35f]::result::Result<(), alloc[2fdc3f7464fcf288]::string::String>, fn() -> core[7c831bd917ebf35f]::result::Result<(), alloc[2fdc3f7464fcf288]::string::String>>
[INFO] [stdout]   15:     0x62f61813d6d5 - test[73009c9f9aebf890]::run_test::{closure#0}
[INFO] [stdout]   16:     0x62f618136a94 - std[104cf6e2632825ea]::sys::backtrace::__rust_begin_short_backtrace::<test[73009c9f9aebf890]::run_test::{closure#1}, ()>
[INFO] [stdout]   17:     0x62f618140832 - <std[104cf6e2632825ea]::thread::lifecycle::spawn_unchecked<test[73009c9f9aebf890]::run_test::{closure#1}, ()>::{closure#1} as core[7c831bd917ebf35f]::ops::function::FnOnce<()>>::call_once::{shim:vtable#0}
[INFO] [stdout]   18:     0x62f6181a7a89 - <std[104cf6e2632825ea]::sys::thread::unix::Thread>::new::thread_start
[INFO] [stdout]   19:     0x7bb7ef87207a - <unknown>
[INFO] [stdout]   20:     0x7bb7ef905534 - clone
[INFO] [stdout]   21:                0x0 - <unknown>
[INFO] [stdout] 
[INFO] [stdout] ---- tests::test_fid stdout ----
[INFO] [stdout] 
[INFO] [stdout] thread 'tests::test_fid' (173) panicked at src/main.rs:118:23:
[INFO] [stdout] assertion failed: false
[INFO] [stdout] stack backtrace:
[INFO] [stdout]    0:     0x62f6181a81b1 - <<std[104cf6e2632825ea]::sys::backtrace::BacktraceLock>::print::DisplayBacktrace as core[7c831bd917ebf35f]::fmt::Display>::fmt
[INFO] [stdout]    1:     0x62f6181bc3ba - core[7c831bd917ebf35f]::fmt::write
[INFO] [stdout]    2:     0x62f6181ac64c - <alloc[2fdc3f7464fcf288]::vec::Vec<u8> as core[7c831bd917ebf35f]::io::write::Write>::write_fmt
[INFO] [stdout]    3:     0x62f618184796 - std[104cf6e2632825ea]::panicking::default_hook::{closure#0}
[INFO] [stdout]    4:     0x62f6181a08c9 - std[104cf6e2632825ea]::panicking::default_hook
[INFO] [stdout]    5:     0x62f61813cd80 - test[73009c9f9aebf890]::test_main_inner::<test[73009c9f9aebf890]::test_main_static::{closure#0}>::{closure#0}
[INFO] [stdout]    6:     0x62f6181a0a82 - std[104cf6e2632825ea]::panicking::panic_with_hook
[INFO] [stdout]    7:     0x62f618184874 - std[104cf6e2632825ea]::panicking::panic_handler::{closure#0}
[INFO] [stdout]    8:     0x62f61817d1e9 - std[104cf6e2632825ea]::sys::backtrace::__rust_end_short_backtrace::<std[104cf6e2632825ea]::panicking::panic_handler::{closure#0}, !>
[INFO] [stdout]    9:     0x62f61818543d - __rustc[b0d56fa5b193ad05]::rust_begin_unwind
[INFO] [stdout]   10:     0x62f6181bcaec - core[7c831bd917ebf35f]::panicking::panic_fmt
[INFO] [stdout]   11:     0x62f6181bcab2 - core[7c831bd917ebf35f]::panicking::panic
[INFO] [stdout]   12:     0x62f61812dea6 - mambretti[db2e9f7f4ac78850]::tests::test_fid
[INFO] [stdout]   13:     0x62f61812fff9 - <mambretti[db2e9f7f4ac78850]::tests::test_fid::{closure#0} as core[7c831bd917ebf35f]::ops::function::FnOnce<()>>::call_once
[INFO] [stdout]   14:     0x62f61813006b - test[73009c9f9aebf890]::__rust_begin_short_backtrace::<core[7c831bd917ebf35f]::result::Result<(), alloc[2fdc3f7464fcf288]::string::String>, fn() -> core[7c831bd917ebf35f]::result::Result<(), alloc[2fdc3f7464fcf288]::string::String>>
[INFO] [stdout]   15:     0x62f61813d6d5 - test[73009c9f9aebf890]::run_test::{closure#0}
[INFO] [stdout]   16:     0x62f618136a94 - std[104cf6e2632825ea]::sys::backtrace::__rust_begin_short_backtrace::<test[73009c9f9aebf890]::run_test::{closure#1}, ()>
[INFO] [stdout]   17:     0x62f618140832 - <std[104cf6e2632825ea]::thread::lifecycle::spawn_unchecked<test[73009c9f9aebf890]::run_test::{closure#1}, ()>::{closure#1} as core[7c831bd917ebf35f]::ops::function::FnOnce<()>>::call_once::{shim:vtable#0}
[INFO] [stdout]   18:     0x62f6181a7a89 - <std[104cf6e2632825ea]::sys::thread::unix::Thread>::new::thread_start
[INFO] [stdout]   19:     0x7bb7ef87207a - <unknown>
[INFO] [stdout]   20:     0x7bb7ef905534 - clone
[INFO] [stdout]   21:                0x0 - <unknown>
[INFO] [stdout] 
[INFO] [stdout] 
[INFO] [stdout] failures:
[INFO] [stdout]     tests::test_empty
[INFO] [stdout]     tests::test_fid
[INFO] [stdout]     tests::test_i
[INFO] [stdout]     tests::test_others
[INFO] [stdout] 
[INFO] [stdout] test result: FAILED. 1 passed; 4 failed; 0 ignored; 0 measured; 0 filtered out; finished in 0.01s
[INFO] [stdout] 
[INFO] running `Command { std: "docker" "inspect" "f68caa62608f5d3c312ff07566eef96e2087c021bb90c6ad43fd1d21a9c05992", kill_on_drop: false }`
[INFO] running `Command { std: "docker" "rm" "-f" "f68caa62608f5d3c312ff07566eef96e2087c021bb90c6ad43fd1d21a9c05992", kill_on_drop: false }`
[INFO] [stdout] f68caa62608f5d3c312ff07566eef96e2087c021bb90c6ad43fd1d21a9c05992
