[INFO] cloning repository https://github.com/lucidfrontier45/grd
[INFO] running `Command { std: "git" "-c" "credential.helper=" "-c" "credential.helper=/workspace/cargo-home/bin/git-credential-null" "clone" "--bare" "https://github.com/lucidfrontier45/grd" "/workspace/cache/git-repos/https%3A%2F%2Fgithub.com%2Flucidfrontier45%2Fgrd", kill_on_drop: false }`
[INFO] [stderr] Cloning into bare repository '/workspace/cache/git-repos/https%3A%2F%2Fgithub.com%2Flucidfrontier45%2Fgrd'...
[INFO] running `Command { std: "git" "rev-parse" "HEAD", kill_on_drop: false }`
[INFO] [stdout] 21de0e7941d9eb82ee01c372016f8cc33c13852a
[INFO] testing lucidfrontier45/grd against 1.99.0-beta.1+cargoflags=--release for beta-release-1.99-2
[INFO] running `Command { std: "git" "clone" "/workspace/cache/git-repos/https%3A%2F%2Fgithub.com%2Flucidfrontier45%2Fgrd" "/workspace/builds/worker-6-tc2/source", kill_on_drop: false }`
[INFO] [stderr] Cloning into '/workspace/builds/worker-6-tc2/source'...
[INFO] [stderr] done.
[INFO] started tweaking git repo https://github.com/lucidfrontier45/grd
[INFO] finished tweaking git repo https://github.com/lucidfrontier45/grd
[INFO] tweaked toml for git repo https://github.com/lucidfrontier45/grd written to /workspace/builds/worker-6-tc2/source/Cargo.toml
[INFO] validating manifest of git repo https://github.com/lucidfrontier45/grd on toolchain 1.99.0-beta.1
[INFO] running `Command { std: CARGO_HOME="/workspace/cargo-home" RUSTUP_HOME="/workspace/rustup-home" "/workspace/cargo-home/bin/cargo" "+1.99.0-beta.1" "metadata" "--manifest-path" "Cargo.toml" "--no-deps", kill_on_drop: false }`
[INFO] crate git repo https://github.com/lucidfrontier45/grd already has a lockfile, it will not be regenerated
[INFO] running `Command { std: CARGO_HOME="/workspace/cargo-home" RUSTUP_HOME="/workspace/rustup-home" "/workspace/cargo-home/bin/cargo" "+1.99.0-beta.1" "fetch" "--manifest-path" "Cargo.toml", kill_on_drop: false }`
[INFO] running `Command { std: "docker" "create" "-v" "/var/lib/crater-agent-workspace/builds/worker-6-tc2/source:/opt/rustwide/workdir:ro,Z" "-v" "/var/lib/crater-agent-workspace/builds/worker-6-tc2/target:/opt/rustwide/target:rw,Z" "-v" "/var/lib/crater-agent-workspace/cargo-home:/opt/rustwide/cargo-home:ro,Z" "-v" "/var/lib/crater-agent-workspace/rustup-home:/opt/rustwide/rustup-home:ro,Z" "-m" "1610612736" "--network" "none" "ghcr.io/rust-lang/crates-build-env/linux@sha256:8683fc1fc2eb5c9ac98e0d076ab094b2ffac7f99da555d2b6a2e27f346de2ec7" "sleep" "infinity", kill_on_drop: false }`
[INFO] [stdout] 847b67d175a963aaefc2207fccc1ab73d26ad3baf1b2e3959ecfea3166c9c685
[INFO] running `Command { std: "docker" "start" "847b67d175a963aaefc2207fccc1ab73d26ad3baf1b2e3959ecfea3166c9c685", kill_on_drop: false }`
[INFO] running `Command { std: "docker" "inspect" "847b67d175a963aaefc2207fccc1ab73d26ad3baf1b2e3959ecfea3166c9c685", kill_on_drop: false }`
[INFO] running `Command { std: "docker" "exec" "-e" "SOURCE_DIR=/opt/rustwide/workdir" "-e" "CARGO_HOME=/opt/rustwide/cargo-home" "-e" "RUSTUP_HOME=/opt/rustwide/rustup-home" "-e" "CARGO_TARGET_DIR=/opt/rustwide/target" "-w" "/opt/rustwide/workdir" "--user" "0:0" "847b67d175a963aaefc2207fccc1ab73d26ad3baf1b2e3959ecfea3166c9c685" "/opt/rustwide/cargo-home/bin/cargo" "+1.99.0-beta.1" "metadata" "--no-deps" "--format-version=1", kill_on_drop: false }`
[INFO] running `Command { std: "docker" "inspect" "847b67d175a963aaefc2207fccc1ab73d26ad3baf1b2e3959ecfea3166c9c685", kill_on_drop: false }`
[INFO] running `Command { std: "docker" "exec" "-e" "SOURCE_DIR=/opt/rustwide/workdir" "-e" "CARGO_HOME=/opt/rustwide/cargo-home" "-e" "RUSTUP_HOME=/opt/rustwide/rustup-home" "-e" "CARGO_TARGET_DIR=/opt/rustwide/target" "-e" "CARGO_INCREMENTAL=0" "-e" "RUST_BACKTRACE=full" "-e" "RUSTFLAGS=--cap-lints=warn" "-e" "RUSTDOCFLAGS=--cap-lints=warn" "-w" "/opt/rustwide/workdir" "--user" "0:0" "847b67d175a963aaefc2207fccc1ab73d26ad3baf1b2e3959ecfea3166c9c685" "/opt/rustwide/cargo-home/bin/cargo" "+1.99.0-beta.1" "build" "--frozen" "--message-format=json" "--release", kill_on_drop: false }`
[INFO] [stderr]    Compiling libc v0.2.186
[INFO] [stderr]    Compiling cfg-if v1.0.4
[INFO] [stderr]    Compiling shlex v2.0.1
[INFO] [stderr]    Compiling find-msvc-tools v0.1.9
[INFO] [stderr]    Compiling zeroize v1.9.0
[INFO] [stderr]    Compiling typenum v1.20.1
[INFO] [stderr]    Compiling proc-macro2 v1.0.106
[INFO] [stderr]    Compiling cmov v0.5.4
[INFO] [stderr]    Compiling unicode-ident v1.0.24
[INFO] [stderr]    Compiling serde_core v1.0.228
[INFO] [stderr]    Compiling quote v1.0.46
[INFO] [stderr]    Compiling pkg-config v0.3.33
[INFO] [stderr]    Compiling const-oid v0.10.2
[INFO] [stderr]    Compiling crc32fast v1.5.0
[INFO] [stderr]    Compiling cpufeatures v0.3.0
[INFO] [stderr]    Compiling simd-adler32 v0.3.9
[INFO] [stderr]    Compiling log v0.4.33
[INFO] [stderr]    Compiling rustix v1.1.4
[INFO] [stderr]    Compiling untrusted v0.9.0
[INFO] [stderr]    Compiling bitflags v2.13.0
[INFO] [stderr]    Compiling zmij v1.0.21
[INFO] [stderr]    Compiling rustls-pki-types v1.14.1
[INFO] [stderr]    Compiling httparse v1.10.1
[INFO] [stderr]    Compiling linux-raw-sys v0.12.1
[INFO] [stderr]    Compiling adler2 v2.0.1
[INFO] [stderr]    Compiling ctutils v0.4.2
[INFO] [stderr]    Compiling getrandom v0.4.3
[INFO] [stderr]    Compiling zstd-safe v7.2.4
[INFO] [stderr]    Compiling itoa v1.0.18
[INFO] [stderr]    Compiling utf8parse v0.2.2
[INFO] [stderr]    Compiling miniz_oxide v0.8.9
[INFO] [stderr]    Compiling serde v1.0.228
[INFO] [stderr]    Compiling once_cell v1.21.4
[INFO] [stderr]    Compiling anstyle-parse v1.0.0
[INFO] [stderr]    Compiling serde_json v1.0.150
[INFO] [stderr]    Compiling colorchoice v1.0.5
[INFO] [stderr]    Compiling anstyle v1.0.14
[INFO] [stderr]    Compiling bytes v1.12.0
[INFO] [stderr]    Compiling zlib-rs v0.6.4
[INFO] [stderr]    Compiling memchr v2.8.2
[INFO] [stderr]    Compiling portable-atomic v1.13.1
[INFO] [stderr]    Compiling is_terminal_polyfill v1.70.2
[INFO] [stderr]    Compiling anstyle-query v1.1.5
[INFO] [stderr]    Compiling rustls v0.23.41
[INFO] [stderr]    Compiling anstream v1.0.0
[INFO] [stderr]    Compiling unicode-width v0.2.2
[INFO] [stderr]    Compiling crc-catalog v2.5.0
[INFO] [stderr]    Compiling subtle v2.6.1
[INFO] [stderr]    Compiling cpubits v0.1.1
[INFO] [stderr]    Compiling strsim v0.11.1
[INFO] [stderr]    Compiling bumpalo v3.20.3
[INFO] [stderr]    Compiling clap_lex v1.1.0
[INFO] [stderr]    Compiling base64 v0.22.1
[INFO] [stderr]    Compiling hashbrown v0.17.1
[INFO] [stderr]    Compiling hybrid-array v0.4.12
[INFO] [stderr]    Compiling equivalent v1.0.2
[INFO] [stderr]    Compiling deranged v0.5.8
[INFO] [stderr]    Compiling heck v0.5.0
[INFO] [stderr]    Compiling anyhow v1.0.103
[INFO] [stderr]    Compiling syn v2.0.118
[INFO] [stderr]    Compiling libbz2-rs-sys v0.2.5
[INFO] [stderr]    Compiling time-core v0.1.9
[INFO] [stderr]    Compiling winnow v1.0.3
[INFO] [stderr]    Compiling powerfmt v0.2.0
[INFO] [stderr]    Compiling num-conv v0.2.2
[INFO] [stderr]    Compiling http v1.4.2
[INFO] [stderr]    Compiling zopfli v0.8.3
[INFO] [stderr]    Compiling indexmap v2.14.0
[INFO] [stderr]    Compiling clap_builder v4.6.0
[INFO] [stderr]    Compiling jobserver v0.1.34
[INFO] [stderr]    Compiling crypto-common v0.2.2
[INFO] [stderr]    Compiling block-buffer v0.12.1
[INFO] [stderr]    Compiling cc v1.2.65
[INFO] [stderr]    Compiling inout v0.2.2
[INFO] [stderr]    Compiling toml_parser v1.1.2+spec-1.1.0
[INFO] [stderr]    Compiling getrandom v0.2.17
[INFO] [stderr]    Compiling bzip2 v0.6.1
[INFO] [stderr]    Compiling filetime v0.2.29
[INFO] [stderr]    Compiling console v0.16.3
[INFO] [stderr]    Compiling crc v3.4.0
[INFO] [stderr]    Compiling webpki-roots v1.0.8
[INFO] [stderr]    Compiling ureq-proto v0.6.0
[INFO] [stderr]    Compiling time v0.3.51
[INFO] [stderr]    Compiling xattr v1.6.1
[INFO] [stderr]    Compiling utf8-zero v0.8.1
[INFO] [stderr]    Compiling typed-path v0.12.3
[INFO] [stderr]    Compiling byteorder v1.5.0
[INFO] [stderr]    Compiling digest v0.11.3
[INFO] [stderr]    Compiling cipher v0.5.2
[INFO] [stderr]    Compiling sha2 v0.11.0
[INFO] [stderr]    Compiling hmac v0.13.0
[INFO] [stderr]    Compiling sha1 v0.11.0
[INFO] [stderr]    Compiling toml_writer v1.1.1+spec-1.1.0
[INFO] [stderr]    Compiling pbkdf2 v0.13.0
[INFO] [stderr]    Compiling fastrand v2.4.1
[INFO] [stderr]    Compiling aes v0.9.1
[INFO] [stderr]    Compiling serde_spanned v1.1.1
[INFO] [stderr]    Compiling toml_datetime v1.1.1+spec-1.1.0
[INFO] [stderr]    Compiling ppmd-rust v1.4.0
[INFO] [stderr]    Compiling percent-encoding v2.3.2
[INFO] [stderr]    Compiling unit-prefix v0.5.2
[INFO] [stderr]    Compiling deflate64 v0.1.12
[INFO] [stderr]    Compiling constant_time_eq v0.4.2
[INFO] [stderr]    Compiling indicatif v0.18.4
[INFO] [stderr]    Compiling tempfile v3.27.0
[INFO] [stderr]    Compiling toml v1.1.2+spec-1.1.0
[INFO] [stderr]    Compiling lzma-rs v0.3.0
[INFO] [stderr]    Compiling tar v0.4.46
[INFO] [stderr]    Compiling ring v0.17.14
[INFO] [stderr]    Compiling zstd-sys v2.0.16+zstd.1.5.7
[INFO] [stderr]    Compiling dotenv v0.15.0
[INFO] [stderr]    Compiling flate2 v1.1.9
[INFO] [stderr]    Compiling lzma-rust2 v0.16.4
[INFO] [stderr]    Compiling serde_derive v1.0.228
[INFO] [stderr]    Compiling clap_derive v4.6.1
[INFO] [stderr]    Compiling clap v4.6.1
[INFO] [stderr]    Compiling rustls-webpki v0.103.13
[INFO] [stderr]    Compiling zstd v0.13.3
[INFO] [stderr]    Compiling zip v8.6.0
[INFO] [stderr]    Compiling ureq v3.3.0
[INFO] [stderr]    Compiling grd v0.11.1 (/opt/rustwide/workdir)
[INFO] [stderr]     Finished `release` profile [optimized] target(s) in 1m 29s
[INFO] running `Command { std: "docker" "inspect" "847b67d175a963aaefc2207fccc1ab73d26ad3baf1b2e3959ecfea3166c9c685", kill_on_drop: false }`
[INFO] running `Command { std: "docker" "exec" "-e" "SOURCE_DIR=/opt/rustwide/workdir" "-e" "CARGO_HOME=/opt/rustwide/cargo-home" "-e" "RUSTUP_HOME=/opt/rustwide/rustup-home" "-e" "CARGO_TARGET_DIR=/opt/rustwide/target" "-e" "CARGO_INCREMENTAL=0" "-e" "RUST_BACKTRACE=full" "-e" "RUSTFLAGS=--cap-lints=warn" "-e" "RUSTDOCFLAGS=--cap-lints=warn" "-w" "/opt/rustwide/workdir" "--user" "0:0" "847b67d175a963aaefc2207fccc1ab73d26ad3baf1b2e3959ecfea3166c9c685" "/opt/rustwide/cargo-home/bin/cargo" "+1.99.0-beta.1" "test" "--frozen" "--no-run" "--message-format=json" "--release", kill_on_drop: false }`
[INFO] [stderr]    Compiling serde_json v1.0.150
[INFO] [stderr]    Compiling ureq v3.3.0
[INFO] [stderr]    Compiling grd v0.11.1 (/opt/rustwide/workdir)
[INFO] [stderr]     Finished `release` profile [optimized] target(s) in 48.08s
[INFO] running `Command { std: "docker" "inspect" "847b67d175a963aaefc2207fccc1ab73d26ad3baf1b2e3959ecfea3166c9c685", kill_on_drop: false }`
[INFO] running `Command { std: "docker" "exec" "-e" "SOURCE_DIR=/opt/rustwide/workdir" "-e" "CARGO_HOME=/opt/rustwide/cargo-home" "-e" "RUSTUP_HOME=/opt/rustwide/rustup-home" "-e" "CARGO_TARGET_DIR=/opt/rustwide/target" "-e" "CARGO_INCREMENTAL=0" "-e" "RUST_BACKTRACE=full" "-e" "RUSTFLAGS=--cap-lints=warn" "-e" "RUSTDOCFLAGS=--cap-lints=warn" "-w" "/opt/rustwide/workdir" "--user" "0:0" "847b67d175a963aaefc2207fccc1ab73d26ad3baf1b2e3959ecfea3166c9c685" "/opt/rustwide/cargo-home/bin/cargo" "+1.99.0-beta.1" "test" "--frozen" "--release", kill_on_drop: false }`
[INFO] [stderr]     Finished `release` profile [optimized] target(s) in 0.21s
[INFO] [stderr]      Running unittests src/lib.rs (/opt/rustwide/target/release/deps/grd-82b46cdcdb79a286)
[INFO] [stdout] 
[INFO] [stdout] running 165 tests
[INFO] [stdout] test asset::tests::test_bare_arm_token_is_explicit_arch ... ok
[INFO] [stdout] test asset::tests::test_calculate_match_score_cross_arch ... ok
[INFO] [stdout] test asset::tests::test_calculate_match_score_cross_os ... ok
[INFO] [stdout] test asset::tests::test_calculate_match_score_exact_arch ... ok
[INFO] [stdout] test asset::tests::test_calculate_match_score_exact_os ... ok
[INFO] [stdout] test asset::tests::test_default_arch_for_os_values ... ok
[INFO] [stdout] test asset::tests::test_extract_extension_case_insensitive_and_directory ... ok
[INFO] [stdout] test asset::tests::test_extract_extension_disallowed ... ok
[INFO] [stdout] test asset::tests::test_extract_extension_no_extension ... ok
[INFO] [stdout] test asset::tests::test_fd_arm_asset_not_selected_for_aarch64_either ... ok
[INFO] [stdout] test asset::tests::test_fd_arm_musleabihf_alone_not_selected_for_x86_64 ... ok
[INFO] [stdout] test asset::tests::test_fd_arm_gnueabihf_alone_not_selected_for_x86_64 ... ok
[INFO] [stdout] test asset::tests::test_fd_release_linux_x86_64_never_selects_arm ... ok
[INFO] [stdout] test asset::tests::test_find_asset_dmg_allowed_with_no_ext_filter ... ok
[INFO] [stdout] test asset::tests::test_find_asset_dmg_blocked_by_default ... ok
[INFO] [stdout] test asset::tests::test_extract_extension_allowed ... ok
[INFO] [stdout] test asset::tests::test_find_asset_no_ext_filter_promotes_os_arch_matching_checksum ... ok
[INFO] [stdout] test asset::tests::test_find_asset_version_literal_not_filtered_for_os_arch ... ok
[INFO] [stdout] test asset::tests::test_find_asset_filters_non_binary_assets_by_default ... ok
[INFO] [stdout] test asset::tests::test_format_size_bytes ... ok
[INFO] [stdout] test asset::tests::test_format_size_megabytes ... ok
[INFO] [stdout] test asset::tests::test_has_explicit_arch_pattern_no_arch ... ok
[INFO] [stdout] test asset::tests::test_has_explicit_arch_pattern_supported ... ok
[INFO] [stdout] test asset::tests::test_is_allowed_by_extension_disallowed ... ok
[INFO] [stdout] test asset::tests::test_is_allowed_by_extension_no_ext ... ok
[INFO] [stdout] test asset::tests::test_normalize_arch_invalid ... ok
[INFO] [stdout] test asset::tests::test_has_explicit_arch_pattern_unsupported ... ok
[INFO] [stdout] test asset::tests::test_normalize_arch_valid ... ok
[INFO] [stdout] test asset::tests::test_normalize_os_invalid ... ok
[INFO] [stdout] test asset::tests::test_normalize_os_valid ... ok
[INFO] [stdout] test asset::tests::test_infer_architecture_from_platform_unknown_platform ... ok
[INFO] [stdout] test asset::tests::test_normalize_platform_identifier_case_insensitive_lowercase ... ok
[INFO] [stdout] test asset::tests::test_normalize_platform_identifier_case_insensitive_mixed ... ok
[INFO] [stdout] test asset::tests::test_normalize_os_win64 ... ok
[INFO] [stdout] test asset::tests::test_normalize_platform_identifier_case_insensitive_uppercase ... ok
[INFO] [stdout] test asset::tests::test_normalize_platform_identifier_unknown ... ok
[INFO] [stdout] test asset::tests::test_normalize_platform_identifier_empty_string ... ok
[INFO] [stdout] test asset::tests::test_normalize_os_win32 ... ok
[INFO] [stdout] test asset::tests::test_normalize_platform_identifier_win ... ok
[INFO] [stdout] test asset::tests::test_normalize_platform_identifier_unknown_platform ... ok
[INFO] [stdout] test asset::tests::test_normalize_platform_identifier_win32 ... ok
[INFO] [stdout] test asset::tests::test_normalize_platform_identifier_win64 ... ok
[INFO] [stdout] test asset::tests::test_normalize_platform_identifier_win32_mixed_case ... ok
[INFO] [stdout] test asset::tests::test_infer_architecture_from_platform_win64 ... ok
[INFO] [stdout] test asset::tests::test_normalize_platform_identifier_win64_uppercase ... ok
[INFO] [stdout] test asset::tests::test_normalize_platform_identifier_windows ... ok
[INFO] [stdout] test asset::tests::test_select_asset_darwin_exclusion_with_win64 ... ok
[INFO] [stdout] test asset::tests::test_infer_architecture_from_platform_windows ... ok
[INFO] [stdout] test asset::tests::test_select_asset_darwin_exclusion_with_win32 ... ok
[INFO] [stdout] test asset::tests::test_select_asset_darwin_not_matched_to_windows ... ok
[INFO] [stdout] test asset::tests::test_select_asset_loong64_matches_loong64 ... ok
[INFO] [stdout] test asset::tests::test_select_asset_loong64_not_matched_to_x86_64 ... ok
[INFO] [stdout] test asset::tests::test_select_asset_darwin_with_win_alias_not_matched ... ok
[INFO] [stdout] test asset::tests::test_infer_architecture_from_platform_empty_string ... ok
[INFO] [stdout] test asset::tests::test_infer_architecture_from_platform_win32 ... ok
[INFO] [stdout] test asset::tests::test_select_asset_no_arch_assumes_x86_64_linux ... ok
[INFO] [stdout] test asset::tests::test_select_asset_no_arch_assumes_x86_64_windows ... ok
[INFO] [stdout] test asset::tests::test_has_explicit_arch_pattern_x86_32 ... ok
[INFO] [stdout] test asset::tests::test_select_asset_no_arch_darwin_exclusion_still_applies ... ok
[INFO] [stdout] test asset::tests::test_select_asset_filtered_requires_terminal ... ok
[INFO] [stdout] test asset::tests::test_infer_architecture_from_platform_win ... ok
[INFO] [stdout] test asset::tests::test_select_asset_no_arch_win32_alias_matches ... ok
[INFO] [stdout] test asset::tests::test_select_asset_explicit_arch_preferred_over_implicit ... ok
[INFO] [stdout] test asset::tests::test_select_asset_prefers_linux_amd64_over_linux ... ok
[INFO] [stdout] test asset::tests::test_is_allowed_by_extension_allowed ... ok
[INFO] [stdout] test asset::tests::test_select_asset_prefers_windows_amd64_over_windows ... ok
[INFO] [stdout] test asset::tests::test_select_asset_single_match_auto_selected ... ok
[INFO] [stdout] test asset::tests::test_select_asset_windows_mixed_patterns ... ok
[INFO] [stdout] test asset::tests::test_select_asset_prefers_win64_over_windows ... ok
[INFO] [stdout] test asset::tests::test_select_asset_sorted_by_score ... ok
[INFO] [stdout] test asset::tests::test_select_asset_respects_exclude_filter ... ok
[INFO] [stdout] test asset::tests::test_format_size_kilobytes ... ok
[INFO] [stdout] test asset::tests::test_select_asset_windows_variant_win ... ok
[INFO] [stdout] test asset::tests::test_select_asset_windows_variant_win32 ... ok
[INFO] [stdout] test asset::tests::test_select_asset_no_arch_does_not_match_x86_64_macos ... ok
[INFO] [stdout] test asset::tests::test_select_asset_no_arch_i386_not_matched_as_x86_64 ... ok
[INFO] [stdout] test asset::tests::test_select_asset_windows_win32_fallback_when_only_win32 ... ok
[INFO] [stdout] test asset::tests::test_select_asset_windows_variant_win64 ... ok
[INFO] [stdout] test asset::tests::test_select_asset_windows_win64_preferred_over_win32 ... ok
[INFO] [stdout] test asset::tests::test_select_asset_windows_win64_without_arch_string ... ok
[INFO] [stdout] test asset::tests::test_select_asset_with_no_ext_filter_matches_dmg ... ok
[INFO] [stdout] test asset::tests::test_select_asset_with_default_filter_does_not_match_dmg ... ok
[INFO] [stdout] test asset::tests::test_sort_by_score ... ok
[INFO] [stdout] test asset::tests::test_sort_by_score_same_score_preserves_order ... ok
[INFO] [stdout] test asset::tests::test_select_asset_multiple_matches_without_force_select ... ok
[INFO] [stdout] test asset::tests::test_select_asset_no_arch_assumes_aarch64_macos ... ok
[INFO] [stdout] test cli::tests::test_no_ext_filter_defaults_to_false ... ok
[INFO] [stdout] test cli::tests::test_list_platform_subcommand_parses ... ok
[INFO] [stdout] test cli::tests::test_list_installed_subcommand_parses ... ok
[INFO] [stdout] test cli::tests::test_register_subcommand_defaults_to_none ... ok
[INFO] [stdout] test cli::tests::test_destination_defaults_to_none ... ok
[INFO] [stdout] test cli::tests::test_destination_flag_parses ... ok
[INFO] [stdout] test asset::tests::test_calculate_match_score_platform_alias_os ... ok
[INFO] [stdout] test asset::tests::test_select_asset_default_multiple_returns_selection ... ok
[INFO] [stdout] test cli::tests::test_select_all_flag_parses_as_true ... ok
[INFO] [stdout] test cli::tests::test_register_subcommand_parses ... ok
[INFO] [stdout] test cli::tests::test_yes_flag_parses_as_true ... ok
[INFO] [stdout] test cli::tests::test_yes_flag_defaults_to_false ... ok
[INFO] [stdout] test cli::tests::test_yes_flag_short ... ok
[INFO] [stdout] test cli::tests::test_dry_run_flag_defaults_to_false ... ok
[INFO] [stdout] test extract::tests::test_extract_tar_xz_corrupted ... ok
[INFO] [stdout] test extract::tests::test_extract_and_save_no_decompress ... ok
[INFO] [stdout] test extract::tests::test_extract_tar_xz ... ok
[INFO] [stdout] test cli::tests::test_dry_run_flag_parses_as_true ... ok
[INFO] [stdout] test cli::tests::test_force_flag_defaults_to_false ... ok
[INFO] [stdout] test cli::tests::test_force_flag_parses_as_true ... ok
[INFO] [stdout] test config::tests::test_token_set_in_http_request ... ok
[INFO] [stdout] test extract::tests::test_set_permissions ... ok
[INFO] [stdout] test extract::tests::test_extract_tar_xz_not_found ... ok
[INFO] [stdout] test cli::tests::test_no_ext_filter_parses_as_true ... ok
[INFO] [stdout] test cli::tests::test_info_subcommand_parses ... ok
[INFO] [stdout] test github::tests::test_asset_clone ... ok
[INFO] [stdout] test github::tests::test_asset_size_display ... ok
[INFO] [stdout] test state::tests::test_default_install_dir_default_is_none ... ok
[INFO] [stdout] test github::tests::test_release_struct ... ok
[INFO] [stdout] test state::tests::test_cached_release_destination_deserialization ... ok
[INFO] [stdout] test state::tests::test_default_install_dir_serialized_only_when_set ... ok
[INFO] [stdout] test state::tests::test_diff_repos_independent ... ok
[INFO] [stdout] test state::tests::test_get_default_install_dir ... ok
[INFO] [stdout] test state::tests::test_get_nonexistent_repo ... ok
[INFO] [stdout] test state::tests::test_load_returns_default_for_corrupt_state_file ... ok
[INFO] [stdout] test state::tests::test_remove_cached_returns_entry ... ok
[INFO] [stdout] test state::tests::test_default_install_dir_roundtrip ... ok
[INFO] [stdout] test state::tests::test_remove_cached_empty_state ... ok
[INFO] [stdout] test state::tests::test_remove_cached_idempotent ... ok
[INFO] [stdout] test extract::tests::test_readseek_trait ... ok
[INFO] [stdout] test state::tests::test_set_and_get_cached ... ok
[INFO] [stdout] test extract::tests::test_save_raw_memory ... ok
[INFO] [stdout] test extract::tests::test_save_raw_disk ... ok
[INFO] [stdout] test state::tests::test_save_and_load_roundtrip ... ok
[INFO] [stdout] test state::tests::test_set_default_install_dir ... ok
[INFO] [stdout] test state::tests::test_set_overwrites_previous ... ok
[INFO] [stdout] test state::tests::test_state_default_is_empty ... ok
[INFO] [stdout] test state::tests::test_toml_format ... ok
[INFO] [stdout] test tests::test_confirm_upgrade_accepts_y_uppercase ... ok
[INFO] [stdout] test tests::test_confirm_upgrade_rejects_arbitrary ... ok
[INFO] [stdout] test tests::test_confirm_upgrade_defaults_to_no ... ok
[INFO] [stdout] test tests::test_confirm_upgrade_rejects_n ... ok
[INFO] [stdout] test state::tests::test_same_repo_only_one_entry ... ok
[INFO] [stdout] test github::tests::test_list_releases_from_real_repo ... FAILED
[INFO] [stdout] test tests::test_fd_real_repo_linux_x86_64_no_arm_artifact ... FAILED
[INFO] [stdout] test tests::test_info_subcommand_displays_cached_entry ... ok
[INFO] [stdout] test tests::test_destination_falls_back_to_registered_dir ... ok
[INFO] [stdout] test asset::tests::test_select_asset_no_arch_does_not_match_aarch64_linux ... ok
[INFO] [stdout] test tests::test_integration_download_extract_save ... FAILED
[INFO] [stdout] test tests::test_list_installed_displays_installed_packages ... ok
[INFO] [stdout] test tests::test_list_installed_empty_state ... ok
[INFO] [stdout] test tests::test_register_subcommand_persists_to_state ... ok
[INFO] [stdout] test tests::test_list_installed_does_not_modify_state ... ok
[INFO] [stdout] test tests::test_destination_falls_back_to_default_install_path_when_no_registered_dir ... ok
[INFO] [stdout] test tests::test_remove_subcommand_not_set_by_default ... ok
[INFO] [stdout] test tests::test_remove_subcommand_parses ... ok
[INFO] [stdout] test tests::test_remove_no_state_entry ... ok
[INFO] [stdout] test tests::test_remove_deletes_file_and_state_entry ... ok
[INFO] [stdout] test tests::test_tag_cache_miss_allows_download ... ok
[INFO] [stdout] test tests::test_select_asset_from_real_repo ... FAILED
[INFO] [stdout] test tests::test_tag_force_flag_bypasses_cache_check ... ok
[INFO] [stdout] test tests::test_tag_cache_hit_conditions_met ... ok
[INFO] [stdout] test asset::tests::test_extract_extension_compound_after_strip ... ok
[INFO] [stdout] test cli::tests::test_select_conflicts_with_select_all ... ok
[INFO] [stdout] test github::tests::test_fetch_release_from_real_repo ... FAILED
[INFO] [stdout] test tests::test_confirm_upgrade_accepts_y ... ok
[INFO] [stdout] test extract::tests::test_target_bin_name_unix ... ok
[INFO] [stdout] test tests::test_remove_warns_when_binary_missing ... ok
[INFO] [stdout] test extract::tests::test_extract_and_save_tar_xz_no_decompress ... ok
[INFO] [stdout] 
[INFO] [stdout] failures:
[INFO] [stdout] 
[INFO] [stdout] ---- github::tests::test_list_releases_from_real_repo stdout ----
[INFO] [stdout] 
[INFO] [stdout] thread 'github::tests::test_list_releases_from_real_repo' (2046) panicked at src/github.rs:153:9:
[INFO] [stdout] assertion failed: result.is_ok()
[INFO] [stdout] stack backtrace:
[INFO] [stdout]    0:     0x654f03ad67f5 - <unknown>
[INFO] [stdout]    1:     0x654f03a36474 - <unknown>
[INFO] [stdout]    2:     0x654f03ad5e9b - <unknown>
[INFO] [stdout]    3:     0x654f03ad5a99 - <unknown>
[INFO] [stdout]    4:     0x654f03ad571a - <unknown>
[INFO] [stdout]    5:     0x654f03ad5253 - <unknown>
[INFO] [stdout]    6:     0x654f03afb3c2 - <unknown>
[INFO] [stdout]    7:     0x654f03afb349 - <unknown>
[INFO] [stdout]    8:     0x654f03afb84c - <unknown>
[INFO] [stdout]    9:     0x654f03a3630b - <unknown>
[INFO] [stdout]   10:     0x654f03a38021 - <unknown>
[INFO] [stdout]   11:     0x654f039fde56 - <unknown>
[INFO] [stdout]   12:     0x654f03b201bb - <unknown>
[INFO] [stdout]   13:     0x654f03b1c0c2 - <unknown>
[INFO] [stdout]   14:     0x654f03b1bb6c - <unknown>
[INFO] [stdout]   15:     0x654f03b3653c - <unknown>
[INFO] [stdout]   16:     0x654f03afcd5a - <unknown>
[INFO] [stdout]   17:     0x705df12a807a - <unknown>
[INFO] [stdout]   18:     0x705df133b534 - clone
[INFO] [stdout]   19:                0x0 - <unknown>
[INFO] [stdout] 
[INFO] [stdout] ---- tests::test_fd_real_repo_linux_x86_64_no_arm_artifact stdout ----
[INFO] [stdout] 
[INFO] [stdout] thread 'tests::test_fd_real_repo_linux_x86_64_no_arm_artifact' (2073) panicked at src/tests.rs:42:77:
[INFO] [stdout] called `Result::unwrap()` on an `Err` value: Failed to fetch release info for sharkdp/fd/v10.4.2
[INFO] [stdout] 
[INFO] [stdout] Caused by:
[INFO] [stdout]     io: failed to lookup address information: Temporary failure in name resolution
[INFO] [stdout] 
[INFO] [stdout] Stack backtrace:
[INFO] [stdout]    0: <unknown>
[INFO] [stdout]    1: <unknown>
[INFO] [stdout]    2: <unknown>
[INFO] [stdout]    3: <unknown>
[INFO] [stdout]    4: <unknown>
[INFO] [stdout]    5: <unknown>
[INFO] [stdout]    6: <unknown>
[INFO] [stdout]    7: <unknown>
[INFO] [stdout]    8: <unknown>
[INFO] [stdout]    9: clone
[INFO] [stdout] stack backtrace:
[INFO] [stdout]    0:     0x654f03ad67f5 - <unknown>
[INFO] [stdout]    1:     0x654f03a36474 - <unknown>
[INFO] [stdout]    2:     0x654f03ad5e9b - <unknown>
[INFO] [stdout]    3:     0x654f03ad5a99 - <unknown>
[INFO] [stdout]    4:     0x654f03ad571a - <unknown>
[INFO] [stdout]    5:     0x654f03ad5253 - <unknown>
[INFO] [stdout]    6:     0x654f03afb391 - <unknown>
[INFO] [stdout]    7:     0x654f03afb349 - <unknown>
[INFO] [stdout]    8:     0x654f03afb84c - <unknown>
[INFO] [stdout]    9:     0x654f03a3630b - <unknown>
[INFO] [stdout]   10:     0x654f03a3afe1 - <unknown>
[INFO] [stdout]   11:     0x654f039ebd9c - <unknown>
[INFO] [stdout]   12:     0x654f03b201bb - <unknown>
[INFO] [stdout]   13:     0x654f03b1c0c2 - <unknown>
[INFO] [stdout]   14:     0x654f03b1bb6c - <unknown>
[INFO] [stdout]   15:     0x654f03b3653c - <unknown>
[INFO] [stdout]   16:     0x654f03afcd5a - <unknown>
[INFO] [stdout]   17:     0x705df12a807a - <unknown>
[INFO] [stdout]   18:     0x705df133b534 - clone
[INFO] [stdout]   19:                0x0 - <unknown>
[INFO] [stdout] 
[INFO] [stdout] ---- tests::test_integration_download_extract_save stdout ----
[INFO] [stdout] 
[INFO] [stdout] thread 'tests::test_integration_download_extract_save' (2075) panicked at src/tests.rs:84:84:
[INFO] [stdout] called `Result::unwrap()` on an `Err` value: Failed to fetch release info for BurntSushi/ripgrep/15.1.0
[INFO] [stdout] 
[INFO] [stdout] Caused by:
[INFO] [stdout]     io: failed to lookup address information: Temporary failure in name resolution
[INFO] [stdout] 
[INFO] [stdout] Stack backtrace:
[INFO] [stdout]    0: <unknown>
[INFO] [stdout]    1: <unknown>
[INFO] [stdout]    2: <unknown>
[INFO] [stdout]    3: <unknown>
[INFO] [stdout]    4: <unknown>
[INFO] [stdout]    5: <unknown>
[INFO] [stdout]    6: <unknown>
[INFO] [stdout]    7: <unknown>
[INFO] [stdout]    8: <unknown>
[INFO] [stdout]    9: clone
[INFO] [stdout] stack backtrace:
[INFO] [stdout]    0:     0x654f03ad67f5 - <unknown>
[INFO] [stdout]    1:     0x654f03a36474 - <unknown>
[INFO] [stdout]    2:     0x654f03ad5e9b - <unknown>
[INFO] [stdout]    3:     0x654f03ad5a99 - <unknown>
[INFO] [stdout]    4:     0x654f03ad571a - <unknown>
[INFO] [stdout]    5:     0x654f03ad5253 - <unknown>
[INFO] [stdout]    6:     0x654f03afb391 - <unknown>
[INFO] [stdout]    7:     0x654f03afb349 - <unknown>
[INFO] [stdout]    8:     0x654f03afb84c - <unknown>
[INFO] [stdout]    9:     0x654f03a3630b - <unknown>
[INFO] [stdout]   10:     0x654f03a3afe1 - <unknown>
[INFO] [stdout]   11:     0x654f039e8355 - <unknown>
[INFO] [stdout]   12:     0x654f03b201bb - <unknown>
[INFO] [stdout]   13:     0x654f03b1c0c2 - <unknown>
[INFO] [stdout]   14:     0x654f03b1bb6c - <unknown>
[INFO] [stdout]   15:     0x654f03b3653c - <unknown>
[INFO] [stdout]   16:     0x654f03afcd5a - <unknown>
[INFO] [stdout]   17:     0x705df12a807a - <unknown>
[INFO] [stdout]   18:     0x705df133b534 - clone
[INFO] [stdout]   19:                0x0 - <unknown>
[INFO] [stdout] 
[INFO] [stdout] ---- tests::test_select_asset_from_real_repo stdout ----
[INFO] [stdout] 
[INFO] [stdout] thread 'tests::test_select_asset_from_real_repo' (2085) panicked at src/tests.rs:22:84:
[INFO] [stdout] called `Result::unwrap()` on an `Err` value: Failed to fetch release info for BurntSushi/ripgrep/15.1.0
[INFO] [stdout] 
[INFO] [stdout] Caused by:
[INFO] [stdout]     io: failed to lookup address information: Temporary failure in name resolution
[INFO] [stdout] 
[INFO] [stdout] Stack backtrace:
[INFO] [stdout]    0: <unknown>
[INFO] [stdout]    1: <unknown>
[INFO] [stdout]    2: <unknown>
[INFO] [stdout]    3: <unknown>
[INFO] [stdout]    4: <unknown>
[INFO] [stdout]    5: <unknown>
[INFO] [stdout]    6: <unknown>
[INFO] [stdout]    7: <unknown>
[INFO] [stdout]    8: <unknown>
[INFO] [stdout]    9: clone
[INFO] [stdout] stack backtrace:
[INFO] [stdout]    0:     0x654f03ad67f5 - <unknown>
[INFO] [stdout]    1:     0x654f03a36474 - <unknown>
[INFO] [stdout]    2:     0x654f03ad5e9b - <unknown>
[INFO] [stdout]    3:     0x654f03ad5a99 - <unknown>
[INFO] [stdout]    4:     0x654f03ad571a - <unknown>
[INFO] [stdout]    5:     0x654f03ad5253 - <unknown>
[INFO] [stdout]    6:     0x654f03afb391 - <unknown>
[INFO] [stdout]    7:     0x654f03afb349 - <unknown>
[INFO] [stdout]    8:     0x654f03afb84c - <unknown>
[INFO] [stdout]    9:     0x654f03a3630b - <unknown>
[INFO] [stdout]   10:     0x654f03a3afe1 - <unknown>
[INFO] [stdout]   11:     0x654f039e5b4b - <unknown>
[INFO] [stdout]   12:     0x654f03b201bb - <unknown>
[INFO] [stdout]   13:     0x654f03b1c0c2 - <unknown>
[INFO] [stdout]   14:     0x654f03b1bb6c - <unknown>
[INFO] [stdout]   15:     0x654f03b3653c - <unknown>
[INFO] [stdout]   16:     0x654f03afcd5a - <unknown>
[INFO] [stdout]   17:     0x705df12a807a - <unknown>
[INFO] [stdout]   18:     0x705df133b534 - clone
[INFO] [stdout]   19:                0x0 - <unknown>
[INFO] [stdout] 
[INFO] [stdout] ---- github::tests::test_fetch_release_from_real_repo stdout ----
[INFO] [stdout] 
[INFO] [stdout] thread 'github::tests::test_fetch_release_from_real_repo' (2045) panicked at src/github.rs:139:9:
[INFO] [stdout] assertion failed: result.is_ok()
[INFO] [stdout] stack backtrace:
[INFO] [stdout]    0:     0x654f03ad67f5 - <unknown>
[INFO] [stdout]    1:     0x654f03a36474 - <unknown>
[INFO] [stdout]    2:     0x654f03ad5e9b - <unknown>
[INFO] [stdout]    3:     0x654f03ad5a99 - <unknown>
[INFO] [stdout]    4:     0x654f03ad571a - <unknown>
[INFO] [stdout]    5:     0x654f03ad5253 - <unknown>
[INFO] [stdout]    6:     0x654f03afb3c2 - <unknown>
[INFO] [stdout]    7:     0x654f03afb349 - <unknown>
[INFO] [stdout]    8:     0x654f03afb84c - <unknown>
[INFO] [stdout]    9:     0x654f03a3630b - <unknown>
[INFO] [stdout]   10:     0x654f03a38021 - <unknown>
[INFO] [stdout]   11:     0x654f039fd70d - <unknown>
[INFO] [stdout]   12:     0x654f03b201bb - <unknown>
[INFO] [stdout]   13:     0x654f03b1c0c2 - <unknown>
[INFO] [stdout]   14:     0x654f03b1bb6c - <unknown>
[INFO] [stdout]   15:     0x654f03b3653c - <unknown>
[INFO] [stdout]   16:     0x654f03afcd5a - <unknown>
[INFO] [stdout]   17:     0x705df12a807a - <unknown>
[INFO] [stdout]   18:     0x705df133b534 - clone
[INFO] [stdout]   19:                0x0 - <unknown>
[INFO] [stdout] 
[INFO] [stdout] 
[INFO] [stdout] failures:
[INFO] [stdout]     github::tests::test_fetch_release_from_real_repo
[INFO] [stdout]     github::tests::test_list_releases_from_real_repo
[INFO] [stdout]     tests::test_fd_real_repo_linux_x86_64_no_arm_artifact
[INFO] [stdout]     tests::test_integration_download_extract_save
[INFO] [stdout]     tests::test_select_asset_from_real_repo
[INFO] [stdout] 
[INFO] [stdout] test result: FAILED. 160 passed; 5 failed; 0 ignored; 0 measured; 0 filtered out; finished in 0.04s
[INFO] [stdout] 
[INFO] [stderr] error: test failed, to rerun pass `--lib`
[INFO] running `Command { std: "docker" "inspect" "847b67d175a963aaefc2207fccc1ab73d26ad3baf1b2e3959ecfea3166c9c685", kill_on_drop: false }`
[INFO] running `Command { std: "docker" "rm" "-f" "847b67d175a963aaefc2207fccc1ab73d26ad3baf1b2e3959ecfea3166c9c685", kill_on_drop: false }`
[INFO] [stdout] 847b67d175a963aaefc2207fccc1ab73d26ad3baf1b2e3959ecfea3166c9c685
