[INFO] cloning repository https://github.com/luciano-sparti/FATES
[INFO] running `Command { std: "git" "-c" "credential.helper=" "-c" "credential.helper=/workspace/cargo-home/bin/git-credential-null" "clone" "--bare" "https://github.com/luciano-sparti/FATES" "/workspace/cache/git-repos/https%3A%2F%2Fgithub.com%2Fluciano-sparti%2FFATES", kill_on_drop: false }`
[INFO] [stderr] Cloning into bare repository '/workspace/cache/git-repos/https%3A%2F%2Fgithub.com%2Fluciano-sparti%2FFATES'...
[INFO] running `Command { std: "git" "rev-parse" "HEAD", kill_on_drop: false }`
[INFO] [stdout] 5d4d7beeba6218d4f6fd4c731f570dbec198a179
[INFO] testing luciano-sparti/FATES against 1.98.0-beta.8+cargoflags=--release for beta-release-1.99-2
[INFO] running `Command { std: "git" "clone" "/workspace/cache/git-repos/https%3A%2F%2Fgithub.com%2Fluciano-sparti%2FFATES" "/workspace/builds/worker-4-tc1/source", kill_on_drop: false }`
[INFO] [stderr] Cloning into '/workspace/builds/worker-4-tc1/source'...
[INFO] [stderr] done.
[INFO] started tweaking git repo https://github.com/luciano-sparti/FATES
[INFO] finished tweaking git repo https://github.com/luciano-sparti/FATES
[INFO] tweaked toml for git repo https://github.com/luciano-sparti/FATES written to /workspace/builds/worker-4-tc1/source/Cargo.toml
[INFO] validating manifest of git repo https://github.com/luciano-sparti/FATES on toolchain 1.98.0-beta.8
[INFO] running `Command { std: CARGO_HOME="/workspace/cargo-home" RUSTUP_HOME="/workspace/rustup-home" "/workspace/cargo-home/bin/cargo" "+1.98.0-beta.8" "metadata" "--manifest-path" "Cargo.toml" "--no-deps", kill_on_drop: false }`
[INFO] crate git repo https://github.com/luciano-sparti/FATES already has a lockfile, it will not be regenerated
[INFO] running `Command { std: CARGO_HOME="/workspace/cargo-home" RUSTUP_HOME="/workspace/rustup-home" "/workspace/cargo-home/bin/cargo" "+1.98.0-beta.8" "fetch" "--manifest-path" "Cargo.toml", kill_on_drop: false }`
[INFO] [stderr]     Updating crates.io index
[INFO] [stderr]  Downloading crates ...
[INFO] [stderr]   Downloaded windows-threading v0.2.1
[INFO] [stderr]   Downloaded windows-future v0.3.2
[INFO] [stderr]   Downloaded windows-numerics v0.3.1
[INFO] [stderr]   Downloaded windows-collections v0.3.2
[INFO] [stderr]   Downloaded convert_case v0.10.0
[INFO] [stderr]   Downloaded objc2-open-directory v0.3.2
[INFO] [stderr]   Downloaded bitflags v2.13.0
[INFO] [stderr]   Downloaded derive_more v2.1.1
[INFO] [stderr]   Downloaded clap_complete v4.6.8
[INFO] [stderr]   Downloaded sysinfo v0.39.6
[INFO] [stderr]   Downloaded derive_more-impl v2.1.1
[INFO] [stderr]   Downloaded ntapi v0.4.3
[INFO] [stderr]   Downloaded crossterm v0.29.0
[INFO] [stderr]   Downloaded objc2-io-kit v0.3.2
[INFO] [stderr]   Downloaded nix v0.31.3
[INFO] [stderr]   Downloaded windows v0.62.2
[INFO] running `Command { std: "docker" "create" "-v" "/var/lib/crater-agent-workspace/builds/worker-4-tc1/source:/opt/rustwide/workdir:ro,Z" "-v" "/var/lib/crater-agent-workspace/builds/worker-4-tc1/target:/opt/rustwide/target:rw,Z" "-v" "/var/lib/crater-agent-workspace/cargo-home:/opt/rustwide/cargo-home:ro,Z" "-v" "/var/lib/crater-agent-workspace/rustup-home:/opt/rustwide/rustup-home:ro,Z" "-m" "1610612736" "--network" "none" "ghcr.io/rust-lang/crates-build-env/linux@sha256:8683fc1fc2eb5c9ac98e0d076ab094b2ffac7f99da555d2b6a2e27f346de2ec7" "sleep" "infinity", kill_on_drop: false }`
[INFO] [stdout] 31158c4973187d7c34842c4ea46085ff3947edfd37c3a15724500828c0c9f0c9
[INFO] running `Command { std: "docker" "start" "31158c4973187d7c34842c4ea46085ff3947edfd37c3a15724500828c0c9f0c9", kill_on_drop: false }`
[INFO] running `Command { std: "docker" "inspect" "31158c4973187d7c34842c4ea46085ff3947edfd37c3a15724500828c0c9f0c9", kill_on_drop: false }`
[INFO] running `Command { std: "docker" "exec" "-e" "SOURCE_DIR=/opt/rustwide/workdir" "-e" "CARGO_HOME=/opt/rustwide/cargo-home" "-e" "RUSTUP_HOME=/opt/rustwide/rustup-home" "-e" "CARGO_TARGET_DIR=/opt/rustwide/target" "-w" "/opt/rustwide/workdir" "--user" "0:0" "31158c4973187d7c34842c4ea46085ff3947edfd37c3a15724500828c0c9f0c9" "/opt/rustwide/cargo-home/bin/cargo" "+1.98.0-beta.8" "metadata" "--no-deps" "--format-version=1", kill_on_drop: false }`
[INFO] running `Command { std: "docker" "inspect" "31158c4973187d7c34842c4ea46085ff3947edfd37c3a15724500828c0c9f0c9", kill_on_drop: false }`
[INFO] running `Command { std: "docker" "exec" "-e" "SOURCE_DIR=/opt/rustwide/workdir" "-e" "CARGO_HOME=/opt/rustwide/cargo-home" "-e" "RUSTUP_HOME=/opt/rustwide/rustup-home" "-e" "CARGO_TARGET_DIR=/opt/rustwide/target" "-e" "CARGO_INCREMENTAL=0" "-e" "RUST_BACKTRACE=full" "-e" "RUSTFLAGS=--cap-lints=warn" "-e" "RUSTDOCFLAGS=--cap-lints=warn" "-w" "/opt/rustwide/workdir" "--user" "0:0" "31158c4973187d7c34842c4ea46085ff3947edfd37c3a15724500828c0c9f0c9" "/opt/rustwide/cargo-home/bin/cargo" "+1.98.0-beta.8" "build" "--frozen" "--message-format=json" "--release", kill_on_drop: false }`
[INFO] [stderr]    Compiling libc v0.2.186
[INFO] [stderr]    Compiling quote v1.0.46
[INFO] [stderr]    Compiling serde_core v1.0.228
[INFO] [stderr]    Compiling parking_lot_core v0.9.12
[INFO] [stderr]    Compiling unicode-segmentation v1.13.3
[INFO] [stderr]    Compiling signal-hook v0.3.18
[INFO] [stderr]    Compiling log v0.4.33
[INFO] [stderr]    Compiling rustix v1.1.4
[INFO] [stderr]    Compiling zmij v1.0.21
[INFO] [stderr]    Compiling serde v1.0.228
[INFO] [stderr]    Compiling cfg_aliases v0.2.1
[INFO] [stderr]    Compiling bitflags v2.13.0
[INFO] [stderr]    Compiling lock_api v0.4.14
[INFO] [stderr]    Compiling serde_json v1.0.150
[INFO] [stderr]    Compiling memchr v2.8.3
[INFO] [stderr]    Compiling hashbrown v0.17.1
[INFO] [stderr]    Compiling nix v0.31.3
[INFO] [stderr]    Compiling equivalent v1.0.2
[INFO] [stderr]    Compiling litrs v1.0.0
[INFO] [stderr]    Compiling linux-raw-sys v0.12.1
[INFO] [stderr]    Compiling unsafe-libyaml v0.2.11
[INFO] [stderr]    Compiling ryu v1.0.23
[INFO] [stderr]    Compiling document-features v0.2.12
[INFO] [stderr]    Compiling syn v2.0.118
[INFO] [stderr]    Compiling convert_case v0.10.0
[INFO] [stderr]    Compiling indexmap v2.14.0
[INFO] [stderr]    Compiling errno v0.3.14
[INFO] [stderr]    Compiling mio v1.2.2
[INFO] [stderr]    Compiling sysinfo v0.39.6
[INFO] [stderr]    Compiling signal-hook-registry v1.4.8
[INFO] [stderr]    Compiling parking_lot v0.12.5
[INFO] [stderr]    Compiling signal-hook-mio v0.2.5
[INFO] [stderr]    Compiling derive_more-impl v2.1.1
[INFO] [stderr]    Compiling serde_derive v1.0.228
[INFO] [stderr]    Compiling clap_derive v4.6.1
[INFO] [stderr]    Compiling derive_more v2.1.1
[INFO] [stderr]    Compiling crossterm v0.29.0
[INFO] [stderr]    Compiling clap v4.6.1
[INFO] [stderr]    Compiling clap_complete v4.6.8
[INFO] [stderr]    Compiling serde_yaml v0.9.34+deprecated
[INFO] [stderr]    Compiling fates-cli v0.1.1 (/opt/rustwide/workdir)
[INFO] [stderr]     Finished `release` profile [optimized] target(s) in 37.27s
[INFO] running `Command { std: "docker" "inspect" "31158c4973187d7c34842c4ea46085ff3947edfd37c3a15724500828c0c9f0c9", kill_on_drop: false }`
[INFO] running `Command { std: "docker" "exec" "-e" "SOURCE_DIR=/opt/rustwide/workdir" "-e" "CARGO_HOME=/opt/rustwide/cargo-home" "-e" "RUSTUP_HOME=/opt/rustwide/rustup-home" "-e" "CARGO_TARGET_DIR=/opt/rustwide/target" "-e" "CARGO_INCREMENTAL=0" "-e" "RUST_BACKTRACE=full" "-e" "RUSTFLAGS=--cap-lints=warn" "-e" "RUSTDOCFLAGS=--cap-lints=warn" "-w" "/opt/rustwide/workdir" "--user" "0:0" "31158c4973187d7c34842c4ea46085ff3947edfd37c3a15724500828c0c9f0c9" "/opt/rustwide/cargo-home/bin/cargo" "+1.98.0-beta.8" "test" "--frozen" "--no-run" "--message-format=json" "--release", kill_on_drop: false }`
[INFO] [stderr]    Compiling fates-cli v0.1.1 (/opt/rustwide/workdir)
[INFO] [stderr]     Finished `release` profile [optimized] target(s) in 4.85s
[INFO] running `Command { std: "docker" "inspect" "31158c4973187d7c34842c4ea46085ff3947edfd37c3a15724500828c0c9f0c9", kill_on_drop: false }`
[INFO] running `Command { std: "docker" "exec" "-e" "SOURCE_DIR=/opt/rustwide/workdir" "-e" "CARGO_HOME=/opt/rustwide/cargo-home" "-e" "RUSTUP_HOME=/opt/rustwide/rustup-home" "-e" "CARGO_TARGET_DIR=/opt/rustwide/target" "-e" "CARGO_INCREMENTAL=0" "-e" "RUST_BACKTRACE=full" "-e" "RUSTFLAGS=--cap-lints=warn" "-e" "RUSTDOCFLAGS=--cap-lints=warn" "-w" "/opt/rustwide/workdir" "--user" "0:0" "31158c4973187d7c34842c4ea46085ff3947edfd37c3a15724500828c0c9f0c9" "/opt/rustwide/cargo-home/bin/cargo" "+1.98.0-beta.8" "test" "--frozen" "--release", kill_on_drop: false }`
[INFO] [stderr]     Finished `release` profile [optimized] target(s) in 0.13s
[INFO] [stderr]      Running unittests src/main.rs (/opt/rustwide/target/release/deps/fates-0ff077ccd8e2eb66)
[INFO] [stdout] 
[INFO] [stdout] running 32 tests
[INFO] [stdout] test config::tests::empty_cmd_is_an_error ... ok
[INFO] [stdout] test config::tests::missing_dependency_is_an_error ... ok
[INFO] [stdout] test config::tests::self_dependency_is_an_error ... ok
[INFO] [stdout] test config::tests::topological_order_keeps_every_name ... ok
[INFO] [stdout] test config::tests::multiple_errors_are_all_reported ... ok
[INFO] [stdout] test config::tests::topological_order_puts_dependencies_first ... ok
[INFO] [stdout] test config::tests::topological_order_survives_cycles ... ok
[INFO] [stdout] test dashboard::tests::colored_uses_box_chars_and_ansi ... ok
[INFO] [stdout] test config::tests::valid_config_has_no_errors ... ok
[INFO] [stdout] test dashboard::tests::cpu_style_tints_high_usage ... ok
[INFO] [stdout] test dashboard::tests::plain_renders_headers_rows_and_totals ... ok
[INFO] [stdout] test shell::tests::adjacent_quoted_and_unquoted_parts_merge ... ok
[INFO] [stdout] test dashboard::tests::colored_highlights_selected_row ... ok
[INFO] [stdout] test shell::tests::backslash_escapes_next_character ... ok
[INFO] [stdout] test shell::tests::collapses_leading_trailing_and_repeated_whitespace ... ok
[INFO] [stdout] test shell::tests::double_quotes_group_and_allow_escapes ... ok
[INFO] [stdout] test shell::tests::empty_quoted_word_is_preserved ... ok
[INFO] [stdout] test shell::tests::env_expands_from_process_environment ... ok
[INFO] [stdout] test shell::tests::env_lone_dollar_is_literal ... ok
[INFO] [stdout] test shell::tests::env_expands_simple_and_braced_forms ... ok
[INFO] [stdout] test shell::tests::env_overlay_takes_precedence ... ok
[INFO] [stdout] test shell::tests::env_unset_variables_expand_to_empty ... ok
[INFO] [stdout] test shell::tests::non_tilde_paths_are_unchanged ... ok
[INFO] [stdout] test shell::tests::splits_on_whitespace ... ok
[INFO] [stdout] test shell::tests::single_quotes_group_into_one_word ... ok
[INFO] [stdout] test shell::tests::tilde_expands_to_home ... ok
[INFO] [stdout] test shell::tests::tilde_is_untouched_when_home_is_unknown ... ok
[INFO] [stdout] test state::tests::empty_args_are_stale ... ok
[INFO] [stdout] test shell::tests::empty_input_yields_no_words ... ok
[INFO] [stdout] test state::tests::differing_cmdline_is_stale ... ok
[INFO] [stdout] test state::tests::live_matching_process_is_not_stale ... ok
[INFO] [stdout] test state::tests::dead_process_is_stale ... ok
[INFO] [stdout] 
[INFO] [stdout] test result: ok. 32 passed; 0 failed; 0 ignored; 0 measured; 0 filtered out; finished in 0.13s
[INFO] [stdout] 
[INFO] [stderr]      Running tests/integration.rs (/opt/rustwide/target/release/deps/integration-dbb03fa077184fa7)
[INFO] [stdout] 
[INFO] [stdout] running 55 tests
[INFO] [stdout] test config_env_block_is_applied_to_process ... FAILED
[INFO] [stdout] test completions_are_generated_for_common_shells ... FAILED
[INFO] [stdout] test cut_all_is_idempotent_when_groups_are_already_stopped ... FAILED
[INFO] [stdout] test draw_all_requires_no_config_for_state_only_groups ... FAILED
[INFO] [stdout] test cut_stale_pid_is_rejected_without_signaling ... FAILED
[INFO] [stdout] test logs_follow_streams_newly_appended_lines ... FAILED
[INFO] [stdout] test concurrent_spins_preserve_all_groups ... FAILED
[INFO] [stdout] test draw_all_registers_config_groups_automatically ... FAILED
[INFO] [stdout] test help_lists_aliases ... FAILED
[INFO] [stdout] test init_writes_starter_config_and_refuses_overwrite ... FAILED
[INFO] [stdout] test logs_follow_with_tail_prints_history_first ... FAILED
[INFO] [stdout] test draw_already_running_is_rejected ... FAILED
[INFO] [stdout] test draw_all_starts_in_dependency_order ... FAILED
[INFO] [stdout] test draw_respawns_after_dead_pid ... FAILED
[INFO] [stdout] test cut_force_terminates_immediately ... FAILED
[INFO] [stdout] test draw_and_cut_a_process ... FAILED
[INFO] [stdout] test cut_nonexistent_group_exits_with_error ... FAILED
[INFO] [stdout] test inline_command_with_quotes_preserves_arguments ... FAILED
[INFO] [stdout] test loom_empty_state_shows_message ... FAILED
[INFO] [stdout] test help_exits_successfully ... FAILED
[INFO] [stdout] test loom_prints_totals_row ... FAILED
[INFO] [stdout] test logs_for_drawn_process_contains_output ... FAILED
[INFO] [stdout] test loom_json_reports_running_process ... FAILED
[INFO] [stdout] test loom_json_empty_state_is_empty_array ... FAILED
[INFO] [stdout] test loom_prints_table_headers ... FAILED
[INFO] [stdout] test logs_tail_returns_only_last_lines ... FAILED
[INFO] [stdout] test loom_marks_dead_process_stopped ... FAILED
[INFO] [stdout] test loom_watch_refreshes_repeatedly ... FAILED
[INFO] [stdout] test logs_for_undrawn_process_shows_error ... FAILED
[INFO] [stdout] test respin_of_stopped_group_starts_it ... FAILED
[INFO] [stdout] test rotate_alias_behaves_like_reel ... FAILED
[INFO] [stdout] test start_alias_behaves_like_draw ... FAILED
[INFO] [stdout] test spin_unknown_group_without_cmd_exits_nonzero ... FAILED
[INFO] [stdout] test reel_archives_log_and_starts_fresh ... FAILED
[INFO] [stdout] test reel_unknown_group_shows_error ... FAILED
[INFO] [stdout] test stop_alias_behaves_like_cut ... FAILED
[INFO] [stdout] test spin_rejects_config_with_empty_cmd ... FAILED
[INFO] [stdout] test register_alias_behaves_like_spin ... FAILED
[INFO] [stdout] test system_errors_exit_with_code_two ... FAILED
[INFO] [stdout] test respin_unknown_group_shows_error ... FAILED
[INFO] [stdout] test spin_rejects_config_with_missing_dependency ... FAILED
[INFO] [stdout] test version_exits_successfully ... FAILED
[INFO] [stdout] test respin_stops_and_starts_group ... FAILED
[INFO] [stdout] test wait_returns_when_process_exits ... FAILED
[INFO] [stdout] test wait_times_out_on_long_running_process ... FAILED
[INFO] [stdout] test wait_stopped_group_returns_immediately ... FAILED
[INFO] [stdout] test status_alias_behaves_like_loom ... FAILED
[INFO] [stdout] test spin_registers_group_from_cli ... FAILED
[INFO] [stdout] test restart_alias_behaves_like_respin ... FAILED
[INFO] [stdout] test weave_prints_dependency_tree ... FAILED
[INFO] [stdout] test weave_unknown_group_exits_with_error ... FAILED
[INFO] [stdout] test cut_all_stops_dependents_first ... FAILED
[INFO] [stdout] test state_dir_flag_controls_state_location ... FAILED
[INFO] [stdout] test spin_from_config_file ... FAILED
[INFO] [stdout] test config_quoted_command_preserves_arguments ... FAILED
[INFO] [stdout] 
[INFO] [stdout] failures:
[INFO] [stdout] 
[INFO] [stdout] ---- config_env_block_is_applied_to_process stdout ----
[INFO] [stdout] 
[INFO] [stdout] thread 'config_env_block_is_applied_to_process' (1236) panicked at tests/integration.rs:40:14:
[INFO] [stdout] Failed to execute fates binary. Have you run `cargo build`?: Os { code: 2, kind: NotFound, message: "No such file or directory" }
[INFO] [stdout] stack backtrace:
[INFO] [stdout]    0:     0x5a31fca43ee1 - <<std[97b98282bc616a66]::sys::backtrace::BacktraceLock>::print::DisplayBacktrace as core[832e9a552fc17241]::fmt::Display>::fmt
[INFO] [stdout]    1:     0x5a31fca5899a - core[832e9a552fc17241]::fmt::write
[INFO] [stdout]    2:     0x5a31fca4861c - <alloc[3ecab9f82c41dc7d]::vec::Vec<u8> as std[97b98282bc616a66]::io::Write>::write_fmt
[INFO] [stdout]    3:     0x5a31fca20956 - std[97b98282bc616a66]::panicking::default_hook::{closure#0}
[INFO] [stdout]    4:     0x5a31fca3b3f9 - std[97b98282bc616a66]::panicking::default_hook
[INFO] [stdout]    5:     0x5a31fc9d4de0 - test[39766f3d73431624]::test_main_inner::<test[39766f3d73431624]::test_main_static::{closure#0}>::{closure#0}
[INFO] [stdout]    6:     0x5a31fca3b5b2 - std[97b98282bc616a66]::panicking::panic_with_hook
[INFO] [stdout]    7:     0x5a31fca20a02 - std[97b98282bc616a66]::panicking::panic_handler::{closure#0}
[INFO] [stdout]    8:     0x5a31fca180a9 - std[97b98282bc616a66]::sys::backtrace::__rust_end_short_backtrace::<std[97b98282bc616a66]::panicking::panic_handler::{closure#0}, !>
[INFO] [stdout]    9:     0x5a31fca215fd - __rustc[e3d8617bb01b7f69]::rust_begin_unwind
[INFO] [stdout]   10:     0x5a31fca590cc - core[832e9a552fc17241]::panicking::panic_fmt
[INFO] [stdout]   11:     0x5a31fca58ea2 - core[832e9a552fc17241]::result::unwrap_failed
[INFO] [stdout]   12:     0x5a31fc9ada1d - <integration[c2d7bdd057463f83]::TestEnv>::run
[INFO] [stdout]   13:     0x5a31fc9b8f4e - <integration[c2d7bdd057463f83]::config_env_block_is_applied_to_process::{closure#0} as core[832e9a552fc17241]::ops::function::FnOnce<()>>::call_once
[INFO] [stdout]   14:     0x5a31fc9c811b - test[39766f3d73431624]::__rust_begin_short_backtrace::<core[832e9a552fc17241]::result::Result<(), alloc[3ecab9f82c41dc7d]::string::String>, fn() -> core[832e9a552fc17241]::result::Result<(), alloc[3ecab9f82c41dc7d]::string::String>>
[INFO] [stdout]   15:     0x5a31fc9d5765 - test[39766f3d73431624]::run_test::{closure#0}
[INFO] [stdout]   16:     0x5a31fc9d0214 - std[97b98282bc616a66]::sys::backtrace::__rust_begin_short_backtrace::<test[39766f3d73431624]::run_test::{closure#1}, ()>
[INFO] [stdout]   17:     0x5a31fc9d88b2 - <std[97b98282bc616a66]::thread::lifecycle::spawn_unchecked<test[39766f3d73431624]::run_test::{closure#1}, ()>::{closure#1} as core[832e9a552fc17241]::ops::function::FnOnce<()>>::call_once::{shim:vtable#0}
[INFO] [stdout]   18:     0x5a31fca431ff - <std[97b98282bc616a66]::sys::thread::unix::Thread>::new::thread_start
[INFO] [stdout]   19:     0x7a0fed65507a - <unknown>
[INFO] [stdout]   20:     0x7a0fed6e8534 - clone
[INFO] [stdout]   21:                0x0 - <unknown>
[INFO] [stdout] 
[INFO] [stdout] ---- completions_are_generated_for_common_shells stdout ----
[INFO] [stdout] 
[INFO] [stdout] thread 'completions_are_generated_for_common_shells' (1234) panicked at tests/integration.rs:40:14:
[INFO] [stdout] Failed to execute fates binary. Have you run `cargo build`?: Os { code: 2, kind: NotFound, message: "No such file or directory" }
[INFO] [stdout] stack backtrace:
[INFO] [stdout]    0:     0x5a31fca43ee1 - <<std[97b98282bc616a66]::sys::backtrace::BacktraceLock>::print::DisplayBacktrace as core[832e9a552fc17241]::fmt::Display>::fmt
[INFO] [stdout]    1:     0x5a31fca5899a - core[832e9a552fc17241]::fmt::write
[INFO] [stdout]    2:     0x5a31fca4861c - <alloc[3ecab9f82c41dc7d]::vec::Vec<u8> as std[97b98282bc616a66]::io::Write>::write_fmt
[INFO] [stdout]    3:     0x5a31fca20956 - std[97b98282bc616a66]::panicking::default_hook::{closure#0}
[INFO] [stdout]    4:     0x5a31fca3b3f9 - std[97b98282bc616a66]::panicking::default_hook
[INFO] [stdout]    5:     0x5a31fc9d4de0 - test[39766f3d73431624]::test_main_inner::<test[39766f3d73431624]::test_main_static::{closure#0}>::{closure#0}
[INFO] [stdout]    6:     0x5a31fca3b5b2 - std[97b98282bc616a66]::panicking::panic_with_hook
[INFO] [stdout]    7:     0x5a31fca20a02 - std[97b98282bc616a66]::panicking::panic_handler::{closure#0}
[INFO] [stdout]    8:     0x5a31fca180a9 - std[97b98282bc616a66]::sys::backtrace::__rust_end_short_backtrace::<std[97b98282bc616a66]::panicking::panic_handler::{closure#0}, !>
[INFO] [stdout]    9:     0x5a31fca215fd - __rustc[e3d8617bb01b7f69]::rust_begin_unwind
[INFO] [stdout]   10:     0x5a31fca590cc - core[832e9a552fc17241]::panicking::panic_fmt
[INFO] [stdout]   11:     0x5a31fca58ea2 - core[832e9a552fc17241]::result::unwrap_failed
[INFO] [stdout]   12:     0x5a31fc9ada1d - <integration[c2d7bdd057463f83]::TestEnv>::run
[INFO] [stdout]   13:     0x5a31fc9bba51 - <integration[c2d7bdd057463f83]::completions_are_generated_for_common_shells::{closure#0} as core[832e9a552fc17241]::ops::function::FnOnce<()>>::call_once
[INFO] [stdout]   14:     0x5a31fc9c811b - test[39766f3d73431624]::__rust_begin_short_backtrace::<core[832e9a552fc17241]::result::Result<(), alloc[3ecab9f82c41dc7d]::string::String>, fn() -> core[832e9a552fc17241]::result::Result<(), alloc[3ecab9f82c41dc7d]::string::String>>
[INFO] [stdout]   15:     0x5a31fc9d5765 - test[39766f3d73431624]::run_test::{closure#0}
[INFO] [stdout]   16:     0x5a31fc9d0214 - std[97b98282bc616a66]::sys::backtrace::__rust_begin_short_backtrace::<test[39766f3d73431624]::run_test::{closure#1}, ()>
[INFO] [stdout]   17:     0x5a31fc9d88b2 - <std[97b98282bc616a66]::thread::lifecycle::spawn_unchecked<test[39766f3d73431624]::run_test::{closure#1}, ()>::{closure#1} as core[832e9a552fc17241]::ops::function::FnOnce<()>>::call_once::{shim:vtable#0}
[INFO] [stdout]   18:     0x5a31fca431ff - <std[97b98282bc616a66]::sys::thread::unix::Thread>::new::thread_start
[INFO] [stdout]   19:     0x7a0fed65507a - <unknown>
[INFO] [stdout]   20:     0x7a0fed6e8534 - clone
[INFO] [stdout]   21:                0x0 - <unknown>
[INFO] [stdout] 
[INFO] [stdout] ---- cut_all_is_idempotent_when_groups_are_already_stopped stdout ----
[INFO] [stdout] 
[INFO] [stdout] thread 'cut_all_is_idempotent_when_groups_are_already_stopped' (1238) panicked at tests/integration.rs:40:14:
[INFO] [stdout] Failed to execute fates binary. Have you run `cargo build`?: Os { code: 2, kind: NotFound, message: "No such file or directory" }
[INFO] [stdout] stack backtrace:
[INFO] [stdout]    0:     0x5a31fca43ee1 - <<std[97b98282bc616a66]::sys::backtrace::BacktraceLock>::print::DisplayBacktrace as core[832e9a552fc17241]::fmt::Display>::fmt
[INFO] [stdout]    1:     0x5a31fca5899a - core[832e9a552fc17241]::fmt::write
[INFO] [stdout]    2:     0x5a31fca4861c - <alloc[3ecab9f82c41dc7d]::vec::Vec<u8> as std[97b98282bc616a66]::io::Write>::write_fmt
[INFO] [stdout]    3:     0x5a31fca20956 - std[97b98282bc616a66]::panicking::default_hook::{closure#0}
[INFO] [stdout]    4:     0x5a31fca3b3f9 - std[97b98282bc616a66]::panicking::default_hook
[INFO] [stdout]    5:     0x5a31fc9d4de0 - test[39766f3d73431624]::test_main_inner::<test[39766f3d73431624]::test_main_static::{closure#0}>::{closure#0}
[INFO] [stdout]    6:     0x5a31fca3b5b2 - std[97b98282bc616a66]::panicking::panic_with_hook
[INFO] [stdout]    7:     0x5a31fca20a02 - std[97b98282bc616a66]::panicking::panic_handler::{closure#0}
[INFO] [stdout]    8:     0x5a31fca180a9 - std[97b98282bc616a66]::sys::backtrace::__rust_end_short_backtrace::<std[97b98282bc616a66]::panicking::panic_handler::{closure#0}, !>
[INFO] [stdout]    9:     0x5a31fca215fd - __rustc[e3d8617bb01b7f69]::rust_begin_unwind
[INFO] [stdout]   10:     0x5a31fca590cc - core[832e9a552fc17241]::panicking::panic_fmt
[INFO] [stdout]   11:     0x5a31fca58ea2 - core[832e9a552fc17241]::result::unwrap_failed
[INFO] [stdout]   12:     0x5a31fc9ada1d - <integration[c2d7bdd057463f83]::TestEnv>::run
[INFO] [stdout]   13:     0x5a31fc9be12e - <integration[c2d7bdd057463f83]::cut_all_is_idempotent_when_groups_are_already_stopped::{closure#0} as core[832e9a552fc17241]::ops::function::FnOnce<()>>::call_once
[INFO] [stdout]   14:     0x5a31fc9c811b - test[39766f3d73431624]::__rust_begin_short_backtrace::<core[832e9a552fc17241]::result::Result<(), alloc[3ecab9f82c41dc7d]::string::String>, fn() -> core[832e9a552fc17241]::result::Result<(), alloc[3ecab9f82c41dc7d]::string::String>>
[INFO] [stdout]   15:     0x5a31fc9d5765 - test[39766f3d73431624]::run_test::{closure#0}
[INFO] [stdout]   16:     0x5a31fc9d0214 - std[97b98282bc616a66]::sys::backtrace::__rust_begin_short_backtrace::<test[39766f3d73431624]::run_test::{closure#1}, ()>
[INFO] [stdout]   17:     0x5a31fc9d88b2 - <std[97b98282bc616a66]::thread::lifecycle::spawn_unchecked<test[39766f3d73431624]::run_test::{closure#1}, ()>::{closure#1} as core[832e9a552fc17241]::ops::function::FnOnce<()>>::call_once::{shim:vtable#0}
[INFO] [stdout]   18:     0x5a31fca431ff - <std[97b98282bc616a66]::sys::thread::unix::Thread>::new::thread_start
[INFO] [stdout]   19:     0x7a0fed65507a - <unknown>
[INFO] [stdout]   20:     0x7a0fed6e8534 - clone
[INFO] [stdout]   21:                0x0 - <unknown>
[INFO] [stdout] 
[INFO] [stdout] ---- draw_all_requires_no_config_for_state_only_groups stdout ----
[INFO] [stdout] 
[INFO] [stdout] thread 'draw_all_requires_no_config_for_state_only_groups' (1251) panicked at tests/integration.rs:40:14:
[INFO] [stdout] Failed to execute fates binary. Have you run `cargo build`?: Os { code: 2, kind: NotFound, message: "No such file or directory" }
[INFO] [stdout] stack backtrace:
[INFO] [stdout]    0:     0x5a31fca43ee1 - <<std[97b98282bc616a66]::sys::backtrace::BacktraceLock>::print::DisplayBacktrace as core[832e9a552fc17241]::fmt::Display>::fmt
[INFO] [stdout]    1:     0x5a31fca5899a - core[832e9a552fc17241]::fmt::write
[INFO] [stdout]    2:     0x5a31fca4861c - <alloc[3ecab9f82c41dc7d]::vec::Vec<u8> as std[97b98282bc616a66]::io::Write>::write_fmt
[INFO] [stdout]    3:     0x5a31fca20956 - std[97b98282bc616a66]::panicking::default_hook::{closure#0}
[INFO] [stdout]    4:     0x5a31fca3b3f9 - std[97b98282bc616a66]::panicking::default_hook
[INFO] [stdout]    5:     0x5a31fc9d4de0 - test[39766f3d73431624]::test_main_inner::<test[39766f3d73431624]::test_main_static::{closure#0}>::{closure#0}
[INFO] [stdout]    6:     0x5a31fca3b5b2 - std[97b98282bc616a66]::panicking::panic_with_hook
[INFO] [stdout]    7:     0x5a31fca20a02 - std[97b98282bc616a66]::panicking::panic_handler::{closure#0}
[INFO] [stdout]    8:     0x5a31fca180a9 - std[97b98282bc616a66]::sys::backtrace::__rust_end_short_backtrace::<std[97b98282bc616a66]::panicking::panic_handler::{closure#0}, !>
[INFO] [stdout]    9:     0x5a31fca215fd - __rustc[e3d8617bb01b7f69]::rust_begin_unwind
[INFO] [stdout]   10:     0x5a31fca590cc - core[832e9a552fc17241]::panicking::panic_fmt
[INFO] [stdout]   11:     0x5a31fca58ea2 - core[832e9a552fc17241]::result::unwrap_failed
[INFO] [stdout]   12:     0x5a31fc9ada1d - <integration[c2d7bdd057463f83]::TestEnv>::run
[INFO] [stdout]   13:     0x5a31fc9bdcf1 - <integration[c2d7bdd057463f83]::draw_all_requires_no_config_for_state_only_groups::{closure#0} as core[832e9a552fc17241]::ops::function::FnOnce<()>>::call_once
[INFO] [stdout]   14:     0x5a31fc9c811b - test[39766f3d73431624]::__rust_begin_short_backtrace::<core[832e9a552fc17241]::result::Result<(), alloc[3ecab9f82c41dc7d]::string::String>, fn() -> core[832e9a552fc17241]::result::Result<(), alloc[3ecab9f82c41dc7d]::string::String>>
[INFO] [stdout]   15:     0x5a31fc9d5765 - test[39766f3d73431624]::run_test::{closure#0}
[INFO] [stdout]   16:     0x5a31fc9d0214 - std[97b98282bc616a66]::sys::backtrace::__rust_begin_short_backtrace::<test[39766f3d73431624]::run_test::{closure#1}, ()>
[INFO] [stdout]   17:     0x5a31fc9d88b2 - <std[97b98282bc616a66]::thread::lifecycle::spawn_unchecked<test[39766f3d73431624]::run_test::{closure#1}, ()>::{closure#1} as core[832e9a552fc17241]::ops::function::FnOnce<()>>::call_once::{shim:vtable#0}
[INFO] [stdout]   18:     0x5a31fca431ff - <std[97b98282bc616a66]::sys::thread::unix::Thread>::new::thread_start
[INFO] [stdout]   19:     0x7a0fed65507a - <unknown>
[INFO] [stdout]   20:     0x7a0fed6e8534 - clone
[INFO] [stdout]   21:                0x0 - <unknown>
[INFO] [stdout] 
[INFO] [stdout] ---- cut_stale_pid_is_rejected_without_signaling stdout ----
[INFO] [stdout] 
[INFO] [stdout] thread 'cut_stale_pid_is_rejected_without_signaling' (1243) panicked at tests/integration.rs:40:14:
[INFO] [stdout] Failed to execute fates binary. Have you run `cargo build`?: Os { code: 2, kind: NotFound, message: "No such file or directory" }
[INFO] [stdout] stack backtrace:
[INFO] [stdout]    0:     0x5a31fca43ee1 - <<std[97b98282bc616a66]::sys::backtrace::BacktraceLock>::print::DisplayBacktrace as core[832e9a552fc17241]::fmt::Display>::fmt
[INFO] [stdout]    1:     0x5a31fca5899a - core[832e9a552fc17241]::fmt::write
[INFO] [stdout]    2:     0x5a31fca4861c - <alloc[3ecab9f82c41dc7d]::vec::Vec<u8> as std[97b98282bc616a66]::io::Write>::write_fmt
[INFO] [stdout]    3:     0x5a31fca20956 - std[97b98282bc616a66]::panicking::default_hook::{closure#0}
[INFO] [stdout]    4:     0x5a31fca3b3f9 - std[97b98282bc616a66]::panicking::default_hook
[INFO] [stdout]    5:     0x5a31fc9d4de0 - test[39766f3d73431624]::test_main_inner::<test[39766f3d73431624]::test_main_static::{closure#0}>::{closure#0}
[INFO] [stdout]    6:     0x5a31fca3b5b2 - std[97b98282bc616a66]::panicking::panic_with_hook
[INFO] [stdout]    7:     0x5a31fca20a02 - std[97b98282bc616a66]::panicking::panic_handler::{closure#0}
[INFO] [stdout]    8:     0x5a31fca180a9 - std[97b98282bc616a66]::sys::backtrace::__rust_end_short_backtrace::<std[97b98282bc616a66]::panicking::panic_handler::{closure#0}, !>
[INFO] [stdout]    9:     0x5a31fca215fd - __rustc[e3d8617bb01b7f69]::rust_begin_unwind
[INFO] [stdout]   10:     0x5a31fca590cc - core[832e9a552fc17241]::panicking::panic_fmt
[INFO] [stdout]   11:     0x5a31fca58ea2 - core[832e9a552fc17241]::result::unwrap_failed
[INFO] [stdout]   12:     0x5a31fc9ada1d - <integration[c2d7bdd057463f83]::TestEnv>::run
[INFO] [stdout]   13:     0x5a31fc9bbf8f - <integration[c2d7bdd057463f83]::cut_stale_pid_is_rejected_without_signaling::{closure#0} as core[832e9a552fc17241]::ops::function::FnOnce<()>>::call_once
[INFO] [stdout]   14:     0x5a31fc9c811b - test[39766f3d73431624]::__rust_begin_short_backtrace::<core[832e9a552fc17241]::result::Result<(), alloc[3ecab9f82c41dc7d]::string::String>, fn() -> core[832e9a552fc17241]::result::Result<(), alloc[3ecab9f82c41dc7d]::string::String>>
[INFO] [stdout]   15:     0x5a31fc9d5765 - test[39766f3d73431624]::run_test::{closure#0}
[INFO] [stdout]   16:     0x5a31fc9d0214 - std[97b98282bc616a66]::sys::backtrace::__rust_begin_short_backtrace::<test[39766f3d73431624]::run_test::{closure#1}, ()>
[INFO] [stdout]   17:     0x5a31fc9d88b2 - <std[97b98282bc616a66]::thread::lifecycle::spawn_unchecked<test[39766f3d73431624]::run_test::{closure#1}, ()>::{closure#1} as core[832e9a552fc17241]::ops::function::FnOnce<()>>::call_once::{shim:vtable#0}
[INFO] [stdout]   18:     0x5a31fca431ff - <std[97b98282bc616a66]::sys::thread::unix::Thread>::new::thread_start
[INFO] [stdout]   19:     0x7a0fed65507a - <unknown>
[INFO] [stdout]   20:     0x7a0fed6e8534 - clone
[INFO] [stdout]   21:                0x0 - <unknown>
[INFO] [stdout] 
[INFO] [stdout] ---- logs_follow_streams_newly_appended_lines stdout ----
[INFO] [stdout] 
[INFO] [stdout] thread 'logs_follow_streams_newly_appended_lines' (1268) panicked at tests/integration.rs:40:14:
[INFO] [stdout] Failed to execute fates binary. Have you run `cargo build`?: Os { code: 2, kind: NotFound, message: "No such file or directory" }
[INFO] [stdout] stack backtrace:
[INFO] [stdout]    0:     0x5a31fca43ee1 - <<std[97b98282bc616a66]::sys::backtrace::BacktraceLock>::print::DisplayBacktrace as core[832e9a552fc17241]::fmt::Display>::fmt
[INFO] [stdout]    1:     0x5a31fca5899a - core[832e9a552fc17241]::fmt::write
[INFO] [stdout]    2:     0x5a31fca4861c - <alloc[3ecab9f82c41dc7d]::vec::Vec<u8> as std[97b98282bc616a66]::io::Write>::write_fmt
[INFO] [stdout]    3:     0x5a31fca20956 - std[97b98282bc616a66]::panicking::default_hook::{closure#0}
[INFO] [stdout]    4:     0x5a31fca3b3f9 - std[97b98282bc616a66]::panicking::default_hook
[INFO] [stdout]    5:     0x5a31fc9d4de0 - test[39766f3d73431624]::test_main_inner::<test[39766f3d73431624]::test_main_static::{closure#0}>::{closure#0}
[INFO] [stdout]    6:     0x5a31fca3b5b2 - std[97b98282bc616a66]::panicking::panic_with_hook
[INFO] [stdout]    7:     0x5a31fca20a02 - std[97b98282bc616a66]::panicking::panic_handler::{closure#0}
[INFO] [stdout]    8:     0x5a31fca180a9 - std[97b98282bc616a66]::sys::backtrace::__rust_end_short_backtrace::<std[97b98282bc616a66]::panicking::panic_handler::{closure#0}, !>
[INFO] [stdout]    9:     0x5a31fca215fd - __rustc[e3d8617bb01b7f69]::rust_begin_unwind
[INFO] [stdout]   10:     0x5a31fca590cc - core[832e9a552fc17241]::panicking::panic_fmt
[INFO] [stdout]   11:     0x5a31fca58ea2 - core[832e9a552fc17241]::result::unwrap_failed
[INFO] [stdout]   12:     0x5a31fc9ada1d - <integration[c2d7bdd057463f83]::TestEnv>::run
[INFO] [stdout]   13:     0x5a31fc9ba625 - <integration[c2d7bdd057463f83]::logs_follow_streams_newly_appended_lines::{closure#0} as core[832e9a552fc17241]::ops::function::FnOnce<()>>::call_once
[INFO] [stdout]   14:     0x5a31fc9c811b - test[39766f3d73431624]::__rust_begin_short_backtrace::<core[832e9a552fc17241]::result::Result<(), alloc[3ecab9f82c41dc7d]::string::String>, fn() -> core[832e9a552fc17241]::result::Result<(), alloc[3ecab9f82c41dc7d]::string::String>>
[INFO] [stdout]   15:     0x5a31fc9d5765 - test[39766f3d73431624]::run_test::{closure#0}
[INFO] [stdout]   16:     0x5a31fc9d0214 - std[97b98282bc616a66]::sys::backtrace::__rust_begin_short_backtrace::<test[39766f3d73431624]::run_test::{closure#1}, ()>
[INFO] [stdout]   17:     0x5a31fc9d88b2 - <std[97b98282bc616a66]::thread::lifecycle::spawn_unchecked<test[39766f3d73431624]::run_test::{closure#1}, ()>::{closure#1} as core[832e9a552fc17241]::ops::function::FnOnce<()>>::call_once::{shim:vtable#0}
[INFO] [stdout]   18:     0x5a31fca431ff - <std[97b98282bc616a66]::sys::thread::unix::Thread>::new::thread_start
[INFO] [stdout]   19:     0x7a0fed65507a - <unknown>
[INFO] [stdout]   20:     0x7a0fed6e8534 - clone
[INFO] [stdout]   21:                0x0 - <unknown>
[INFO] [stdout] 
[INFO] [stdout] ---- concurrent_spins_preserve_all_groups stdout ----
[INFO] [stdout] 
[INFO] [stdout] thread 'concurrent_spins_preserve_all_groups' (1235) panicked at tests/integration.rs:538:14:
[INFO] [stdout] Failed to spawn fates: Os { code: 2, kind: NotFound, message: "No such file or directory" }
[INFO] [stdout] stack backtrace:
[INFO] [stdout]    0:     0x5a31fca43ee1 - <<std[97b98282bc616a66]::sys::backtrace::BacktraceLock>::print::DisplayBacktrace as core[832e9a552fc17241]::fmt::Display>::fmt
[INFO] [stdout]    1:     0x5a31fca5899a - core[832e9a552fc17241]::fmt::write
[INFO] [stdout]    2:     0x5a31fca4861c - <alloc[3ecab9f82c41dc7d]::vec::Vec<u8> as std[97b98282bc616a66]::io::Write>::write_fmt
[INFO] [stdout]    3:     0x5a31fca20956 - std[97b98282bc616a66]::panicking::default_hook::{closure#0}
[INFO] [stdout]    4:     0x5a31fca3b3f9 - std[97b98282bc616a66]::panicking::default_hook
[INFO] [stdout]    5:     0x5a31fc9d4de0 - test[39766f3d73431624]::test_main_inner::<test[39766f3d73431624]::test_main_static::{closure#0}>::{closure#0}
[INFO] [stdout]    6:     0x5a31fca3b5b2 - std[97b98282bc616a66]::panicking::panic_with_hook
[INFO] [stdout]    7:     0x5a31fca20a02 - std[97b98282bc616a66]::panicking::panic_handler::{closure#0}
[INFO] [stdout]    8:     0x5a31fca180a9 - std[97b98282bc616a66]::sys::backtrace::__rust_end_short_backtrace::<std[97b98282bc616a66]::panicking::panic_handler::{closure#0}, !>
[INFO] [stdout]    9:     0x5a31fca215fd - __rustc[e3d8617bb01b7f69]::rust_begin_unwind
[INFO] [stdout]   10:     0x5a31fca590cc - core[832e9a552fc17241]::panicking::panic_fmt
[INFO] [stdout]   11:     0x5a31fca58ea2 - core[832e9a552fc17241]::result::unwrap_failed
[INFO] [stdout]   12:     0x5a31fc9b837d - <integration[c2d7bdd057463f83]::concurrent_spins_preserve_all_groups::{closure#0} as core[832e9a552fc17241]::ops::function::FnOnce<()>>::call_once
[INFO] [stdout]   13:     0x5a31fc9c811b - test[39766f3d73431624]::__rust_begin_short_backtrace::<core[832e9a552fc17241]::result::Result<(), alloc[3ecab9f82c41dc7d]::string::String>, fn() -> core[832e9a552fc17241]::result::Result<(), alloc[3ecab9f82c41dc7d]::string::String>>
[INFO] [stdout]   14:     0x5a31fc9d5765 - test[39766f3d73431624]::run_test::{closure#0}
[INFO] [stdout]   15:     0x5a31fc9d0214 - std[97b98282bc616a66]::sys::backtrace::__rust_begin_short_backtrace::<test[39766f3d73431624]::run_test::{closure#1}, ()>
[INFO] [stdout]   16:     0x5a31fc9d88b2 - <std[97b98282bc616a66]::thread::lifecycle::spawn_unchecked<test[39766f3d73431624]::run_test::{closure#1}, ()>::{closure#1} as core[832e9a552fc17241]::ops::function::FnOnce<()>>::call_once::{shim:vtable#0}
[INFO] [stdout]   17:     0x5a31fca431ff - <std[97b98282bc616a66]::sys::thread::unix::Thread>::new::thread_start
[INFO] [stdout]   18:     0x7a0fed65507a - <unknown>
[INFO] [stdout]   19:     0x7a0fed6e8534 - clone
[INFO] [stdout]   20:                0x0 - <unknown>
[INFO] [stdout] 
[INFO] [stdout] ---- draw_all_registers_config_groups_automatically stdout ----
[INFO] [stdout] 
[INFO] [stdout] thread 'draw_all_registers_config_groups_automatically' (1245) panicked at tests/integration.rs:40:14:
[INFO] [stdout] Failed to execute fates binary. Have you run `cargo build`?: Os { code: 2, kind: NotFound, message: "No such file or directory" }
[INFO] [stdout] stack backtrace:
[INFO] [stdout]    0:     0x5a31fca43ee1 - <<std[97b98282bc616a66]::sys::backtrace::BacktraceLock>::print::DisplayBacktrace as core[832e9a552fc17241]::fmt::Display>::fmt
[INFO] [stdout]    1:     0x5a31fca5899a - core[832e9a552fc17241]::fmt::write
[INFO] [stdout]    2:     0x5a31fca4861c - <alloc[3ecab9f82c41dc7d]::vec::Vec<u8> as std[97b98282bc616a66]::io::Write>::write_fmt
[INFO] [stdout]    3:     0x5a31fca20956 - std[97b98282bc616a66]::panicking::default_hook::{closure#0}
[INFO] [stdout]    4:     0x5a31fca3b3f9 - std[97b98282bc616a66]::panicking::default_hook
[INFO] [stdout]    5:     0x5a31fc9d4de0 - test[39766f3d73431624]::test_main_inner::<test[39766f3d73431624]::test_main_static::{closure#0}>::{closure#0}
[INFO] [stdout]    6:     0x5a31fca3b5b2 - std[97b98282bc616a66]::panicking::panic_with_hook
[INFO] [stdout]    7:     0x5a31fca20a02 - std[97b98282bc616a66]::panicking::panic_handler::{closure#0}
[INFO] [stdout]    8:     0x5a31fca180a9 - std[97b98282bc616a66]::sys::backtrace::__rust_end_short_backtrace::<std[97b98282bc616a66]::panicking::panic_handler::{closure#0}, !>
[INFO] [stdout]    9:     0x5a31fca215fd - __rustc[e3d8617bb01b7f69]::rust_begin_unwind
[INFO] [stdout]   10:     0x5a31fca590cc - core[832e9a552fc17241]::panicking::panic_fmt
[INFO] [stdout]   11:     0x5a31fca58ea2 - core[832e9a552fc17241]::result::unwrap_failed
[INFO] [stdout]   12:     0x5a31fc9ada1d - <integration[c2d7bdd057463f83]::TestEnv>::run
[INFO] [stdout]   13:     0x5a31fc9bcb0b - <integration[c2d7bdd057463f83]::draw_all_registers_config_groups_automatically::{closure#0} as core[832e9a552fc17241]::ops::function::FnOnce<()>>::call_once
[INFO] [stdout]   14:     0x5a31fc9c811b - test[39766f3d73431624]::__rust_begin_short_backtrace::<core[832e9a552fc17241]::result::Result<(), alloc[3ecab9f82c41dc7d]::string::String>, fn() -> core[832e9a552fc17241]::result::Result<(), alloc[3ecab9f82c41dc7d]::string::String>>
[INFO] [stdout]   15:     0x5a31fc9d5765 - test[39766f3d73431624]::run_test::{closure#0}
[INFO] [stdout]   16:     0x5a31fc9d0214 - std[97b98282bc616a66]::sys::backtrace::__rust_begin_short_backtrace::<test[39766f3d73431624]::run_test::{closure#1}, ()>
[INFO] [stdout]   17:     0x5a31fc9d88b2 - <std[97b98282bc616a66]::thread::lifecycle::spawn_unchecked<test[39766f3d73431624]::run_test::{closure#1}, ()>::{closure#1} as core[832e9a552fc17241]::ops::function::FnOnce<()>>::call_once::{shim:vtable#0}
[INFO] [stdout]   18:     0x5a31fca431ff - <std[97b98282bc616a66]::sys::thread::unix::Thread>::new::thread_start
[INFO] [stdout]   19:     0x7a0fed65507a - <unknown>
[INFO] [stdout]   20:     0x7a0fed6e8534 - clone
[INFO] [stdout]   21:                0x0 - <unknown>
[INFO] [stdout] 
[INFO] [stdout] ---- help_lists_aliases stdout ----
[INFO] [stdout] 
[INFO] [stdout] thread 'help_lists_aliases' (1264) panicked at tests/integration.rs:40:14:
[INFO] [stdout] Failed to execute fates binary. Have you run `cargo build`?: Os { code: 2, kind: NotFound, message: "No such file or directory" }
[INFO] [stdout] stack backtrace:
[INFO] [stdout]    0:     0x5a31fca43ee1 - <<std[97b98282bc616a66]::sys::backtrace::BacktraceLock>::print::DisplayBacktrace as core[832e9a552fc17241]::fmt::Display>::fmt
[INFO] [stdout]    1:     0x5a31fca5899a - core[832e9a552fc17241]::fmt::write
[INFO] [stdout]    2:     0x5a31fca4861c - <alloc[3ecab9f82c41dc7d]::vec::Vec<u8> as std[97b98282bc616a66]::io::Write>::write_fmt
[INFO] [stdout]    3:     0x5a31fca20956 - std[97b98282bc616a66]::panicking::default_hook::{closure#0}
[INFO] [stdout]    4:     0x5a31fca3b3f9 - std[97b98282bc616a66]::panicking::default_hook
[INFO] [stdout]    5:     0x5a31fc9d4de0 - test[39766f3d73431624]::test_main_inner::<test[39766f3d73431624]::test_main_static::{closure#0}>::{closure#0}
[INFO] [stdout]    6:     0x5a31fca3b5b2 - std[97b98282bc616a66]::panicking::panic_with_hook
[INFO] [stdout]    7:     0x5a31fca20a02 - std[97b98282bc616a66]::panicking::panic_handler::{closure#0}
[INFO] [stdout]    8:     0x5a31fca180a9 - std[97b98282bc616a66]::sys::backtrace::__rust_end_short_backtrace::<std[97b98282bc616a66]::panicking::panic_handler::{closure#0}, !>
[INFO] [stdout]    9:     0x5a31fca215fd - __rustc[e3d8617bb01b7f69]::rust_begin_unwind
[INFO] [stdout]   10:     0x5a31fca590cc - core[832e9a552fc17241]::panicking::panic_fmt
[INFO] [stdout]   11:     0x5a31fca58ea2 - core[832e9a552fc17241]::result::unwrap_failed
[INFO] [stdout]   12:     0x5a31fc9ada1d - <integration[c2d7bdd057463f83]::TestEnv>::run
[INFO] [stdout]   13:     0x5a31fc9ae851 - <integration[c2d7bdd057463f83]::help_lists_aliases::{closure#0} as core[832e9a552fc17241]::ops::function::FnOnce<()>>::call_once
[INFO] [stdout]   14:     0x5a31fc9c811b - test[39766f3d73431624]::__rust_begin_short_backtrace::<core[832e9a552fc17241]::result::Result<(), alloc[3ecab9f82c41dc7d]::string::String>, fn() -> core[832e9a552fc17241]::result::Result<(), alloc[3ecab9f82c41dc7d]::string::String>>
[INFO] [stdout]   15:     0x5a31fc9d5765 - test[39766f3d73431624]::run_test::{closure#0}
[INFO] [stdout]   16:     0x5a31fc9d0214 - std[97b98282bc616a66]::sys::backtrace::__rust_begin_short_backtrace::<test[39766f3d73431624]::run_test::{closure#1}, ()>
[INFO] [stdout]   17:     0x5a31fc9d88b2 - <std[97b98282bc616a66]::thread::lifecycle::spawn_unchecked<test[39766f3d73431624]::run_test::{closure#1}, ()>::{closure#1} as core[832e9a552fc17241]::ops::function::FnOnce<()>>::call_once::{shim:vtable#0}
[INFO] [stdout]   18:     0x5a31fca431ff - <std[97b98282bc616a66]::sys::thread::unix::Thread>::new::thread_start
[INFO] [stdout]   19:     0x7a0fed65507a - <unknown>
[INFO] [stdout]   20:     0x7a0fed6e8534 - clone
[INFO] [stdout]   21:                0x0 - <unknown>
[INFO] [stdout] 
[INFO] [stdout] ---- init_writes_starter_config_and_refuses_overwrite stdout ----
[INFO] [stdout] 
[INFO] [stdout] thread 'init_writes_starter_config_and_refuses_overwrite' (1265) panicked at tests/integration.rs:40:14:
[INFO] [stdout] Failed to execute fates binary. Have you run `cargo build`?: Os { code: 2, kind: NotFound, message: "No such file or directory" }
[INFO] [stdout] stack backtrace:
[INFO] [stdout]    0:     0x5a31fca43ee1 - <<std[97b98282bc616a66]::sys::backtrace::BacktraceLock>::print::DisplayBacktrace as core[832e9a552fc17241]::fmt::Display>::fmt
[INFO] [stdout]    1:     0x5a31fca5899a - core[832e9a552fc17241]::fmt::write
[INFO] [stdout]    2:     0x5a31fca4861c - <alloc[3ecab9f82c41dc7d]::vec::Vec<u8> as std[97b98282bc616a66]::io::Write>::write_fmt
[INFO] [stdout]    3:     0x5a31fca20956 - std[97b98282bc616a66]::panicking::default_hook::{closure#0}
[INFO] [stdout]    4:     0x5a31fca3b3f9 - std[97b98282bc616a66]::panicking::default_hook
[INFO] [stdout]    5:     0x5a31fc9d4de0 - test[39766f3d73431624]::test_main_inner::<test[39766f3d73431624]::test_main_static::{closure#0}>::{closure#0}
[INFO] [stdout]    6:     0x5a31fca3b5b2 - std[97b98282bc616a66]::panicking::panic_with_hook
[INFO] [stdout]    7:     0x5a31fca20a02 - std[97b98282bc616a66]::panicking::panic_handler::{closure#0}
[INFO] [stdout]    8:     0x5a31fca180a9 - std[97b98282bc616a66]::sys::backtrace::__rust_end_short_backtrace::<std[97b98282bc616a66]::panicking::panic_handler::{closure#0}, !>
[INFO] [stdout]    9:     0x5a31fca215fd - __rustc[e3d8617bb01b7f69]::rust_begin_unwind
[INFO] [stdout]   10:     0x5a31fca590cc - core[832e9a552fc17241]::panicking::panic_fmt
[INFO] [stdout]   11:     0x5a31fca58ea2 - core[832e9a552fc17241]::result::unwrap_failed
[INFO] [stdout]   12:     0x5a31fc9ada1d - <integration[c2d7bdd057463f83]::TestEnv>::run
[INFO] [stdout]   13:     0x5a31fc9bd74b - <integration[c2d7bdd057463f83]::init_writes_starter_config_and_refuses_overwrite::{closure#0} as core[832e9a552fc17241]::ops::function::FnOnce<()>>::call_once
[INFO] [stdout]   14:     0x5a31fc9c811b - test[39766f3d73431624]::__rust_begin_short_backtrace::<core[832e9a552fc17241]::result::Result<(), alloc[3ecab9f82c41dc7d]::string::String>, fn() -> core[832e9a552fc17241]::result::Result<(), alloc[3ecab9f82c41dc7d]::string::String>>
[INFO] [stdout]   15:     0x5a31fc9d5765 - test[39766f3d73431624]::run_test::{closure#0}
[INFO] [stdout]   16:     0x5a31fc9d0214 - std[97b98282bc616a66]::sys::backtrace::__rust_begin_short_backtrace::<test[39766f3d73431624]::run_test::{closure#1}, ()>
[INFO] [stdout]   17:     0x5a31fc9d88b2 - <std[97b98282bc616a66]::thread::lifecycle::spawn_unchecked<test[39766f3d73431624]::run_test::{closure#1}, ()>::{closure#1} as core[832e9a552fc17241]::ops::function::FnOnce<()>>::call_once::{shim:vtable#0}
[INFO] [stdout]   18:     0x5a31fca431ff - <std[97b98282bc616a66]::sys::thread::unix::Thread>::new::thread_start
[INFO] [stdout]   19:     0x7a0fed65507a - <unknown>
[INFO] [stdout]   20:     0x7a0fed6e8534 - clone
[INFO] [stdout]   21:                0x0 - <unknown>
[INFO] [stdout] 
[INFO] [stdout] ---- logs_follow_with_tail_prints_history_first stdout ----
[INFO] [stdout] 
[INFO] [stdout] thread 'logs_follow_with_tail_prints_history_first' (1271) panicked at tests/integration.rs:40:14:
[INFO] [stdout] Failed to execute fates binary. Have you run `cargo build`?: Os { code: 2, kind: NotFound, message: "No such file or directory" }
[INFO] [stdout] stack backtrace:
[INFO] [stdout]    0:     0x5a31fca43ee1 - <<std[97b98282bc616a66]::sys::backtrace::BacktraceLock>::print::DisplayBacktrace as core[832e9a552fc17241]::fmt::Display>::fmt
[INFO] [stdout]    1:     0x5a31fca5899a - core[832e9a552fc17241]::fmt::write
[INFO] [stdout]    2:     0x5a31fca4861c - <alloc[3ecab9f82c41dc7d]::vec::Vec<u8> as std[97b98282bc616a66]::io::Write>::write_fmt
[INFO] [stdout]    3:     0x5a31fca20956 - std[97b98282bc616a66]::panicking::default_hook::{closure#0}
[INFO] [stdout]    4:     0x5a31fca3b3f9 - std[97b98282bc616a66]::panicking::default_hook
[INFO] [stdout]    5:     0x5a31fc9d4de0 - test[39766f3d73431624]::test_main_inner::<test[39766f3d73431624]::test_main_static::{closure#0}>::{closure#0}
[INFO] [stdout]    6:     0x5a31fca3b5b2 - std[97b98282bc616a66]::panicking::panic_with_hook
[INFO] [stdout]    7:     0x5a31fca20a02 - std[97b98282bc616a66]::panicking::panic_handler::{closure#0}
[INFO] [stdout]    8:     0x5a31fca180a9 - std[97b98282bc616a66]::sys::backtrace::__rust_end_short_backtrace::<std[97b98282bc616a66]::panicking::panic_handler::{closure#0}, !>
[INFO] [stdout]    9:     0x5a31fca215fd - __rustc[e3d8617bb01b7f69]::rust_begin_unwind
[INFO] [stdout]   10:     0x5a31fca590cc - core[832e9a552fc17241]::panicking::panic_fmt
[INFO] [stdout]   11:     0x5a31fca58ea2 - core[832e9a552fc17241]::result::unwrap_failed
[INFO] [stdout]   12:     0x5a31fc9ada1d - <integration[c2d7bdd057463f83]::TestEnv>::run
[INFO] [stdout]   13:     0x5a31fc9bb365 - <integration[c2d7bdd057463f83]::logs_follow_with_tail_prints_history_first::{closure#0} as core[832e9a552fc17241]::ops::function::FnOnce<()>>::call_once
[INFO] [stdout]   14:     0x5a31fc9c811b - test[39766f3d73431624]::__rust_begin_short_backtrace::<core[832e9a552fc17241]::result::Result<(), alloc[3ecab9f82c41dc7d]::string::String>, fn() -> core[832e9a552fc17241]::result::Result<(), alloc[3ecab9f82c41dc7d]::string::String>>
[INFO] [stdout]   15:     0x5a31fc9d5765 - test[39766f3d73431624]::run_test::{closure#0}
[INFO] [stdout]   16:     0x5a31fc9d0214 - std[97b98282bc616a66]::sys::backtrace::__rust_begin_short_backtrace::<test[39766f3d73431624]::run_test::{closure#1}, ()>
[INFO] [stdout]   17:     0x5a31fc9d88b2 - <std[97b98282bc616a66]::thread::lifecycle::spawn_unchecked<test[39766f3d73431624]::run_test::{closure#1}, ()>::{closure#1} as core[832e9a552fc17241]::ops::function::FnOnce<()>>::call_once::{shim:vtable#0}
[INFO] [stdout]   18:     0x5a31fca431ff - <std[97b98282bc616a66]::sys::thread::unix::Thread>::new::thread_start
[INFO] [stdout]   19:     0x7a0fed65507a - <unknown>
[INFO] [stdout]   20:     0x7a0fed6e8534 - clone
[INFO] [stdout]   21:                0x0 - <unknown>
[INFO] [stdout] 
[INFO] [stdout] ---- draw_already_running_is_rejected stdout ----
[INFO] [stdout] 
[INFO] [stdout] thread 'draw_already_running_is_rejected' (1253) panicked at tests/integration.rs:40:14:
[INFO] [stdout] Failed to execute fates binary. Have you run `cargo build`?: Os { code: 2, kind: NotFound, message: "No such file or directory" }
[INFO] [stdout] stack backtrace:
[INFO] [stdout]    0:     0x5a31fca43ee1 - <<std[97b98282bc616a66]::sys::backtrace::BacktraceLock>::print::DisplayBacktrace as core[832e9a552fc17241]::fmt::Display>::fmt
[INFO] [stdout]    1:     0x5a31fca5899a - core[832e9a552fc17241]::fmt::write
[INFO] [stdout]    2:     0x5a31fca4861c - <alloc[3ecab9f82c41dc7d]::vec::Vec<u8> as std[97b98282bc616a66]::io::Write>::write_fmt
[INFO] [stdout]    3:     0x5a31fca20956 - std[97b98282bc616a66]::panicking::default_hook::{closure#0}
[INFO] [stdout]    4:     0x5a31fca3b3f9 - std[97b98282bc616a66]::panicking::default_hook
[INFO] [stdout]    5:     0x5a31fc9d4de0 - test[39766f3d73431624]::test_main_inner::<test[39766f3d73431624]::test_main_static::{closure#0}>::{closure#0}
[INFO] [stdout]    6:     0x5a31fca3b5b2 - std[97b98282bc616a66]::panicking::panic_with_hook
[INFO] [stdout]    7:     0x5a31fca20a02 - std[97b98282bc616a66]::panicking::panic_handler::{closure#0}
[INFO] [stdout]    8:     0x5a31fca180a9 - std[97b98282bc616a66]::sys::backtrace::__rust_end_short_backtrace::<std[97b98282bc616a66]::panicking::panic_handler::{closure#0}, !>
[INFO] [stdout]    9:     0x5a31fca215fd - __rustc[e3d8617bb01b7f69]::rust_begin_unwind
[INFO] [stdout]   10:     0x5a31fca590cc - core[832e9a552fc17241]::panicking::panic_fmt
[INFO] [stdout]   11:     0x5a31fca58ea2 - core[832e9a552fc17241]::result::unwrap_failed
[INFO] [stdout]   12:     0x5a31fc9ada1d - <integration[c2d7bdd057463f83]::TestEnv>::run
[INFO] [stdout]   13:     0x5a31fc9b4528 - <integration[c2d7bdd057463f83]::draw_already_running_is_rejected::{closure#0} as core[832e9a552fc17241]::ops::function::FnOnce<()>>::call_once
[INFO] [stdout]   14:     0x5a31fc9c811b - test[39766f3d73431624]::__rust_begin_short_backtrace::<core[832e9a552fc17241]::result::Result<(), alloc[3ecab9f82c41dc7d]::string::String>, fn() -> core[832e9a552fc17241]::result::Result<(), alloc[3ecab9f82c41dc7d]::string::String>>
[INFO] [stdout]   15:     0x5a31fc9d5765 - test[39766f3d73431624]::run_test::{closure#0}
[INFO] [stdout]   16:     0x5a31fc9d0214 - std[97b98282bc616a66]::sys::backtrace::__rust_begin_short_backtrace::<test[39766f3d73431624]::run_test::{closure#1}, ()>
[INFO] [stdout]   17:     0x5a31fc9d88b2 - <std[97b98282bc616a66]::thread::lifecycle::spawn_unchecked<test[39766f3d73431624]::run_test::{closure#1}, ()>::{closure#1} as core[832e9a552fc17241]::ops::function::FnOnce<()>>::call_once::{shim:vtable#0}
[INFO] [stdout]   18:     0x5a31fca431ff - <std[97b98282bc616a66]::sys::thread::unix::Thread>::new::thread_start
[INFO] [stdout]   19:     0x7a0fed65507a - <unknown>
[INFO] [stdout]   20:     0x7a0fed6e8534 - clone
[INFO] [stdout]   21:                0x0 - <unknown>
[INFO] [stdout] 
[INFO] [stdout] ---- draw_all_starts_in_dependency_order stdout ----
[INFO] [stdout] 
[INFO] [stdout] thread 'draw_all_starts_in_dependency_order' (1252) panicked at tests/integration.rs:40:14:
[INFO] [stdout] Failed to execute fates binary. Have you run `cargo build`?: Os { code: 2, kind: NotFound, message: "No such file or directory" }
[INFO] [stdout] stack backtrace:
[INFO] [stdout]    0:     0x5a31fca43ee1 - <<std[97b98282bc616a66]::sys::backtrace::BacktraceLock>::print::DisplayBacktrace as core[832e9a552fc17241]::fmt::Display>::fmt
[INFO] [stdout]    1:     0x5a31fca5899a - core[832e9a552fc17241]::fmt::write
[INFO] [stdout]    2:     0x5a31fca4861c - <alloc[3ecab9f82c41dc7d]::vec::Vec<u8> as std[97b98282bc616a66]::io::Write>::write_fmt
[INFO] [stdout]    3:     0x5a31fca20956 - std[97b98282bc616a66]::panicking::default_hook::{closure#0}
[INFO] [stdout]    4:     0x5a31fca3b3f9 - std[97b98282bc616a66]::panicking::default_hook
[INFO] [stdout]    5:     0x5a31fc9d4de0 - test[39766f3d73431624]::test_main_inner::<test[39766f3d73431624]::test_main_static::{closure#0}>::{closure#0}
[INFO] [stdout]    6:     0x5a31fca3b5b2 - std[97b98282bc616a66]::panicking::panic_with_hook
[INFO] [stdout]    7:     0x5a31fca20a02 - std[97b98282bc616a66]::panicking::panic_handler::{closure#0}
[INFO] [stdout]    8:     0x5a31fca180a9 - std[97b98282bc616a66]::sys::backtrace::__rust_end_short_backtrace::<std[97b98282bc616a66]::panicking::panic_handler::{closure#0}, !>
[INFO] [stdout]    9:     0x5a31fca215fd - __rustc[e3d8617bb01b7f69]::rust_begin_unwind
[INFO] [stdout]   10:     0x5a31fca590cc - core[832e9a552fc17241]::panicking::panic_fmt
[INFO] [stdout]   11:     0x5a31fca58ea2 - core[832e9a552fc17241]::result::unwrap_failed
[INFO] [stdout]   12:     0x5a31fc9ada1d - <integration[c2d7bdd057463f83]::TestEnv>::run
[INFO] [stdout]   13:     0x5a31fc9b7652 - <integration[c2d7bdd057463f83]::draw_all_starts_in_dependency_order::{closure#0} as core[832e9a552fc17241]::ops::function::FnOnce<()>>::call_once
[INFO] [stdout]   14:     0x5a31fc9c811b - test[39766f3d73431624]::__rust_begin_short_backtrace::<core[832e9a552fc17241]::result::Result<(), alloc[3ecab9f82c41dc7d]::string::String>, fn() -> core[832e9a552fc17241]::result::Result<(), alloc[3ecab9f82c41dc7d]::string::String>>
[INFO] [stdout]   15:     0x5a31fc9d5765 - test[39766f3d73431624]::run_test::{closure#0}
[INFO] [stdout]   16:     0x5a31fc9d0214 - std[97b98282bc616a66]::sys::backtrace::__rust_begin_short_backtrace::<test[39766f3d73431624]::run_test::{closure#1}, ()>
[INFO] [stdout]   17:     0x5a31fc9d88b2 - <std[97b98282bc616a66]::thread::lifecycle::spawn_unchecked<test[39766f3d73431624]::run_test::{closure#1}, ()>::{closure#1} as core[832e9a552fc17241]::ops::function::FnOnce<()>>::call_once::{shim:vtable#0}
[INFO] [stdout]   18:     0x5a31fca431ff - <std[97b98282bc616a66]::sys::thread::unix::Thread>::new::thread_start
[INFO] [stdout]   19:     0x7a0fed65507a - <unknown>
[INFO] [stdout]   20:     0x7a0fed6e8534 - clone
[INFO] [stdout]   21:                0x0 - <unknown>
[INFO] [stdout] 
[INFO] [stdout] ---- draw_respawns_after_dead_pid stdout ----
[INFO] [stdout] 
[INFO] [stdout] thread 'draw_respawns_after_dead_pid' (1255) panicked at tests/integration.rs:40:14:
[INFO] [stdout] Failed to execute fates binary. Have you run `cargo build`?: Os { code: 2, kind: NotFound, message: "No such file or directory" }
[INFO] [stdout] stack backtrace:
[INFO] [stdout]    0:     0x5a31fca43ee1 - <<std[97b98282bc616a66]::sys::backtrace::BacktraceLock>::print::DisplayBacktrace as core[832e9a552fc17241]::fmt::Display>::fmt
[INFO] [stdout]    1:     0x5a31fca5899a - core[832e9a552fc17241]::fmt::write
[INFO] [stdout]    2:     0x5a31fca4861c - <alloc[3ecab9f82c41dc7d]::vec::Vec<u8> as std[97b98282bc616a66]::io::Write>::write_fmt
[INFO] [stdout]    3:     0x5a31fca20956 - std[97b98282bc616a66]::panicking::default_hook::{closure#0}
[INFO] [stdout]    4:     0x5a31fca3b3f9 - std[97b98282bc616a66]::panicking::default_hook
[INFO] [stdout]    5:     0x5a31fc9d4de0 - test[39766f3d73431624]::test_main_inner::<test[39766f3d73431624]::test_main_static::{closure#0}>::{closure#0}
[INFO] [stdout]    6:     0x5a31fca3b5b2 - std[97b98282bc616a66]::panicking::panic_with_hook
[INFO] [stdout]    7:     0x5a31fca20a02 - std[97b98282bc616a66]::panicking::panic_handler::{closure#0}
[INFO] [stdout]    8:     0x5a31fca180a9 - std[97b98282bc616a66]::sys::backtrace::__rust_end_short_backtrace::<std[97b98282bc616a66]::panicking::panic_handler::{closure#0}, !>
[INFO] [stdout]    9:     0x5a31fca215fd - __rustc[e3d8617bb01b7f69]::rust_begin_unwind
[INFO] [stdout]   10:     0x5a31fca590cc - core[832e9a552fc17241]::panicking::panic_fmt
[INFO] [stdout]   11:     0x5a31fca58ea2 - core[832e9a552fc17241]::result::unwrap_failed
[INFO] [stdout]   12:     0x5a31fc9ada1d - <integration[c2d7bdd057463f83]::TestEnv>::run
[INFO] [stdout]   13:     0x5a31fc9b0893 - <integration[c2d7bdd057463f83]::draw_respawns_after_dead_pid::{closure#0} as core[832e9a552fc17241]::ops::function::FnOnce<()>>::call_once
[INFO] [stdout]   14:     0x5a31fc9c811b - test[39766f3d73431624]::__rust_begin_short_backtrace::<core[832e9a552fc17241]::result::Result<(), alloc[3ecab9f82c41dc7d]::string::String>, fn() -> core[832e9a552fc17241]::result::Result<(), alloc[3ecab9f82c41dc7d]::string::String>>
[INFO] [stdout]   15:     0x5a31fc9d5765 - test[39766f3d73431624]::run_test::{closure#0}
[INFO] [stdout]   16:     0x5a31fc9d0214 - std[97b98282bc616a66]::sys::backtrace::__rust_begin_short_backtrace::<test[39766f3d73431624]::run_test::{closure#1}, ()>
[INFO] [stdout]   17:     0x5a31fc9d88b2 - <std[97b98282bc616a66]::thread::lifecycle::spawn_unchecked<test[39766f3d73431624]::run_test::{closure#1}, ()>::{closure#1} as core[832e9a552fc17241]::ops::function::FnOnce<()>>::call_once::{shim:vtable#0}
[INFO] [stdout]   18:     0x5a31fca431ff - <std[97b98282bc616a66]::sys::thread::unix::Thread>::new::thread_start
[INFO] [stdout]   19:     0x7a0fed65507a - <unknown>
[INFO] [stdout]   20:     0x7a0fed6e8534 - clone
[INFO] [stdout]   21:                0x0 - <unknown>
[INFO] [stdout] 
[INFO] [stdout] ---- cut_force_terminates_immediately stdout ----
[INFO] [stdout] 
[INFO] [stdout] thread 'cut_force_terminates_immediately' (1240) panicked at tests/integration.rs:40:14:
[INFO] [stdout] Failed to execute fates binary. Have you run `cargo build`?: Os { code: 2, kind: NotFound, message: "No such file or directory" }
[INFO] [stdout] stack backtrace:
[INFO] [stdout]    0:     0x5a31fca43ee1 - <<std[97b98282bc616a66]::sys::backtrace::BacktraceLock>::print::DisplayBacktrace as core[832e9a552fc17241]::fmt::Display>::fmt
[INFO] [stdout]    1:     0x5a31fca5899a - core[832e9a552fc17241]::fmt::write
[INFO] [stdout]    2:     0x5a31fca4861c - <alloc[3ecab9f82c41dc7d]::vec::Vec<u8> as std[97b98282bc616a66]::io::Write>::write_fmt
[INFO] [stdout]    3:     0x5a31fca20956 - std[97b98282bc616a66]::panicking::default_hook::{closure#0}
[INFO] [stdout]    4:     0x5a31fca3b3f9 - std[97b98282bc616a66]::panicking::default_hook
[INFO] [stdout]    5:     0x5a31fc9d4de0 - test[39766f3d73431624]::test_main_inner::<test[39766f3d73431624]::test_main_static::{closure#0}>::{closure#0}
[INFO] [stdout]    6:     0x5a31fca3b5b2 - std[97b98282bc616a66]::panicking::panic_with_hook
[INFO] [stdout]    7:     0x5a31fca20a02 - std[97b98282bc616a66]::panicking::panic_handler::{closure#0}
[INFO] [stdout]    8:     0x5a31fca180a9 - std[97b98282bc616a66]::sys::backtrace::__rust_end_short_backtrace::<std[97b98282bc616a66]::panicking::panic_handler::{closure#0}, !>
[INFO] [stdout]    9:     0x5a31fca215fd - __rustc[e3d8617bb01b7f69]::rust_begin_unwind
[INFO] [stdout]   10:     0x5a31fca590cc - core[832e9a552fc17241]::panicking::panic_fmt
[INFO] [stdout]   11:     0x5a31fca58ea2 - core[832e9a552fc17241]::result::unwrap_failed
[INFO] [stdout]   12:     0x5a31fc9ada1d - <integration[c2d7bdd057463f83]::TestEnv>::run
[INFO] [stdout]   13:     0x5a31fc9b4124 - <integration[c2d7bdd057463f83]::cut_force_terminates_immediately::{closure#0} as core[832e9a552fc17241]::ops::function::FnOnce<()>>::call_once
[INFO] [stdout]   14:     0x5a31fc9c811b - test[39766f3d73431624]::__rust_begin_short_backtrace::<core[832e9a552fc17241]::result::Result<(), alloc[3ecab9f82c41dc7d]::string::String>, fn() -> core[832e9a552fc17241]::result::Result<(), alloc[3ecab9f82c41dc7d]::string::String>>
[INFO] [stdout]   15:     0x5a31fc9d5765 - test[39766f3d73431624]::run_test::{closure#0}
[INFO] [stdout]   16:     0x5a31fc9d0214 - std[97b98282bc616a66]::sys::backtrace::__rust_begin_short_backtrace::<test[39766f3d73431624]::run_test::{closure#1}, ()>
[INFO] [stdout]   17:     0x5a31fc9d88b2 - <std[97b98282bc616a66]::thread::lifecycle::spawn_unchecked<test[39766f3d73431624]::run_test::{closure#1}, ()>::{closure#1} as core[832e9a552fc17241]::ops::function::FnOnce<()>>::call_once::{shim:vtable#0}
[INFO] [stdout]   18:     0x5a31fca431ff - <std[97b98282bc616a66]::sys::thread::unix::Thread>::new::thread_start
[INFO] [stdout]   19:     0x7a0fed65507a - <unknown>
[INFO] [stdout]   20:     0x7a0fed6e8534 - clone
[INFO] [stdout]   21:                0x0 - <unknown>
[INFO] [stdout] 
[INFO] [stdout] ---- draw_and_cut_a_process stdout ----
[INFO] [stdout] 
[INFO] [stdout] thread 'draw_and_cut_a_process' (1254) panicked at tests/integration.rs:40:14:
[INFO] [stdout] Failed to execute fates binary. Have you run `cargo build`?: Os { code: 2, kind: NotFound, message: "No such file or directory" }
[INFO] [stdout] stack backtrace:
[INFO] [stdout]    0:     0x5a31fca43ee1 - <<std[97b98282bc616a66]::sys::backtrace::BacktraceLock>::print::DisplayBacktrace as core[832e9a552fc17241]::fmt::Display>::fmt
[INFO] [stdout]    1:     0x5a31fca5899a - core[832e9a552fc17241]::fmt::write
[INFO] [stdout]    2:     0x5a31fca4861c - <alloc[3ecab9f82c41dc7d]::vec::Vec<u8> as std[97b98282bc616a66]::io::Write>::write_fmt
[INFO] [stdout]    3:     0x5a31fca20956 - std[97b98282bc616a66]::panicking::default_hook::{closure#0}
[INFO] [stdout]    4:     0x5a31fca3b3f9 - std[97b98282bc616a66]::panicking::default_hook
[INFO] [stdout]    5:     0x5a31fc9d4de0 - test[39766f3d73431624]::test_main_inner::<test[39766f3d73431624]::test_main_static::{closure#0}>::{closure#0}
[INFO] [stdout]    6:     0x5a31fca3b5b2 - std[97b98282bc616a66]::panicking::panic_with_hook
[INFO] [stdout]    7:     0x5a31fca20a02 - std[97b98282bc616a66]::panicking::panic_handler::{closure#0}
[INFO] [stdout]    8:     0x5a31fca180a9 - std[97b98282bc616a66]::sys::backtrace::__rust_end_short_backtrace::<std[97b98282bc616a66]::panicking::panic_handler::{closure#0}, !>
[INFO] [stdout]    9:     0x5a31fca215fd - __rustc[e3d8617bb01b7f69]::rust_begin_unwind
[INFO] [stdout]   10:     0x5a31fca590cc - core[832e9a552fc17241]::panicking::panic_fmt
[INFO] [stdout]   11:     0x5a31fca58ea2 - core[832e9a552fc17241]::result::unwrap_failed
[INFO] [stdout]   12:     0x5a31fc9ada1d - <integration[c2d7bdd057463f83]::TestEnv>::run
[INFO] [stdout]   13:     0x5a31fc9af248 - <integration[c2d7bdd057463f83]::draw_and_cut_a_process::{closure#0} as core[832e9a552fc17241]::ops::function::FnOnce<()>>::call_once
[INFO] [stdout]   14:     0x5a31fc9c811b - test[39766f3d73431624]::__rust_begin_short_backtrace::<core[832e9a552fc17241]::result::Result<(), alloc[3ecab9f82c41dc7d]::string::String>, fn() -> core[832e9a552fc17241]::result::Result<(), alloc[3ecab9f82c41dc7d]::string::String>>
[INFO] [stdout]   15:     0x5a31fc9d5765 - test[39766f3d73431624]::run_test::{closure#0}
[INFO] [stdout]   16:     0x5a31fc9d0214 - std[97b98282bc616a66]::sys::backtrace::__rust_begin_short_backtrace::<test[39766f3d73431624]::run_test::{closure#1}, ()>
[INFO] [stdout]   17:     0x5a31fc9d88b2 - <std[97b98282bc616a66]::thread::lifecycle::spawn_unchecked<test[39766f3d73431624]::run_test::{closure#1}, ()>::{closure#1} as core[832e9a552fc17241]::ops::function::FnOnce<()>>::call_once::{shim:vtable#0}
[INFO] [stdout]   18:     0x5a31fca431ff - <std[97b98282bc616a66]::sys::thread::unix::Thread>::new::thread_start
[INFO] [stdout]   19:     0x7a0fed65507a - <unknown>
[INFO] [stdout]   20:     0x7a0fed6e8534 - clone
[INFO] [stdout]   21:                0x0 - <unknown>
[INFO] [stdout] 
[INFO] [stdout] ---- cut_nonexistent_group_exits_with_error stdout ----
[INFO] [stdout] 
[INFO] [stdout] thread 'cut_nonexistent_group_exits_with_error' (1241) panicked at tests/integration.rs:40:14:
[INFO] [stdout] Failed to execute fates binary. Have you run `cargo build`?: Os { code: 2, kind: NotFound, message: "No such file or directory" }
[INFO] [stdout] stack backtrace:
[INFO] [stdout]    0:     0x5a31fca43ee1 - <<std[97b98282bc616a66]::sys::backtrace::BacktraceLock>::print::DisplayBacktrace as core[832e9a552fc17241]::fmt::Display>::fmt
[INFO] [stdout]    1:     0x5a31fca5899a - core[832e9a552fc17241]::fmt::write
[INFO] [stdout]    2:     0x5a31fca4861c - <alloc[3ecab9f82c41dc7d]::vec::Vec<u8> as std[97b98282bc616a66]::io::Write>::write_fmt
[INFO] [stdout]    3:     0x5a31fca20956 - std[97b98282bc616a66]::panicking::default_hook::{closure#0}
[INFO] [stdout]    4:     0x5a31fca3b3f9 - std[97b98282bc616a66]::panicking::default_hook
[INFO] [stdout]    5:     0x5a31fc9d4de0 - test[39766f3d73431624]::test_main_inner::<test[39766f3d73431624]::test_main_static::{closure#0}>::{closure#0}
[INFO] [stdout]    6:     0x5a31fca3b5b2 - std[97b98282bc616a66]::panicking::panic_with_hook
[INFO] [stdout]    7:     0x5a31fca20a02 - std[97b98282bc616a66]::panicking::panic_handler::{closure#0}
[INFO] [stdout]    8:     0x5a31fca180a9 - std[97b98282bc616a66]::sys::backtrace::__rust_end_short_backtrace::<std[97b98282bc616a66]::panicking::panic_handler::{closure#0}, !>
[INFO] [stdout]    9:     0x5a31fca215fd - __rustc[e3d8617bb01b7f69]::rust_begin_unwind
[INFO] [stdout]   10:     0x5a31fca590cc - core[832e9a552fc17241]::panicking::panic_fmt
[INFO] [stdout]   11:     0x5a31fca58ea2 - core[832e9a552fc17241]::result::unwrap_failed
[INFO] [stdout]   12:     0x5a31fc9ada1d - <integration[c2d7bdd057463f83]::TestEnv>::run
[INFO] [stdout]   13:     0x5a31fc9b9453 - <integration[c2d7bdd057463f83]::cut_nonexistent_group_exits_with_error::{closure#0} as core[832e9a552fc17241]::ops::function::FnOnce<()>>::call_once
[INFO] [stdout]   14:     0x5a31fc9c811b - test[39766f3d73431624]::__rust_begin_short_backtrace::<core[832e9a552fc17241]::result::Result<(), alloc[3ecab9f82c41dc7d]::string::String>, fn() -> core[832e9a552fc17241]::result::Result<(), alloc[3ecab9f82c41dc7d]::string::String>>
[INFO] [stdout]   15:     0x5a31fc9d5765 - test[39766f3d73431624]::run_test::{closure#0}
[INFO] [stdout]   16:     0x5a31fc9d0214 - std[97b98282bc616a66]::sys::backtrace::__rust_begin_short_backtrace::<test[39766f3d73431624]::run_test::{closure#1}, ()>
[INFO] [stdout]   17:     0x5a31fc9d88b2 - <std[97b98282bc616a66]::thread::lifecycle::spawn_unchecked<test[39766f3d73431624]::run_test::{closure#1}, ()>::{closure#1} as core[832e9a552fc17241]::ops::function::FnOnce<()>>::call_once::{shim:vtable#0}
[INFO] [stdout]   18:     0x5a31fca431ff - <std[97b98282bc616a66]::sys::thread::unix::Thread>::new::thread_start
[INFO] [stdout]   19:     0x7a0fed65507a - <unknown>
[INFO] [stdout]   20:     0x7a0fed6e8534 - clone
[INFO] [stdout]   21:                0x0 - <unknown>
[INFO] [stdout] 
[INFO] [stdout] ---- inline_command_with_quotes_preserves_arguments stdout ----
[INFO] [stdout] 
[INFO] [stdout] thread 'inline_command_with_quotes_preserves_arguments' (1266) panicked at tests/integration.rs:40:14:
[INFO] [stdout] Failed to execute fates binary. Have you run `cargo build`?: Os { code: 2, kind: NotFound, message: "No such file or directory" }
[INFO] [stdout] stack backtrace:
[INFO] [stdout]    0:     0x5a31fca43ee1 - <<std[97b98282bc616a66]::sys::backtrace::BacktraceLock>::print::DisplayBacktrace as core[832e9a552fc17241]::fmt::Display>::fmt
[INFO] [stdout]    1:     0x5a31fca5899a - core[832e9a552fc17241]::fmt::write
[INFO] [stdout]    2:     0x5a31fca4861c - <alloc[3ecab9f82c41dc7d]::vec::Vec<u8> as std[97b98282bc616a66]::io::Write>::write_fmt
[INFO] [stdout]    3:     0x5a31fca20956 - std[97b98282bc616a66]::panicking::default_hook::{closure#0}
[INFO] [stdout]    4:     0x5a31fca3b3f9 - std[97b98282bc616a66]::panicking::default_hook
[INFO] [stdout]    5:     0x5a31fc9d4de0 - test[39766f3d73431624]::test_main_inner::<test[39766f3d73431624]::test_main_static::{closure#0}>::{closure#0}
[INFO] [stdout]    6:     0x5a31fca3b5b2 - std[97b98282bc616a66]::panicking::panic_with_hook
[INFO] [stdout]    7:     0x5a31fca20a02 - std[97b98282bc616a66]::panicking::panic_handler::{closure#0}
[INFO] [stdout]    8:     0x5a31fca180a9 - std[97b98282bc616a66]::sys::backtrace::__rust_end_short_backtrace::<std[97b98282bc616a66]::panicking::panic_handler::{closure#0}, !>
[INFO] [stdout]    9:     0x5a31fca215fd - __rustc[e3d8617bb01b7f69]::rust_begin_unwind
[INFO] [stdout]   10:     0x5a31fca590cc - core[832e9a552fc17241]::panicking::panic_fmt
[INFO] [stdout]   11:     0x5a31fca58ea2 - core[832e9a552fc17241]::result::unwrap_failed
[INFO] [stdout]   12:     0x5a31fc9ada1d - <integration[c2d7bdd057463f83]::TestEnv>::run
[INFO] [stdout]   13:     0x5a31fc9bd1be - <integration[c2d7bdd057463f83]::inline_command_with_quotes_preserves_arguments::{closure#0} as core[832e9a552fc17241]::ops::function::FnOnce<()>>::call_once
[INFO] [stdout]   14:     0x5a31fc9c811b - test[39766f3d73431624]::__rust_begin_short_backtrace::<core[832e9a552fc17241]::result::Result<(), alloc[3ecab9f82c41dc7d]::string::String>, fn() -> core[832e9a552fc17241]::result::Result<(), alloc[3ecab9f82c41dc7d]::string::String>>
[INFO] [stdout]   15:     0x5a31fc9d5765 - test[39766f3d73431624]::run_test::{closure#0}
[INFO] [stdout]   16:     0x5a31fc9d0214 - std[97b98282bc616a66]::sys::backtrace::__rust_begin_short_backtrace::<test[39766f3d73431624]::run_test::{closure#1}, ()>
[INFO] [stdout]   17:     0x5a31fc9d88b2 - <std[97b98282bc616a66]::thread::lifecycle::spawn_unchecked<test[39766f3d73431624]::run_test::{closure#1}, ()>::{closure#1} as core[832e9a552fc17241]::ops::function::FnOnce<()>>::call_once::{shim:vtable#0}
[INFO] [stdout]   18:     0x5a31fca431ff - <std[97b98282bc616a66]::sys::thread::unix::Thread>::new::thread_start
[INFO] [stdout]   19:     0x7a0fed65507a - <unknown>
[INFO] [stdout]   20:     0x7a0fed6e8534 - clone
[INFO] [stdout]   21:                0x0 - <unknown>
[INFO] [stdout] 
[INFO] [stdout] ---- loom_empty_state_shows_message stdout ----
[INFO] [stdout] 
[INFO] [stdout] thread 'loom_empty_state_shows_message' (1277) panicked at tests/integration.rs:40:14:
[INFO] [stdout] Failed to execute fates binary. Have you run `cargo build`?: Os { code: 2, kind: NotFound, message: "No such file or directory" }
[INFO] [stdout] stack backtrace:
[INFO] [stdout]    0:     0x5a31fca43ee1 - <<std[97b98282bc616a66]::sys::backtrace::BacktraceLock>::print::DisplayBacktrace as core[832e9a552fc17241]::fmt::Display>::fmt
[INFO] [stdout]    1:     0x5a31fca5899a - core[832e9a552fc17241]::fmt::write
[INFO] [stdout]    2:     0x5a31fca4861c - <alloc[3ecab9f82c41dc7d]::vec::Vec<u8> as std[97b98282bc616a66]::io::Write>::write_fmt
[INFO] [stdout]    3:     0x5a31fca20956 - std[97b98282bc616a66]::panicking::default_hook::{closure#0}
[INFO] [stdout]    4:     0x5a31fca3b3f9 - std[97b98282bc616a66]::panicking::default_hook
[INFO] [stdout]    5:     0x5a31fc9d4de0 - test[39766f3d73431624]::test_main_inner::<test[39766f3d73431624]::test_main_static::{closure#0}>::{closure#0}
[INFO] [stdout]    6:     0x5a31fca3b5b2 - std[97b98282bc616a66]::panicking::panic_with_hook
[INFO] [stdout]    7:     0x5a31fca20a02 - std[97b98282bc616a66]::panicking::panic_handler::{closure#0}
[INFO] [stdout]    8:     0x5a31fca180a9 - std[97b98282bc616a66]::sys::backtrace::__rust_end_short_backtrace::<std[97b98282bc616a66]::panicking::panic_handler::{closure#0}, !>
[INFO] [stdout]    9:     0x5a31fca215fd - __rustc[e3d8617bb01b7f69]::rust_begin_unwind
[INFO] [stdout]   10:     0x5a31fca590cc - core[832e9a552fc17241]::panicking::panic_fmt
[INFO] [stdout]   11:     0x5a31fca58ea2 - core[832e9a552fc17241]::result::unwrap_failed
[INFO] [stdout]   12:     0x5a31fc9ada1d - <integration[c2d7bdd057463f83]::TestEnv>::run
[INFO] [stdout]   13:     0x5a31fc9b27cf - <integration[c2d7bdd057463f83]::loom_empty_state_shows_message::{closure#0} as core[832e9a552fc17241]::ops::function::FnOnce<()>>::call_once
[INFO] [stdout]   14:     0x5a31fc9c811b - test[39766f3d73431624]::__rust_begin_short_backtrace::<core[832e9a552fc17241]::result::Result<(), alloc[3ecab9f82c41dc7d]::string::String>, fn() -> core[832e9a552fc17241]::result::Result<(), alloc[3ecab9f82c41dc7d]::string::String>>
[INFO] [stdout]   15:     0x5a31fc9d5765 - test[39766f3d73431624]::run_test::{closure#0}
[INFO] [stdout]   16:     0x5a31fc9d0214 - std[97b98282bc616a66]::sys::backtrace::__rust_begin_short_backtrace::<test[39766f3d73431624]::run_test::{closure#1}, ()>
[INFO] [stdout]   17:     0x5a31fc9d88b2 - <std[97b98282bc616a66]::thread::lifecycle::spawn_unchecked<test[39766f3d73431624]::run_test::{closure#1}, ()>::{closure#1} as core[832e9a552fc17241]::ops::function::FnOnce<()>>::call_once::{shim:vtable#0}
[INFO] [stdout]   18:     0x5a31fca431ff - <std[97b98282bc616a66]::sys::thread::unix::Thread>::new::thread_start
[INFO] [stdout]   19:     0x7a0fed65507a - <unknown>
[INFO] [stdout]   20:     0x7a0fed6e8534 - clone
[INFO] [stdout]   21:                0x0 - <unknown>
[INFO] [stdout] 
[INFO] [stdout] ---- help_exits_successfully stdout ----
[INFO] [stdout] 
[INFO] [stdout] thread 'help_exits_successfully' (1256) panicked at tests/integration.rs:40:14:
[INFO] [stdout] Failed to execute fates binary. Have you run `cargo build`?: Os { code: 2, kind: NotFound, message: "No such file or directory" }
[INFO] [stdout] stack backtrace:
[INFO] [stdout]    0:     0x5a31fca43ee1 - <<std[97b98282bc616a66]::sys::backtrace::BacktraceLock>::print::DisplayBacktrace as core[832e9a552fc17241]::fmt::Display>::fmt
[INFO] [stdout]    1:     0x5a31fca5899a - core[832e9a552fc17241]::fmt::write
[INFO] [stdout]    2:     0x5a31fca4861c - <alloc[3ecab9f82c41dc7d]::vec::Vec<u8> as std[97b98282bc616a66]::io::Write>::write_fmt
[INFO] [stdout]    3:     0x5a31fca20956 - std[97b98282bc616a66]::panicking::default_hook::{closure#0}
[INFO] [stdout]    4:     0x5a31fca3b3f9 - std[97b98282bc616a66]::panicking::default_hook
[INFO] [stdout]    5:     0x5a31fc9d4de0 - test[39766f3d73431624]::test_main_inner::<test[39766f3d73431624]::test_main_static::{closure#0}>::{closure#0}
[INFO] [stdout]    6:     0x5a31fca3b5b2 - std[97b98282bc616a66]::panicking::panic_with_hook
[INFO] [stdout]    7:     0x5a31fca20a02 - std[97b98282bc616a66]::panicking::panic_handler::{closure#0}
[INFO] [stdout]    8:     0x5a31fca180a9 - std[97b98282bc616a66]::sys::backtrace::__rust_end_short_backtrace::<std[97b98282bc616a66]::panicking::panic_handler::{closure#0}, !>
[INFO] [stdout]    9:     0x5a31fca215fd - __rustc[e3d8617bb01b7f69]::rust_begin_unwind
[INFO] [stdout]   10:     0x5a31fca590cc - core[832e9a552fc17241]::panicking::panic_fmt
[INFO] [stdout]   11:     0x5a31fca58ea2 - core[832e9a552fc17241]::result::unwrap_failed
[INFO] [stdout]   12:     0x5a31fc9ada1d - <integration[c2d7bdd057463f83]::TestEnv>::run
[INFO] [stdout]   13:     0x5a31fc9afc94 - <integration[c2d7bdd057463f83]::help_exits_successfully::{closure#0} as core[832e9a552fc17241]::ops::function::FnOnce<()>>::call_once
[INFO] [stdout]   14:     0x5a31fc9c811b - test[39766f3d73431624]::__rust_begin_short_backtrace::<core[832e9a552fc17241]::result::Result<(), alloc[3ecab9f82c41dc7d]::string::String>, fn() -> core[832e9a552fc17241]::result::Result<(), alloc[3ecab9f82c41dc7d]::string::String>>
[INFO] [stdout]   15:     0x5a31fc9d5765 - test[39766f3d73431624]::run_test::{closure#0}
[INFO] [stdout]   16:     0x5a31fc9d0214 - std[97b98282bc616a66]::sys::backtrace::__rust_begin_short_backtrace::<test[39766f3d73431624]::run_test::{closure#1}, ()>
[INFO] [stdout]   17:     0x5a31fc9d88b2 - <std[97b98282bc616a66]::thread::lifecycle::spawn_unchecked<test[39766f3d73431624]::run_test::{closure#1}, ()>::{closure#1} as core[832e9a552fc17241]::ops::function::FnOnce<()>>::call_once::{shim:vtable#0}
[INFO] [stdout]   18:     0x5a31fca431ff - <std[97b98282bc616a66]::sys::thread::unix::Thread>::new::thread_start
[INFO] [stdout]   19:     0x7a0fed65507a - <unknown>
[INFO] [stdout]   20:     0x7a0fed6e8534 - clone
[INFO] [stdout]   21:                0x0 - <unknown>
[INFO] [stdout] 
[INFO] [stdout] ---- loom_prints_totals_row stdout ----
[INFO] [stdout] 
[INFO] [stdout] thread 'loom_prints_totals_row' (1286) panicked at tests/integration.rs:40:14:
[INFO] [stdout] Failed to execute fates binary. Have you run `cargo build`?: Os { code: 2, kind: NotFound, message: "No such file or directory" }
[INFO] [stdout] stack backtrace:
[INFO] [stdout]    0:     0x5a31fca43ee1 - <<std[97b98282bc616a66]::sys::backtrace::BacktraceLock>::print::DisplayBacktrace as core[832e9a552fc17241]::fmt::Display>::fmt
[INFO] [stdout]    1:     0x5a31fca5899a - core[832e9a552fc17241]::fmt::write
[INFO] [stdout]    2:     0x5a31fca4861c - <alloc[3ecab9f82c41dc7d]::vec::Vec<u8> as std[97b98282bc616a66]::io::Write>::write_fmt
[INFO] [stdout]    3:     0x5a31fca20956 - std[97b98282bc616a66]::panicking::default_hook::{closure#0}
[INFO] [stdout]    4:     0x5a31fca3b3f9 - std[97b98282bc616a66]::panicking::default_hook
[INFO] [stdout]    5:     0x5a31fc9d4de0 - test[39766f3d73431624]::test_main_inner::<test[39766f3d73431624]::test_main_static::{closure#0}>::{closure#0}
[INFO] [stdout]    6:     0x5a31fca3b5b2 - std[97b98282bc616a66]::panicking::panic_with_hook
[INFO] [stdout]    7:     0x5a31fca20a02 - std[97b98282bc616a66]::panicking::panic_handler::{closure#0}
[INFO] [stdout]    8:     0x5a31fca180a9 - std[97b98282bc616a66]::sys::backtrace::__rust_end_short_backtrace::<std[97b98282bc616a66]::panicking::panic_handler::{closure#0}, !>
[INFO] [stdout]    9:     0x5a31fca215fd - __rustc[e3d8617bb01b7f69]::rust_begin_unwind
[INFO] [stdout]   10:     0x5a31fca590cc - core[832e9a552fc17241]::panicking::panic_fmt
[INFO] [stdout]   11:     0x5a31fca58ea2 - core[832e9a552fc17241]::result::unwrap_failed
[INFO] [stdout]   12:     0x5a31fc9ada1d - <integration[c2d7bdd057463f83]::TestEnv>::run
[INFO] [stdout]   13:     0x5a31fc9af91e - <integration[c2d7bdd057463f83]::loom_prints_totals_row::{closure#0} as core[832e9a552fc17241]::ops::function::FnOnce<()>>::call_once
[INFO] [stdout]   14:     0x5a31fc9c811b - test[39766f3d73431624]::__rust_begin_short_backtrace::<core[832e9a552fc17241]::result::Result<(), alloc[3ecab9f82c41dc7d]::string::String>, fn() -> core[832e9a552fc17241]::result::Result<(), alloc[3ecab9f82c41dc7d]::string::String>>
[INFO] [stdout]   15:     0x5a31fc9d5765 - test[39766f3d73431624]::run_test::{closure#0}
[INFO] [stdout]   16:     0x5a31fc9d0214 - std[97b98282bc616a66]::sys::backtrace::__rust_begin_short_backtrace::<test[39766f3d73431624]::run_test::{closure#1}, ()>
[INFO] [stdout]   17:     0x5a31fc9d88b2 - <std[97b98282bc616a66]::thread::lifecycle::spawn_unchecked<test[39766f3d73431624]::run_test::{closure#1}, ()>::{closure#1} as core[832e9a552fc17241]::ops::function::FnOnce<()>>::call_once::{shim:vtable#0}
[INFO] [stdout]   18:     0x5a31fca431ff - <std[97b98282bc616a66]::sys::thread::unix::Thread>::new::thread_start
[INFO] [stdout]   19:     0x7a0fed65507a - <unknown>
[INFO] [stdout]   20:     0x7a0fed6e8534 - clone
[INFO] [stdout]   21:                0x0 - <unknown>
[INFO] [stdout] 
[INFO] [stdout] ---- logs_for_drawn_process_contains_output stdout ----
[INFO] [stdout] 
[INFO] [stdout] thread 'logs_for_drawn_process_contains_output' (1274) panicked at tests/integration.rs:40:14:
[INFO] [stdout] Failed to execute fates binary. Have you run `cargo build`?: Os { code: 2, kind: NotFound, message: "No such file or directory" }
[INFO] [stdout] stack backtrace:
[INFO] [stdout]    0:     0x5a31fca43ee1 - <<std[97b98282bc616a66]::sys::backtrace::BacktraceLock>::print::DisplayBacktrace as core[832e9a552fc17241]::fmt::Display>::fmt
[INFO] [stdout]    1:     0x5a31fca5899a - core[832e9a552fc17241]::fmt::write
[INFO] [stdout]    2:     0x5a31fca4861c - <alloc[3ecab9f82c41dc7d]::vec::Vec<u8> as std[97b98282bc616a66]::io::Write>::write_fmt
[INFO] [stdout]    3:     0x5a31fca20956 - std[97b98282bc616a66]::panicking::default_hook::{closure#0}
[INFO] [stdout]    4:     0x5a31fca3b3f9 - std[97b98282bc616a66]::panicking::default_hook
[INFO] [stdout]    5:     0x5a31fc9d4de0 - test[39766f3d73431624]::test_main_inner::<test[39766f3d73431624]::test_main_static::{closure#0}>::{closure#0}
[INFO] [stdout]    6:     0x5a31fca3b5b2 - std[97b98282bc616a66]::panicking::panic_with_hook
[INFO] [stdout]    7:     0x5a31fca20a02 - std[97b98282bc616a66]::panicking::panic_handler::{closure#0}
[INFO] [stdout]    8:     0x5a31fca180a9 - std[97b98282bc616a66]::sys::backtrace::__rust_end_short_backtrace::<std[97b98282bc616a66]::panicking::panic_handler::{closure#0}, !>
[INFO] [stdout]    9:     0x5a31fca215fd - __rustc[e3d8617bb01b7f69]::rust_begin_unwind
[INFO] [stdout]   10:     0x5a31fca590cc - core[832e9a552fc17241]::panicking::panic_fmt
[INFO] [stdout]   11:     0x5a31fca58ea2 - core[832e9a552fc17241]::result::unwrap_failed
[INFO] [stdout]   12:     0x5a31fc9ada1d - <integration[c2d7bdd057463f83]::TestEnv>::run
[INFO] [stdout]   13:     0x5a31fc9b96a7 - <integration[c2d7bdd057463f83]::logs_for_drawn_process_contains_output::{closure#0} as core[832e9a552fc17241]::ops::function::FnOnce<()>>::call_once
[INFO] [stdout]   14:     0x5a31fc9c811b - test[39766f3d73431624]::__rust_begin_short_backtrace::<core[832e9a552fc17241]::result::Result<(), alloc[3ecab9f82c41dc7d]::string::String>, fn() -> core[832e9a552fc17241]::result::Result<(), alloc[3ecab9f82c41dc7d]::string::String>>
[INFO] [stdout]   15:     0x5a31fc9d5765 - test[39766f3d73431624]::run_test::{closure#0}
[INFO] [stdout]   16:     0x5a31fc9d0214 - std[97b98282bc616a66]::sys::backtrace::__rust_begin_short_backtrace::<test[39766f3d73431624]::run_test::{closure#1}, ()>
[INFO] [stdout]   17:     0x5a31fc9d88b2 - <std[97b98282bc616a66]::thread::lifecycle::spawn_unchecked<test[39766f3d73431624]::run_test::{closure#1}, ()>::{closure#1} as core[832e9a552fc17241]::ops::function::FnOnce<()>>::call_once::{shim:vtable#0}
[INFO] [stdout]   18:     0x5a31fca431ff - <std[97b98282bc616a66]::sys::thread::unix::Thread>::new::thread_start
[INFO] [stdout]   19:     0x7a0fed65507a - <unknown>
[INFO] [stdout]   20:     0x7a0fed6e8534 - clone
[INFO] [stdout]   21:                0x0 - <unknown>
[INFO] [stdout] 
[INFO] [stdout] ---- loom_json_reports_running_process stdout ----
[INFO] [stdout] 
[INFO] [stdout] thread 'loom_json_reports_running_process' (1279) panicked at tests/integration.rs:40:14:
[INFO] [stdout] Failed to execute fates binary. Have you run `cargo build`?: Os { code: 2, kind: NotFound, message: "No such file or directory" }
[INFO] [stdout] stack backtrace:
[INFO] [stdout]    0:     0x5a31fca43ee1 - <<std[97b98282bc616a66]::sys::backtrace::BacktraceLock>::print::DisplayBacktrace as core[832e9a552fc17241]::fmt::Display>::fmt
[INFO] [stdout]    1:     0x5a31fca5899a - core[832e9a552fc17241]::fmt::write
[INFO] [stdout]    2:     0x5a31fca4861c - <alloc[3ecab9f82c41dc7d]::vec::Vec<u8> as std[97b98282bc616a66]::io::Write>::write_fmt
[INFO] [stdout]    3:     0x5a31fca20956 - std[97b98282bc616a66]::panicking::default_hook::{closure#0}
[INFO] [stdout]    4:     0x5a31fca3b3f9 - std[97b98282bc616a66]::panicking::default_hook
[INFO] [stdout]    5:     0x5a31fc9d4de0 - test[39766f3d73431624]::test_main_inner::<test[39766f3d73431624]::test_main_static::{closure#0}>::{closure#0}
[INFO] [stdout]    6:     0x5a31fca3b5b2 - std[97b98282bc616a66]::panicking::panic_with_hook
[INFO] [stdout]    7:     0x5a31fca20a02 - std[97b98282bc616a66]::panicking::panic_handler::{closure#0}
[INFO] [stdout]    8:     0x5a31fca180a9 - std[97b98282bc616a66]::sys::backtrace::__rust_end_short_backtrace::<std[97b98282bc616a66]::panicking::panic_handler::{closure#0}, !>
[INFO] [stdout]    9:     0x5a31fca215fd - __rustc[e3d8617bb01b7f69]::rust_begin_unwind
[INFO] [stdout]   10:     0x5a31fca590cc - core[832e9a552fc17241]::panicking::panic_fmt
[INFO] [stdout]   11:     0x5a31fca58ea2 - core[832e9a552fc17241]::result::unwrap_failed
[INFO] [stdout]   12:     0x5a31fc9ada1d - <integration[c2d7bdd057463f83]::TestEnv>::run
[INFO] [stdout]   13:     0x5a31fc9b5976 - <integration[c2d7bdd057463f83]::loom_json_reports_running_process::{closure#0} as core[832e9a552fc17241]::ops::function::FnOnce<()>>::call_once
[INFO] [stdout]   14:     0x5a31fc9c811b - test[39766f3d73431624]::__rust_begin_short_backtrace::<core[832e9a552fc17241]::result::Result<(), alloc[3ecab9f82c41dc7d]::string::String>, fn() -> core[832e9a552fc17241]::result::Result<(), alloc[3ecab9f82c41dc7d]::string::String>>
[INFO] [stdout]   15:     0x5a31fc9d5765 - test[39766f3d73431624]::run_test::{closure#0}
[INFO] [stdout]   16:     0x5a31fc9d0214 - std[97b98282bc616a66]::sys::backtrace::__rust_begin_short_backtrace::<test[39766f3d73431624]::run_test::{closure#1}, ()>
[INFO] [stdout]   17:     0x5a31fc9d88b2 - <std[97b98282bc616a66]::thread::lifecycle::spawn_unchecked<test[39766f3d73431624]::run_test::{closure#1}, ()>::{closure#1} as core[832e9a552fc17241]::ops::function::FnOnce<()>>::call_once::{shim:vtable#0}
[INFO] [stdout]   18:     0x5a31fca431ff - <std[97b98282bc616a66]::sys::thread::unix::Thread>::new::thread_start
[INFO] [stdout]   19:     0x7a0fed65507a - <unknown>
[INFO] [stdout]   20:     0x7a0fed6e8534 - clone
[INFO] [stdout]   21:                0x0 - <unknown>
[INFO] [stdout] 
[INFO] [stdout] ---- loom_json_empty_state_is_empty_array stdout ----
[INFO] [stdout] 
[INFO] [stdout] thread 'loom_json_empty_state_is_empty_array' (1278) panicked at tests/integration.rs:40:14:
[INFO] [stdout] Failed to execute fates binary. Have you run `cargo build`?: Os { code: 2, kind: NotFound, message: "No such file or directory" }
[INFO] [stdout] stack backtrace:
[INFO] [stdout]    0:     0x5a31fca43ee1 - <<std[97b98282bc616a66]::sys::backtrace::BacktraceLock>::print::DisplayBacktrace as core[832e9a552fc17241]::fmt::Display>::fmt
[INFO] [stdout]    1:     0x5a31fca5899a - core[832e9a552fc17241]::fmt::write
[INFO] [stdout]    2:     0x5a31fca4861c - <alloc[3ecab9f82c41dc7d]::vec::Vec<u8> as std[97b98282bc616a66]::io::Write>::write_fmt
[INFO] [stdout]    3:     0x5a31fca20956 - std[97b98282bc616a66]::panicking::default_hook::{closure#0}
[INFO] [stdout]    4:     0x5a31fca3b3f9 - std[97b98282bc616a66]::panicking::default_hook
[INFO] [stdout]    5:     0x5a31fc9d4de0 - test[39766f3d73431624]::test_main_inner::<test[39766f3d73431624]::test_main_static::{closure#0}>::{closure#0}
[INFO] [stdout]    6:     0x5a31fca3b5b2 - std[97b98282bc616a66]::panicking::panic_with_hook
[INFO] [stdout]    7:     0x5a31fca20a02 - std[97b98282bc616a66]::panicking::panic_handler::{closure#0}
[INFO] [stdout]    8:     0x5a31fca180a9 - std[97b98282bc616a66]::sys::backtrace::__rust_end_short_backtrace::<std[97b98282bc616a66]::panicking::panic_handler::{closure#0}, !>
[INFO] [stdout]    9:     0x5a31fca215fd - __rustc[e3d8617bb01b7f69]::rust_begin_unwind
[INFO] [stdout]   10:     0x5a31fca590cc - core[832e9a552fc17241]::panicking::panic_fmt
[INFO] [stdout]   11:     0x5a31fca58ea2 - core[832e9a552fc17241]::result::unwrap_failed
[INFO] [stdout]   12:     0x5a31fc9ada1d - <integration[c2d7bdd057463f83]::TestEnv>::run
[INFO] [stdout]   13:     0x5a31fc9b893b - <integration[c2d7bdd057463f83]::loom_json_empty_state_is_empty_array::{closure#0} as core[832e9a552fc17241]::ops::function::FnOnce<()>>::call_once
[INFO] [stdout]   14:     0x5a31fc9c811b - test[39766f3d73431624]::__rust_begin_short_backtrace::<core[832e9a552fc17241]::result::Result<(), alloc[3ecab9f82c41dc7d]::string::String>, fn() -> core[832e9a552fc17241]::result::Result<(), alloc[3ecab9f82c41dc7d]::string::String>>
[INFO] [stdout]   15:     0x5a31fc9d5765 - test[39766f3d73431624]::run_test::{closure#0}
[INFO] [stdout]   16:     0x5a31fc9d0214 - std[97b98282bc616a66]::sys::backtrace::__rust_begin_short_backtrace::<test[39766f3d73431624]::run_test::{closure#1}, ()>
[INFO] [stdout]   17:     0x5a31fc9d88b2 - <std[97b98282bc616a66]::thread::lifecycle::spawn_unchecked<test[39766f3d73431624]::run_test::{closure#1}, ()>::{closure#1} as core[832e9a552fc17241]::ops::function::FnOnce<()>>::call_once::{shim:vtable#0}
[INFO] [stdout]   18:     0x5a31fca431ff - <std[97b98282bc616a66]::sys::thread::unix::Thread>::new::thread_start
[INFO] [stdout]   19:     0x7a0fed65507a - <unknown>
[INFO] [stdout]   20:     0x7a0fed6e8534 - clone
[INFO] [stdout]   21:                0x0 - <unknown>
[INFO] [stdout] 
[INFO] [stdout] ---- loom_prints_table_headers stdout ----
[INFO] [stdout] 
[INFO] [stdout] thread 'loom_prints_table_headers' (1281) panicked at tests/integration.rs:40:14:
[INFO] [stdout] Failed to execute fates binary. Have you run `cargo build`?: Os { code: 2, kind: NotFound, message: "No such file or directory" }
[INFO] [stdout] stack backtrace:
[INFO] [stdout]    0:     0x5a31fca43ee1 - <<std[97b98282bc616a66]::sys::backtrace::BacktraceLock>::print::DisplayBacktrace as core[832e9a552fc17241]::fmt::Display>::fmt
[INFO] [stdout]    1:     0x5a31fca5899a - core[832e9a552fc17241]::fmt::write
[INFO] [stdout]    2:     0x5a31fca4861c - <alloc[3ecab9f82c41dc7d]::vec::Vec<u8> as std[97b98282bc616a66]::io::Write>::write_fmt
[INFO] [stdout]    3:     0x5a31fca20956 - std[97b98282bc616a66]::panicking::default_hook::{closure#0}
[INFO] [stdout]    4:     0x5a31fca3b3f9 - std[97b98282bc616a66]::panicking::default_hook
[INFO] [stdout]    5:     0x5a31fc9d4de0 - test[39766f3d73431624]::test_main_inner::<test[39766f3d73431624]::test_main_static::{closure#0}>::{closure#0}
[INFO] [stdout]    6:     0x5a31fca3b5b2 - std[97b98282bc616a66]::panicking::panic_with_hook
[INFO] [stdout]    7:     0x5a31fca20a02 - std[97b98282bc616a66]::panicking::panic_handler::{closure#0}
[INFO] [stdout]    8:     0x5a31fca180a9 - std[97b98282bc616a66]::sys::backtrace::__rust_end_short_backtrace::<std[97b98282bc616a66]::panicking::panic_handler::{closure#0}, !>
[INFO] [stdout]    9:     0x5a31fca215fd - __rustc[e3d8617bb01b7f69]::rust_begin_unwind
[INFO] [stdout]   10:     0x5a31fca590cc - core[832e9a552fc17241]::panicking::panic_fmt
[INFO] [stdout]   11:     0x5a31fca58ea2 - core[832e9a552fc17241]::result::unwrap_failed
[INFO] [stdout]   12:     0x5a31fc9ada1d - <integration[c2d7bdd057463f83]::TestEnv>::run
[INFO] [stdout]   13:     0x5a31fc9afec2 - <integration[c2d7bdd057463f83]::loom_prints_table_headers::{closure#0} as core[832e9a552fc17241]::ops::function::FnOnce<()>>::call_once
[INFO] [stdout]   14:     0x5a31fc9c811b - test[39766f3d73431624]::__rust_begin_short_backtrace::<core[832e9a552fc17241]::result::Result<(), alloc[3ecab9f82c41dc7d]::string::String>, fn() -> core[832e9a552fc17241]::result::Result<(), alloc[3ecab9f82c41dc7d]::string::String>>
[INFO] [stdout]   15:     0x5a31fc9d5765 - test[39766f3d73431624]::run_test::{closure#0}
[INFO] [stdout]   16:     0x5a31fc9d0214 - std[97b98282bc616a66]::sys::backtrace::__rust_begin_short_backtrace::<test[39766f3d73431624]::run_test::{closure#1}, ()>
[INFO] [stdout]   17:     0x5a31fc9d88b2 - <std[97b98282bc616a66]::thread::lifecycle::spawn_unchecked<test[39766f3d73431624]::run_test::{closure#1}, ()>::{closure#1} as core[832e9a552fc17241]::ops::function::FnOnce<()>>::call_once::{shim:vtable#0}
[INFO] [stdout]   18:     0x5a31fca431ff - <std[97b98282bc616a66]::sys::thread::unix::Thread>::new::thread_start
[INFO] [stdout]   19:     0x7a0fed65507a - <unknown>
[INFO] [stdout]   20:     0x7a0fed6e8534 - clone
[INFO] [stdout]   21:                0x0 - <unknown>
[INFO] [stdout] 
[INFO] [stdout] ---- logs_tail_returns_only_last_lines stdout ----
[INFO] [stdout] 
[INFO] [stdout] thread 'logs_tail_returns_only_last_lines' (1276) panicked at tests/integration.rs:40:14:
[INFO] [stdout] Failed to execute fates binary. Have you run `cargo build`?: Os { code: 2, kind: NotFound, message: "No such file or directory" }
[INFO] [stdout] stack backtrace:
[INFO] [stdout]    0:     0x5a31fca43ee1 - <<std[97b98282bc616a66]::sys::backtrace::BacktraceLock>::print::DisplayBacktrace as core[832e9a552fc17241]::fmt::Display>::fmt
[INFO] [stdout]    1:     0x5a31fca5899a - core[832e9a552fc17241]::fmt::write
[INFO] [stdout]    2:     0x5a31fca4861c - <alloc[3ecab9f82c41dc7d]::vec::Vec<u8> as std[97b98282bc616a66]::io::Write>::write_fmt
[INFO] [stdout]    3:     0x5a31fca20956 - std[97b98282bc616a66]::panicking::default_hook::{closure#0}
[INFO] [stdout]    4:     0x5a31fca3b3f9 - std[97b98282bc616a66]::panicking::default_hook
[INFO] [stdout]    5:     0x5a31fc9d4de0 - test[39766f3d73431624]::test_main_inner::<test[39766f3d73431624]::test_main_static::{closure#0}>::{closure#0}
[INFO] [stdout]    6:     0x5a31fca3b5b2 - std[97b98282bc616a66]::panicking::panic_with_hook
[INFO] [stdout]    7:     0x5a31fca20a02 - std[97b98282bc616a66]::panicking::panic_handler::{closure#0}
[INFO] [stdout]    8:     0x5a31fca180a9 - std[97b98282bc616a66]::sys::backtrace::__rust_end_short_backtrace::<std[97b98282bc616a66]::panicking::panic_handler::{closure#0}, !>
[INFO] [stdout]    9:     0x5a31fca215fd - __rustc[e3d8617bb01b7f69]::rust_begin_unwind
[INFO] [stdout]   10:     0x5a31fca590cc - core[832e9a552fc17241]::panicking::panic_fmt
[INFO] [stdout]   11:     0x5a31fca58ea2 - core[832e9a552fc17241]::result::unwrap_failed
[INFO] [stdout]   12:     0x5a31fc9ada1d - <integration[c2d7bdd057463f83]::TestEnv>::run
[INFO] [stdout]   13:     0x5a31fc9b51f1 - <integration[c2d7bdd057463f83]::logs_tail_returns_only_last_lines::{closure#0} as core[832e9a552fc17241]::ops::function::FnOnce<()>>::call_once
[INFO] [stdout]   14:     0x5a31fc9c811b - test[39766f3d73431624]::__rust_begin_short_backtrace::<core[832e9a552fc17241]::result::Result<(), alloc[3ecab9f82c41dc7d]::string::String>, fn() -> core[832e9a552fc17241]::result::Result<(), alloc[3ecab9f82c41dc7d]::string::String>>
[INFO] [stdout]   15:     0x5a31fc9d5765 - test[39766f3d73431624]::run_test::{closure#0}
[INFO] [stdout]   16:     0x5a31fc9d0214 - std[97b98282bc616a66]::sys::backtrace::__rust_begin_short_backtrace::<test[39766f3d73431624]::run_test::{closure#1}, ()>
[INFO] [stdout]   17:     0x5a31fc9d88b2 - <std[97b98282bc616a66]::thread::lifecycle::spawn_unchecked<test[39766f3d73431624]::run_test::{closure#1}, ()>::{closure#1} as core[832e9a552fc17241]::ops::function::FnOnce<()>>::call_once::{shim:vtable#0}
[INFO] [stdout]   18:     0x5a31fca431ff - <std[97b98282bc616a66]::sys::thread::unix::Thread>::new::thread_start
[INFO] [stdout]   19:     0x7a0fed65507a - <unknown>
[INFO] [stdout]   20:     0x7a0fed6e8534 - clone
[INFO] [stdout]   21:                0x0 - <unknown>
[INFO] [stdout] 
[INFO] [stdout] ---- loom_marks_dead_process_stopped stdout ----
[INFO] [stdout] 
[INFO] [stdout] thread 'loom_marks_dead_process_stopped' (1280) panicked at tests/integration.rs:40:14:
[INFO] [stdout] Failed to execute fates binary. Have you run `cargo build`?: Os { code: 2, kind: NotFound, message: "No such file or directory" }
[INFO] [stdout] stack backtrace:
[INFO] [stdout]    0:     0x5a31fca43ee1 - <<std[97b98282bc616a66]::sys::backtrace::BacktraceLock>::print::DisplayBacktrace as core[832e9a552fc17241]::fmt::Display>::fmt
[INFO] [stdout]    1:     0x5a31fca5899a - core[832e9a552fc17241]::fmt::write
[INFO] [stdout]    2:     0x5a31fca4861c - <alloc[3ecab9f82c41dc7d]::vec::Vec<u8> as std[97b98282bc616a66]::io::Write>::write_fmt
[INFO] [stdout]    3:     0x5a31fca20956 - std[97b98282bc616a66]::panicking::default_hook::{closure#0}
[INFO] [stdout]    4:     0x5a31fca3b3f9 - std[97b98282bc616a66]::panicking::default_hook
[INFO] [stdout]    5:     0x5a31fc9d4de0 - test[39766f3d73431624]::test_main_inner::<test[39766f3d73431624]::test_main_static::{closure#0}>::{closure#0}
[INFO] [stdout]    6:     0x5a31fca3b5b2 - std[97b98282bc616a66]::panicking::panic_with_hook
[INFO] [stdout]    7:     0x5a31fca20a02 - std[97b98282bc616a66]::panicking::panic_handler::{closure#0}
[INFO] [stdout]    8:     0x5a31fca180a9 - std[97b98282bc616a66]::sys::backtrace::__rust_end_short_backtrace::<std[97b98282bc616a66]::panicking::panic_handler::{closure#0}, !>
[INFO] [stdout]    9:     0x5a31fca215fd - __rustc[e3d8617bb01b7f69]::rust_begin_unwind
[INFO] [stdout]   10:     0x5a31fca590cc - core[832e9a552fc17241]::panicking::panic_fmt
[INFO] [stdout]   11:     0x5a31fca58ea2 - core[832e9a552fc17241]::result::unwrap_failed
[INFO] [stdout]   12:     0x5a31fc9ada1d - <integration[c2d7bdd057463f83]::TestEnv>::run
[INFO] [stdout]   13:     0x5a31fc9b34c2 - <integration[c2d7bdd057463f83]::loom_marks_dead_process_stopped::{closure#0} as core[832e9a552fc17241]::ops::function::FnOnce<()>>::call_once
[INFO] [stdout]   14:     0x5a31fc9c811b - test[39766f3d73431624]::__rust_begin_short_backtrace::<core[832e9a552fc17241]::result::Result<(), alloc[3ecab9f82c41dc7d]::string::String>, fn() -> core[832e9a552fc17241]::result::Result<(), alloc[3ecab9f82c41dc7d]::string::String>>
[INFO] [stdout]   15:     0x5a31fc9d5765 - test[39766f3d73431624]::run_test::{closure#0}
[INFO] [stdout]   16:     0x5a31fc9d0214 - std[97b98282bc616a66]::sys::backtrace::__rust_begin_short_backtrace::<test[39766f3d73431624]::run_test::{closure#1}, ()>
[INFO] [stdout]   17:     0x5a31fc9d88b2 - <std[97b98282bc616a66]::thread::lifecycle::spawn_unchecked<test[39766f3d73431624]::run_test::{closure#1}, ()>::{closure#1} as core[832e9a552fc17241]::ops::function::FnOnce<()>>::call_once::{shim:vtable#0}
[INFO] [stdout]   18:     0x5a31fca431ff - <std[97b98282bc616a66]::sys::thread::unix::Thread>::new::thread_start
[INFO] [stdout]   19:     0x7a0fed65507a - <unknown>
[INFO] [stdout]   20:     0x7a0fed6e8534 - clone
[INFO] [stdout]   21:                0x0 - <unknown>
[INFO] [stdout] 
[INFO] [stdout] ---- loom_watch_refreshes_repeatedly stdout ----
[INFO] [stdout] 
[INFO] [stdout] thread 'loom_watch_refreshes_repeatedly' (1288) panicked at tests/integration.rs:40:14:
[INFO] [stdout] Failed to execute fates binary. Have you run `cargo build`?: Os { code: 2, kind: NotFound, message: "No such file or directory" }
[INFO] [stdout] stack backtrace:
[INFO] [stdout]    0:     0x5a31fca43ee1 - <<std[97b98282bc616a66]::sys::backtrace::BacktraceLock>::print::DisplayBacktrace as core[832e9a552fc17241]::fmt::Display>::fmt
[INFO] [stdout]    1:     0x5a31fca5899a - core[832e9a552fc17241]::fmt::write
[INFO] [stdout]    2:     0x5a31fca4861c - <alloc[3ecab9f82c41dc7d]::vec::Vec<u8> as std[97b98282bc616a66]::io::Write>::write_fmt
[INFO] [stdout]    3:     0x5a31fca20956 - std[97b98282bc616a66]::panicking::default_hook::{closure#0}
[INFO] [stdout]    4:     0x5a31fca3b3f9 - std[97b98282bc616a66]::panicking::default_hook
[INFO] [stdout]    5:     0x5a31fc9d4de0 - test[39766f3d73431624]::test_main_inner::<test[39766f3d73431624]::test_main_static::{closure#0}>::{closure#0}
[INFO] [stdout]    6:     0x5a31fca3b5b2 - std[97b98282bc616a66]::panicking::panic_with_hook
[INFO] [stdout]    7:     0x5a31fca20a02 - std[97b98282bc616a66]::panicking::panic_handler::{closure#0}
[INFO] [stdout]    8:     0x5a31fca180a9 - std[97b98282bc616a66]::sys::backtrace::__rust_end_short_backtrace::<std[97b98282bc616a66]::panicking::panic_handler::{closure#0}, !>
[INFO] [stdout]    9:     0x5a31fca215fd - __rustc[e3d8617bb01b7f69]::rust_begin_unwind
[INFO] [stdout]   10:     0x5a31fca590cc - core[832e9a552fc17241]::panicking::panic_fmt
[INFO] [stdout]   11:     0x5a31fca58ea2 - core[832e9a552fc17241]::result::unwrap_failed
[INFO] [stdout]   12:     0x5a31fc9ada1d - <integration[c2d7bdd057463f83]::TestEnv>::run
[INFO] [stdout]   13:     0x5a31fc9b37d2 - <integration[c2d7bdd057463f83]::loom_watch_refreshes_repeatedly::{closure#0} as core[832e9a552fc17241]::ops::function::FnOnce<()>>::call_once
[INFO] [stdout]   14:     0x5a31fc9c811b - test[39766f3d73431624]::__rust_begin_short_backtrace::<core[832e9a552fc17241]::result::Result<(), alloc[3ecab9f82c41dc7d]::string::String>, fn() -> core[832e9a552fc17241]::result::Result<(), alloc[3ecab9f82c41dc7d]::string::String>>
[INFO] [stdout]   15:     0x5a31fc9d5765 - test[39766f3d73431624]::run_test::{closure#0}
[INFO] [stdout]   16:     0x5a31fc9d0214 - std[97b98282bc616a66]::sys::backtrace::__rust_begin_short_backtrace::<test[39766f3d73431624]::run_test::{closure#1}, ()>
[INFO] [stdout]   17:     0x5a31fc9d88b2 - <std[97b98282bc616a66]::thread::lifecycle::spawn_unchecked<test[39766f3d73431624]::run_test::{closure#1}, ()>::{closure#1} as core[832e9a552fc17241]::ops::function::FnOnce<()>>::call_once::{shim:vtable#0}
[INFO] [stdout]   18:     0x5a31fca431ff - <std[97b98282bc616a66]::sys::thread::unix::Thread>::new::thread_start
[INFO] [stdout]   19:     0x7a0fed65507a - <unknown>
[INFO] [stdout]   20:     0x7a0fed6e8534 - clone
[INFO] [stdout]   21:                0x0 - <unknown>
[INFO] [stdout] 
[INFO] [stdout] ---- logs_for_undrawn_process_shows_error stdout ----
[INFO] [stdout] 
[INFO] [stdout] thread 'logs_for_undrawn_process_shows_error' (1275) panicked at tests/integration.rs:40:14:
[INFO] [stdout] Failed to execute fates binary. Have you run `cargo build`?: Os { code: 2, kind: NotFound, message: "No such file or directory" }
[INFO] [stdout] stack backtrace:
[INFO] [stdout]    0:     0x5a31fca43ee1 - <<std[97b98282bc616a66]::sys::backtrace::BacktraceLock>::print::DisplayBacktrace as core[832e9a552fc17241]::fmt::Display>::fmt
[INFO] [stdout]    1:     0x5a31fca5899a - core[832e9a552fc17241]::fmt::write
[INFO] [stdout]    2:     0x5a31fca4861c - <alloc[3ecab9f82c41dc7d]::vec::Vec<u8> as std[97b98282bc616a66]::io::Write>::write_fmt
[INFO] [stdout]    3:     0x5a31fca20956 - std[97b98282bc616a66]::panicking::default_hook::{closure#0}
[INFO] [stdout]    4:     0x5a31fca3b3f9 - std[97b98282bc616a66]::panicking::default_hook
[INFO] [stdout]    5:     0x5a31fc9d4de0 - test[39766f3d73431624]::test_main_inner::<test[39766f3d73431624]::test_main_static::{closure#0}>::{closure#0}
[INFO] [stdout]    6:     0x5a31fca3b5b2 - std[97b98282bc616a66]::panicking::panic_with_hook
[INFO] [stdout]    7:     0x5a31fca20a02 - std[97b98282bc616a66]::panicking::panic_handler::{closure#0}
[INFO] [stdout]    8:     0x5a31fca180a9 - std[97b98282bc616a66]::sys::backtrace::__rust_end_short_backtrace::<std[97b98282bc616a66]::panicking::panic_handler::{closure#0}, !>
[INFO] [stdout]    9:     0x5a31fca215fd - __rustc[e3d8617bb01b7f69]::rust_begin_unwind
[INFO] [stdout]   10:     0x5a31fca590cc - core[832e9a552fc17241]::panicking::panic_fmt
[INFO] [stdout]   11:     0x5a31fca58ea2 - core[832e9a552fc17241]::result::unwrap_failed
[INFO] [stdout]   12:     0x5a31fc9ada1d - <integration[c2d7bdd057463f83]::TestEnv>::run
[INFO] [stdout]   13:     0x5a31fc9b8753 - <integration[c2d7bdd057463f83]::logs_for_undrawn_process_shows_error::{closure#0} as core[832e9a552fc17241]::ops::function::FnOnce<()>>::call_once
[INFO] [stderr] error: test failed, to rerun pass `--test integration`
[INFO] [stdout]   14:     0x5a31fc9c811b - test[39766f3d73431624]::__rust_begin_short_backtrace::<core[832e9a552fc17241]::result::Result<(), alloc[3ecab9f82c41dc7d]::string::String>, fn() -> core[832e9a552fc17241]::result::Result<(), alloc[3ecab9f82c41dc7d]::string::String>>
[INFO] [stdout]   15:     0x5a31fc9d5765 - test[39766f3d73431624]::run_test::{closure#0}
[INFO] [stdout]   16:     0x5a31fc9d0214 - std[97b98282bc616a66]::sys::backtrace::__rust_begin_short_backtrace::<test[39766f3d73431624]::run_test::{closure#1}, ()>
[INFO] [stdout]   17:     0x5a31fc9d88b2 - <std[97b98282bc616a66]::thread::lifecycle::spawn_unchecked<test[39766f3d73431624]::run_test::{closure#1}, ()>::{closure#1} as core[832e9a552fc17241]::ops::function::FnOnce<()>>::call_once::{shim:vtable#0}
[INFO] [stdout]   18:     0x5a31fca431ff - <std[97b98282bc616a66]::sys::thread::unix::Thread>::new::thread_start
[INFO] [stdout]   19:     0x7a0fed65507a - <unknown>
[INFO] [stdout]   20:     0x7a0fed6e8534 - clone
[INFO] [stdout]   21:                0x0 - <unknown>
[INFO] [stdout] 
[INFO] [stdout] ---- respin_of_stopped_group_starts_it stdout ----
[INFO] [stdout] 
[INFO] [stdout] thread 'respin_of_stopped_group_starts_it' (1297) panicked at tests/integration.rs:40:14:
[INFO] [stdout] Failed to execute fates binary. Have you run `cargo build`?: Os { code: 2, kind: NotFound, message: "No such file or directory" }
[INFO] [stdout] stack backtrace:
[INFO] [stdout]    0:     0x5a31fca43ee1 - <<std[97b98282bc616a66]::sys::backtrace::BacktraceLock>::print::DisplayBacktrace as core[832e9a552fc17241]::fmt::Display>::fmt
[INFO] [stdout]    1:     0x5a31fca5899a - core[832e9a552fc17241]::fmt::write
[INFO] [stdout]    2:     0x5a31fca4861c - <alloc[3ecab9f82c41dc7d]::vec::Vec<u8> as std[97b98282bc616a66]::io::Write>::write_fmt
[INFO] [stdout]    3:     0x5a31fca20956 - std[97b98282bc616a66]::panicking::default_hook::{closure#0}
[INFO] [stdout]    4:     0x5a31fca3b3f9 - std[97b98282bc616a66]::panicking::default_hook
[INFO] [stdout]    5:     0x5a31fc9d4de0 - test[39766f3d73431624]::test_main_inner::<test[39766f3d73431624]::test_main_static::{closure#0}>::{closure#0}
[INFO] [stdout]    6:     0x5a31fca3b5b2 - std[97b98282bc616a66]::panicking::panic_with_hook
[INFO] [stdout]    7:     0x5a31fca20a02 - std[97b98282bc616a66]::panicking::panic_handler::{closure#0}
[INFO] [stdout]    8:     0x5a31fca180a9 - std[97b98282bc616a66]::sys::backtrace::__rust_end_short_backtrace::<std[97b98282bc616a66]::panicking::panic_handler::{closure#0}, !>
[INFO] [stdout]    9:     0x5a31fca215fd - __rustc[e3d8617bb01b7f69]::rust_begin_unwind
[INFO] [stdout]   10:     0x5a31fca590cc - core[832e9a552fc17241]::panicking::panic_fmt
[INFO] [stdout]   11:     0x5a31fca58ea2 - core[832e9a552fc17241]::result::unwrap_failed
[INFO] [stdout]   12:     0x5a31fc9ada1d - <integration[c2d7bdd057463f83]::TestEnv>::run
[INFO] [stdout]   13:     0x5a31fc9b61b6 - <integration[c2d7bdd057463f83]::respin_of_stopped_group_starts_it::{closure#0} as core[832e9a552fc17241]::ops::function::FnOnce<()>>::call_once
[INFO] [stdout]   14:     0x5a31fc9c811b - test[39766f3d73431624]::__rust_begin_short_backtrace::<core[832e9a552fc17241]::result::Result<(), alloc[3ecab9f82c41dc7d]::string::String>, fn() -> core[832e9a552fc17241]::result::Result<(), alloc[3ecab9f82c41dc7d]::string::String>>
[INFO] [stdout]   15:     0x5a31fc9d5765 - test[39766f3d73431624]::run_test::{closure#0}
[INFO] [stdout]   16:     0x5a31fc9d0214 - std[97b98282bc616a66]::sys::backtrace::__rust_begin_short_backtrace::<test[39766f3d73431624]::run_test::{closure#1}, ()>
[INFO] [stdout]   17:     0x5a31fc9d88b2 - <std[97b98282bc616a66]::thread::lifecycle::spawn_unchecked<test[39766f3d73431624]::run_test::{closure#1}, ()>::{closure#1} as core[832e9a552fc17241]::ops::function::FnOnce<()>>::call_once::{shim:vtable#0}
[INFO] [stdout]   18:     0x5a31fca431ff - <std[97b98282bc616a66]::sys::thread::unix::Thread>::new::thread_start
[INFO] [stdout]   19:     0x7a0fed65507a - <unknown>
[INFO] [stdout]   20:     0x7a0fed6e8534 - clone
[INFO] [stdout]   21:                0x0 - <unknown>
[INFO] [stdout] 
[INFO] [stdout] ---- rotate_alias_behaves_like_reel stdout ----
[INFO] [stdout] 
[INFO] [stdout] thread 'rotate_alias_behaves_like_reel' (1302) panicked at tests/integration.rs:40:14:
[INFO] [stdout] Failed to execute fates binary. Have you run `cargo build`?: Os { code: 2, kind: NotFound, message: "No such file or directory" }
[INFO] [stdout] stack backtrace:
[INFO] [stdout]    0:     0x5a31fca43ee1 - <<std[97b98282bc616a66]::sys::backtrace::BacktraceLock>::print::DisplayBacktrace as core[832e9a552fc17241]::fmt::Display>::fmt
[INFO] [stdout]    1:     0x5a31fca5899a - core[832e9a552fc17241]::fmt::write
[INFO] [stdout]    2:     0x5a31fca4861c - <alloc[3ecab9f82c41dc7d]::vec::Vec<u8> as std[97b98282bc616a66]::io::Write>::write_fmt
[INFO] [stdout]    3:     0x5a31fca20956 - std[97b98282bc616a66]::panicking::default_hook::{closure#0}
[INFO] [stdout]    4:     0x5a31fca3b3f9 - std[97b98282bc616a66]::panicking::default_hook
[INFO] [stdout]    5:     0x5a31fc9d4de0 - test[39766f3d73431624]::test_main_inner::<test[39766f3d73431624]::test_main_static::{closure#0}>::{closure#0}
[INFO] [stdout]    6:     0x5a31fca3b5b2 - std[97b98282bc616a66]::panicking::panic_with_hook
[INFO] [stdout]    7:     0x5a31fca20a02 - std[97b98282bc616a66]::panicking::panic_handler::{closure#0}
[INFO] [stdout]    8:     0x5a31fca180a9 - std[97b98282bc616a66]::sys::backtrace::__rust_end_short_backtrace::<std[97b98282bc616a66]::panicking::panic_handler::{closure#0}, !>
[INFO] [stdout]    9:     0x5a31fca215fd - __rustc[e3d8617bb01b7f69]::rust_begin_unwind
[INFO] [stdout]   10:     0x5a31fca590cc - core[832e9a552fc17241]::panicking::panic_fmt
[INFO] [stdout]   11:     0x5a31fca58ea2 - core[832e9a552fc17241]::result::unwrap_failed
[INFO] [stdout]   12:     0x5a31fc9ada1d - <integration[c2d7bdd057463f83]::TestEnv>::run
[INFO] [stdout]   13:     0x5a31fc9b2bfa - <integration[c2d7bdd057463f83]::rotate_alias_behaves_like_reel::{closure#0} as core[832e9a552fc17241]::ops::function::FnOnce<()>>::call_once
[INFO] [stdout]   14:     0x5a31fc9c811b - test[39766f3d73431624]::__rust_begin_short_backtrace::<core[832e9a552fc17241]::result::Result<(), alloc[3ecab9f82c41dc7d]::string::String>, fn() -> core[832e9a552fc17241]::result::Result<(), alloc[3ecab9f82c41dc7d]::string::String>>
[INFO] [stdout]   15:     0x5a31fc9d5765 - test[39766f3d73431624]::run_test::{closure#0}
[INFO] [stdout]   16:     0x5a31fc9d0214 - std[97b98282bc616a66]::sys::backtrace::__rust_begin_short_backtrace::<test[39766f3d73431624]::run_test::{closure#1}, ()>
[INFO] [stdout]   17:     0x5a31fc9d88b2 - <std[97b98282bc616a66]::thread::lifecycle::spawn_unchecked<test[39766f3d73431624]::run_test::{closure#1}, ()>::{closure#1} as core[832e9a552fc17241]::ops::function::FnOnce<()>>::call_once::{shim:vtable#0}
[INFO] [stdout]   18:     0x5a31fca431ff - <std[97b98282bc616a66]::sys::thread::unix::Thread>::new::thread_start
[INFO] [stdout]   19:     0x7a0fed65507a - <unknown>
[INFO] [stdout]   20:     0x7a0fed6e8534 - clone
[INFO] [stdout]   21:                0x0 - <unknown>
[INFO] [stdout] 
[INFO] [stdout] ---- start_alias_behaves_like_draw stdout ----
[INFO] [stdout] 
[INFO] [stdout] thread 'start_alias_behaves_like_draw' (1312) panicked at tests/integration.rs:40:14:
[INFO] [stdout] Failed to execute fates binary. Have you run `cargo build`?: Os { code: 2, kind: NotFound, message: "No such file or directory" }
[INFO] [stdout] stack backtrace:
[INFO] [stdout]    0:     0x5a31fca43ee1 - <<std[97b98282bc616a66]::sys::backtrace::BacktraceLock>::print::DisplayBacktrace as core[832e9a552fc17241]::fmt::Display>::fmt
[INFO] [stdout]    1:     0x5a31fca5899a - core[832e9a552fc17241]::fmt::write
[INFO] [stdout]    2:     0x5a31fca4861c - <alloc[3ecab9f82c41dc7d]::vec::Vec<u8> as std[97b98282bc616a66]::io::Write>::write_fmt
[INFO] [stdout]    3:     0x5a31fca20956 - std[97b98282bc616a66]::panicking::default_hook::{closure#0}
[INFO] [stdout]    4:     0x5a31fca3b3f9 - std[97b98282bc616a66]::panicking::default_hook
[INFO] [stdout]    5:     0x5a31fc9d4de0 - test[39766f3d73431624]::test_main_inner::<test[39766f3d73431624]::test_main_static::{closure#0}>::{closure#0}
[INFO] [stdout]    6:     0x5a31fca3b5b2 - std[97b98282bc616a66]::panicking::panic_with_hook
[INFO] [stdout]    7:     0x5a31fca20a02 - std[97b98282bc616a66]::panicking::panic_handler::{closure#0}
[INFO] [stdout]    8:     0x5a31fca180a9 - std[97b98282bc616a66]::sys::backtrace::__rust_end_short_backtrace::<std[97b98282bc616a66]::panicking::panic_handler::{closure#0}, !>
[INFO] [stdout]    9:     0x5a31fca215fd - __rustc[e3d8617bb01b7f69]::rust_begin_unwind
[INFO] [stdout]   10:     0x5a31fca590cc - core[832e9a552fc17241]::panicking::panic_fmt
[INFO] [stdout]   11:     0x5a31fca58ea2 - core[832e9a552fc17241]::result::unwrap_failed
[INFO] [stdout]   12:     0x5a31fc9ada1d - <integration[c2d7bdd057463f83]::TestEnv>::run
[INFO] [stdout]   13:     0x5a31fc9b1cb6 - <integration[c2d7bdd057463f83]::start_alias_behaves_like_draw::{closure#0} as core[832e9a552fc17241]::ops::function::FnOnce<()>>::call_once
[INFO] [stdout]   14:     0x5a31fc9c811b - test[39766f3d73431624]::__rust_begin_short_backtrace::<core[832e9a552fc17241]::result::Result<(), alloc[3ecab9f82c41dc7d]::string::String>, fn() -> core[832e9a552fc17241]::result::Result<(), alloc[3ecab9f82c41dc7d]::string::String>>
[INFO] [stdout]   15:     0x5a31fc9d5765 - test[39766f3d73431624]::run_test::{closure#0}
[INFO] [stdout]   16:     0x5a31fc9d0214 - std[97b98282bc616a66]::sys::backtrace::__rust_begin_short_backtrace::<test[39766f3d73431624]::run_test::{closure#1}, ()>
[INFO] [stdout]   17:     0x5a31fc9d88b2 - <std[97b98282bc616a66]::thread::lifecycle::spawn_unchecked<test[39766f3d73431624]::run_test::{closure#1}, ()>::{closure#1} as core[832e9a552fc17241]::ops::function::FnOnce<()>>::call_once::{shim:vtable#0}
[INFO] [stdout]   18:     0x5a31fca431ff - <std[97b98282bc616a66]::sys::thread::unix::Thread>::new::thread_start
[INFO] [stdout]   19:     0x7a0fed65507a - <unknown>
[INFO] [stdout]   20:     0x7a0fed6e8534 - clone
[INFO] [stdout]   21:                0x0 - <unknown>
[INFO] [stdout] 
[INFO] [stdout] ---- spin_unknown_group_without_cmd_exits_nonzero stdout ----
[INFO] [stdout] 
[INFO] [stdout] thread 'spin_unknown_group_without_cmd_exits_nonzero' (1310) panicked at tests/integration.rs:40:14:
[INFO] [stdout] Failed to execute fates binary. Have you run `cargo build`?: Os { code: 2, kind: NotFound, message: "No such file or directory" }
[INFO] [stdout] stack backtrace:
[INFO] [stdout]    0:     0x5a31fca43ee1 - <<std[97b98282bc616a66]::sys::backtrace::BacktraceLock>::print::DisplayBacktrace as core[832e9a552fc17241]::fmt::Display>::fmt
[INFO] [stdout]    1:     0x5a31fca5899a - core[832e9a552fc17241]::fmt::write
[INFO] [stdout]    2:     0x5a31fca4861c - <alloc[3ecab9f82c41dc7d]::vec::Vec<u8> as std[97b98282bc616a66]::io::Write>::write_fmt
[INFO] [stdout]    3:     0x5a31fca20956 - std[97b98282bc616a66]::panicking::default_hook::{closure#0}
[INFO] [stdout]    4:     0x5a31fca3b3f9 - std[97b98282bc616a66]::panicking::default_hook
[INFO] [stdout]    5:     0x5a31fc9d4de0 - test[39766f3d73431624]::test_main_inner::<test[39766f3d73431624]::test_main_static::{closure#0}>::{closure#0}
[INFO] [stdout]    6:     0x5a31fca3b5b2 - std[97b98282bc616a66]::panicking::panic_with_hook
[INFO] [stdout]    7:     0x5a31fca20a02 - std[97b98282bc616a66]::panicking::panic_handler::{closure#0}
[INFO] [stdout]    8:     0x5a31fca180a9 - std[97b98282bc616a66]::sys::backtrace::__rust_end_short_backtrace::<std[97b98282bc616a66]::panicking::panic_handler::{closure#0}, !>
[INFO] [stdout]    9:     0x5a31fca215fd - __rustc[e3d8617bb01b7f69]::rust_begin_unwind
[INFO] [stdout]   10:     0x5a31fca590cc - core[832e9a552fc17241]::panicking::panic_fmt
[INFO] [stdout]   11:     0x5a31fca58ea2 - core[832e9a552fc17241]::result::unwrap_failed
[INFO] [stdout]   12:     0x5a31fc9ada1d - <integration[c2d7bdd057463f83]::TestEnv>::run
[INFO] [stdout]   13:     0x5a31fc9bc7f0 - <integration[c2d7bdd057463f83]::spin_unknown_group_without_cmd_exits_nonzero::{closure#0} as core[832e9a552fc17241]::ops::function::FnOnce<()>>::call_once
[INFO] [stdout]   14:     0x5a31fc9c811b - test[39766f3d73431624]::__rust_begin_short_backtrace::<core[832e9a552fc17241]::result::Result<(), alloc[3ecab9f82c41dc7d]::string::String>, fn() -> core[832e9a552fc17241]::result::Result<(), alloc[3ecab9f82c41dc7d]::string::String>>
[INFO] [stdout]   15:     0x5a31fc9d5765 - test[39766f3d73431624]::run_test::{closure#0}
[INFO] [stdout]   16:     0x5a31fc9d0214 - std[97b98282bc616a66]::sys::backtrace::__rust_begin_short_backtrace::<test[39766f3d73431624]::run_test::{closure#1}, ()>
[INFO] [stdout]   17:     0x5a31fc9d88b2 - <std[97b98282bc616a66]::thread::lifecycle::spawn_unchecked<test[39766f3d73431624]::run_test::{closure#1}, ()>::{closure#1} as core[832e9a552fc17241]::ops::function::FnOnce<()>>::call_once::{shim:vtable#0}
[INFO] [stdout]   18:     0x5a31fca431ff - <std[97b98282bc616a66]::sys::thread::unix::Thread>::new::thread_start
[INFO] [stdout]   19:     0x7a0fed65507a - <unknown>
[INFO] [stdout]   20:     0x7a0fed6e8534 - clone
[INFO] [stdout]   21:                0x0 - <unknown>
[INFO] [stdout] 
[INFO] [stdout] ---- reel_archives_log_and_starts_fresh stdout ----
[INFO] [stdout] 
[INFO] [stdout] thread 'reel_archives_log_and_starts_fresh' (1294) panicked at tests/integration.rs:40:14:
[INFO] [stdout] Failed to execute fates binary. Have you run `cargo build`?: Os { code: 2, kind: NotFound, message: "No such file or directory" }
[INFO] [stdout] stack backtrace:
[INFO] [stdout]    0:     0x5a31fca43ee1 - <<std[97b98282bc616a66]::sys::backtrace::BacktraceLock>::print::DisplayBacktrace as core[832e9a552fc17241]::fmt::Display>::fmt
[INFO] [stdout]    1:     0x5a31fca5899a - core[832e9a552fc17241]::fmt::write
[INFO] [stdout]    2:     0x5a31fca4861c - <alloc[3ecab9f82c41dc7d]::vec::Vec<u8> as std[97b98282bc616a66]::io::Write>::write_fmt
[INFO] [stdout]    3:     0x5a31fca20956 - std[97b98282bc616a66]::panicking::default_hook::{closure#0}
[INFO] [stdout]    4:     0x5a31fca3b3f9 - std[97b98282bc616a66]::panicking::default_hook
[INFO] [stdout]    5:     0x5a31fc9d4de0 - test[39766f3d73431624]::test_main_inner::<test[39766f3d73431624]::test_main_static::{closure#0}>::{closure#0}
[INFO] [stdout]    6:     0x5a31fca3b5b2 - std[97b98282bc616a66]::panicking::panic_with_hook
[INFO] [stdout]    7:     0x5a31fca20a02 - std[97b98282bc616a66]::panicking::panic_handler::{closure#0}
[INFO] [stdout]    8:     0x5a31fca180a9 - std[97b98282bc616a66]::sys::backtrace::__rust_end_short_backtrace::<std[97b98282bc616a66]::panicking::panic_handler::{closure#0}, !>
[INFO] [stdout]    9:     0x5a31fca215fd - __rustc[e3d8617bb01b7f69]::rust_begin_unwind
[INFO] [stdout]   10:     0x5a31fca590cc - core[832e9a552fc17241]::panicking::panic_fmt
[INFO] [stdout]   11:     0x5a31fca58ea2 - core[832e9a552fc17241]::result::unwrap_failed
[INFO] [stdout]   12:     0x5a31fc9ada1d - <integration[c2d7bdd057463f83]::TestEnv>::run
[INFO] [stdout]   13:     0x5a31fc9b68f8 - <integration[c2d7bdd057463f83]::reel_archives_log_and_starts_fresh::{closure#0} as core[832e9a552fc17241]::ops::function::FnOnce<()>>::call_once
[INFO] [stdout]   14:     0x5a31fc9c811b - test[39766f3d73431624]::__rust_begin_short_backtrace::<core[832e9a552fc17241]::result::Result<(), alloc[3ecab9f82c41dc7d]::string::String>, fn() -> core[832e9a552fc17241]::result::Result<(), alloc[3ecab9f82c41dc7d]::string::String>>
[INFO] [stdout]   15:     0x5a31fc9d5765 - test[39766f3d73431624]::run_test::{closure#0}
[INFO] [stdout]   16:     0x5a31fc9d0214 - std[97b98282bc616a66]::sys::backtrace::__rust_begin_short_backtrace::<test[39766f3d73431624]::run_test::{closure#1}, ()>
[INFO] [stdout]   17:     0x5a31fc9d88b2 - <std[97b98282bc616a66]::thread::lifecycle::spawn_unchecked<test[39766f3d73431624]::run_test::{closure#1}, ()>::{closure#1} as core[832e9a552fc17241]::ops::function::FnOnce<()>>::call_once::{shim:vtable#0}
[INFO] [stdout]   18:     0x5a31fca431ff - <std[97b98282bc616a66]::sys::thread::unix::Thread>::new::thread_start
[INFO] [stdout]   19:     0x7a0fed65507a - <unknown>
[INFO] [stdout]   20:     0x7a0fed6e8534 - clone
[INFO] [stdout]   21:                0x0 - <unknown>
[INFO] [stdout] 
[INFO] [stdout] ---- reel_unknown_group_shows_error stdout ----
[INFO] [stdout] 
[INFO] [stdout] thread 'reel_unknown_group_shows_error' (1295) panicked at tests/integration.rs:40:14:
[INFO] [stdout] Failed to execute fates binary. Have you run `cargo build`?: Os { code: 2, kind: NotFound, message: "No such file or directory" }
[INFO] [stdout] stack backtrace:
[INFO] [stdout]    0:     0x5a31fca43ee1 - <<std[97b98282bc616a66]::sys::backtrace::BacktraceLock>::print::DisplayBacktrace as core[832e9a552fc17241]::fmt::Display>::fmt
[INFO] [stdout]    1:     0x5a31fca5899a - core[832e9a552fc17241]::fmt::write
[INFO] [stdout]    2:     0x5a31fca4861c - <alloc[3ecab9f82c41dc7d]::vec::Vec<u8> as std[97b98282bc616a66]::io::Write>::write_fmt
[INFO] [stdout]    3:     0x5a31fca20956 - std[97b98282bc616a66]::panicking::default_hook::{closure#0}
[INFO] [stdout]    4:     0x5a31fca3b3f9 - std[97b98282bc616a66]::panicking::default_hook
[INFO] [stdout]    5:     0x5a31fc9d4de0 - test[39766f3d73431624]::test_main_inner::<test[39766f3d73431624]::test_main_static::{closure#0}>::{closure#0}
[INFO] [stdout]    6:     0x5a31fca3b5b2 - std[97b98282bc616a66]::panicking::panic_with_hook
[INFO] [stdout]    7:     0x5a31fca20a02 - std[97b98282bc616a66]::panicking::panic_handler::{closure#0}
[INFO] [stdout]    8:     0x5a31fca180a9 - std[97b98282bc616a66]::sys::backtrace::__rust_end_short_backtrace::<std[97b98282bc616a66]::panicking::panic_handler::{closure#0}, !>
[INFO] [stdout]    9:     0x5a31fca215fd - __rustc[e3d8617bb01b7f69]::rust_begin_unwind
[INFO] [stdout]   10:     0x5a31fca590cc - core[832e9a552fc17241]::panicking::panic_fmt
[INFO] [stdout]   11:     0x5a31fca58ea2 - core[832e9a552fc17241]::result::unwrap_failed
[INFO] [stdout]   12:     0x5a31fc9ada1d - <integration[c2d7bdd057463f83]::TestEnv>::run
[INFO] [stdout]   13:     0x5a31fc9b2973 - <integration[c2d7bdd057463f83]::reel_unknown_group_shows_error::{closure#0} as core[832e9a552fc17241]::ops::function::FnOnce<()>>::call_once
[INFO] [stdout]   14:     0x5a31fc9c811b - test[39766f3d73431624]::__rust_begin_short_backtrace::<core[832e9a552fc17241]::result::Result<(), alloc[3ecab9f82c41dc7d]::string::String>, fn() -> core[832e9a552fc17241]::result::Result<(), alloc[3ecab9f82c41dc7d]::string::String>>
[INFO] [stdout]   15:     0x5a31fc9d5765 - test[39766f3d73431624]::run_test::{closure#0}
[INFO] [stdout]   16:     0x5a31fc9d0214 - std[97b98282bc616a66]::sys::backtrace::__rust_begin_short_backtrace::<test[39766f3d73431624]::run_test::{closure#1}, ()>
[INFO] [stdout]   17:     0x5a31fc9d88b2 - <std[97b98282bc616a66]::thread::lifecycle::spawn_unchecked<test[39766f3d73431624]::run_test::{closure#1}, ()>::{closure#1} as core[832e9a552fc17241]::ops::function::FnOnce<()>>::call_once::{shim:vtable#0}
[INFO] [stdout]   18:     0x5a31fca431ff - <std[97b98282bc616a66]::sys::thread::unix::Thread>::new::thread_start
[INFO] [stdout]   19:     0x7a0fed65507a - <unknown>
[INFO] [stdout]   20:     0x7a0fed6e8534 - clone
[INFO] [stdout]   21:                0x0 - <unknown>
[INFO] [stdout] 
[INFO] [stdout] ---- stop_alias_behaves_like_cut stdout ----
[INFO] [stdout] 
[INFO] [stdout] thread 'stop_alias_behaves_like_cut' (1320) panicked at tests/integration.rs:40:14:
[INFO] [stdout] Failed to execute fates binary. Have you run `cargo build`?: Os { code: 2, kind: NotFound, message: "No such file or directory" }
[INFO] [stdout] stack backtrace:
[INFO] [stdout]    0:     0x5a31fca43ee1 - <<std[97b98282bc616a66]::sys::backtrace::BacktraceLock>::print::DisplayBacktrace as core[832e9a552fc17241]::fmt::Display>::fmt
[INFO] [stdout]    1:     0x5a31fca5899a - core[832e9a552fc17241]::fmt::write
[INFO] [stdout]    2:     0x5a31fca4861c - <alloc[3ecab9f82c41dc7d]::vec::Vec<u8> as std[97b98282bc616a66]::io::Write>::write_fmt
[INFO] [stdout]    3:     0x5a31fca20956 - std[97b98282bc616a66]::panicking::default_hook::{closure#0}
[INFO] [stdout]    4:     0x5a31fca3b3f9 - std[97b98282bc616a66]::panicking::default_hook
[INFO] [stdout]    5:     0x5a31fc9d4de0 - test[39766f3d73431624]::test_main_inner::<test[39766f3d73431624]::test_main_static::{closure#0}>::{closure#0}
[INFO] [stdout]    6:     0x5a31fca3b5b2 - std[97b98282bc616a66]::panicking::panic_with_hook
[INFO] [stdout]    7:     0x5a31fca20a02 - std[97b98282bc616a66]::panicking::panic_handler::{closure#0}
[INFO] [stdout]    8:     0x5a31fca180a9 - std[97b98282bc616a66]::sys::backtrace::__rust_end_short_backtrace::<std[97b98282bc616a66]::panicking::panic_handler::{closure#0}, !>
[INFO] [stdout]    9:     0x5a31fca215fd - __rustc[e3d8617bb01b7f69]::rust_begin_unwind
[INFO] [stdout]   10:     0x5a31fca590cc - core[832e9a552fc17241]::panicking::panic_fmt
[INFO] [stdout]   11:     0x5a31fca58ea2 - core[832e9a552fc17241]::result::unwrap_failed
[INFO] [stdout]   12:     0x5a31fc9ada1d - <integration[c2d7bdd057463f83]::TestEnv>::run
[INFO] [stdout]   13:     0x5a31fc9b034d - <integration[c2d7bdd057463f83]::stop_alias_behaves_like_cut::{closure#0} as core[832e9a552fc17241]::ops::function::FnOnce<()>>::call_once
[INFO] [stdout]   14:     0x5a31fc9c811b - test[39766f3d73431624]::__rust_begin_short_backtrace::<core[832e9a552fc17241]::result::Result<(), alloc[3ecab9f82c41dc7d]::string::String>, fn() -> core[832e9a552fc17241]::result::Result<(), alloc[3ecab9f82c41dc7d]::string::String>>
[INFO] [stdout]   15:     0x5a31fc9d5765 - test[39766f3d73431624]::run_test::{closure#0}
[INFO] [stdout]   16:     0x5a31fc9d0214 - std[97b98282bc616a66]::sys::backtrace::__rust_begin_short_backtrace::<test[39766f3d73431624]::run_test::{closure#1}, ()>
[INFO] [stdout]   17:     0x5a31fc9d88b2 - <std[97b98282bc616a66]::thread::lifecycle::spawn_unchecked<test[39766f3d73431624]::run_test::{closure#1}, ()>::{closure#1} as core[832e9a552fc17241]::ops::function::FnOnce<()>>::call_once::{shim:vtable#0}
[INFO] [stdout]   18:     0x5a31fca431ff - <std[97b98282bc616a66]::sys::thread::unix::Thread>::new::thread_start
[INFO] [stdout]   19:     0x7a0fed65507a - <unknown>
[INFO] [stdout]   20:     0x7a0fed6e8534 - clone
[INFO] [stdout]   21:                0x0 - <unknown>
[INFO] [stdout] 
[INFO] [stdout] ---- spin_rejects_config_with_empty_cmd stdout ----
[INFO] [stdout] 
[INFO] [stdout] thread 'spin_rejects_config_with_empty_cmd' (1308) panicked at tests/integration.rs:40:14:
[INFO] [stdout] Failed to execute fates binary. Have you run `cargo build`?: Os { code: 2, kind: NotFound, message: "No such file or directory" }
[INFO] [stdout] stack backtrace:
[INFO] [stdout]    0:     0x5a31fca43ee1 - <<std[97b98282bc616a66]::sys::backtrace::BacktraceLock>::print::DisplayBacktrace as core[832e9a552fc17241]::fmt::Display>::fmt
[INFO] [stdout]    1:     0x5a31fca5899a - core[832e9a552fc17241]::fmt::write
[INFO] [stdout]    2:     0x5a31fca4861c - <alloc[3ecab9f82c41dc7d]::vec::Vec<u8> as std[97b98282bc616a66]::io::Write>::write_fmt
[INFO] [stdout]    3:     0x5a31fca20956 - std[97b98282bc616a66]::panicking::default_hook::{closure#0}
[INFO] [stdout]    4:     0x5a31fca3b3f9 - std[97b98282bc616a66]::panicking::default_hook
[INFO] [stdout]    5:     0x5a31fc9d4de0 - test[39766f3d73431624]::test_main_inner::<test[39766f3d73431624]::test_main_static::{closure#0}>::{closure#0}
[INFO] [stdout]    6:     0x5a31fca3b5b2 - std[97b98282bc616a66]::panicking::panic_with_hook
[INFO] [stdout]    7:     0x5a31fca20a02 - std[97b98282bc616a66]::panicking::panic_handler::{closure#0}
[INFO] [stdout]    8:     0x5a31fca180a9 - std[97b98282bc616a66]::sys::backtrace::__rust_end_short_backtrace::<std[97b98282bc616a66]::panicking::panic_handler::{closure#0}, !>
[INFO] [stdout]    9:     0x5a31fca215fd - __rustc[e3d8617bb01b7f69]::rust_begin_unwind
[INFO] [stdout]   10:     0x5a31fca590cc - core[832e9a552fc17241]::panicking::panic_fmt
[INFO] [stdout]   11:     0x5a31fca58ea2 - core[832e9a552fc17241]::result::unwrap_failed
[INFO] [stdout]   12:     0x5a31fc9ada1d - <integration[c2d7bdd057463f83]::TestEnv>::run
[INFO] [stdout]   13:     0x5a31fc9b7310 - <integration[c2d7bdd057463f83]::spin_rejects_config_with_empty_cmd::{closure#0} as core[832e9a552fc17241]::ops::function::FnOnce<()>>::call_once
[INFO] [stdout]   14:     0x5a31fc9c811b - test[39766f3d73431624]::__rust_begin_short_backtrace::<core[832e9a552fc17241]::result::Result<(), alloc[3ecab9f82c41dc7d]::string::String>, fn() -> core[832e9a552fc17241]::result::Result<(), alloc[3ecab9f82c41dc7d]::string::String>>
[INFO] [stdout]   15:     0x5a31fc9d5765 - test[39766f3d73431624]::run_test::{closure#0}
[INFO] [stdout]   16:     0x5a31fc9d0214 - std[97b98282bc616a66]::sys::backtrace::__rust_begin_short_backtrace::<test[39766f3d73431624]::run_test::{closure#1}, ()>
[INFO] [stdout]   17:     0x5a31fc9d88b2 - <std[97b98282bc616a66]::thread::lifecycle::spawn_unchecked<test[39766f3d73431624]::run_test::{closure#1}, ()>::{closure#1} as core[832e9a552fc17241]::ops::function::FnOnce<()>>::call_once::{shim:vtable#0}
[INFO] [stdout]   18:     0x5a31fca431ff - <std[97b98282bc616a66]::sys::thread::unix::Thread>::new::thread_start
[INFO] [stdout]   19:     0x7a0fed65507a - <unknown>
[INFO] [stdout]   20:     0x7a0fed6e8534 - clone
[INFO] [stdout]   21:                0x0 - <unknown>
[INFO] [stdout] 
[INFO] [stdout] ---- register_alias_behaves_like_spin stdout ----
[INFO] [stdout] 
[INFO] [stdout] thread 'register_alias_behaves_like_spin' (1296) panicked at tests/integration.rs:40:14:
[INFO] [stdout] Failed to execute fates binary. Have you run `cargo build`?: Os { code: 2, kind: NotFound, message: "No such file or directory" }
[INFO] [stdout] stack backtrace:
[INFO] [stdout]    0:     0x5a31fca43ee1 - <<std[97b98282bc616a66]::sys::backtrace::BacktraceLock>::print::DisplayBacktrace as core[832e9a552fc17241]::fmt::Display>::fmt
[INFO] [stdout]    1:     0x5a31fca5899a - core[832e9a552fc17241]::fmt::write
[INFO] [stdout]    2:     0x5a31fca4861c - <alloc[3ecab9f82c41dc7d]::vec::Vec<u8> as std[97b98282bc616a66]::io::Write>::write_fmt
[INFO] [stdout]    3:     0x5a31fca20956 - std[97b98282bc616a66]::panicking::default_hook::{closure#0}
[INFO] [stdout]    4:     0x5a31fca3b3f9 - std[97b98282bc616a66]::panicking::default_hook
[INFO] [stdout]    5:     0x5a31fc9d4de0 - test[39766f3d73431624]::test_main_inner::<test[39766f3d73431624]::test_main_static::{closure#0}>::{closure#0}
[INFO] [stdout]    6:     0x5a31fca3b5b2 - std[97b98282bc616a66]::panicking::panic_with_hook
[INFO] [stdout]    7:     0x5a31fca20a02 - std[97b98282bc616a66]::panicking::panic_handler::{closure#0}
[INFO] [stdout]    8:     0x5a31fca180a9 - std[97b98282bc616a66]::sys::backtrace::__rust_end_short_backtrace::<std[97b98282bc616a66]::panicking::panic_handler::{closure#0}, !>
[INFO] [stdout]    9:     0x5a31fca215fd - __rustc[e3d8617bb01b7f69]::rust_begin_unwind
[INFO] [stdout]   10:     0x5a31fca590cc - core[832e9a552fc17241]::panicking::panic_fmt
[INFO] [stdout]   11:     0x5a31fca58ea2 - core[832e9a552fc17241]::result::unwrap_failed
[INFO] [stdout]   12:     0x5a31fc9ada1d - <integration[c2d7bdd057463f83]::TestEnv>::run
[INFO] [stdout]   13:     0x5a31fc9b48cb - <integration[c2d7bdd057463f83]::register_alias_behaves_like_spin::{closure#0} as core[832e9a552fc17241]::ops::function::FnOnce<()>>::call_once
[INFO] [stdout]   14:     0x5a31fc9c811b - test[39766f3d73431624]::__rust_begin_short_backtrace::<core[832e9a552fc17241]::result::Result<(), alloc[3ecab9f82c41dc7d]::string::String>, fn() -> core[832e9a552fc17241]::result::Result<(), alloc[3ecab9f82c41dc7d]::string::String>>
[INFO] [stdout]   15:     0x5a31fc9d5765 - test[39766f3d73431624]::run_test::{closure#0}
[INFO] [stdout]   16:     0x5a31fc9d0214 - std[97b98282bc616a66]::sys::backtrace::__rust_begin_short_backtrace::<test[39766f3d73431624]::run_test::{closure#1}, ()>
[INFO] [stdout]   17:     0x5a31fc9d88b2 - <std[97b98282bc616a66]::thread::lifecycle::spawn_unchecked<test[39766f3d73431624]::run_test::{closure#1}, ()>::{closure#1} as core[832e9a552fc17241]::ops::function::FnOnce<()>>::call_once::{shim:vtable#0}
[INFO] [stdout]   18:     0x5a31fca431ff - <std[97b98282bc616a66]::sys::thread::unix::Thread>::new::thread_start
[INFO] [stdout]   19:     0x7a0fed65507a - <unknown>
[INFO] [stdout]   20:     0x7a0fed6e8534 - clone
[INFO] [stdout]   21:                0x0 - <unknown>
[INFO] [stdout] 
[INFO] [stdout] ---- system_errors_exit_with_code_two stdout ----
[INFO] [stdout] 
[INFO] [stdout] thread 'system_errors_exit_with_code_two' (1322) panicked at tests/integration.rs:40:14:
[INFO] [stdout] Failed to execute fates binary. Have you run `cargo build`?: Os { code: 2, kind: NotFound, message: "No such file or directory" }
[INFO] [stdout] stack backtrace:
[INFO] [stdout]    0:     0x5a31fca43ee1 - <<std[97b98282bc616a66]::sys::backtrace::BacktraceLock>::print::DisplayBacktrace as core[832e9a552fc17241]::fmt::Display>::fmt
[INFO] [stdout]    1:     0x5a31fca5899a - core[832e9a552fc17241]::fmt::write
[INFO] [stdout]    2:     0x5a31fca4861c - <alloc[3ecab9f82c41dc7d]::vec::Vec<u8> as std[97b98282bc616a66]::io::Write>::write_fmt
[INFO] [stdout]    3:     0x5a31fca20956 - std[97b98282bc616a66]::panicking::default_hook::{closure#0}
[INFO] [stdout]    4:     0x5a31fca3b3f9 - std[97b98282bc616a66]::panicking::default_hook
[INFO] [stdout]    5:     0x5a31fc9d4de0 - test[39766f3d73431624]::test_main_inner::<test[39766f3d73431624]::test_main_static::{closure#0}>::{closure#0}
[INFO] [stdout]    6:     0x5a31fca3b5b2 - std[97b98282bc616a66]::panicking::panic_with_hook
[INFO] [stdout]    7:     0x5a31fca20a02 - std[97b98282bc616a66]::panicking::panic_handler::{closure#0}
[INFO] [stdout]    8:     0x5a31fca180a9 - std[97b98282bc616a66]::sys::backtrace::__rust_end_short_backtrace::<std[97b98282bc616a66]::panicking::panic_handler::{closure#0}, !>
[INFO] [stdout]    9:     0x5a31fca215fd - __rustc[e3d8617bb01b7f69]::rust_begin_unwind
[INFO] [stdout]   10:     0x5a31fca590cc - core[832e9a552fc17241]::panicking::panic_fmt
[INFO] [stdout]   11:     0x5a31fca58ea2 - core[832e9a552fc17241]::result::unwrap_failed
[INFO] [stdout]   12:     0x5a31fc9ada1d - <integration[c2d7bdd057463f83]::TestEnv>::run
[INFO] [stdout]   13:     0x5a31fc9b4f30 - <integration[c2d7bdd057463f83]::system_errors_exit_with_code_two::{closure#0} as core[832e9a552fc17241]::ops::function::FnOnce<()>>::call_once
[INFO] [stdout]   14:     0x5a31fc9c811b - test[39766f3d73431624]::__rust_begin_short_backtrace::<core[832e9a552fc17241]::result::Result<(), alloc[3ecab9f82c41dc7d]::string::String>, fn() -> core[832e9a552fc17241]::result::Result<(), alloc[3ecab9f82c41dc7d]::string::String>>
[INFO] [stdout]   15:     0x5a31fc9d5765 - test[39766f3d73431624]::run_test::{closure#0}
[INFO] [stdout]   16:     0x5a31fc9d0214 - std[97b98282bc616a66]::sys::backtrace::__rust_begin_short_backtrace::<test[39766f3d73431624]::run_test::{closure#1}, ()>
[INFO] [stdout]   17:     0x5a31fc9d88b2 - <std[97b98282bc616a66]::thread::lifecycle::spawn_unchecked<test[39766f3d73431624]::run_test::{closure#1}, ()>::{closure#1} as core[832e9a552fc17241]::ops::function::FnOnce<()>>::call_once::{shim:vtable#0}
[INFO] [stdout]   18:     0x5a31fca431ff - <std[97b98282bc616a66]::sys::thread::unix::Thread>::new::thread_start
[INFO] [stdout]   19:     0x7a0fed65507a - <unknown>
[INFO] [stdout]   20:     0x7a0fed6e8534 - clone
[INFO] [stdout]   21:                0x0 - <unknown>
[INFO] [stdout] 
[INFO] [stdout] ---- respin_unknown_group_shows_error stdout ----
[INFO] [stdout] 
[INFO] [stdout] thread 'respin_unknown_group_shows_error' (1300) panicked at tests/integration.rs:40:14:
[INFO] [stdout] Failed to execute fates binary. Have you run `cargo build`?: Os { code: 2, kind: NotFound, message: "No such file or directory" }
[INFO] [stdout] stack backtrace:
[INFO] [stdout]    0:     0x5a31fca43ee1 - <<std[97b98282bc616a66]::sys::backtrace::BacktraceLock>::print::DisplayBacktrace as core[832e9a552fc17241]::fmt::Display>::fmt
[INFO] [stdout]    1:     0x5a31fca5899a - core[832e9a552fc17241]::fmt::write
[INFO] [stdout]    2:     0x5a31fca4861c - <alloc[3ecab9f82c41dc7d]::vec::Vec<u8> as std[97b98282bc616a66]::io::Write>::write_fmt
[INFO] [stdout]    3:     0x5a31fca20956 - std[97b98282bc616a66]::panicking::default_hook::{closure#0}
[INFO] [stdout]    4:     0x5a31fca3b3f9 - std[97b98282bc616a66]::panicking::default_hook
[INFO] [stdout]    5:     0x5a31fc9d4de0 - test[39766f3d73431624]::test_main_inner::<test[39766f3d73431624]::test_main_static::{closure#0}>::{closure#0}
[INFO] [stdout]    6:     0x5a31fca3b5b2 - std[97b98282bc616a66]::panicking::panic_with_hook
[INFO] [stdout]    7:     0x5a31fca20a02 - std[97b98282bc616a66]::panicking::panic_handler::{closure#0}
[INFO] [stdout]    8:     0x5a31fca180a9 - std[97b98282bc616a66]::sys::backtrace::__rust_end_short_backtrace::<std[97b98282bc616a66]::panicking::panic_handler::{closure#0}, !>
[INFO] [stdout]    9:     0x5a31fca215fd - __rustc[e3d8617bb01b7f69]::rust_begin_unwind
[INFO] [stdout]   10:     0x5a31fca590cc - core[832e9a552fc17241]::panicking::panic_fmt
[INFO] [stdout]   11:     0x5a31fca58ea2 - core[832e9a552fc17241]::result::unwrap_failed
[INFO] [stdout]   12:     0x5a31fc9ada1d - <integration[c2d7bdd057463f83]::TestEnv>::run
[INFO] [stdout]   13:     0x5a31fc9b4c63 - <integration[c2d7bdd057463f83]::respin_unknown_group_shows_error::{closure#0} as core[832e9a552fc17241]::ops::function::FnOnce<()>>::call_once
[INFO] [stdout]   14:     0x5a31fc9c811b - test[39766f3d73431624]::__rust_begin_short_backtrace::<core[832e9a552fc17241]::result::Result<(), alloc[3ecab9f82c41dc7d]::string::String>, fn() -> core[832e9a552fc17241]::result::Result<(), alloc[3ecab9f82c41dc7d]::string::String>>
[INFO] [stdout]   15:     0x5a31fc9d5765 - test[39766f3d73431624]::run_test::{closure#0}
[INFO] [stdout]   16:     0x5a31fc9d0214 - std[97b98282bc616a66]::sys::backtrace::__rust_begin_short_backtrace::<test[39766f3d73431624]::run_test::{closure#1}, ()>
[INFO] [stdout]   17:     0x5a31fc9d88b2 - <std[97b98282bc616a66]::thread::lifecycle::spawn_unchecked<test[39766f3d73431624]::run_test::{closure#1}, ()>::{closure#1} as core[832e9a552fc17241]::ops::function::FnOnce<()>>::call_once::{shim:vtable#0}
[INFO] [stdout]   18:     0x5a31fca431ff - <std[97b98282bc616a66]::sys::thread::unix::Thread>::new::thread_start
[INFO] [stdout]   19:     0x7a0fed65507a - <unknown>
[INFO] [stdout]   20:     0x7a0fed6e8534 - clone
[INFO] [stdout]   21:                0x0 - <unknown>
[INFO] [stdout] 
[INFO] [stdout] ---- spin_rejects_config_with_missing_dependency stdout ----
[INFO] [stdout] 
[INFO] [stdout] thread 'spin_rejects_config_with_missing_dependency' (1309) panicked at tests/integration.rs:40:14:
[INFO] [stdout] Failed to execute fates binary. Have you run `cargo build`?: Os { code: 2, kind: NotFound, message: "No such file or directory" }
[INFO] [stdout] stack backtrace:
[INFO] [stdout]    0:     0x5a31fca43ee1 - <<std[97b98282bc616a66]::sys::backtrace::BacktraceLock>::print::DisplayBacktrace as core[832e9a552fc17241]::fmt::Display>::fmt
[INFO] [stdout]    1:     0x5a31fca5899a - core[832e9a552fc17241]::fmt::write
[INFO] [stdout]    2:     0x5a31fca4861c - <alloc[3ecab9f82c41dc7d]::vec::Vec<u8> as std[97b98282bc616a66]::io::Write>::write_fmt
[INFO] [stdout]    3:     0x5a31fca20956 - std[97b98282bc616a66]::panicking::default_hook::{closure#0}
[INFO] [stdout]    4:     0x5a31fca3b3f9 - std[97b98282bc616a66]::panicking::default_hook
[INFO] [stdout]    5:     0x5a31fc9d4de0 - test[39766f3d73431624]::test_main_inner::<test[39766f3d73431624]::test_main_static::{closure#0}>::{closure#0}
[INFO] [stdout]    6:     0x5a31fca3b5b2 - std[97b98282bc616a66]::panicking::panic_with_hook
[INFO] [stdout]    7:     0x5a31fca20a02 - std[97b98282bc616a66]::panicking::panic_handler::{closure#0}
[INFO] [stdout]    8:     0x5a31fca180a9 - std[97b98282bc616a66]::sys::backtrace::__rust_end_short_backtrace::<std[97b98282bc616a66]::panicking::panic_handler::{closure#0}, !>
[INFO] [stdout]    9:     0x5a31fca215fd - __rustc[e3d8617bb01b7f69]::rust_begin_unwind
[INFO] [stdout]   10:     0x5a31fca590cc - core[832e9a552fc17241]::panicking::panic_fmt
[INFO] [stdout]   11:     0x5a31fca58ea2 - core[832e9a552fc17241]::result::unwrap_failed
[INFO] [stdout]   12:     0x5a31fc9ada1d - <integration[c2d7bdd057463f83]::TestEnv>::run
[INFO] [stdout]   13:     0x5a31fc9bc4c2 - <integration[c2d7bdd057463f83]::spin_rejects_config_with_missing_dependency::{closure#0} as core[832e9a552fc17241]::ops::function::FnOnce<()>>::call_once
[INFO] [stdout]   14:     0x5a31fc9c811b - test[39766f3d73431624]::__rust_begin_short_backtrace::<core[832e9a552fc17241]::result::Result<(), alloc[3ecab9f82c41dc7d]::string::String>, fn() -> core[832e9a552fc17241]::result::Result<(), alloc[3ecab9f82c41dc7d]::string::String>>
[INFO] [stdout]   15:     0x5a31fc9d5765 - test[39766f3d73431624]::run_test::{closure#0}
[INFO] [stdout]   16:     0x5a31fc9d0214 - std[97b98282bc616a66]::sys::backtrace::__rust_begin_short_backtrace::<test[39766f3d73431624]::run_test::{closure#1}, ()>
[INFO] [stdout]   17:     0x5a31fc9d88b2 - <std[97b98282bc616a66]::thread::lifecycle::spawn_unchecked<test[39766f3d73431624]::run_test::{closure#1}, ()>::{closure#1} as core[832e9a552fc17241]::ops::function::FnOnce<()>>::call_once::{shim:vtable#0}
[INFO] [stdout]   18:     0x5a31fca431ff - <std[97b98282bc616a66]::sys::thread::unix::Thread>::new::thread_start
[INFO] [stdout]   19:     0x7a0fed65507a - <unknown>
[INFO] [stdout]   20:     0x7a0fed6e8534 - clone
[INFO] [stdout]   21:                0x0 - <unknown>
[INFO] [stdout] 
[INFO] [stdout] ---- version_exits_successfully stdout ----
[INFO] [stdout] 
[INFO] [stdout] thread 'version_exits_successfully' (1325) panicked at tests/integration.rs:40:14:
[INFO] [stdout] Failed to execute fates binary. Have you run `cargo build`?: Os { code: 2, kind: NotFound, message: "No such file or directory" }
[INFO] [stdout] stack backtrace:
[INFO] [stdout]    0:     0x5a31fca43ee1 - <<std[97b98282bc616a66]::sys::backtrace::BacktraceLock>::print::DisplayBacktrace as core[832e9a552fc17241]::fmt::Display>::fmt
[INFO] [stdout]    1:     0x5a31fca5899a - core[832e9a552fc17241]::fmt::write
[INFO] [stdout]    2:     0x5a31fca4861c - <alloc[3ecab9f82c41dc7d]::vec::Vec<u8> as std[97b98282bc616a66]::io::Write>::write_fmt
[INFO] [stdout]    3:     0x5a31fca20956 - std[97b98282bc616a66]::panicking::default_hook::{closure#0}
[INFO] [stdout]    4:     0x5a31fca3b3f9 - std[97b98282bc616a66]::panicking::default_hook
[INFO] [stdout]    5:     0x5a31fc9d4de0 - test[39766f3d73431624]::test_main_inner::<test[39766f3d73431624]::test_main_static::{closure#0}>::{closure#0}
[INFO] [stdout]    6:     0x5a31fca3b5b2 - std[97b98282bc616a66]::panicking::panic_with_hook
[INFO] [stdout]    7:     0x5a31fca20a02 - std[97b98282bc616a66]::panicking::panic_handler::{closure#0}
[INFO] [stdout]    8:     0x5a31fca180a9 - std[97b98282bc616a66]::sys::backtrace::__rust_end_short_backtrace::<std[97b98282bc616a66]::panicking::panic_handler::{closure#0}, !>
[INFO] [stdout]    9:     0x5a31fca215fd - __rustc[e3d8617bb01b7f69]::rust_begin_unwind
[INFO] [stdout]   10:     0x5a31fca590cc - core[832e9a552fc17241]::panicking::panic_fmt
[INFO] [stdout]   11:     0x5a31fca58ea2 - core[832e9a552fc17241]::result::unwrap_failed
[INFO] [stdout]   12:     0x5a31fc9ada1d - <integration[c2d7bdd057463f83]::TestEnv>::run
[INFO] [stdout]   13:     0x5a31fc9b0104 - <integration[c2d7bdd057463f83]::version_exits_successfully::{closure#0} as core[832e9a552fc17241]::ops::function::FnOnce<()>>::call_once
[INFO] [stdout]   14:     0x5a31fc9c811b - test[39766f3d73431624]::__rust_begin_short_backtrace::<core[832e9a552fc17241]::result::Result<(), alloc[3ecab9f82c41dc7d]::string::String>, fn() -> core[832e9a552fc17241]::result::Result<(), alloc[3ecab9f82c41dc7d]::string::String>>
[INFO] [stdout]   15:     0x5a31fc9d5765 - test[39766f3d73431624]::run_test::{closure#0}
[INFO] [stdout]   16:     0x5a31fc9d0214 - std[97b98282bc616a66]::sys::backtrace::__rust_begin_short_backtrace::<test[39766f3d73431624]::run_test::{closure#1}, ()>
[INFO] [stdout]   17:     0x5a31fc9d88b2 - <std[97b98282bc616a66]::thread::lifecycle::spawn_unchecked<test[39766f3d73431624]::run_test::{closure#1}, ()>::{closure#1} as core[832e9a552fc17241]::ops::function::FnOnce<()>>::call_once::{shim:vtable#0}
[INFO] [stdout]   18:     0x5a31fca431ff - <std[97b98282bc616a66]::sys::thread::unix::Thread>::new::thread_start
[INFO] [stdout]   19:     0x7a0fed65507a - <unknown>
[INFO] [stdout]   20:     0x7a0fed6e8534 - clone
[INFO] [stdout]   21:                0x0 - <unknown>
[INFO] [stdout] 
[INFO] [stdout] ---- respin_stops_and_starts_group stdout ----
[INFO] [stdout] 
[INFO] [stdout] thread 'respin_stops_and_starts_group' (1298) panicked at tests/integration.rs:40:14:
[INFO] [stdout] Failed to execute fates binary. Have you run `cargo build`?: Os { code: 2, kind: NotFound, message: "No such file or directory" }
[INFO] [stdout] stack backtrace:
[INFO] [stdout]    0:     0x5a31fca43ee1 - <<std[97b98282bc616a66]::sys::backtrace::BacktraceLock>::print::DisplayBacktrace as core[832e9a552fc17241]::fmt::Display>::fmt
[INFO] [stdout]    1:     0x5a31fca5899a - core[832e9a552fc17241]::fmt::write
[INFO] [stdout]    2:     0x5a31fca4861c - <alloc[3ecab9f82c41dc7d]::vec::Vec<u8> as std[97b98282bc616a66]::io::Write>::write_fmt
[INFO] [stdout]    3:     0x5a31fca20956 - std[97b98282bc616a66]::panicking::default_hook::{closure#0}
[INFO] [stdout]    4:     0x5a31fca3b3f9 - std[97b98282bc616a66]::panicking::default_hook
[INFO] [stdout]    5:     0x5a31fc9d4de0 - test[39766f3d73431624]::test_main_inner::<test[39766f3d73431624]::test_main_static::{closure#0}>::{closure#0}
[INFO] [stdout]    6:     0x5a31fca3b5b2 - std[97b98282bc616a66]::panicking::panic_with_hook
[INFO] [stdout]    7:     0x5a31fca20a02 - std[97b98282bc616a66]::panicking::panic_handler::{closure#0}
[INFO] [stdout]    8:     0x5a31fca180a9 - std[97b98282bc616a66]::sys::backtrace::__rust_end_short_backtrace::<std[97b98282bc616a66]::panicking::panic_handler::{closure#0}, !>
[INFO] [stdout]    9:     0x5a31fca215fd - __rustc[e3d8617bb01b7f69]::rust_begin_unwind
[INFO] [stdout]   10:     0x5a31fca590cc - core[832e9a552fc17241]::panicking::panic_fmt
[INFO] [stdout]   11:     0x5a31fca58ea2 - core[832e9a552fc17241]::result::unwrap_failed
[INFO] [stdout]   12:     0x5a31fc9ada1d - <integration[c2d7bdd057463f83]::TestEnv>::run
[INFO] [stdout]   13:     0x5a31fc9b102b - <integration[c2d7bdd057463f83]::respin_stops_and_starts_group::{closure#0} as core[832e9a552fc17241]::ops::function::FnOnce<()>>::call_once
[INFO] [stdout]   14:     0x5a31fc9c811b - test[39766f3d73431624]::__rust_begin_short_backtrace::<core[832e9a552fc17241]::result::Result<(), alloc[3ecab9f82c41dc7d]::string::String>, fn() -> core[832e9a552fc17241]::result::Result<(), alloc[3ecab9f82c41dc7d]::string::String>>
[INFO] [stdout]   15:     0x5a31fc9d5765 - test[39766f3d73431624]::run_test::{closure#0}
[INFO] [stdout]   16:     0x5a31fc9d0214 - std[97b98282bc616a66]::sys::backtrace::__rust_begin_short_backtrace::<test[39766f3d73431624]::run_test::{closure#1}, ()>
[INFO] [stdout]   17:     0x5a31fc9d88b2 - <std[97b98282bc616a66]::thread::lifecycle::spawn_unchecked<test[39766f3d73431624]::run_test::{closure#1}, ()>::{closure#1} as core[832e9a552fc17241]::ops::function::FnOnce<()>>::call_once::{shim:vtable#0}
[INFO] [stdout]   18:     0x5a31fca431ff - <std[97b98282bc616a66]::sys::thread::unix::Thread>::new::thread_start
[INFO] [stdout]   19:     0x7a0fed65507a - <unknown>
[INFO] [stdout]   20:     0x7a0fed6e8534 - clone
[INFO] [stdout]   21:                0x0 - <unknown>
[INFO] [stdout] 
[INFO] [stdout] ---- wait_returns_when_process_exits stdout ----
[INFO] [stdout] 
[INFO] [stdout] thread 'wait_returns_when_process_exits' (1326) panicked at tests/integration.rs:40:14:
[INFO] [stdout] Failed to execute fates binary. Have you run `cargo build`?: Os { code: 2, kind: NotFound, message: "No such file or directory" }
[INFO] [stdout] stack backtrace:
[INFO] [stdout]    0:     0x5a31fca43ee1 - <<std[97b98282bc616a66]::sys::backtrace::BacktraceLock>::print::DisplayBacktrace as core[832e9a552fc17241]::fmt::Display>::fmt
[INFO] [stdout]    1:     0x5a31fca5899a - core[832e9a552fc17241]::fmt::write
[INFO] [stdout]    2:     0x5a31fca4861c - <alloc[3ecab9f82c41dc7d]::vec::Vec<u8> as std[97b98282bc616a66]::io::Write>::write_fmt
[INFO] [stdout]    3:     0x5a31fca20956 - std[97b98282bc616a66]::panicking::default_hook::{closure#0}
[INFO] [stdout]    4:     0x5a31fca3b3f9 - std[97b98282bc616a66]::panicking::default_hook
[INFO] [stdout]    5:     0x5a31fc9d4de0 - test[39766f3d73431624]::test_main_inner::<test[39766f3d73431624]::test_main_static::{closure#0}>::{closure#0}
[INFO] [stdout]    6:     0x5a31fca3b5b2 - std[97b98282bc616a66]::panicking::panic_with_hook
[INFO] [stdout]    7:     0x5a31fca20a02 - std[97b98282bc616a66]::panicking::panic_handler::{closure#0}
[INFO] [stdout]    8:     0x5a31fca180a9 - std[97b98282bc616a66]::sys::backtrace::__rust_end_short_backtrace::<std[97b98282bc616a66]::panicking::panic_handler::{closure#0}, !>
[INFO] [stdout]    9:     0x5a31fca215fd - __rustc[e3d8617bb01b7f69]::rust_begin_unwind
[INFO] [stdout]   10:     0x5a31fca590cc - core[832e9a552fc17241]::panicking::panic_fmt
[INFO] [stdout]   11:     0x5a31fca58ea2 - core[832e9a552fc17241]::result::unwrap_failed
[INFO] [stdout]   12:     0x5a31fc9ada1d - <integration[c2d7bdd057463f83]::TestEnv>::run
[INFO] [stdout]   13:     0x5a31fc9b3deb - <integration[c2d7bdd057463f83]::wait_returns_when_process_exits::{closure#0} as core[832e9a552fc17241]::ops::function::FnOnce<()>>::call_once
[INFO] [stdout]   14:     0x5a31fc9c811b - test[39766f3d73431624]::__rust_begin_short_backtrace::<core[832e9a552fc17241]::result::Result<(), alloc[3ecab9f82c41dc7d]::string::String>, fn() -> core[832e9a552fc17241]::result::Result<(), alloc[3ecab9f82c41dc7d]::string::String>>
[INFO] [stdout]   15:     0x5a31fc9d5765 - test[39766f3d73431624]::run_test::{closure#0}
[INFO] [stdout]   16:     0x5a31fc9d0214 - std[97b98282bc616a66]::sys::backtrace::__rust_begin_short_backtrace::<test[39766f3d73431624]::run_test::{closure#1}, ()>
[INFO] [stdout]   17:     0x5a31fc9d88b2 - <std[97b98282bc616a66]::thread::lifecycle::spawn_unchecked<test[39766f3d73431624]::run_test::{closure#1}, ()>::{closure#1} as core[832e9a552fc17241]::ops::function::FnOnce<()>>::call_once::{shim:vtable#0}
[INFO] [stdout]   18:     0x5a31fca431ff - <std[97b98282bc616a66]::sys::thread::unix::Thread>::new::thread_start
[INFO] [stdout]   19:     0x7a0fed65507a - <unknown>
[INFO] [stdout]   20:     0x7a0fed6e8534 - clone
[INFO] [stdout]   21:                0x0 - <unknown>
[INFO] [stdout] 
[INFO] [stdout] ---- wait_times_out_on_long_running_process stdout ----
[INFO] [stdout] 
[INFO] [stdout] thread 'wait_times_out_on_long_running_process' (1328) panicked at tests/integration.rs:40:14:
[INFO] [stdout] Failed to execute fates binary. Have you run `cargo build`?: Os { code: 2, kind: NotFound, message: "No such file or directory" }
[INFO] [stdout] stack backtrace:
[INFO] [stdout]    0:     0x5a31fca43ee1 - <<std[97b98282bc616a66]::sys::backtrace::BacktraceLock>::print::DisplayBacktrace as core[832e9a552fc17241]::fmt::Display>::fmt
[INFO] [stdout]    1:     0x5a31fca5899a - core[832e9a552fc17241]::fmt::write
[INFO] [stdout]    2:     0x5a31fca4861c - <alloc[3ecab9f82c41dc7d]::vec::Vec<u8> as std[97b98282bc616a66]::io::Write>::write_fmt
[INFO] [stdout]    3:     0x5a31fca20956 - std[97b98282bc616a66]::panicking::default_hook::{closure#0}
[INFO] [stdout]    4:     0x5a31fca3b3f9 - std[97b98282bc616a66]::panicking::default_hook
[INFO] [stdout]    5:     0x5a31fc9d4de0 - test[39766f3d73431624]::test_main_inner::<test[39766f3d73431624]::test_main_static::{closure#0}>::{closure#0}
[INFO] [stdout]    6:     0x5a31fca3b5b2 - std[97b98282bc616a66]::panicking::panic_with_hook
[INFO] [stdout]    7:     0x5a31fca20a02 - std[97b98282bc616a66]::panicking::panic_handler::{closure#0}
[INFO] [stdout]    8:     0x5a31fca180a9 - std[97b98282bc616a66]::sys::backtrace::__rust_end_short_backtrace::<std[97b98282bc616a66]::panicking::panic_handler::{closure#0}, !>
[INFO] [stdout]    9:     0x5a31fca215fd - __rustc[e3d8617bb01b7f69]::rust_begin_unwind
[INFO] [stdout]   10:     0x5a31fca590cc - core[832e9a552fc17241]::panicking::panic_fmt
[INFO] [stdout]   11:     0x5a31fca58ea2 - core[832e9a552fc17241]::result::unwrap_failed
[INFO] [stdout]   12:     0x5a31fc9ada1d - <integration[c2d7bdd057463f83]::TestEnv>::run
[INFO] [stdout]   13:     0x5a31fc9ba256 - <integration[c2d7bdd057463f83]::wait_times_out_on_long_running_process::{closure#0} as core[832e9a552fc17241]::ops::function::FnOnce<()>>::call_once
[INFO] [stdout]   14:     0x5a31fc9c811b - test[39766f3d73431624]::__rust_begin_short_backtrace::<core[832e9a552fc17241]::result::Result<(), alloc[3ecab9f82c41dc7d]::string::String>, fn() -> core[832e9a552fc17241]::result::Result<(), alloc[3ecab9f82c41dc7d]::string::String>>
[INFO] [stdout]   15:     0x5a31fc9d5765 - test[39766f3d73431624]::run_test::{closure#0}
[INFO] [stdout]   16:     0x5a31fc9d0214 - std[97b98282bc616a66]::sys::backtrace::__rust_begin_short_backtrace::<test[39766f3d73431624]::run_test::{closure#1}, ()>
[INFO] [stdout]   17:     0x5a31fc9d88b2 - <std[97b98282bc616a66]::thread::lifecycle::spawn_unchecked<test[39766f3d73431624]::run_test::{closure#1}, ()>::{closure#1} as core[832e9a552fc17241]::ops::function::FnOnce<()>>::call_once::{shim:vtable#0}
[INFO] [stdout]   18:     0x5a31fca431ff - <std[97b98282bc616a66]::sys::thread::unix::Thread>::new::thread_start
[INFO] [stdout]   19:     0x7a0fed65507a - <unknown>
[INFO] [stdout]   20:     0x7a0fed6e8534 - clone
[INFO] [stdout]   21:                0x0 - <unknown>
[INFO] [stdout] 
[INFO] [stdout] ---- wait_stopped_group_returns_immediately stdout ----
[INFO] [stdout] 
[INFO] [stdout] thread 'wait_stopped_group_returns_immediately' (1327) panicked at tests/integration.rs:40:14:
[INFO] [stdout] Failed to execute fates binary. Have you run `cargo build`?: Os { code: 2, kind: NotFound, message: "No such file or directory" }
[INFO] [stdout] stack backtrace:
[INFO] [stdout]    0:     0x5a31fca43ee1 - <<std[97b98282bc616a66]::sys::backtrace::BacktraceLock>::print::DisplayBacktrace as core[832e9a552fc17241]::fmt::Display>::fmt
[INFO] [stdout]    1:     0x5a31fca5899a - core[832e9a552fc17241]::fmt::write
[INFO] [stdout]    2:     0x5a31fca4861c - <alloc[3ecab9f82c41dc7d]::vec::Vec<u8> as std[97b98282bc616a66]::io::Write>::write_fmt
[INFO] [stdout]    3:     0x5a31fca20956 - std[97b98282bc616a66]::panicking::default_hook::{closure#0}
[INFO] [stdout]    4:     0x5a31fca3b3f9 - std[97b98282bc616a66]::panicking::default_hook
[INFO] [stdout]    5:     0x5a31fc9d4de0 - test[39766f3d73431624]::test_main_inner::<test[39766f3d73431624]::test_main_static::{closure#0}>::{closure#0}
[INFO] [stdout]    6:     0x5a31fca3b5b2 - std[97b98282bc616a66]::panicking::panic_with_hook
[INFO] [stdout]    7:     0x5a31fca20a02 - std[97b98282bc616a66]::panicking::panic_handler::{closure#0}
[INFO] [stdout]    8:     0x5a31fca180a9 - std[97b98282bc616a66]::sys::backtrace::__rust_end_short_backtrace::<std[97b98282bc616a66]::panicking::panic_handler::{closure#0}, !>
[INFO] [stdout]    9:     0x5a31fca215fd - __rustc[e3d8617bb01b7f69]::rust_begin_unwind
[INFO] [stdout]   10:     0x5a31fca590cc - core[832e9a552fc17241]::panicking::panic_fmt
[INFO] [stdout]   11:     0x5a31fca58ea2 - core[832e9a552fc17241]::result::unwrap_failed
[INFO] [stdout]   12:     0x5a31fc9ada1d - <integration[c2d7bdd057463f83]::TestEnv>::run
[INFO] [stdout]   13:     0x5a31fc9b9fa6 - <integration[c2d7bdd057463f83]::wait_stopped_group_returns_immediately::{closure#0} as core[832e9a552fc17241]::ops::function::FnOnce<()>>::call_once
[INFO] [stdout]   14:     0x5a31fc9c811b - test[39766f3d73431624]::__rust_begin_short_backtrace::<core[832e9a552fc17241]::result::Result<(), alloc[3ecab9f82c41dc7d]::string::String>, fn() -> core[832e9a552fc17241]::result::Result<(), alloc[3ecab9f82c41dc7d]::string::String>>
[INFO] [stdout]   15:     0x5a31fc9d5765 - test[39766f3d73431624]::run_test::{closure#0}
[INFO] [stdout]   16:     0x5a31fc9d0214 - std[97b98282bc616a66]::sys::backtrace::__rust_begin_short_backtrace::<test[39766f3d73431624]::run_test::{closure#1}, ()>
[INFO] [stdout]   17:     0x5a31fc9d88b2 - <std[97b98282bc616a66]::thread::lifecycle::spawn_unchecked<test[39766f3d73431624]::run_test::{closure#1}, ()>::{closure#1} as core[832e9a552fc17241]::ops::function::FnOnce<()>>::call_once::{shim:vtable#0}
[INFO] [stdout]   18:     0x5a31fca431ff - <std[97b98282bc616a66]::sys::thread::unix::Thread>::new::thread_start
[INFO] [stdout]   19:     0x7a0fed65507a - <unknown>
[INFO] [stdout]   20:     0x7a0fed6e8534 - clone
[INFO] [stdout]   21:                0x0 - <unknown>
[INFO] [stdout] 
[INFO] [stdout] ---- status_alias_behaves_like_loom stdout ----
[INFO] [stdout] 
[INFO] [stdout] thread 'status_alias_behaves_like_loom' (1319) panicked at tests/integration.rs:40:14:
[INFO] [stdout] Failed to execute fates binary. Have you run `cargo build`?: Os { code: 2, kind: NotFound, message: "No such file or directory" }
[INFO] [stdout] stack backtrace:
[INFO] [stdout]    0:     0x5a31fca43ee1 - <<std[97b98282bc616a66]::sys::backtrace::BacktraceLock>::print::DisplayBacktrace as core[832e9a552fc17241]::fmt::Display>::fmt
[INFO] [stdout]    1:     0x5a31fca5899a - core[832e9a552fc17241]::fmt::write
[INFO] [stdout]    2:     0x5a31fca4861c - <alloc[3ecab9f82c41dc7d]::vec::Vec<u8> as std[97b98282bc616a66]::io::Write>::write_fmt
[INFO] [stdout]    3:     0x5a31fca20956 - std[97b98282bc616a66]::panicking::default_hook::{closure#0}
[INFO] [stdout]    4:     0x5a31fca3b3f9 - std[97b98282bc616a66]::panicking::default_hook
[INFO] [stdout]    5:     0x5a31fc9d4de0 - test[39766f3d73431624]::test_main_inner::<test[39766f3d73431624]::test_main_static::{closure#0}>::{closure#0}
[INFO] [stdout]    6:     0x5a31fca3b5b2 - std[97b98282bc616a66]::panicking::panic_with_hook
[INFO] [stdout]    7:     0x5a31fca20a02 - std[97b98282bc616a66]::panicking::panic_handler::{closure#0}
[INFO] [stdout]    8:     0x5a31fca180a9 - std[97b98282bc616a66]::sys::backtrace::__rust_end_short_backtrace::<std[97b98282bc616a66]::panicking::panic_handler::{closure#0}, !>
[INFO] [stdout]    9:     0x5a31fca215fd - __rustc[e3d8617bb01b7f69]::rust_begin_unwind
[INFO] [stdout]   10:     0x5a31fca590cc - core[832e9a552fc17241]::panicking::panic_fmt
[INFO] [stdout]   11:     0x5a31fca58ea2 - core[832e9a552fc17241]::result::unwrap_failed
[INFO] [stdout]   12:     0x5a31fc9ada1d - <integration[c2d7bdd057463f83]::TestEnv>::run
[INFO] [stdout]   13:     0x5a31fc9b3231 - <integration[c2d7bdd057463f83]::status_alias_behaves_like_loom::{closure#0} as core[832e9a552fc17241]::ops::function::FnOnce<()>>::call_once
[INFO] [stdout]   14:     0x5a31fc9c811b - test[39766f3d73431624]::__rust_begin_short_backtrace::<core[832e9a552fc17241]::result::Result<(), alloc[3ecab9f82c41dc7d]::string::String>, fn() -> core[832e9a552fc17241]::result::Result<(), alloc[3ecab9f82c41dc7d]::string::String>>
[INFO] [stdout]   15:     0x5a31fc9d5765 - test[39766f3d73431624]::run_test::{closure#0}
[INFO] [stdout]   16:     0x5a31fc9d0214 - std[97b98282bc616a66]::sys::backtrace::__rust_begin_short_backtrace::<test[39766f3d73431624]::run_test::{closure#1}, ()>
[INFO] [stdout]   17:     0x5a31fc9d88b2 - <std[97b98282bc616a66]::thread::lifecycle::spawn_unchecked<test[39766f3d73431624]::run_test::{closure#1}, ()>::{closure#1} as core[832e9a552fc17241]::ops::function::FnOnce<()>>::call_once::{shim:vtable#0}
[INFO] [stdout]   18:     0x5a31fca431ff - <std[97b98282bc616a66]::sys::thread::unix::Thread>::new::thread_start
[INFO] [stdout]   19:     0x7a0fed65507a - <unknown>
[INFO] [stdout]   20:     0x7a0fed6e8534 - clone
[INFO] [stdout]   21:                0x0 - <unknown>
[INFO] [stdout] 
[INFO] [stdout] ---- spin_registers_group_from_cli stdout ----
[INFO] [stdout] 
[INFO] [stdout] thread 'spin_registers_group_from_cli' (1307) panicked at tests/integration.rs:40:14:
[INFO] [stdout] Failed to execute fates binary. Have you run `cargo build`?: Os { code: 2, kind: NotFound, message: "No such file or directory" }
[INFO] [stdout] stack backtrace:
[INFO] [stdout]    0:     0x5a31fca43ee1 - <<std[97b98282bc616a66]::sys::backtrace::BacktraceLock>::print::DisplayBacktrace as core[832e9a552fc17241]::fmt::Display>::fmt
[INFO] [stdout]    1:     0x5a31fca5899a - core[832e9a552fc17241]::fmt::write
[INFO] [stdout]    2:     0x5a31fca4861c - <alloc[3ecab9f82c41dc7d]::vec::Vec<u8> as std[97b98282bc616a66]::io::Write>::write_fmt
[INFO] [stdout]    3:     0x5a31fca20956 - std[97b98282bc616a66]::panicking::default_hook::{closure#0}
[INFO] [stdout]    4:     0x5a31fca3b3f9 - std[97b98282bc616a66]::panicking::default_hook
[INFO] [stdout]    5:     0x5a31fc9d4de0 - test[39766f3d73431624]::test_main_inner::<test[39766f3d73431624]::test_main_static::{closure#0}>::{closure#0}
[INFO] [stdout]    6:     0x5a31fca3b5b2 - std[97b98282bc616a66]::panicking::panic_with_hook
[INFO] [stdout]    7:     0x5a31fca20a02 - std[97b98282bc616a66]::panicking::panic_handler::{closure#0}
[INFO] [stdout]    8:     0x5a31fca180a9 - std[97b98282bc616a66]::sys::backtrace::__rust_end_short_backtrace::<std[97b98282bc616a66]::panicking::panic_handler::{closure#0}, !>
[INFO] [stdout]    9:     0x5a31fca215fd - __rustc[e3d8617bb01b7f69]::rust_begin_unwind
[INFO] [stdout]   10:     0x5a31fca590cc - core[832e9a552fc17241]::panicking::panic_fmt
[INFO] [stdout]   11:     0x5a31fca58ea2 - core[832e9a552fc17241]::result::unwrap_failed
[INFO] [stdout]   12:     0x5a31fc9ada1d - <integration[c2d7bdd057463f83]::TestEnv>::run
[INFO] [stdout]   13:     0x5a31fc9b1a44 - <integration[c2d7bdd057463f83]::spin_registers_group_from_cli::{closure#0} as core[832e9a552fc17241]::ops::function::FnOnce<()>>::call_once
[INFO] [stdout]   14:     0x5a31fc9c811b - test[39766f3d73431624]::__rust_begin_short_backtrace::<core[832e9a552fc17241]::result::Result<(), alloc[3ecab9f82c41dc7d]::string::String>, fn() -> core[832e9a552fc17241]::result::Result<(), alloc[3ecab9f82c41dc7d]::string::String>>
[INFO] [stdout]   15:     0x5a31fc9d5765 - test[39766f3d73431624]::run_test::{closure#0}
[INFO] [stdout]   16:     0x5a31fc9d0214 - std[97b98282bc616a66]::sys::backtrace::__rust_begin_short_backtrace::<test[39766f3d73431624]::run_test::{closure#1}, ()>
[INFO] [stdout]   17:     0x5a31fc9d88b2 - <std[97b98282bc616a66]::thread::lifecycle::spawn_unchecked<test[39766f3d73431624]::run_test::{closure#1}, ()>::{closure#1} as core[832e9a552fc17241]::ops::function::FnOnce<()>>::call_once::{shim:vtable#0}
[INFO] [stdout]   18:     0x5a31fca431ff - <std[97b98282bc616a66]::sys::thread::unix::Thread>::new::thread_start
[INFO] [stdout]   19:     0x7a0fed65507a - <unknown>
[INFO] [stdout]   20:     0x7a0fed6e8534 - clone
[INFO] [stdout]   21:                0x0 - <unknown>
[INFO] [stdout] 
[INFO] [stdout] ---- restart_alias_behaves_like_respin stdout ----
[INFO] [stdout] 
[INFO] [stdout] thread 'restart_alias_behaves_like_respin' (1301) panicked at tests/integration.rs:40:14:
[INFO] [stdout] Failed to execute fates binary. Have you run `cargo build`?: Os { code: 2, kind: NotFound, message: "No such file or directory" }
[INFO] [stdout] stack backtrace:
[INFO] [stdout]    0:     0x5a31fca43ee1 - <<std[97b98282bc616a66]::sys::backtrace::BacktraceLock>::print::DisplayBacktrace as core[832e9a552fc17241]::fmt::Display>::fmt
[INFO] [stdout]    1:     0x5a31fca5899a - core[832e9a552fc17241]::fmt::write
[INFO] [stdout]    2:     0x5a31fca4861c - <alloc[3ecab9f82c41dc7d]::vec::Vec<u8> as std[97b98282bc616a66]::io::Write>::write_fmt
[INFO] [stdout]    3:     0x5a31fca20956 - std[97b98282bc616a66]::panicking::default_hook::{closure#0}
[INFO] [stdout]    4:     0x5a31fca3b3f9 - std[97b98282bc616a66]::panicking::default_hook
[INFO] [stdout]    5:     0x5a31fc9d4de0 - test[39766f3d73431624]::test_main_inner::<test[39766f3d73431624]::test_main_static::{closure#0}>::{closure#0}
[INFO] [stdout]    6:     0x5a31fca3b5b2 - std[97b98282bc616a66]::panicking::panic_with_hook
[INFO] [stdout]    7:     0x5a31fca20a02 - std[97b98282bc616a66]::panicking::panic_handler::{closure#0}
[INFO] [stdout]    8:     0x5a31fca180a9 - std[97b98282bc616a66]::sys::backtrace::__rust_end_short_backtrace::<std[97b98282bc616a66]::panicking::panic_handler::{closure#0}, !>
[INFO] [stdout]    9:     0x5a31fca215fd - __rustc[e3d8617bb01b7f69]::rust_begin_unwind
[INFO] [stdout]   10:     0x5a31fca590cc - core[832e9a552fc17241]::panicking::panic_fmt
[INFO] [stdout]   11:     0x5a31fca58ea2 - core[832e9a552fc17241]::result::unwrap_failed
[INFO] [stdout]   12:     0x5a31fc9ada1d - <integration[c2d7bdd057463f83]::TestEnv>::run
[INFO] [stdout]   13:     0x5a31fc9b64b6 - <integration[c2d7bdd057463f83]::restart_alias_behaves_like_respin::{closure#0} as core[832e9a552fc17241]::ops::function::FnOnce<()>>::call_once
[INFO] [stdout]   14:     0x5a31fc9c811b - test[39766f3d73431624]::__rust_begin_short_backtrace::<core[832e9a552fc17241]::result::Result<(), alloc[3ecab9f82c41dc7d]::string::String>, fn() -> core[832e9a552fc17241]::result::Result<(), alloc[3ecab9f82c41dc7d]::string::String>>
[INFO] [stdout]   15:     0x5a31fc9d5765 - test[39766f3d73431624]::run_test::{closure#0}
[INFO] [stdout]   16:     0x5a31fc9d0214 - std[97b98282bc616a66]::sys::backtrace::__rust_begin_short_backtrace::<test[39766f3d73431624]::run_test::{closure#1}, ()>
[INFO] [stdout]   17:     0x5a31fc9d88b2 - <std[97b98282bc616a66]::thread::lifecycle::spawn_unchecked<test[39766f3d73431624]::run_test::{closure#1}, ()>::{closure#1} as core[832e9a552fc17241]::ops::function::FnOnce<()>>::call_once::{shim:vtable#0}
[INFO] [stdout]   18:     0x5a31fca431ff - <std[97b98282bc616a66]::sys::thread::unix::Thread>::new::thread_start
[INFO] [stdout]   19:     0x7a0fed65507a - <unknown>
[INFO] [stdout]   20:     0x7a0fed6e8534 - clone
[INFO] [stdout]   21:                0x0 - <unknown>
[INFO] [stdout] 
[INFO] [stdout] ---- weave_prints_dependency_tree stdout ----
[INFO] [stdout] 
[INFO] [stdout] thread 'weave_prints_dependency_tree' (1335) panicked at tests/integration.rs:40:14:
[INFO] [stdout] Failed to execute fates binary. Have you run `cargo build`?: Os { code: 2, kind: NotFound, message: "No such file or directory" }
[INFO] [stdout] stack backtrace:
[INFO] [stdout]    0:     0x5a31fca43ee1 - <<std[97b98282bc616a66]::sys::backtrace::BacktraceLock>::print::DisplayBacktrace as core[832e9a552fc17241]::fmt::Display>::fmt
[INFO] [stdout]    1:     0x5a31fca5899a - core[832e9a552fc17241]::fmt::write
[INFO] [stdout]    2:     0x5a31fca4861c - <alloc[3ecab9f82c41dc7d]::vec::Vec<u8> as std[97b98282bc616a66]::io::Write>::write_fmt
[INFO] [stdout]    3:     0x5a31fca20956 - std[97b98282bc616a66]::panicking::default_hook::{closure#0}
[INFO] [stdout]    4:     0x5a31fca3b3f9 - std[97b98282bc616a66]::panicking::default_hook
[INFO] [stdout]    5:     0x5a31fc9d4de0 - test[39766f3d73431624]::test_main_inner::<test[39766f3d73431624]::test_main_static::{closure#0}>::{closure#0}
[INFO] [stdout]    6:     0x5a31fca3b5b2 - std[97b98282bc616a66]::panicking::panic_with_hook
[INFO] [stdout]    7:     0x5a31fca20a02 - std[97b98282bc616a66]::panicking::panic_handler::{closure#0}
[INFO] [stdout]    8:     0x5a31fca180a9 - std[97b98282bc616a66]::sys::backtrace::__rust_end_short_backtrace::<std[97b98282bc616a66]::panicking::panic_handler::{closure#0}, !>
[INFO] [stdout]    9:     0x5a31fca215fd - __rustc[e3d8617bb01b7f69]::rust_begin_unwind
[INFO] [stdout]   10:     0x5a31fca590cc - core[832e9a552fc17241]::panicking::panic_fmt
[INFO] [stdout]   11:     0x5a31fca58ea2 - core[832e9a552fc17241]::result::unwrap_failed
[INFO] [stdout]   12:     0x5a31fc9ada1d - <integration[c2d7bdd057463f83]::TestEnv>::run
[INFO] [stdout]   13:     0x5a31fc9b0ccc - <integration[c2d7bdd057463f83]::weave_prints_dependency_tree::{closure#0} as core[832e9a552fc17241]::ops::function::FnOnce<()>>::call_once
[INFO] [stdout]   14:     0x5a31fc9c811b - test[39766f3d73431624]::__rust_begin_short_backtrace::<core[832e9a552fc17241]::result::Result<(), alloc[3ecab9f82c41dc7d]::string::String>, fn() -> core[832e9a552fc17241]::result::Result<(), alloc[3ecab9f82c41dc7d]::string::String>>
[INFO] [stdout]   15:     0x5a31fc9d5765 - test[39766f3d73431624]::run_test::{closure#0}
[INFO] [stdout]   16:     0x5a31fc9d0214 - std[97b98282bc616a66]::sys::backtrace::__rust_begin_short_backtrace::<test[39766f3d73431624]::run_test::{closure#1}, ()>
[INFO] [stdout]   17:     0x5a31fc9d88b2 - <std[97b98282bc616a66]::thread::lifecycle::spawn_unchecked<test[39766f3d73431624]::run_test::{closure#1}, ()>::{closure#1} as core[832e9a552fc17241]::ops::function::FnOnce<()>>::call_once::{shim:vtable#0}
[INFO] [stdout]   18:     0x5a31fca431ff - <std[97b98282bc616a66]::sys::thread::unix::Thread>::new::thread_start
[INFO] [stdout]   19:     0x7a0fed65507a - <unknown>
[INFO] [stdout]   20:     0x7a0fed6e8534 - clone
[INFO] [stdout]   21:                0x0 - <unknown>
[INFO] [stdout] 
[INFO] [stdout] ---- weave_unknown_group_exits_with_error stdout ----
[INFO] [stdout] 
[INFO] [stdout] thread 'weave_unknown_group_exits_with_error' (1336) panicked at tests/integration.rs:40:14:
[INFO] [stdout] Failed to execute fates binary. Have you run `cargo build`?: Os { code: 2, kind: NotFound, message: "No such file or directory" }
[INFO] [stdout] stack backtrace:
[INFO] [stdout]    0:     0x5a31fca43ee1 - <<std[97b98282bc616a66]::sys::backtrace::BacktraceLock>::print::DisplayBacktrace as core[832e9a552fc17241]::fmt::Display>::fmt
[INFO] [stdout]    1:     0x5a31fca5899a - core[832e9a552fc17241]::fmt::write
[INFO] [stdout]    2:     0x5a31fca4861c - <alloc[3ecab9f82c41dc7d]::vec::Vec<u8> as std[97b98282bc616a66]::io::Write>::write_fmt
[INFO] [stdout]    3:     0x5a31fca20956 - std[97b98282bc616a66]::panicking::default_hook::{closure#0}
[INFO] [stdout]    4:     0x5a31fca3b3f9 - std[97b98282bc616a66]::panicking::default_hook
[INFO] [stdout]    5:     0x5a31fc9d4de0 - test[39766f3d73431624]::test_main_inner::<test[39766f3d73431624]::test_main_static::{closure#0}>::{closure#0}
[INFO] [stdout]    6:     0x5a31fca3b5b2 - std[97b98282bc616a66]::panicking::panic_with_hook
[INFO] [stdout]    7:     0x5a31fca20a02 - std[97b98282bc616a66]::panicking::panic_handler::{closure#0}
[INFO] [stdout]    8:     0x5a31fca180a9 - std[97b98282bc616a66]::sys::backtrace::__rust_end_short_backtrace::<std[97b98282bc616a66]::panicking::panic_handler::{closure#0}, !>
[INFO] [stdout]    9:     0x5a31fca215fd - __rustc[e3d8617bb01b7f69]::rust_begin_unwind
[INFO] [stdout]   10:     0x5a31fca590cc - core[832e9a552fc17241]::panicking::panic_fmt
[INFO] [stdout]   11:     0x5a31fca58ea2 - core[832e9a552fc17241]::result::unwrap_failed
[INFO] [stdout]   12:     0x5a31fc9ada1d - <integration[c2d7bdd057463f83]::TestEnv>::run
[INFO] [stdout]   13:     0x5a31fc9b8c30 - <integration[c2d7bdd057463f83]::weave_unknown_group_exits_with_error::{closure#0} as core[832e9a552fc17241]::ops::function::FnOnce<()>>::call_once
[INFO] [stdout]   14:     0x5a31fc9c811b - test[39766f3d73431624]::__rust_begin_short_backtrace::<core[832e9a552fc17241]::result::Result<(), alloc[3ecab9f82c41dc7d]::string::String>, fn() -> core[832e9a552fc17241]::result::Result<(), alloc[3ecab9f82c41dc7d]::string::String>>
[INFO] [stdout]   15:     0x5a31fc9d5765 - test[39766f3d73431624]::run_test::{closure#0}
[INFO] [stdout]   16:     0x5a31fc9d0214 - std[97b98282bc616a66]::sys::backtrace::__rust_begin_short_backtrace::<test[39766f3d73431624]::run_test::{closure#1}, ()>
[INFO] [stdout]   17:     0x5a31fc9d88b2 - <std[97b98282bc616a66]::thread::lifecycle::spawn_unchecked<test[39766f3d73431624]::run_test::{closure#1}, ()>::{closure#1} as core[832e9a552fc17241]::ops::function::FnOnce<()>>::call_once::{shim:vtable#0}
[INFO] [stdout]   18:     0x5a31fca431ff - <std[97b98282bc616a66]::sys::thread::unix::Thread>::new::thread_start
[INFO] [stdout]   19:     0x7a0fed65507a - <unknown>
[INFO] [stdout]   20:     0x7a0fed6e8534 - clone
[INFO] [stdout]   21:                0x0 - <unknown>
[INFO] [stdout] 
[INFO] [stdout] ---- cut_all_stops_dependents_first stdout ----
[INFO] [stdout] 
[INFO] [stdout] thread 'cut_all_stops_dependents_first' (1239) panicked at tests/integration.rs:40:14:
[INFO] [stdout] Failed to execute fates binary. Have you run `cargo build`?: Os { code: 2, kind: NotFound, message: "No such file or directory" }
[INFO] [stdout] stack backtrace:
[INFO] [stdout]    0:     0x5a31fca43ee1 - <<std[97b98282bc616a66]::sys::backtrace::BacktraceLock>::print::DisplayBacktrace as core[832e9a552fc17241]::fmt::Display>::fmt
[INFO] [stdout]    1:     0x5a31fca5899a - core[832e9a552fc17241]::fmt::write
[INFO] [stdout]    2:     0x5a31fca4861c - <alloc[3ecab9f82c41dc7d]::vec::Vec<u8> as std[97b98282bc616a66]::io::Write>::write_fmt
[INFO] [stdout]    3:     0x5a31fca20956 - std[97b98282bc616a66]::panicking::default_hook::{closure#0}
[INFO] [stdout]    4:     0x5a31fca3b3f9 - std[97b98282bc616a66]::panicking::default_hook
[INFO] [stdout]    5:     0x5a31fc9d4de0 - test[39766f3d73431624]::test_main_inner::<test[39766f3d73431624]::test_main_static::{closure#0}>::{closure#0}
[INFO] [stdout]    6:     0x5a31fca3b5b2 - std[97b98282bc616a66]::panicking::panic_with_hook
[INFO] [stdout]    7:     0x5a31fca20a02 - std[97b98282bc616a66]::panicking::panic_handler::{closure#0}
[INFO] [stdout]    8:     0x5a31fca180a9 - std[97b98282bc616a66]::sys::backtrace::__rust_end_short_backtrace::<std[97b98282bc616a66]::panicking::panic_handler::{closure#0}, !>
[INFO] [stdout]    9:     0x5a31fca215fd - __rustc[e3d8617bb01b7f69]::rust_begin_unwind
[INFO] [stdout]   10:     0x5a31fca590cc - core[832e9a552fc17241]::panicking::panic_fmt
[INFO] [stdout]   11:     0x5a31fca58ea2 - core[832e9a552fc17241]::result::unwrap_failed
[INFO] [stdout]   12:     0x5a31fc9ada1d - <integration[c2d7bdd057463f83]::TestEnv>::run
[INFO] [stdout]   13:     0x5a31fc9b1ffe - <integration[c2d7bdd057463f83]::cut_all_stops_dependents_first::{closure#0} as core[832e9a552fc17241]::ops::function::FnOnce<()>>::call_once
[INFO] [stdout]   14:     0x5a31fc9c811b - test[39766f3d73431624]::__rust_begin_short_backtrace::<core[832e9a552fc17241]::result::Result<(), alloc[3ecab9f82c41dc7d]::string::String>, fn() -> core[832e9a552fc17241]::result::Result<(), alloc[3ecab9f82c41dc7d]::string::String>>
[INFO] [stdout]   15:     0x5a31fc9d5765 - test[39766f3d73431624]::run_test::{closure#0}
[INFO] [stdout]   16:     0x5a31fc9d0214 - std[97b98282bc616a66]::sys::backtrace::__rust_begin_short_backtrace::<test[39766f3d73431624]::run_test::{closure#1}, ()>
[INFO] [stdout]   17:     0x5a31fc9d88b2 - <std[97b98282bc616a66]::thread::lifecycle::spawn_unchecked<test[39766f3d73431624]::run_test::{closure#1}, ()>::{closure#1} as core[832e9a552fc17241]::ops::function::FnOnce<()>>::call_once::{shim:vtable#0}
[INFO] [stdout]   18:     0x5a31fca431ff - <std[97b98282bc616a66]::sys::thread::unix::Thread>::new::thread_start
[INFO] [stdout]   19:     0x7a0fed65507a - <unknown>
[INFO] [stdout]   20:     0x7a0fed6e8534 - clone
[INFO] [stdout]   21:                0x0 - <unknown>
[INFO] [stdout] 
[INFO] [stdout] ---- state_dir_flag_controls_state_location stdout ----
[INFO] [stdout] 
[INFO] [stdout] thread 'state_dir_flag_controls_state_location' (1317) panicked at tests/integration.rs:40:14:
[INFO] [stdout] Failed to execute fates binary. Have you run `cargo build`?: Os { code: 2, kind: NotFound, message: "No such file or directory" }
[INFO] [stdout] stack backtrace:
[INFO] [stdout]    0:     0x5a31fca43ee1 - <<std[97b98282bc616a66]::sys::backtrace::BacktraceLock>::print::DisplayBacktrace as core[832e9a552fc17241]::fmt::Display>::fmt
[INFO] [stdout]    1:     0x5a31fca5899a - core[832e9a552fc17241]::fmt::write
[INFO] [stdout]    2:     0x5a31fca4861c - <alloc[3ecab9f82c41dc7d]::vec::Vec<u8> as std[97b98282bc616a66]::io::Write>::write_fmt
[INFO] [stdout]    3:     0x5a31fca20956 - std[97b98282bc616a66]::panicking::default_hook::{closure#0}
[INFO] [stdout]    4:     0x5a31fca3b3f9 - std[97b98282bc616a66]::panicking::default_hook
[INFO] [stdout]    5:     0x5a31fc9d4de0 - test[39766f3d73431624]::test_main_inner::<test[39766f3d73431624]::test_main_static::{closure#0}>::{closure#0}
[INFO] [stdout]    6:     0x5a31fca3b5b2 - std[97b98282bc616a66]::panicking::panic_with_hook
[INFO] [stdout]    7:     0x5a31fca20a02 - std[97b98282bc616a66]::panicking::panic_handler::{closure#0}
[INFO] [stdout]    8:     0x5a31fca180a9 - std[97b98282bc616a66]::sys::backtrace::__rust_end_short_backtrace::<std[97b98282bc616a66]::panicking::panic_handler::{closure#0}, !>
[INFO] [stdout]    9:     0x5a31fca215fd - __rustc[e3d8617bb01b7f69]::rust_begin_unwind
[INFO] [stdout]   10:     0x5a31fca590cc - core[832e9a552fc17241]::panicking::panic_fmt
[INFO] [stdout]   11:     0x5a31fca58ea2 - core[832e9a552fc17241]::result::unwrap_failed
[INFO] [stdout]   12:     0x5a31fc9ada1d - <integration[c2d7bdd057463f83]::TestEnv>::run
[INFO] [stdout]   13:     0x5a31fc9b9b21 - <integration[c2d7bdd057463f83]::state_dir_flag_controls_state_location::{closure#0} as core[832e9a552fc17241]::ops::function::FnOnce<()>>::call_once
[INFO] [stdout]   14:     0x5a31fc9c811b - test[39766f3d73431624]::__rust_begin_short_backtrace::<core[832e9a552fc17241]::result::Result<(), alloc[3ecab9f82c41dc7d]::string::String>, fn() -> core[832e9a552fc17241]::result::Result<(), alloc[3ecab9f82c41dc7d]::string::String>>
[INFO] [stdout]   15:     0x5a31fc9d5765 - test[39766f3d73431624]::run_test::{closure#0}
[INFO] [stdout]   16:     0x5a31fc9d0214 - std[97b98282bc616a66]::sys::backtrace::__rust_begin_short_backtrace::<test[39766f3d73431624]::run_test::{closure#1}, ()>
[INFO] [stdout]   17:     0x5a31fc9d88b2 - <std[97b98282bc616a66]::thread::lifecycle::spawn_unchecked<test[39766f3d73431624]::run_test::{closure#1}, ()>::{closure#1} as core[832e9a552fc17241]::ops::function::FnOnce<()>>::call_once::{shim:vtable#0}
[INFO] [stdout]   18:     0x5a31fca431ff - <std[97b98282bc616a66]::sys::thread::unix::Thread>::new::thread_start
[INFO] [stdout]   19:     0x7a0fed65507a - <unknown>
[INFO] [stdout]   20:     0x7a0fed6e8534 - clone
[INFO] [stdout]   21:                0x0 - <unknown>
[INFO] [stdout] 
[INFO] [stdout] ---- spin_from_config_file stdout ----
[INFO] [stdout] 
[INFO] [stdout] thread 'spin_from_config_file' (1305) panicked at tests/integration.rs:40:14:
[INFO] [stdout] Failed to execute fates binary. Have you run `cargo build`?: Os { code: 2, kind: NotFound, message: "No such file or directory" }
[INFO] [stdout] stack backtrace:
[INFO] [stdout]    0:     0x5a31fca43ee1 - <<std[97b98282bc616a66]::sys::backtrace::BacktraceLock>::print::DisplayBacktrace as core[832e9a552fc17241]::fmt::Display>::fmt
[INFO] [stdout]    1:     0x5a31fca5899a - core[832e9a552fc17241]::fmt::write
[INFO] [stdout]    2:     0x5a31fca4861c - <alloc[3ecab9f82c41dc7d]::vec::Vec<u8> as std[97b98282bc616a66]::io::Write>::write_fmt
[INFO] [stdout]    3:     0x5a31fca20956 - std[97b98282bc616a66]::panicking::default_hook::{closure#0}
[INFO] [stdout]    4:     0x5a31fca3b3f9 - std[97b98282bc616a66]::panicking::default_hook
[INFO] [stdout]    5:     0x5a31fc9d4de0 - test[39766f3d73431624]::test_main_inner::<test[39766f3d73431624]::test_main_static::{closure#0}>::{closure#0}
[INFO] [stdout]    6:     0x5a31fca3b5b2 - std[97b98282bc616a66]::panicking::panic_with_hook
[INFO] [stdout]    7:     0x5a31fca20a02 - std[97b98282bc616a66]::panicking::panic_handler::{closure#0}
[INFO] [stdout]    8:     0x5a31fca180a9 - std[97b98282bc616a66]::sys::backtrace::__rust_end_short_backtrace::<std[97b98282bc616a66]::panicking::panic_handler::{closure#0}, !>
[INFO] [stdout]    9:     0x5a31fca215fd - __rustc[e3d8617bb01b7f69]::rust_begin_unwind
[INFO] [stdout]   10:     0x5a31fca590cc - core[832e9a552fc17241]::panicking::panic_fmt
[INFO] [stdout]   11:     0x5a31fca58ea2 - core[832e9a552fc17241]::result::unwrap_failed
[INFO] [stdout]   12:     0x5a31fc9ada1d - <integration[c2d7bdd057463f83]::TestEnv>::run
[INFO] [stdout]   13:     0x5a31fc9aef22 - <integration[c2d7bdd057463f83]::spin_from_config_file::{closure#0} as core[832e9a552fc17241]::ops::function::FnOnce<()>>::call_once
[INFO] [stdout]   14:     0x5a31fc9c811b - test[39766f3d73431624]::__rust_begin_short_backtrace::<core[832e9a552fc17241]::result::Result<(), alloc[3ecab9f82c41dc7d]::string::String>, fn() -> core[832e9a552fc17241]::result::Result<(), alloc[3ecab9f82c41dc7d]::string::String>>
[INFO] [stdout]   15:     0x5a31fc9d5765 - test[39766f3d73431624]::run_test::{closure#0}
[INFO] [stdout]   16:     0x5a31fc9d0214 - std[97b98282bc616a66]::sys::backtrace::__rust_begin_short_backtrace::<test[39766f3d73431624]::run_test::{closure#1}, ()>
[INFO] [stdout]   17:     0x5a31fc9d88b2 - <std[97b98282bc616a66]::thread::lifecycle::spawn_unchecked<test[39766f3d73431624]::run_test::{closure#1}, ()>::{closure#1} as core[832e9a552fc17241]::ops::function::FnOnce<()>>::call_once::{shim:vtable#0}
[INFO] [stdout]   18:     0x5a31fca431ff - <std[97b98282bc616a66]::sys::thread::unix::Thread>::new::thread_start
[INFO] [stdout]   19:     0x7a0fed65507a - <unknown>
[INFO] [stdout]   20:     0x7a0fed6e8534 - clone
[INFO] [stdout]   21:                0x0 - <unknown>
[INFO] [stdout] 
[INFO] [stdout] ---- config_quoted_command_preserves_arguments stdout ----
[INFO] [stdout] 
[INFO] [stdout] thread 'config_quoted_command_preserves_arguments' (1237) panicked at tests/integration.rs:40:14:
[INFO] [stdout] Failed to execute fates binary. Have you run `cargo build`?: Os { code: 2, kind: NotFound, message: "No such file or directory" }
[INFO] [stdout] stack backtrace:
[INFO] [stdout]    0:     0x5a31fca43ee1 - <<std[97b98282bc616a66]::sys::backtrace::BacktraceLock>::print::DisplayBacktrace as core[832e9a552fc17241]::fmt::Display>::fmt
[INFO] [stdout]    1:     0x5a31fca5899a - core[832e9a552fc17241]::fmt::write
[INFO] [stdout]    2:     0x5a31fca4861c - <alloc[3ecab9f82c41dc7d]::vec::Vec<u8> as std[97b98282bc616a66]::io::Write>::write_fmt
[INFO] [stdout]    3:     0x5a31fca20956 - std[97b98282bc616a66]::panicking::default_hook::{closure#0}
[INFO] [stdout]    4:     0x5a31fca3b3f9 - std[97b98282bc616a66]::panicking::default_hook
[INFO] [stdout]    5:     0x5a31fc9d4de0 - test[39766f3d73431624]::test_main_inner::<test[39766f3d73431624]::test_main_static::{closure#0}>::{closure#0}
[INFO] [stdout]    6:     0x5a31fca3b5b2 - std[97b98282bc616a66]::panicking::panic_with_hook
[INFO] [stdout]    7:     0x5a31fca20a02 - std[97b98282bc616a66]::panicking::panic_handler::{closure#0}
[INFO] [stdout]    8:     0x5a31fca180a9 - std[97b98282bc616a66]::sys::backtrace::__rust_end_short_backtrace::<std[97b98282bc616a66]::panicking::panic_handler::{closure#0}, !>
[INFO] [stdout]    9:     0x5a31fca215fd - __rustc[e3d8617bb01b7f69]::rust_begin_unwind
[INFO] [stdout]   10:     0x5a31fca590cc - core[832e9a552fc17241]::panicking::panic_fmt
[INFO] [stdout]   11:     0x5a31fca58ea2 - core[832e9a552fc17241]::result::unwrap_failed
[INFO] [stdout]   12:     0x5a31fc9ada1d - <integration[c2d7bdd057463f83]::TestEnv>::run
[INFO] [stdout]   13:     0x5a31fc9bad28 - <integration[c2d7bdd057463f83]::config_quoted_command_preserves_arguments::{closure#0} as core[832e9a552fc17241]::ops::function::FnOnce<()>>::call_once
[INFO] [stdout]   14:     0x5a31fc9c811b - test[39766f3d73431624]::__rust_begin_short_backtrace::<core[832e9a552fc17241]::result::Result<(), alloc[3ecab9f82c41dc7d]::string::String>, fn() -> core[832e9a552fc17241]::result::Result<(), alloc[3ecab9f82c41dc7d]::string::String>>
[INFO] [stdout]   15:     0x5a31fc9d5765 - test[39766f3d73431624]::run_test::{closure#0}
[INFO] [stdout]   16:     0x5a31fc9d0214 - std[97b98282bc616a66]::sys::backtrace::__rust_begin_short_backtrace::<test[39766f3d73431624]::run_test::{closure#1}, ()>
[INFO] [stdout]   17:     0x5a31fc9d88b2 - <std[97b98282bc616a66]::thread::lifecycle::spawn_unchecked<test[39766f3d73431624]::run_test::{closure#1}, ()>::{closure#1} as core[832e9a552fc17241]::ops::function::FnOnce<()>>::call_once::{shim:vtable#0}
[INFO] [stdout]   18:     0x5a31fca431ff - <std[97b98282bc616a66]::sys::thread::unix::Thread>::new::thread_start
[INFO] [stdout]   19:     0x7a0fed65507a - <unknown>
[INFO] [stdout]   20:     0x7a0fed6e8534 - clone
[INFO] [stdout]   21:                0x0 - <unknown>
[INFO] [stdout] 
[INFO] [stdout] 
[INFO] [stdout] failures:
[INFO] [stdout]     completions_are_generated_for_common_shells
[INFO] [stdout]     concurrent_spins_preserve_all_groups
[INFO] [stdout]     config_env_block_is_applied_to_process
[INFO] [stdout]     config_quoted_command_preserves_arguments
[INFO] [stdout]     cut_all_is_idempotent_when_groups_are_already_stopped
[INFO] [stdout]     cut_all_stops_dependents_first
[INFO] [stdout]     cut_force_terminates_immediately
[INFO] [stdout]     cut_nonexistent_group_exits_with_error
[INFO] [stdout]     cut_stale_pid_is_rejected_without_signaling
[INFO] [stdout]     draw_all_registers_config_groups_automatically
[INFO] [stdout]     draw_all_requires_no_config_for_state_only_groups
[INFO] [stdout]     draw_all_starts_in_dependency_order
[INFO] [stdout]     draw_already_running_is_rejected
[INFO] [stdout]     draw_and_cut_a_process
[INFO] [stdout]     draw_respawns_after_dead_pid
[INFO] [stdout]     help_exits_successfully
[INFO] [stdout]     help_lists_aliases
[INFO] [stdout]     init_writes_starter_config_and_refuses_overwrite
[INFO] [stdout]     inline_command_with_quotes_preserves_arguments
[INFO] [stdout]     logs_follow_streams_newly_appended_lines
[INFO] [stdout]     logs_follow_with_tail_prints_history_first
[INFO] [stdout]     logs_for_drawn_process_contains_output
[INFO] [stdout]     logs_for_undrawn_process_shows_error
[INFO] [stdout]     logs_tail_returns_only_last_lines
[INFO] [stdout]     loom_empty_state_shows_message
[INFO] [stdout]     loom_json_empty_state_is_empty_array
[INFO] [stdout]     loom_json_reports_running_process
[INFO] [stdout]     loom_marks_dead_process_stopped
[INFO] [stdout]     loom_prints_table_headers
[INFO] [stdout]     loom_prints_totals_row
[INFO] [stdout]     loom_watch_refreshes_repeatedly
[INFO] [stdout]     reel_archives_log_and_starts_fresh
[INFO] [stdout]     reel_unknown_group_shows_error
[INFO] [stdout]     register_alias_behaves_like_spin
[INFO] [stdout]     respin_of_stopped_group_starts_it
[INFO] [stdout]     respin_stops_and_starts_group
[INFO] [stdout]     respin_unknown_group_shows_error
[INFO] [stdout]     restart_alias_behaves_like_respin
[INFO] [stdout]     rotate_alias_behaves_like_reel
[INFO] [stdout]     spin_from_config_file
[INFO] [stdout]     spin_registers_group_from_cli
[INFO] [stdout]     spin_rejects_config_with_empty_cmd
[INFO] [stdout]     spin_rejects_config_with_missing_dependency
[INFO] [stdout]     spin_unknown_group_without_cmd_exits_nonzero
[INFO] [stdout]     start_alias_behaves_like_draw
[INFO] [stdout]     state_dir_flag_controls_state_location
[INFO] [stdout]     status_alias_behaves_like_loom
[INFO] [stdout]     stop_alias_behaves_like_cut
[INFO] [stdout]     system_errors_exit_with_code_two
[INFO] [stdout]     version_exits_successfully
[INFO] [stdout]     wait_returns_when_process_exits
[INFO] [stdout]     wait_stopped_group_returns_immediately
[INFO] [stdout]     wait_times_out_on_long_running_process
[INFO] [stdout]     weave_prints_dependency_tree
[INFO] [stdout]     weave_unknown_group_exits_with_error
[INFO] [stdout] 
[INFO] [stdout] test result: FAILED. 0 passed; 55 failed; 0 ignored; 0 measured; 0 filtered out; finished in 0.04s
[INFO] [stdout] 
[INFO] running `Command { std: "docker" "inspect" "31158c4973187d7c34842c4ea46085ff3947edfd37c3a15724500828c0c9f0c9", kill_on_drop: false }`
[INFO] running `Command { std: "docker" "rm" "-f" "31158c4973187d7c34842c4ea46085ff3947edfd37c3a15724500828c0c9f0c9", kill_on_drop: false }`
[INFO] [stdout] 31158c4973187d7c34842c4ea46085ff3947edfd37c3a15724500828c0c9f0c9
