[INFO] cloning repository https://github.com/loanhq/casesmith
[INFO] running `Command { std: "git" "-c" "credential.helper=" "-c" "credential.helper=/workspace/cargo-home/bin/git-credential-null" "clone" "--bare" "https://github.com/loanhq/casesmith" "/workspace/cache/git-repos/https%3A%2F%2Fgithub.com%2Floanhq%2Fcasesmith", kill_on_drop: false }`
[INFO] [stderr] Cloning into bare repository '/workspace/cache/git-repos/https%3A%2F%2Fgithub.com%2Floanhq%2Fcasesmith'...
[INFO] running `Command { std: "git" "rev-parse" "HEAD", kill_on_drop: false }`
[INFO] [stdout] 7c39e17d2d0b6cfcd0310c6777c81a333d459133
[INFO] testing loanhq/casesmith against 1.99.0-beta.1+cargoflags=--release for beta-release-1.99-2
[INFO] running `Command { std: "git" "clone" "/workspace/cache/git-repos/https%3A%2F%2Fgithub.com%2Floanhq%2Fcasesmith" "/workspace/builds/worker-1-tc2/source", kill_on_drop: false }`
[INFO] [stderr] Cloning into '/workspace/builds/worker-1-tc2/source'...
[INFO] [stderr] done.
[INFO] started tweaking git repo https://github.com/loanhq/casesmith
[INFO] finished tweaking git repo https://github.com/loanhq/casesmith
[INFO] tweaked toml for git repo https://github.com/loanhq/casesmith written to /workspace/builds/worker-1-tc2/source/Cargo.toml
[INFO] validating manifest of git repo https://github.com/loanhq/casesmith on toolchain 1.99.0-beta.1
[INFO] running `Command { std: CARGO_HOME="/workspace/cargo-home" RUSTUP_HOME="/workspace/rustup-home" "/workspace/cargo-home/bin/cargo" "+1.99.0-beta.1" "metadata" "--manifest-path" "Cargo.toml" "--no-deps", kill_on_drop: false }`
[INFO] crate git repo https://github.com/loanhq/casesmith already has a lockfile, it will not be regenerated
[INFO] running `Command { std: CARGO_HOME="/workspace/cargo-home" RUSTUP_HOME="/workspace/rustup-home" "/workspace/cargo-home/bin/cargo" "+1.99.0-beta.1" "fetch" "--manifest-path" "Cargo.toml", kill_on_drop: false }`
[INFO] running `Command { std: "docker" "create" "-v" "/var/lib/crater-agent-workspace/builds/worker-1-tc2/source:/opt/rustwide/workdir:ro,Z" "-v" "/var/lib/crater-agent-workspace/builds/worker-1-tc2/target:/opt/rustwide/target:rw,Z" "-v" "/var/lib/crater-agent-workspace/cargo-home:/opt/rustwide/cargo-home:ro,Z" "-v" "/var/lib/crater-agent-workspace/rustup-home:/opt/rustwide/rustup-home:ro,Z" "-m" "1610612736" "--network" "none" "ghcr.io/rust-lang/crates-build-env/linux@sha256:8683fc1fc2eb5c9ac98e0d076ab094b2ffac7f99da555d2b6a2e27f346de2ec7" "sleep" "infinity", kill_on_drop: false }`
[INFO] [stdout] c6cea1bd20eff6f4909a989bb5b0aa0187b80bdd960ff6cd1271e2626e2de8ff
[INFO] running `Command { std: "docker" "start" "c6cea1bd20eff6f4909a989bb5b0aa0187b80bdd960ff6cd1271e2626e2de8ff", kill_on_drop: false }`
[INFO] running `Command { std: "docker" "inspect" "c6cea1bd20eff6f4909a989bb5b0aa0187b80bdd960ff6cd1271e2626e2de8ff", kill_on_drop: false }`
[INFO] running `Command { std: "docker" "exec" "-e" "SOURCE_DIR=/opt/rustwide/workdir" "-e" "CARGO_HOME=/opt/rustwide/cargo-home" "-e" "RUSTUP_HOME=/opt/rustwide/rustup-home" "-e" "CARGO_TARGET_DIR=/opt/rustwide/target" "-w" "/opt/rustwide/workdir" "--user" "0:0" "c6cea1bd20eff6f4909a989bb5b0aa0187b80bdd960ff6cd1271e2626e2de8ff" "/opt/rustwide/cargo-home/bin/cargo" "+1.99.0-beta.1" "metadata" "--no-deps" "--format-version=1", kill_on_drop: false }`
[INFO] running `Command { std: "docker" "inspect" "c6cea1bd20eff6f4909a989bb5b0aa0187b80bdd960ff6cd1271e2626e2de8ff", kill_on_drop: false }`
[INFO] running `Command { std: "docker" "exec" "-e" "SOURCE_DIR=/opt/rustwide/workdir" "-e" "CARGO_HOME=/opt/rustwide/cargo-home" "-e" "RUSTUP_HOME=/opt/rustwide/rustup-home" "-e" "CARGO_TARGET_DIR=/opt/rustwide/target" "-e" "CARGO_INCREMENTAL=0" "-e" "RUST_BACKTRACE=full" "-e" "RUSTFLAGS=--cap-lints=warn" "-e" "RUSTDOCFLAGS=--cap-lints=warn" "-w" "/opt/rustwide/workdir" "--user" "0:0" "c6cea1bd20eff6f4909a989bb5b0aa0187b80bdd960ff6cd1271e2626e2de8ff" "/opt/rustwide/cargo-home/bin/cargo" "+1.99.0-beta.1" "build" "--frozen" "--message-format=json" "--release", kill_on_drop: false }`
[INFO] [stderr]    Compiling shlex v1.3.0
[INFO] [stderr]    Compiling proc-macro2 v1.0.95
[INFO] [stderr]    Compiling unicode-ident v1.0.18
[INFO] [stderr]    Compiling serde v1.0.219
[INFO] [stderr]    Compiling memchr v2.7.5
[INFO] [stderr]    Compiling serde_json v1.0.142
[INFO] [stderr]    Compiling hashbrown v0.15.5
[INFO] [stderr]    Compiling libc v0.2.175
[INFO] [stderr]    Compiling itoa v1.0.15
[INFO] [stderr]    Compiling ryu v1.0.20
[INFO] [stderr]    Compiling getrandom v0.3.3
[INFO] [stderr]    Compiling anstyle-query v1.1.4
[INFO] [stderr]    Compiling anstyle v1.0.11
[INFO] [stderr]    Compiling regex-syntax v0.8.5
[INFO] [stderr]    Compiling rustix v1.0.8
[INFO] [stderr]    Compiling tree-sitter-language v0.1.5
[INFO] [stderr]    Compiling cfg-if v1.0.1
[INFO] [stderr]    Compiling clap_lex v0.7.5
[INFO] [stderr]    Compiling linux-raw-sys v0.9.4
[INFO] [stderr]    Compiling cc v1.2.32
[INFO] [stderr]    Compiling anstream v0.6.20
[INFO] [stderr]    Compiling bitflags v2.9.1
[INFO] [stderr]    Compiling streaming-iterator v0.1.9
[INFO] [stderr]    Compiling clap_builder v4.5.43
[INFO] [stderr]    Compiling aho-corasick v1.1.3
[INFO] [stderr]    Compiling indexmap v2.10.0
[INFO] [stderr]    Compiling quote v1.0.40
[INFO] [stderr]    Compiling syn v2.0.104
[INFO] [stderr]    Compiling tree-sitter-javascript v0.23.1
[INFO] [stderr]    Compiling tree-sitter-typescript v0.23.2
[INFO] [stderr]    Compiling regex-automata v0.4.9
[INFO] [stderr]    Compiling tempfile v3.20.0
[INFO] [stderr]    Compiling tree-sitter v0.25.8
[INFO] [stderr]    Compiling serde_derive v1.0.219
[INFO] [stderr]    Compiling clap_derive v4.5.41
[INFO] [stderr]    Compiling regex v1.11.1
[INFO] [stderr]    Compiling clap v4.5.43
[INFO] [stderr]    Compiling casesmith v0.1.0 (/opt/rustwide/workdir)
[INFO] [stdout] warning: unused variable: `name`
[INFO] [stdout]   --> src/lib.rs:28:19
[INFO] [stdout]    |
[INFO] [stdout] 28 | pub fn handle_run(name: String, verbose: bool, count: u8, config: &str) {
[INFO] [stdout]    |                   ^^^^ help: if this is intentional, prefix it with an underscore: `_name`
[INFO] [stdout]    |
[INFO] [stdout]    = note: `#[warn(unused_variables)]` (part of `#[warn(unused)]`) on by default
[INFO] [stdout] 
[INFO] [stdout] 
[INFO] [stderr]     Finished `release` profile [optimized] target(s) in 53.89s
[INFO] running `Command { std: "docker" "inspect" "c6cea1bd20eff6f4909a989bb5b0aa0187b80bdd960ff6cd1271e2626e2de8ff", kill_on_drop: false }`
[INFO] running `Command { std: "docker" "exec" "-e" "SOURCE_DIR=/opt/rustwide/workdir" "-e" "CARGO_HOME=/opt/rustwide/cargo-home" "-e" "RUSTUP_HOME=/opt/rustwide/rustup-home" "-e" "CARGO_TARGET_DIR=/opt/rustwide/target" "-e" "CARGO_INCREMENTAL=0" "-e" "RUST_BACKTRACE=full" "-e" "RUSTFLAGS=--cap-lints=warn" "-e" "RUSTDOCFLAGS=--cap-lints=warn" "-w" "/opt/rustwide/workdir" "--user" "0:0" "c6cea1bd20eff6f4909a989bb5b0aa0187b80bdd960ff6cd1271e2626e2de8ff" "/opt/rustwide/cargo-home/bin/cargo" "+1.99.0-beta.1" "test" "--frozen" "--no-run" "--message-format=json" "--release", kill_on_drop: false }`
[INFO] [stdout] warning: unused variable: `name`
[INFO] [stdout]   --> src/lib.rs:28:19
[INFO] [stdout]    |
[INFO] [stdout] 28 | pub fn handle_run(name: String, verbose: bool, count: u8, config: &str) {
[INFO] [stdout]    |                   ^^^^ help: if this is intentional, prefix it with an underscore: `_name`
[INFO] [stdout]    |
[INFO] [stdout]    = note: `#[warn(unused_variables)]` (part of `#[warn(unused)]`) on by default
[INFO] [stdout] 
[INFO] [stdout] 
[INFO] [stderr]    Compiling casesmith v0.1.0 (/opt/rustwide/workdir)
[INFO] [stdout] warning: unused variable: `name`
[INFO] [stdout]   --> src/lib.rs:28:19
[INFO] [stdout]    |
[INFO] [stdout] 28 | pub fn handle_run(name: String, verbose: bool, count: u8, config: &str) {
[INFO] [stdout]    |                   ^^^^ help: if this is intentional, prefix it with an underscore: `_name`
[INFO] [stdout]    |
[INFO] [stdout]    = note: `#[warn(unused_variables)]` (part of `#[warn(unused)]`) on by default
[INFO] [stdout] 
[INFO] [stdout] 
[INFO] [stderr]     Finished `release` profile [optimized] target(s) in 1.02s
[INFO] running `Command { std: "docker" "inspect" "c6cea1bd20eff6f4909a989bb5b0aa0187b80bdd960ff6cd1271e2626e2de8ff", kill_on_drop: false }`
[INFO] running `Command { std: "docker" "exec" "-e" "SOURCE_DIR=/opt/rustwide/workdir" "-e" "CARGO_HOME=/opt/rustwide/cargo-home" "-e" "RUSTUP_HOME=/opt/rustwide/rustup-home" "-e" "CARGO_TARGET_DIR=/opt/rustwide/target" "-e" "CARGO_INCREMENTAL=0" "-e" "RUST_BACKTRACE=full" "-e" "RUSTFLAGS=--cap-lints=warn" "-e" "RUSTDOCFLAGS=--cap-lints=warn" "-w" "/opt/rustwide/workdir" "--user" "0:0" "c6cea1bd20eff6f4909a989bb5b0aa0187b80bdd960ff6cd1271e2626e2de8ff" "/opt/rustwide/cargo-home/bin/cargo" "+1.99.0-beta.1" "test" "--frozen" "--release", kill_on_drop: false }`
[INFO] [stderr] warning: unused variable: `name`
[INFO] [stderr]   --> src/lib.rs:28:19
[INFO] [stderr]    |
[INFO] [stderr] 28 | pub fn handle_run(name: String, verbose: bool, count: u8, config: &str) {
[INFO] [stderr]    |                   ^^^^ help: if this is intentional, prefix it with an underscore: `_name`
[INFO] [stderr]    |
[INFO] [stderr]    = note: `#[warn(unused_variables)]` (part of `#[warn(unused)]`) on by default
[INFO] [stderr] 
[INFO] [stderr] warning: `casesmith` (lib) generated 1 warning (run `cargo fix --lib -p casesmith` to apply 1 suggestion)
[INFO] [stderr] warning: `casesmith` (lib test) generated 1 warning (1 duplicate)
[INFO] [stderr]     Finished `release` profile [optimized] target(s) in 0.09s
[INFO] [stderr]      Running unittests src/lib.rs (/opt/rustwide/target/release/deps/casesmith-86961c5fbeb345d6)
[INFO] [stdout] 
[INFO] [stdout] running 0 tests
[INFO] [stdout] 
[INFO] [stdout] test result: ok. 0 passed; 0 failed; 0 ignored; 0 measured; 0 filtered out; finished in 0.00s
[INFO] [stdout] 
[INFO] [stderr]      Running unittests src/main.rs (/opt/rustwide/target/release/deps/casesmith-cdad82b8ed7085d5)
[INFO] [stdout] 
[INFO] [stdout] running 0 tests
[INFO] [stdout] 
[INFO] [stdout] test result: ok. 0 passed; 0 failed; 0 ignored; 0 measured; 0 filtered out; finished in 0.00s
[INFO] [stdout] 
[INFO] [stderr]      Running tests/config_read.rs (/opt/rustwide/target/release/deps/config_read-2f6486c4c45d9115)
[INFO] [stdout] 
[INFO] [stdout] running 1 test
[INFO] [stdout] test test_config_toml_read ... ok
[INFO] [stdout] 
[INFO] [stdout] test result: ok. 1 passed; 0 failed; 0 ignored; 0 measured; 0 filtered out; finished in 0.00s
[INFO] [stdout] 
[INFO] [stderr]      Running tests/handlers.rs (/opt/rustwide/target/release/deps/handlers-ace86ecc4267f8d5)
[INFO] [stderr] error: test failed, to rerun pass `--test handlers`
[INFO] [stdout] 
[INFO] [stdout] running 5 tests
[INFO] [stdout] test test_handle_run_basic ... ok
[INFO] [stdout] test test_config_toml_read ... ok
[INFO] [stdout] test test_handle_generate_no_output ... ok
[INFO] [stdout] test test_handle_generate_with_output ... FAILED
[INFO] [stdout] test test_handle_generate_with_existing_samplets ... FAILED
[INFO] [stdout] 
[INFO] [stdout] failures:
[INFO] [stdout] 
[INFO] [stdout] ---- test_handle_generate_with_output stdout ----
[INFO] [stdout] 
[INFO] [stdout] thread 'test_handle_generate_with_output' (1303) panicked at tests/handlers.rs:59:42:
[INFO] [stdout] create samplets dir: Os { code: 30, kind: ReadOnlyFilesystem, message: "Read-only file system" }
[INFO] [stdout] stack backtrace:
[INFO] [stdout]    0:     0x60dd10865921 - <<std[104cf6e2632825ea]::sys::backtrace::BacktraceLock>::print::DisplayBacktrace as core[7c831bd917ebf35f]::fmt::Display>::fmt
[INFO] [stdout]    1:     0x60dd1087abba - core[7c831bd917ebf35f]::fmt::write
[INFO] [stdout]    2:     0x60dd1086a0ac - <alloc[2fdc3f7464fcf288]::vec::Vec<u8> as core[7c831bd917ebf35f]::io::write::Write>::write_fmt
[INFO] [stdout]    3:     0x60dd108400a6 - std[104cf6e2632825ea]::panicking::default_hook::{closure#0}
[INFO] [stdout]    4:     0x60dd1085d0c9 - std[104cf6e2632825ea]::panicking::default_hook
[INFO] [stdout]    5:     0x60dd107cdf80 - test[73009c9f9aebf890]::test_main_inner::<test[73009c9f9aebf890]::test_main_static::{closure#0}>::{closure#0}
[INFO] [stdout]    6:     0x60dd1085d282 - std[104cf6e2632825ea]::panicking::panic_with_hook
[INFO] [stdout]    7:     0x60dd10840152 - std[104cf6e2632825ea]::panicking::panic_handler::{closure#0}
[INFO] [stdout]    8:     0x60dd10838359 - std[104cf6e2632825ea]::sys::backtrace::__rust_end_short_backtrace::<std[104cf6e2632825ea]::panicking::panic_handler::{closure#0}, !>
[INFO] [stdout]    9:     0x60dd10840d4d - __rustc[b0d56fa5b193ad05]::rust_begin_unwind
[INFO] [stdout]   10:     0x60dd1087b2ec - core[7c831bd917ebf35f]::panicking::panic_fmt
[INFO] [stdout]   11:     0x60dd1087b0c2 - core[7c831bd917ebf35f]::result::unwrap_failed
[INFO] [stdout]   12:     0x60dd107bf7cd - <handlers[e90f22bdf3813b71]::test_handle_generate_with_output::{closure#0} as core[7c831bd917ebf35f]::ops::function::FnOnce<()>>::call_once
[INFO] [stdout]   13:     0x60dd107c126b - test[73009c9f9aebf890]::__rust_begin_short_backtrace::<core[7c831bd917ebf35f]::result::Result<(), alloc[2fdc3f7464fcf288]::string::String>, fn() -> core[7c831bd917ebf35f]::result::Result<(), alloc[2fdc3f7464fcf288]::string::String>>
[INFO] [stdout]   14:     0x60dd107ce8d5 - test[73009c9f9aebf890]::run_test::{closure#0}
[INFO] [stdout]   15:     0x60dd107c7c94 - std[104cf6e2632825ea]::sys::backtrace::__rust_begin_short_backtrace::<test[73009c9f9aebf890]::run_test::{closure#1}, ()>
[INFO] [stdout]   16:     0x60dd107d1a32 - <std[104cf6e2632825ea]::thread::lifecycle::spawn_unchecked<test[73009c9f9aebf890]::run_test::{closure#1}, ()>::{closure#1} as core[7c831bd917ebf35f]::ops::function::FnOnce<()>>::call_once::{shim:vtable#0}
[INFO] [stdout]   17:     0x60dd10864c99 - <std[104cf6e2632825ea]::sys::thread::unix::Thread>::new::thread_start
[INFO] [stdout]   18:     0x72d6e918d07a - <unknown>
[INFO] [stdout]   19:     0x72d6e9220534 - clone
[INFO] [stdout]   20:                0x0 - <unknown>
[INFO] [stdout] 
[INFO] [stdout] ---- test_handle_generate_with_existing_samplets stdout ----
[INFO] [stdout] 
[INFO] [stdout] thread 'test_handle_generate_with_existing_samplets' (1302) panicked at tests/handlers.rs:14:5:
[INFO] [stdout] samplets dir must exist
[INFO] [stdout] stack backtrace:
[INFO] [stdout]    0:     0x60dd10865921 - <<std[104cf6e2632825ea]::sys::backtrace::BacktraceLock>::print::DisplayBacktrace as core[7c831bd917ebf35f]::fmt::Display>::fmt
[INFO] [stdout]    1:     0x60dd1087abba - core[7c831bd917ebf35f]::fmt::write
[INFO] [stdout]    2:     0x60dd1086a0ac - <alloc[2fdc3f7464fcf288]::vec::Vec<u8> as core[7c831bd917ebf35f]::io::write::Write>::write_fmt
[INFO] [stdout]    3:     0x60dd108400a6 - std[104cf6e2632825ea]::panicking::default_hook::{closure#0}
[INFO] [stdout]    4:     0x60dd1085d0c9 - std[104cf6e2632825ea]::panicking::default_hook
[INFO] [stdout]    5:     0x60dd107cdf80 - test[73009c9f9aebf890]::test_main_inner::<test[73009c9f9aebf890]::test_main_static::{closure#0}>::{closure#0}
[INFO] [stdout]    6:     0x60dd1085d282 - std[104cf6e2632825ea]::panicking::panic_with_hook
[INFO] [stdout]    7:     0x60dd10840184 - std[104cf6e2632825ea]::panicking::panic_handler::{closure#0}
[INFO] [stdout]    8:     0x60dd10838359 - std[104cf6e2632825ea]::sys::backtrace::__rust_end_short_backtrace::<std[104cf6e2632825ea]::panicking::panic_handler::{closure#0}, !>
[INFO] [stdout]    9:     0x60dd10840d4d - __rustc[b0d56fa5b193ad05]::rust_begin_unwind
[INFO] [stdout]   10:     0x60dd1087b2ec - core[7c831bd917ebf35f]::panicking::panic_fmt
[INFO] [stdout]   11:     0x60dd107bfa0f - <handlers[e90f22bdf3813b71]::test_handle_generate_with_existing_samplets::{closure#0} as core[7c831bd917ebf35f]::ops::function::FnOnce<()>>::call_once
[INFO] [stdout]   12:     0x60dd107c126b - test[73009c9f9aebf890]::__rust_begin_short_backtrace::<core[7c831bd917ebf35f]::result::Result<(), alloc[2fdc3f7464fcf288]::string::String>, fn() -> core[7c831bd917ebf35f]::result::Result<(), alloc[2fdc3f7464fcf288]::string::String>>
[INFO] [stdout]   13:     0x60dd107ce8d5 - test[73009c9f9aebf890]::run_test::{closure#0}
[INFO] [stdout]   14:     0x60dd107c7c94 - std[104cf6e2632825ea]::sys::backtrace::__rust_begin_short_backtrace::<test[73009c9f9aebf890]::run_test::{closure#1}, ()>
[INFO] [stdout]   15:     0x60dd107d1a32 - <std[104cf6e2632825ea]::thread::lifecycle::spawn_unchecked<test[73009c9f9aebf890]::run_test::{closure#1}, ()>::{closure#1} as core[7c831bd917ebf35f]::ops::function::FnOnce<()>>::call_once::{shim:vtable#0}
[INFO] [stdout]   16:     0x60dd10864c99 - <std[104cf6e2632825ea]::sys::thread::unix::Thread>::new::thread_start
[INFO] [stdout]   17:     0x72d6e918d07a - <unknown>
[INFO] [stdout]   18:     0x72d6e9220534 - clone
[INFO] [stdout]   19:                0x0 - <unknown>
[INFO] [stdout] 
[INFO] [stdout] 
[INFO] [stdout] failures:
[INFO] [stdout]     test_handle_generate_with_existing_samplets
[INFO] [stdout]     test_handle_generate_with_output
[INFO] [stdout] 
[INFO] [stdout] test result: FAILED. 3 passed; 2 failed; 0 ignored; 0 measured; 0 filtered out; finished in 0.00s
[INFO] [stdout] 
[INFO] running `Command { std: "docker" "inspect" "c6cea1bd20eff6f4909a989bb5b0aa0187b80bdd960ff6cd1271e2626e2de8ff", kill_on_drop: false }`
[INFO] running `Command { std: "docker" "rm" "-f" "c6cea1bd20eff6f4909a989bb5b0aa0187b80bdd960ff6cd1271e2626e2de8ff", kill_on_drop: false }`
[INFO] [stdout] c6cea1bd20eff6f4909a989bb5b0aa0187b80bdd960ff6cd1271e2626e2de8ff
