[INFO] cloning repository https://github.com/ljp-projects/maif
[INFO] running `Command { std: "git" "-c" "credential.helper=" "-c" "credential.helper=/workspace/cargo-home/bin/git-credential-null" "clone" "--bare" "https://github.com/ljp-projects/maif" "/workspace/cache/git-repos/https%3A%2F%2Fgithub.com%2Fljp-projects%2Fmaif", kill_on_drop: false }`
[INFO] [stderr] Cloning into bare repository '/workspace/cache/git-repos/https%3A%2F%2Fgithub.com%2Fljp-projects%2Fmaif'...
[INFO] running `Command { std: "git" "rev-parse" "HEAD", kill_on_drop: false }`
[INFO] [stdout] b37d12e322655011f34db673a7aae068099dde43
[INFO] testing ljp-projects/maif against 1.99.0-beta.1+cargoflags=--release for beta-release-1.99-2
[INFO] running `Command { std: "git" "clone" "/workspace/cache/git-repos/https%3A%2F%2Fgithub.com%2Fljp-projects%2Fmaif" "/workspace/builds/worker-0-tc2/source", kill_on_drop: false }`
[INFO] [stderr] Cloning into '/workspace/builds/worker-0-tc2/source'...
[INFO] [stderr] done.
[INFO] started tweaking git repo https://github.com/ljp-projects/maif
[INFO] finished tweaking git repo https://github.com/ljp-projects/maif
[INFO] tweaked toml for git repo https://github.com/ljp-projects/maif written to /workspace/builds/worker-0-tc2/source/Cargo.toml
[INFO] validating manifest of git repo https://github.com/ljp-projects/maif on toolchain 1.99.0-beta.1
[INFO] running `Command { std: CARGO_HOME="/workspace/cargo-home" RUSTUP_HOME="/workspace/rustup-home" "/workspace/cargo-home/bin/cargo" "+1.99.0-beta.1" "metadata" "--manifest-path" "Cargo.toml" "--no-deps", kill_on_drop: false }`
[INFO] crate git repo https://github.com/ljp-projects/maif already has a lockfile, it will not be regenerated
[INFO] running `Command { std: CARGO_HOME="/workspace/cargo-home" RUSTUP_HOME="/workspace/rustup-home" "/workspace/cargo-home/bin/cargo" "+1.99.0-beta.1" "fetch" "--manifest-path" "Cargo.toml", kill_on_drop: false }`
[INFO] running `Command { std: "docker" "create" "-v" "/var/lib/crater-agent-workspace/builds/worker-0-tc2/source:/opt/rustwide/workdir:ro,Z" "-v" "/var/lib/crater-agent-workspace/builds/worker-0-tc2/target:/opt/rustwide/target:rw,Z" "-v" "/var/lib/crater-agent-workspace/cargo-home:/opt/rustwide/cargo-home:ro,Z" "-v" "/var/lib/crater-agent-workspace/rustup-home:/opt/rustwide/rustup-home:ro,Z" "-m" "1610612736" "--network" "none" "ghcr.io/rust-lang/crates-build-env/linux@sha256:8683fc1fc2eb5c9ac98e0d076ab094b2ffac7f99da555d2b6a2e27f346de2ec7" "sleep" "infinity", kill_on_drop: false }`
[INFO] [stdout] 364d2afe2e704badfcc095b41d747a8033d53b0465094566e096e1f5ccf5e94d
[INFO] running `Command { std: "docker" "start" "364d2afe2e704badfcc095b41d747a8033d53b0465094566e096e1f5ccf5e94d", kill_on_drop: false }`
[INFO] running `Command { std: "docker" "inspect" "364d2afe2e704badfcc095b41d747a8033d53b0465094566e096e1f5ccf5e94d", kill_on_drop: false }`
[INFO] running `Command { std: "docker" "exec" "-e" "SOURCE_DIR=/opt/rustwide/workdir" "-e" "CARGO_HOME=/opt/rustwide/cargo-home" "-e" "RUSTUP_HOME=/opt/rustwide/rustup-home" "-e" "CARGO_TARGET_DIR=/opt/rustwide/target" "-w" "/opt/rustwide/workdir" "--user" "0:0" "364d2afe2e704badfcc095b41d747a8033d53b0465094566e096e1f5ccf5e94d" "/opt/rustwide/cargo-home/bin/cargo" "+1.99.0-beta.1" "metadata" "--no-deps" "--format-version=1", kill_on_drop: false }`
[INFO] running `Command { std: "docker" "inspect" "364d2afe2e704badfcc095b41d747a8033d53b0465094566e096e1f5ccf5e94d", kill_on_drop: false }`
[INFO] running `Command { std: "docker" "exec" "-e" "SOURCE_DIR=/opt/rustwide/workdir" "-e" "CARGO_HOME=/opt/rustwide/cargo-home" "-e" "RUSTUP_HOME=/opt/rustwide/rustup-home" "-e" "CARGO_TARGET_DIR=/opt/rustwide/target" "-e" "CARGO_INCREMENTAL=0" "-e" "RUST_BACKTRACE=full" "-e" "RUSTFLAGS=--cap-lints=warn" "-e" "RUSTDOCFLAGS=--cap-lints=warn" "-w" "/opt/rustwide/workdir" "--user" "0:0" "364d2afe2e704badfcc095b41d747a8033d53b0465094566e096e1f5ccf5e94d" "/opt/rustwide/cargo-home/bin/cargo" "+1.99.0-beta.1" "build" "--frozen" "--message-format=json" "--release", kill_on_drop: false }`
[INFO] [stderr]    Compiling maif v0.1.0 (/opt/rustwide/workdir)
[INFO] [stdout] warning: fields `width`, `height`, and `datetime` are never read
[INFO] [stdout]   --> src/lib.rs:8:9
[INFO] [stdout]    |
[INFO] [stdout]  7 |     pub struct MAIFHeader {
[INFO] [stdout]    |                ---------- fields in this struct
[INFO] [stdout]  8 |         width: u8,
[INFO] [stdout]    |         ^^^^^
[INFO] [stdout]  9 |         height: u8,
[INFO] [stdout]    |         ^^^^^^
[INFO] [stdout] 10 |         datetime: String,
[INFO] [stdout]    |         ^^^^^^^^
[INFO] [stdout]    |
[INFO] [stdout]    = note: `MAIFHeader` has a derived impl for the trait `Debug`, but this is intentionally ignored during dead code analysis
[INFO] [stdout]    = note: `#[warn(dead_code)]` (part of `#[warn(unused)]`) on by default
[INFO] [stdout] 
[INFO] [stdout] 
[INFO] [stdout] warning: fields `tone_sign` and `alpha_channel` are never read
[INFO] [stdout]   --> src/lib.rs:15:9
[INFO] [stdout]    |
[INFO] [stdout] 14 |     pub struct MAIFPixel {
[INFO] [stdout]    |                --------- fields in this struct
[INFO] [stdout] 15 |         tone_sign: bool,
[INFO] [stdout]    |         ^^^^^^^^^
[INFO] [stdout] 16 |         alpha_channel: f64,
[INFO] [stdout]    |         ^^^^^^^^^^^^^
[INFO] [stdout]    |
[INFO] [stdout]    = note: `MAIFPixel` has a derived impl for the trait `Debug`, but this is intentionally ignored during dead code analysis
[INFO] [stdout] 
[INFO] [stdout] 
[INFO] [stdout] warning: fields `header` and `pixels` are never read
[INFO] [stdout]   --> src/lib.rs:21:9
[INFO] [stdout]    |
[INFO] [stdout] 20 |     pub struct MAIFImage {
[INFO] [stdout]    |                --------- fields in this struct
[INFO] [stdout] 21 |         header: MAIFHeader,
[INFO] [stdout]    |         ^^^^^^
[INFO] [stdout] 22 |         pixels: Vec<MAIFPixel>,
[INFO] [stdout]    |         ^^^^^^
[INFO] [stdout]    |
[INFO] [stdout]    = note: `MAIFImage` has a derived impl for the trait `Debug`, but this is intentionally ignored during dead code analysis
[INFO] [stdout] 
[INFO] [stdout] 
[INFO] [stderr]     Finished `release` profile [optimized] target(s) in 0.17s
[INFO] running `Command { std: "docker" "inspect" "364d2afe2e704badfcc095b41d747a8033d53b0465094566e096e1f5ccf5e94d", kill_on_drop: false }`
[INFO] running `Command { std: "docker" "exec" "-e" "SOURCE_DIR=/opt/rustwide/workdir" "-e" "CARGO_HOME=/opt/rustwide/cargo-home" "-e" "RUSTUP_HOME=/opt/rustwide/rustup-home" "-e" "CARGO_TARGET_DIR=/opt/rustwide/target" "-e" "CARGO_INCREMENTAL=0" "-e" "RUST_BACKTRACE=full" "-e" "RUSTFLAGS=--cap-lints=warn" "-e" "RUSTDOCFLAGS=--cap-lints=warn" "-w" "/opt/rustwide/workdir" "--user" "0:0" "364d2afe2e704badfcc095b41d747a8033d53b0465094566e096e1f5ccf5e94d" "/opt/rustwide/cargo-home/bin/cargo" "+1.99.0-beta.1" "test" "--frozen" "--no-run" "--message-format=json" "--release", kill_on_drop: false }`
[INFO] [stderr]    Compiling maif v0.1.0 (/opt/rustwide/workdir)
[INFO] [stdout] warning: fields `width`, `height`, and `datetime` are never read
[INFO] [stdout]   --> src/lib.rs:8:9
[INFO] [stdout]    |
[INFO] [stdout]  7 |     pub struct MAIFHeader {
[INFO] [stdout]    |                ---------- fields in this struct
[INFO] [stdout]  8 |         width: u8,
[INFO] [stdout]    |         ^^^^^
[INFO] [stdout]  9 |         height: u8,
[INFO] [stdout]    |         ^^^^^^
[INFO] [stdout] 10 |         datetime: String,
[INFO] [stdout]    |         ^^^^^^^^
[INFO] [stdout]    |
[INFO] [stdout]    = note: `MAIFHeader` has a derived impl for the trait `Debug`, but this is intentionally ignored during dead code analysis
[INFO] [stdout]    = note: `#[warn(dead_code)]` (part of `#[warn(unused)]`) on by default
[INFO] [stdout] 
[INFO] [stdout] 
[INFO] [stdout] warning: fields `tone_sign` and `alpha_channel` are never read
[INFO] [stdout]   --> src/lib.rs:15:9
[INFO] [stdout]    |
[INFO] [stdout] 14 |     pub struct MAIFPixel {
[INFO] [stdout]    |                --------- fields in this struct
[INFO] [stdout] 15 |         tone_sign: bool,
[INFO] [stdout]    |         ^^^^^^^^^
[INFO] [stdout] 16 |         alpha_channel: f64,
[INFO] [stdout]    |         ^^^^^^^^^^^^^
[INFO] [stdout]    |
[INFO] [stdout]    = note: `MAIFPixel` has a derived impl for the trait `Debug`, but this is intentionally ignored during dead code analysis
[INFO] [stdout] 
[INFO] [stdout] 
[INFO] [stdout] warning: fields `header` and `pixels` are never read
[INFO] [stdout]   --> src/lib.rs:21:9
[INFO] [stdout]    |
[INFO] [stdout] 20 |     pub struct MAIFImage {
[INFO] [stdout]    |                --------- fields in this struct
[INFO] [stdout] 21 |         header: MAIFHeader,
[INFO] [stdout]    |         ^^^^^^
[INFO] [stdout] 22 |         pixels: Vec<MAIFPixel>,
[INFO] [stdout]    |         ^^^^^^
[INFO] [stdout]    |
[INFO] [stdout]    = note: `MAIFImage` has a derived impl for the trait `Debug`, but this is intentionally ignored during dead code analysis
[INFO] [stdout] 
[INFO] [stdout] 
[INFO] [stderr]     Finished `release` profile [optimized] target(s) in 0.43s
[INFO] running `Command { std: "docker" "inspect" "364d2afe2e704badfcc095b41d747a8033d53b0465094566e096e1f5ccf5e94d", kill_on_drop: false }`
[INFO] running `Command { std: "docker" "exec" "-e" "SOURCE_DIR=/opt/rustwide/workdir" "-e" "CARGO_HOME=/opt/rustwide/cargo-home" "-e" "RUSTUP_HOME=/opt/rustwide/rustup-home" "-e" "CARGO_TARGET_DIR=/opt/rustwide/target" "-e" "CARGO_INCREMENTAL=0" "-e" "RUST_BACKTRACE=full" "-e" "RUSTFLAGS=--cap-lints=warn" "-e" "RUSTDOCFLAGS=--cap-lints=warn" "-w" "/opt/rustwide/workdir" "--user" "0:0" "364d2afe2e704badfcc095b41d747a8033d53b0465094566e096e1f5ccf5e94d" "/opt/rustwide/cargo-home/bin/cargo" "+1.99.0-beta.1" "test" "--frozen" "--release", kill_on_drop: false }`
[INFO] [stderr] warning: fields `width`, `height`, and `datetime` are never read
[INFO] [stderr]   --> src/lib.rs:8:9
[INFO] [stderr]    |
[INFO] [stderr]  7 |     pub struct MAIFHeader {
[INFO] [stderr]    |                ---------- fields in this struct
[INFO] [stderr]  8 |         width: u8,
[INFO] [stderr]    |         ^^^^^
[INFO] [stderr]  9 |         height: u8,
[INFO] [stderr]    |         ^^^^^^
[INFO] [stderr] 10 |         datetime: String,
[INFO] [stderr]    |         ^^^^^^^^
[INFO] [stderr]    |
[INFO] [stderr]    = note: `MAIFHeader` has a derived impl for the trait `Debug`, but this is intentionally ignored during dead code analysis
[INFO] [stderr]    = note: `#[warn(dead_code)]` (part of `#[warn(unused)]`) on by default
[INFO] [stderr] 
[INFO] [stderr] warning: fields `tone_sign` and `alpha_channel` are never read
[INFO] [stderr]   --> src/lib.rs:15:9
[INFO] [stderr]    |
[INFO] [stderr] 14 |     pub struct MAIFPixel {
[INFO] [stderr]    |                --------- fields in this struct
[INFO] [stderr] 15 |         tone_sign: bool,
[INFO] [stderr]    |         ^^^^^^^^^
[INFO] [stderr] 16 |         alpha_channel: f64,
[INFO] [stderr]    |         ^^^^^^^^^^^^^
[INFO] [stderr]    |
[INFO] [stderr]    = note: `MAIFPixel` has a derived impl for the trait `Debug`, but this is intentionally ignored during dead code analysis
[INFO] [stderr] 
[INFO] [stderr] warning: fields `header` and `pixels` are never read
[INFO] [stderr]   --> src/lib.rs:21:9
[INFO] [stderr]    |
[INFO] [stderr] 20 |     pub struct MAIFImage {
[INFO] [stderr]    |                --------- fields in this struct
[INFO] [stderr] 21 |         header: MAIFHeader,
[INFO] [stderr]    |         ^^^^^^
[INFO] [stderr] 22 |         pixels: Vec<MAIFPixel>,
[INFO] [stderr]    |         ^^^^^^
[INFO] [stderr]    |
[INFO] [stderr]    = note: `MAIFImage` has a derived impl for the trait `Debug`, but this is intentionally ignored during dead code analysis
[INFO] [stderr] 
[INFO] [stderr] warning: `maif` (lib test) generated 3 warnings
[INFO] [stderr]     Finished `release` profile [optimized] target(s) in 0.03s
[INFO] [stderr]      Running unittests src/lib.rs (/opt/rustwide/target/release/deps/maif-8e0489b460771959)
[INFO] [stdout] 
[INFO] [stdout] running 1 test
[INFO] [stdout] test tests::from_reader ... FAILED
[INFO] [stdout] 
[INFO] [stdout] failures:
[INFO] [stdout] 
[INFO] [stdout] ---- tests::from_reader stdout ----
[INFO] [stdout] 
[INFO] [stdout] thread 'tests::from_reader' (167) panicked at src/lib.rs:83:81:
[INFO] [stdout] called `Result::unwrap()` on an `Err` value: Os { code: 2, kind: NotFound, message: "No such file or directory" }
[INFO] [stdout] stack backtrace:
[INFO] [stdout]    0:     0x5d0ebee651e1 - <<std[104cf6e2632825ea]::sys::backtrace::BacktraceLock>::print::DisplayBacktrace as core[7c831bd917ebf35f]::fmt::Display>::fmt
[INFO] [stdout]    1:     0x5d0ebee7993a - core[7c831bd917ebf35f]::fmt::write
[INFO] [stdout]    2:     0x5d0ebee6967c - <alloc[2fdc3f7464fcf288]::vec::Vec<u8> as core[7c831bd917ebf35f]::io::write::Write>::write_fmt
[INFO] [stdout]    3:     0x5d0ebee417c6 - std[104cf6e2632825ea]::panicking::default_hook::{closure#0}
[INFO] [stdout]    4:     0x5d0ebee5d8f9 - std[104cf6e2632825ea]::panicking::default_hook
[INFO] [stdout]    5:     0x5d0ebedf9db0 - test[73009c9f9aebf890]::test_main_inner::<test[73009c9f9aebf890]::test_main_static::{closure#0}>::{closure#0}
[INFO] [stdout]    6:     0x5d0ebee5dab2 - std[104cf6e2632825ea]::panicking::panic_with_hook
[INFO] [stdout]    7:     0x5d0ebee41872 - std[104cf6e2632825ea]::panicking::panic_handler::{closure#0}
[INFO] [stdout]    8:     0x5d0ebee3a219 - std[104cf6e2632825ea]::sys::backtrace::__rust_end_short_backtrace::<std[104cf6e2632825ea]::panicking::panic_handler::{closure#0}, !>
[INFO] [stdout]    9:     0x5d0ebee4246d - __rustc[b0d56fa5b193ad05]::rust_begin_unwind
[INFO] [stdout]   10:     0x5d0ebee7a06c - core[7c831bd917ebf35f]::panicking::panic_fmt
[INFO] [stdout]   11:     0x5d0ebee79e42 - core[7c831bd917ebf35f]::result::unwrap_failed
[INFO] [stdout]   12:     0x5d0ebedeceb5 - <maif[fb99edd3e882b9bc]::tests::from_reader::{closure#0} as core[7c831bd917ebf35f]::ops::function::FnOnce<()>>::call_once
[INFO] [stdout]   13:     0x5d0ebeded09b - test[73009c9f9aebf890]::__rust_begin_short_backtrace::<core[7c831bd917ebf35f]::result::Result<(), alloc[2fdc3f7464fcf288]::string::String>, fn() -> core[7c831bd917ebf35f]::result::Result<(), alloc[2fdc3f7464fcf288]::string::String>>
[INFO] [stdout]   14:     0x5d0ebedfa705 - test[73009c9f9aebf890]::run_test::{closure#0}
[INFO] [stdout]   15:     0x5d0ebedf3ac4 - std[104cf6e2632825ea]::sys::backtrace::__rust_begin_short_backtrace::<test[73009c9f9aebf890]::run_test::{closure#1}, ()>
[INFO] [stdout]   16:     0x5d0ebedfd862 - <std[104cf6e2632825ea]::thread::lifecycle::spawn_unchecked<test[73009c9f9aebf890]::run_test::{closure#1}, ()>::{closure#1} as core[7c831bd917ebf35f]::ops::function::FnOnce<()>>::call_once::{shim:vtable#0}
[INFO] [stdout]   17:     0x5d0ebee64ab9 - <std[104cf6e2632825ea]::sys::thread::unix::Thread>::new::thread_start
[INFO] [stdout]   18:     0x74329b29e07a - <unknown>
[INFO] [stdout]   19:     0x74329b331534 - clone
[INFO] [stdout]   20:                0x0 - <unknown>
[INFO] [stdout] 
[INFO] [stdout] 
[INFO] [stdout] failures:
[INFO] [stdout]     tests::from_reader
[INFO] [stdout] 
[INFO] [stdout] test result: FAILED. 0 passed; 1 failed; 0 ignored; 0 measured; 0 filtered out; finished in 0.00s
[INFO] [stdout] 
[INFO] [stderr] error: test failed, to rerun pass `--lib`
[INFO] running `Command { std: "docker" "inspect" "364d2afe2e704badfcc095b41d747a8033d53b0465094566e096e1f5ccf5e94d", kill_on_drop: false }`
[INFO] running `Command { std: "docker" "rm" "-f" "364d2afe2e704badfcc095b41d747a8033d53b0465094566e096e1f5ccf5e94d", kill_on_drop: false }`
[INFO] [stdout] 364d2afe2e704badfcc095b41d747a8033d53b0465094566e096e1f5ccf5e94d
