[INFO] cloning repository https://github.com/leondewey/midi-sampler-to-m8
[INFO] running `Command { std: "git" "-c" "credential.helper=" "-c" "credential.helper=/workspace/cargo-home/bin/git-credential-null" "clone" "--bare" "https://github.com/leondewey/midi-sampler-to-m8" "/workspace/cache/git-repos/https%3A%2F%2Fgithub.com%2Fleondewey%2Fmidi-sampler-to-m8", kill_on_drop: false }`
[INFO] [stderr] Cloning into bare repository '/workspace/cache/git-repos/https%3A%2F%2Fgithub.com%2Fleondewey%2Fmidi-sampler-to-m8'...
[INFO] running `Command { std: "git" "rev-parse" "HEAD", kill_on_drop: false }`
[INFO] [stdout] ebe5d4b285d0b438731f695a9e818f8daf3d8548
[INFO] testing leondewey/midi-sampler-to-m8 against 1.98.0-beta.8+cargoflags=--release for beta-release-1.99-2
[INFO] running `Command { std: "git" "clone" "/workspace/cache/git-repos/https%3A%2F%2Fgithub.com%2Fleondewey%2Fmidi-sampler-to-m8" "/workspace/builds/worker-6-tc1/source", kill_on_drop: false }`
[INFO] [stderr] Cloning into '/workspace/builds/worker-6-tc1/source'...
[INFO] [stderr] done.
[INFO] started tweaking git repo https://github.com/leondewey/midi-sampler-to-m8
[INFO] finished tweaking git repo https://github.com/leondewey/midi-sampler-to-m8
[INFO] tweaked toml for git repo https://github.com/leondewey/midi-sampler-to-m8 written to /workspace/builds/worker-6-tc1/source/Cargo.toml
[INFO] validating manifest of git repo https://github.com/leondewey/midi-sampler-to-m8 on toolchain 1.98.0-beta.8
[INFO] running `Command { std: CARGO_HOME="/workspace/cargo-home" RUSTUP_HOME="/workspace/rustup-home" "/workspace/cargo-home/bin/cargo" "+1.98.0-beta.8" "metadata" "--manifest-path" "Cargo.toml" "--no-deps", kill_on_drop: false }`
[INFO] crate git repo https://github.com/leondewey/midi-sampler-to-m8 already has a lockfile, it will not be regenerated
[INFO] running `Command { std: CARGO_HOME="/workspace/cargo-home" RUSTUP_HOME="/workspace/rustup-home" "/workspace/cargo-home/bin/cargo" "+1.98.0-beta.8" "fetch" "--manifest-path" "Cargo.toml", kill_on_drop: false }`
[INFO] [stderr]     Updating crates.io index
[INFO] [stderr]  Downloading crates ...
[INFO] [stderr]   Downloaded midly v0.5.3
[INFO] [stderr]   Downloaded wasm-bindgen-shared v0.2.125
[INFO] [stderr]   Downloaded midir v0.11.0
[INFO] [stderr]   Downloaded wasm-bindgen-macro v0.2.125
[INFO] [stderr]   Downloaded java-locator v0.1.9
[INFO] [stderr]   Downloaded android-build v0.1.4
[INFO] [stderr]   Downloaded wasm-bindgen v0.2.125
[INFO] [stderr]   Downloaded coremidi-sys v3.2.0
[INFO] [stderr]   Downloaded objc2-core-audio-types v0.3.2
[INFO] [stderr]   Downloaded coremidi v0.9.1
[INFO] [stderr]   Downloaded jni-min-helper v0.3.2
[INFO] [stderr]   Downloaded alsa-sys v0.4.0
[INFO] [stderr]   Downloaded objc2-core-audio v0.3.2
[INFO] [stderr]   Downloaded mach2 v0.6.0
[INFO] [stderr]   Downloaded coreaudio-rs v0.14.2
[INFO] [stderr]   Downloaded alsa v0.11.0
[INFO] [stderr]   Downloaded wasm-bindgen-macro-support v0.2.125
[INFO] [stderr]   Downloaded js-sys v0.3.102
[INFO] [stderr]   Downloaded cc v1.2.64
[INFO] [stderr]   Downloaded objc2-avf-audio v0.3.2
[INFO] [stderr]   Downloaded objc2-audio-toolbox v0.3.2
[INFO] [stderr]   Downloaded cpal v0.18.1
[INFO] [stderr]   Downloaded web-sys v0.3.102
[INFO] running `Command { std: "docker" "create" "-v" "/var/lib/crater-agent-workspace/builds/worker-6-tc1/source:/opt/rustwide/workdir:ro,Z" "-v" "/var/lib/crater-agent-workspace/builds/worker-6-tc1/target:/opt/rustwide/target:rw,Z" "-v" "/var/lib/crater-agent-workspace/cargo-home:/opt/rustwide/cargo-home:ro,Z" "-v" "/var/lib/crater-agent-workspace/rustup-home:/opt/rustwide/rustup-home:ro,Z" "-m" "1610612736" "--network" "none" "ghcr.io/rust-lang/crates-build-env/linux@sha256:8683fc1fc2eb5c9ac98e0d076ab094b2ffac7f99da555d2b6a2e27f346de2ec7" "sleep" "infinity", kill_on_drop: false }`
[INFO] [stdout] 46366210db0f672f3f43232bd3af47fb1cfb58e04ccf74f7a427a0cf797e3dcb
[INFO] running `Command { std: "docker" "start" "46366210db0f672f3f43232bd3af47fb1cfb58e04ccf74f7a427a0cf797e3dcb", kill_on_drop: false }`
[INFO] running `Command { std: "docker" "inspect" "46366210db0f672f3f43232bd3af47fb1cfb58e04ccf74f7a427a0cf797e3dcb", kill_on_drop: false }`
[INFO] running `Command { std: "docker" "exec" "-e" "SOURCE_DIR=/opt/rustwide/workdir" "-e" "CARGO_HOME=/opt/rustwide/cargo-home" "-e" "RUSTUP_HOME=/opt/rustwide/rustup-home" "-e" "CARGO_TARGET_DIR=/opt/rustwide/target" "-w" "/opt/rustwide/workdir" "--user" "0:0" "46366210db0f672f3f43232bd3af47fb1cfb58e04ccf74f7a427a0cf797e3dcb" "/opt/rustwide/cargo-home/bin/cargo" "+1.98.0-beta.8" "metadata" "--no-deps" "--format-version=1", kill_on_drop: false }`
[INFO] running `Command { std: "docker" "inspect" "46366210db0f672f3f43232bd3af47fb1cfb58e04ccf74f7a427a0cf797e3dcb", kill_on_drop: false }`
[INFO] running `Command { std: "docker" "exec" "-e" "SOURCE_DIR=/opt/rustwide/workdir" "-e" "CARGO_HOME=/opt/rustwide/cargo-home" "-e" "RUSTUP_HOME=/opt/rustwide/rustup-home" "-e" "CARGO_TARGET_DIR=/opt/rustwide/target" "-e" "CARGO_INCREMENTAL=0" "-e" "RUST_BACKTRACE=full" "-e" "RUSTFLAGS=--cap-lints=warn" "-e" "RUSTDOCFLAGS=--cap-lints=warn" "-w" "/opt/rustwide/workdir" "--user" "0:0" "46366210db0f672f3f43232bd3af47fb1cfb58e04ccf74f7a427a0cf797e3dcb" "/opt/rustwide/cargo-home/bin/cargo" "+1.98.0-beta.8" "build" "--frozen" "--message-format=json" "--release", kill_on_drop: false }`
[INFO] [stderr]    Compiling syn v2.0.117
[INFO] [stderr]    Compiling libc v0.2.186
[INFO] [stderr]    Compiling crossbeam-utils v0.8.21
[INFO] [stderr]    Compiling pkg-config v0.3.33
[INFO] [stderr]    Compiling serde_core v1.0.228
[INFO] [stderr]    Compiling bitflags v2.13.0
[INFO] [stderr]    Compiling cfg_aliases v0.2.1
[INFO] [stderr]    Compiling rayon-core v1.13.0
[INFO] [stderr]    Compiling log v0.4.32
[INFO] [stderr]    Compiling tracing-core v0.1.36
[INFO] [stderr]    Compiling memchr v2.8.2
[INFO] [stderr]    Compiling serde_json v1.0.150
[INFO] [stderr]    Compiling serde v1.0.228
[INFO] [stderr]    Compiling midir v0.11.0
[INFO] [stderr]    Compiling either v1.16.0
[INFO] [stderr]    Compiling cpal v0.18.1
[INFO] [stderr]    Compiling nix v0.31.3
[INFO] [stderr]    Compiling thread_local v1.1.9
[INFO] [stderr]    Compiling ryu v1.0.23
[INFO] [stderr]    Compiling smallvec v1.15.2
[INFO] [stderr]    Compiling nu-ansi-term v0.50.3
[INFO] [stderr]    Compiling dasp_sample v0.11.0
[INFO] [stderr]    Compiling alsa-sys v0.4.0
[INFO] [stderr]    Compiling tracing-log v0.2.0
[INFO] [stderr]    Compiling crossbeam-epoch v0.9.18
[INFO] [stderr]    Compiling tracing-subscriber v0.3.23
[INFO] [stderr]    Compiling csv-core v0.1.13
[INFO] [stderr]    Compiling crossbeam-deque v0.8.6
[INFO] [stderr]    Compiling rayon v1.12.0
[INFO] [stderr]    Compiling csv v1.4.0
[INFO] [stderr]    Compiling alsa v0.11.0
[INFO] [stderr]    Compiling ctrlc v3.5.2
[INFO] [stderr]    Compiling midly v0.5.3
[INFO] [stderr]    Compiling clap_derive v4.6.1
[INFO] [stderr]    Compiling tracing-attributes v0.1.31
[INFO] [stderr]    Compiling thiserror-impl v2.0.18
[INFO] [stderr]    Compiling serde_derive v1.0.228
[INFO] [stderr]    Compiling tracing v0.1.44
[INFO] [stderr]    Compiling thiserror v2.0.18
[INFO] [stderr]    Compiling clap v4.6.1
[INFO] [stderr]    Compiling midi-sampler-to-m8 v0.1.0 (/opt/rustwide/workdir)
[INFO] [stderr]     Finished `release` profile [optimized] target(s) in 50.62s
[INFO] running `Command { std: "docker" "inspect" "46366210db0f672f3f43232bd3af47fb1cfb58e04ccf74f7a427a0cf797e3dcb", kill_on_drop: false }`
[INFO] running `Command { std: "docker" "exec" "-e" "SOURCE_DIR=/opt/rustwide/workdir" "-e" "CARGO_HOME=/opt/rustwide/cargo-home" "-e" "RUSTUP_HOME=/opt/rustwide/rustup-home" "-e" "CARGO_TARGET_DIR=/opt/rustwide/target" "-e" "CARGO_INCREMENTAL=0" "-e" "RUST_BACKTRACE=full" "-e" "RUSTFLAGS=--cap-lints=warn" "-e" "RUSTDOCFLAGS=--cap-lints=warn" "-w" "/opt/rustwide/workdir" "--user" "0:0" "46366210db0f672f3f43232bd3af47fb1cfb58e04ccf74f7a427a0cf797e3dcb" "/opt/rustwide/cargo-home/bin/cargo" "+1.98.0-beta.8" "test" "--frozen" "--no-run" "--message-format=json" "--release", kill_on_drop: false }`
[INFO] [stderr]    Compiling aho-corasick v1.1.4
[INFO] [stderr]    Compiling predicates-core v1.0.10
[INFO] [stderr]    Compiling float-cmp v0.10.0
[INFO] [stderr]    Compiling difflib v0.4.0
[INFO] [stderr]    Compiling termtree v0.5.1
[INFO] [stderr]    Compiling assert_cmd v2.2.2
[INFO] [stderr]    Compiling normalize-line-endings v0.3.0
[INFO] [stderr]    Compiling wait-timeout v0.2.1
[INFO] [stderr]    Compiling predicates-tree v1.0.13
[INFO] [stderr]    Compiling regex-automata v0.4.14
[INFO] [stderr]    Compiling regex v1.12.3
[INFO] [stderr]    Compiling bstr v1.12.1
[INFO] [stderr]    Compiling predicates v3.1.4
[INFO] [stderr]    Compiling midi-sampler-to-m8 v0.1.0 (/opt/rustwide/workdir)
[INFO] [stderr]     Finished `release` profile [optimized] target(s) in 31.57s
[INFO] running `Command { std: "docker" "inspect" "46366210db0f672f3f43232bd3af47fb1cfb58e04ccf74f7a427a0cf797e3dcb", kill_on_drop: false }`
[INFO] running `Command { std: "docker" "exec" "-e" "SOURCE_DIR=/opt/rustwide/workdir" "-e" "CARGO_HOME=/opt/rustwide/cargo-home" "-e" "RUSTUP_HOME=/opt/rustwide/rustup-home" "-e" "CARGO_TARGET_DIR=/opt/rustwide/target" "-e" "CARGO_INCREMENTAL=0" "-e" "RUST_BACKTRACE=full" "-e" "RUSTFLAGS=--cap-lints=warn" "-e" "RUSTDOCFLAGS=--cap-lints=warn" "-w" "/opt/rustwide/workdir" "--user" "0:0" "46366210db0f672f3f43232bd3af47fb1cfb58e04ccf74f7a427a0cf797e3dcb" "/opt/rustwide/cargo-home/bin/cargo" "+1.98.0-beta.8" "test" "--frozen" "--release", kill_on_drop: false }`
[INFO] [stderr]     Finished `release` profile [optimized] target(s) in 0.20s
[INFO] [stderr]      Running unittests src/main.rs (/opt/rustwide/target/release/deps/midi_sampler_to_m8-f6887e98c7fa0701)
[INFO] [stdout] 
[INFO] [stdout] running 76 tests
[INFO] [stdout] test audio::tests::end_fade_clamps_to_length ... ok
[INFO] [stdout] test audio::tests::end_fade_ramps_to_zero ... ok
[INFO] [stdout] test audio::tests::finalize_leaves_silent_slot_untouched ... ok
[INFO] [stdout] test audio::tests::end_fade_is_noop_when_zero ... ok
[INFO] [stdout] test audio::tests::finalize_mono_produces_exact_length ... ok
[INFO] [stdout] test audio::tests::finalize_pads_short_capture_with_silence ... ok
[INFO] [stdout] test audio::tests::finalize_stereo_produces_interleaved_exact_length ... ok
[INFO] [stdout] test audio::tests::resample_preserves_constant_signal ... ok
[INFO] [stdout] test audio::tests::finalize_trims_leading_silence_with_lookback ... ok
[INFO] [stdout] test audio::tests::normalize_scales_to_target_and_skips_silence ... ok
[INFO] [stdout] test audio::tests::resample_same_rate_is_identity ... ok
[INFO] [stdout] test audio::tests::start_fade_ramps_from_zero ... ok
[INFO] [stdout] test chords::tests::chord_notes_builds_from_root ... ok
[INFO] [stdout] test chords::tests::chord_notes_drops_tones_above_127 ... ok
[INFO] [stdout] test chords::tests::intervals_match_theory ... ok
[INFO] [stdout] test chords::tests::labels_read_like_the_m8 ... ok
[INFO] [stdout] test cli::tests::channels_resolve_mapping ... ok
[INFO] [stdout] test cli::tests::both_midi_sources_fail ... ok
[INFO] [stdout] test cli::tests::file_per_chord_requires_chords ... ok
[INFO] [stdout] test cli::tests::invalid_auto_slot_length_values_fail ... ok
[INFO] [stdout] test cli::tests::invalid_slot_length_fails ... ok
[INFO] [stdout] test cli::tests::non_44100_sample_rate_fails ... ok
[INFO] [stdout] test cli::tests::no_midi_source_fails ... ok
[INFO] [stdout] test cli::tests::packed_max_slices_is_capped_at_255 ... ok
[INFO] [stdout] test cli::tests::per_octave_requires_chords_and_excludes_file_per_chord ... ok
[INFO] [stdout] test cli::tests::valid_defaults_pass ... ok
[INFO] [stdout] test cli::tests::invalid_channel_fails ... ok
[INFO] [stdout] test devices::tests::ambiguous_substring_errors ... ok
[INFO] [stdout] test cli::tests::invalid_velocity_fails ... ok
[INFO] [stdout] test devices::tests::resolves_by_exact_and_substring ... ok
[INFO] [stdout] test devices::tests::resolves_by_index ... ok
[INFO] [stdout] test notes::tests::chord_slots_pack_quality_major ... ok
[INFO] [stdout] test cli::tests::virtual_midi_alone_passes ... ok
[INFO] [stdout] test cli::tests::invalid_probe_values_fail ... ok
[INFO] [stdout] test notes::tests::slice_root_chord_mode_sounds_a_chord_per_note ... ok
[INFO] [stdout] test notes::tests::first_and_last_slots_are_correct ... ok
[INFO] [stdout] test devices::tests::index_out_of_range_errors ... ok
[INFO] [stdout] test notes::tests::note_names_match_m8 ... ok
[INFO] [stdout] test notes::tests::full_range_map_has_128_slots ... ok
[INFO] [stdout] test output::tests::output_wav_path_uses_folder_and_short_name ... ok
[INFO] [stdout] test render::tests::eta_label_projects_from_pace ... ok
[INFO] [stdout] test notes::tests::start_end_seconds_track_slot_length ... ok
[INFO] [stdout] test render::tests::dbfs_to_amp_matches_known_levels ... ok
[INFO] [stdout] test render::tests::fit_roots_spreads_and_caps ... ok
[INFO] [stdout] test render::tests::batch_cost_peaks_on_largest_file ... ok
[INFO] [stdout] test render::tests::is_sounding_uses_threshold ... ok
[INFO] [stdout] test render::tests::human_bytes_scales_units ... ok
[INFO] [stdout] test render::tests::last_sound_seconds_handles_stereo_interleaving ... ok
[INFO] [stdout] test render::tests::last_sound_seconds_finds_tail_end ... ok
[INFO] [stdout] test render::tests::octave_groups_splits_on_octave_boundary ... ok
[INFO] [stdout] test render::tests::peak_abs_finds_largest_magnitude ... ok
[INFO] [stdout] test render::tests::pick_spread_picks_evenly ... ok
[INFO] [stdout] test render::tests::rendered_bounds_trims_ends_and_keeps_interior ... ok
[INFO] [stdout] test render::tests::progress_bar_fills_and_percents ... ok
[INFO] [stdout] test render_sfz::tests::chords_pack_only_sounding_roots ... ok
[INFO] [stdout] test render_sfz::tests::clean_take_uses_base_velocity ... ok
[INFO] [stdout] test cli::tests::resolved_chords_expands_empty_to_all ... ok
[INFO] [stdout] test render::tests::split_chord_files_keeps_qualities_whole ... ok
[INFO] [stdout] test sfz::tests::smf_chord_sounds_all_notes_together ... ok
[INFO] [stdout] test render_sfz::tests::chords_pack_and_file_per_chord ... ok
[INFO] [stdout] test sfz::tests::smf_places_notes_on_slot_boundaries ... ok
[INFO] [stdout] test render_sfz::tests::demo_base_note_targets_middle_c_clamped_to_range ... ok
[INFO] [stdout] test render_sfz::tests::font_output_base_layouts ... ok
[INFO] [stdout] test render_sfz::tests::jitter_clamps_to_valid_velocity ... ok
[INFO] [stdout] test render_sfz::tests::build_jobs_multiplies_chains_by_velocity_and_variation ... ok
[INFO] [stdout] test render_sfz::tests::per_font_slot_length_flows_into_jobs ... ok
[INFO] [stdout] test render_sfz::tests::single_axis_names_stay_bare ... ok
[INFO] [stdout] test render_sfz::tests::notes_chain_is_default_and_explicit ... ok
[INFO] [stdout] test sfz::tests::phrase_places_hits_and_ends_at_total ... ok
[INFO] [stdout] test render_sfz::tests::demo_hits_arpeggio_then_held_triad ... ok
[INFO] [stdout] test sfz::tests::read_wav_round_trips_int_pcm ... ok
[INFO] [stdout] test wav::tests::clamps_out_of_range_samples ... ok
[INFO] [stdout] test render_sfz::tests::variation_take_jitters_within_range_and_is_deterministic ... ok
[INFO] [stdout] test cli::tests::chord_and_chords_are_mutually_exclusive ... ok
[INFO] [stdout] test notes::tests::slot_index_equals_midi_for_full_range ... ok
[INFO] [stdout] test wav::tests::writes_full_chain_with_expected_shape ... ok
[INFO] [stdout] 
[INFO] [stdout] test result: ok. 76 passed; 0 failed; 0 ignored; 0 measured; 0 filtered out; finished in 0.21s
[INFO] [stdout] 
[INFO] [stderr]      Running tests/cli.rs (/opt/rustwide/target/release/deps/cli-3a220514af8c935a)
[INFO] [stdout] 
[INFO] [stdout] running 15 tests
[INFO] [stdout] test invalid_velocity_fails ... ok
[INFO] [stdout] test render_sfz_demo_only_lists_just_the_demo ... ok
[INFO] [stdout] test render_sfz_chord_and_chords_are_mutually_exclusive ... ok
[INFO] [stdout] test invalid_channel_fails ... ok
[INFO] [stdout] test render_sfz_non_44100_sample_rate_fails ... ok
[INFO] [stdout] test render_dry_run_prints_plan_without_devices ... ok
[INFO] [stdout] test render_sfz_notes_plus_demo_lists_both ... ok
[INFO] [stdout] test render_sfz_dry_run_prints_plan_without_engine ... ok
[INFO] [stdout] test render_sfz_per_octave_requires_chords ... ok
[INFO] [stdout] test render_sfz_per_octave_lists_one_file_per_octave ... ok
[INFO] [stdout] test render_sfz_rejects_non_sfz_file ... ok
[INFO] [stdout] test list_devices_command_exists ... FAILED
[INFO] [stdout] test invalid_slot_length_fails ... ok
[INFO] [stdout] test render_sfz_notes_plus_chords_lists_all_files ... ok
[INFO] [stdout] test non_44100_sample_rate_fails ... ok
[INFO] [stdout] 
[INFO] [stdout] failures:
[INFO] [stdout] 
[INFO] [stdout] ---- list_devices_command_exists stdout ----
[INFO] [stdout] 
[INFO] [stdout] thread 'list_devices_command_exists' (1540) panicked at tests/cli.rs:13:40:
[INFO] [stdout] Unexpected failure.
[INFO] [stdout] code=1
[INFO] [stdout] stderr=``````
[INFO] [stdout] ALSA lib seq_hw.c:540:(snd_seq_hw_open) [error.sequencer] open /dev/snd/seq failed: No such file or directory
[INFO] [stdout] error: opening MIDI: MIDI support could not be initialized
[INFO] [stdout] ```
[INFO] [stdout] ```
[INFO] [stdout] command=`"/opt/rustwide/target/release/midi-sampler-to-m8" "list-devices"`
[INFO] [stdout] code=1
[INFO] [stdout] stdout="MIDI outputs:\n"
[INFO] [stdout] stderr=```
[INFO] [stdout] ALSA lib seq_hw.c:540:(snd_seq_hw_open) [error.sequencer] open /dev/snd/seq failed: No such file or directory
[INFO] [stdout] error: opening MIDI: MIDI support could not be initialized
[INFO] [stdout] ```
[INFO] [stdout] 
[INFO] [stdout] 
[INFO] [stdout] stack backtrace:
[INFO] [stdout]    0:     0x5776f72c5f01 - <<std[97b98282bc616a66]::sys::backtrace::BacktraceLock>::print::DisplayBacktrace as core[832e9a552fc17241]::fmt::Display>::fmt
[INFO] [stdout]    1:     0x5776f72dc40a - core[832e9a552fc17241]::fmt::write
[INFO] [stdout]    2:     0x5776f72cb84c - <alloc[3ecab9f82c41dc7d]::vec::Vec<u8> as std[97b98282bc616a66]::io::Write>::write_fmt
[INFO] [stdout]    3:     0x5776f72a3c16 - std[97b98282bc616a66]::panicking::default_hook::{closure#0}
[INFO] [stdout]    4:     0x5776f72bdfe9 - std[97b98282bc616a66]::panicking::default_hook
[INFO] [stdout]    5:     0x5776f7248a80 - test[39766f3d73431624]::test_main_inner::<test[39766f3d73431624]::test_main_static::{closure#0}>::{closure#0}
[INFO] [stdout]    6:     0x5776f72be1a2 - std[97b98282bc616a66]::panicking::panic_with_hook
[INFO] [stdout]    7:     0x5776f72a3cc2 - std[97b98282bc616a66]::panicking::panic_handler::{closure#0}
[INFO] [stdout]    8:     0x5776f729b619 - std[97b98282bc616a66]::sys::backtrace::__rust_end_short_backtrace::<std[97b98282bc616a66]::panicking::panic_handler::{closure#0}, !>
[INFO] [stdout]    9:     0x5776f72a48bd - __rustc[e3d8617bb01b7f69]::rust_begin_unwind
[INFO] [stdout]   10:     0x5776f72dcbbc - core[832e9a552fc17241]::panicking::panic_fmt
[INFO] [stdout]   11:     0x5776f727cda0 - <assert_cmd[3f2aa4cc9475259d]::assert::AssertError>::panic::<assert_cmd[3f2aa4cc9475259d]::assert::Assert>
[INFO] [stdout]   12:     0x5776f727d6d9 - <assert_cmd[3f2aa4cc9475259d]::assert::Assert>::success
[INFO] [stdout]   13:     0x5776f7235e83 - <cli[460d8b50a392dea3]::list_devices_command_exists::{closure#0} as core[832e9a552fc17241]::ops::function::FnOnce<()>>::call_once
[INFO] [stdout]   14:     0x5776f723bdbb - test[39766f3d73431624]::__rust_begin_short_backtrace::<core[832e9a552fc17241]::result::Result<(), alloc[3ecab9f82c41dc7d]::string::String>, fn() -> core[832e9a552fc17241]::result::Result<(), alloc[3ecab9f82c41dc7d]::string::String>>
[INFO] [stdout]   15:     0x5776f7249405 - test[39766f3d73431624]::run_test::{closure#0}
[INFO] [stdout]   16:     0x5776f7243eb4 - std[97b98282bc616a66]::sys::backtrace::__rust_begin_short_backtrace::<test[39766f3d73431624]::run_test::{closure#1}, ()>
[INFO] [stdout]   17:     0x5776f724c552 - <std[97b98282bc616a66]::thread::lifecycle::spawn_unchecked<test[39766f3d73431624]::run_test::{closure#1}, ()>::{closure#1} as core[832e9a552fc17241]::ops::function::FnOnce<()>>::call_once::{shim:vtable#0}
[INFO] [stdout]   18:     0x5776f72c570f - <std[97b98282bc616a66]::sys::thread::unix::Thread>::new::thread_start
[INFO] [stdout]   19:     0x78f62d1d707a - <unknown>
[INFO] [stdout]   20:     0x78f62d26a534 - clone
[INFO] [stdout]   21:                0x0 - <unknown>
[INFO] [stdout] 
[INFO] [stdout] 
[INFO] [stdout] failures:
[INFO] [stdout]     list_devices_command_exists
[INFO] [stdout] 
[INFO] [stdout] test result: FAILED. 14 passed; 1 failed; 0 ignored; 0 measured; 0 filtered out; finished in 0.15s
[INFO] [stdout] 
[INFO] [stderr] error: test failed, to rerun pass `--test cli`
[INFO] running `Command { std: "docker" "inspect" "46366210db0f672f3f43232bd3af47fb1cfb58e04ccf74f7a427a0cf797e3dcb", kill_on_drop: false }`
[INFO] running `Command { std: "docker" "rm" "-f" "46366210db0f672f3f43232bd3af47fb1cfb58e04ccf74f7a427a0cf797e3dcb", kill_on_drop: false }`
[INFO] [stdout] 46366210db0f672f3f43232bd3af47fb1cfb58e04ccf74f7a427a0cf797e3dcb
