[INFO] cloning repository https://github.com/leandro-barcelos/extendible_hash
[INFO] running `Command { std: "git" "-c" "credential.helper=" "-c" "credential.helper=/workspace/cargo-home/bin/git-credential-null" "clone" "--bare" "https://github.com/leandro-barcelos/extendible_hash" "/workspace/cache/git-repos/https%3A%2F%2Fgithub.com%2Fleandro-barcelos%2Fextendible_hash", kill_on_drop: false }`
[INFO] [stderr] Cloning into bare repository '/workspace/cache/git-repos/https%3A%2F%2Fgithub.com%2Fleandro-barcelos%2Fextendible_hash'...
[INFO] running `Command { std: "git" "rev-parse" "HEAD", kill_on_drop: false }`
[INFO] [stdout] a9abd83f5f4f09826ec082c15d685a5a62cc5796
[INFO] testing leandro-barcelos/extendible_hash against 1.99.0-beta.1+cargoflags=--release for beta-release-1.99-2
[INFO] running `Command { std: "git" "clone" "/workspace/cache/git-repos/https%3A%2F%2Fgithub.com%2Fleandro-barcelos%2Fextendible_hash" "/workspace/builds/worker-1-tc2/source", kill_on_drop: false }`
[INFO] [stderr] Cloning into '/workspace/builds/worker-1-tc2/source'...
[INFO] [stderr] done.
[INFO] started tweaking git repo https://github.com/leandro-barcelos/extendible_hash
[INFO] finished tweaking git repo https://github.com/leandro-barcelos/extendible_hash
[INFO] tweaked toml for git repo https://github.com/leandro-barcelos/extendible_hash written to /workspace/builds/worker-1-tc2/source/Cargo.toml
[INFO] validating manifest of git repo https://github.com/leandro-barcelos/extendible_hash on toolchain 1.99.0-beta.1
[INFO] running `Command { std: CARGO_HOME="/workspace/cargo-home" RUSTUP_HOME="/workspace/rustup-home" "/workspace/cargo-home/bin/cargo" "+1.99.0-beta.1" "metadata" "--manifest-path" "Cargo.toml" "--no-deps", kill_on_drop: false }`
[INFO] crate git repo https://github.com/leandro-barcelos/extendible_hash already has a lockfile, it will not be regenerated
[INFO] running `Command { std: CARGO_HOME="/workspace/cargo-home" RUSTUP_HOME="/workspace/rustup-home" "/workspace/cargo-home/bin/cargo" "+1.99.0-beta.1" "fetch" "--manifest-path" "Cargo.toml", kill_on_drop: false }`
[INFO] [stderr]     Blocking waiting for file lock on package cache
[ERROR] error running command: no output for 300 seconds
[INFO] testing leandro-barcelos/extendible_hash against 1.99.0-beta.1+cargoflags=--release for beta-release-1.99-2
[INFO] running `Command { std: "git" "clone" "/workspace/cache/git-repos/https%3A%2F%2Fgithub.com%2Fleandro-barcelos%2Fextendible_hash" "/workspace/builds/worker-1-tc2/source", kill_on_drop: false }`
[INFO] [stderr] Cloning into '/workspace/builds/worker-1-tc2/source'...
[INFO] [stderr] done.
[INFO] started tweaking git repo https://github.com/leandro-barcelos/extendible_hash
[INFO] finished tweaking git repo https://github.com/leandro-barcelos/extendible_hash
[INFO] tweaked toml for git repo https://github.com/leandro-barcelos/extendible_hash written to /workspace/builds/worker-1-tc2/source/Cargo.toml
[INFO] validating manifest of git repo https://github.com/leandro-barcelos/extendible_hash on toolchain 1.99.0-beta.1
[INFO] running `Command { std: CARGO_HOME="/workspace/cargo-home" RUSTUP_HOME="/workspace/rustup-home" "/workspace/cargo-home/bin/cargo" "+1.99.0-beta.1" "metadata" "--manifest-path" "Cargo.toml" "--no-deps", kill_on_drop: false }`
[INFO] crate git repo https://github.com/leandro-barcelos/extendible_hash already has a lockfile, it will not be regenerated
[INFO] running `Command { std: CARGO_HOME="/workspace/cargo-home" RUSTUP_HOME="/workspace/rustup-home" "/workspace/cargo-home/bin/cargo" "+1.99.0-beta.1" "fetch" "--manifest-path" "Cargo.toml", kill_on_drop: false }`
[INFO] [stderr]     Blocking waiting for file lock on package cache
[INFO] [stderr]     Updating crates.io index
[INFO] [stderr]     Blocking waiting for file lock on package cache
[ERROR] error running command: no output for 300 seconds
[INFO] testing leandro-barcelos/extendible_hash against 1.99.0-beta.1+cargoflags=--release for beta-release-1.99-2
[INFO] running `Command { std: "git" "clone" "/workspace/cache/git-repos/https%3A%2F%2Fgithub.com%2Fleandro-barcelos%2Fextendible_hash" "/workspace/builds/worker-1-tc2/source", kill_on_drop: false }`
[INFO] [stderr] Cloning into '/workspace/builds/worker-1-tc2/source'...
[INFO] [stderr] done.
[INFO] started tweaking git repo https://github.com/leandro-barcelos/extendible_hash
[INFO] finished tweaking git repo https://github.com/leandro-barcelos/extendible_hash
[INFO] tweaked toml for git repo https://github.com/leandro-barcelos/extendible_hash written to /workspace/builds/worker-1-tc2/source/Cargo.toml
[INFO] validating manifest of git repo https://github.com/leandro-barcelos/extendible_hash on toolchain 1.99.0-beta.1
[INFO] running `Command { std: CARGO_HOME="/workspace/cargo-home" RUSTUP_HOME="/workspace/rustup-home" "/workspace/cargo-home/bin/cargo" "+1.99.0-beta.1" "metadata" "--manifest-path" "Cargo.toml" "--no-deps", kill_on_drop: false }`
[INFO] crate git repo https://github.com/leandro-barcelos/extendible_hash already has a lockfile, it will not be regenerated
[INFO] running `Command { std: CARGO_HOME="/workspace/cargo-home" RUSTUP_HOME="/workspace/rustup-home" "/workspace/cargo-home/bin/cargo" "+1.99.0-beta.1" "fetch" "--manifest-path" "Cargo.toml", kill_on_drop: false }`
[INFO] [stderr]     Blocking waiting for file lock on package cache
[ERROR] error running command: no output for 300 seconds
[INFO] testing leandro-barcelos/extendible_hash against 1.99.0-beta.1+cargoflags=--release for beta-release-1.99-2
[INFO] running `Command { std: "git" "clone" "/workspace/cache/git-repos/https%3A%2F%2Fgithub.com%2Fleandro-barcelos%2Fextendible_hash" "/workspace/builds/worker-1-tc2/source", kill_on_drop: false }`
[INFO] [stderr] Cloning into '/workspace/builds/worker-1-tc2/source'...
[INFO] [stderr] done.
[INFO] started tweaking git repo https://github.com/leandro-barcelos/extendible_hash
[INFO] finished tweaking git repo https://github.com/leandro-barcelos/extendible_hash
[INFO] tweaked toml for git repo https://github.com/leandro-barcelos/extendible_hash written to /workspace/builds/worker-1-tc2/source/Cargo.toml
[INFO] validating manifest of git repo https://github.com/leandro-barcelos/extendible_hash on toolchain 1.99.0-beta.1
[INFO] running `Command { std: CARGO_HOME="/workspace/cargo-home" RUSTUP_HOME="/workspace/rustup-home" "/workspace/cargo-home/bin/cargo" "+1.99.0-beta.1" "metadata" "--manifest-path" "Cargo.toml" "--no-deps", kill_on_drop: false }`
[INFO] crate git repo https://github.com/leandro-barcelos/extendible_hash already has a lockfile, it will not be regenerated
[INFO] running `Command { std: CARGO_HOME="/workspace/cargo-home" RUSTUP_HOME="/workspace/rustup-home" "/workspace/cargo-home/bin/cargo" "+1.99.0-beta.1" "fetch" "--manifest-path" "Cargo.toml", kill_on_drop: false }`
[INFO] [stderr]     Blocking waiting for file lock on package cache
[INFO] [stderr]     Blocking waiting for file lock on package cache
[INFO] [stderr]  Downloading crates ...
[INFO] [stderr]   Downloaded inquire v0.6.2
[INFO] [stderr]   Downloaded getrandom v0.2.9
[INFO] [stderr]   Downloaded quote v1.0.27
[INFO] [stderr]   Downloaded dyn-clone v1.0.11
[INFO] [stderr]   Downloaded crossterm_winapi v0.9.0
[INFO] [stderr]   Downloaded signal-hook-mio v0.2.3
[INFO] [stderr]   Downloaded proc-macro2 v1.0.57
[INFO] [stderr]   Downloaded signal-hook v0.3.15
[INFO] [stderr]   Downloaded mio v0.8.6
[INFO] [stderr]   Downloaded crossterm v0.25.0
[INFO] [stderr]   Downloaded crossterm v0.26.1
[INFO] [stderr]   Downloaded syn v2.0.16
[INFO] [stderr]   Downloaded libc v0.2.144
[INFO] running `Command { std: "docker" "create" "-v" "/var/lib/crater-agent-workspace/builds/worker-1-tc2/source:/opt/rustwide/workdir:ro,Z" "-v" "/var/lib/crater-agent-workspace/builds/worker-1-tc2/target:/opt/rustwide/target:rw,Z" "-v" "/var/lib/crater-agent-workspace/cargo-home:/opt/rustwide/cargo-home:ro,Z" "-v" "/var/lib/crater-agent-workspace/rustup-home:/opt/rustwide/rustup-home:ro,Z" "-m" "1610612736" "--network" "none" "ghcr.io/rust-lang/crates-build-env/linux@sha256:8683fc1fc2eb5c9ac98e0d076ab094b2ffac7f99da555d2b6a2e27f346de2ec7" "sleep" "infinity", kill_on_drop: false }`
[INFO] [stdout] a1c5349da3e811d7e20f4f1a4a38f0af0c0490af018248896f607e60d99c15d3
[INFO] running `Command { std: "docker" "start" "a1c5349da3e811d7e20f4f1a4a38f0af0c0490af018248896f607e60d99c15d3", kill_on_drop: false }`
[INFO] running `Command { std: "docker" "inspect" "a1c5349da3e811d7e20f4f1a4a38f0af0c0490af018248896f607e60d99c15d3", kill_on_drop: false }`
[INFO] running `Command { std: "docker" "exec" "-e" "SOURCE_DIR=/opt/rustwide/workdir" "-e" "CARGO_HOME=/opt/rustwide/cargo-home" "-e" "RUSTUP_HOME=/opt/rustwide/rustup-home" "-e" "CARGO_TARGET_DIR=/opt/rustwide/target" "-w" "/opt/rustwide/workdir" "--user" "0:0" "a1c5349da3e811d7e20f4f1a4a38f0af0c0490af018248896f607e60d99c15d3" "/opt/rustwide/cargo-home/bin/cargo" "+1.99.0-beta.1" "metadata" "--no-deps" "--format-version=1", kill_on_drop: false }`
[INFO] running `Command { std: "docker" "inspect" "a1c5349da3e811d7e20f4f1a4a38f0af0c0490af018248896f607e60d99c15d3", kill_on_drop: false }`
[INFO] running `Command { std: "docker" "exec" "-e" "SOURCE_DIR=/opt/rustwide/workdir" "-e" "CARGO_HOME=/opt/rustwide/cargo-home" "-e" "RUSTUP_HOME=/opt/rustwide/rustup-home" "-e" "CARGO_TARGET_DIR=/opt/rustwide/target" "-e" "CARGO_INCREMENTAL=0" "-e" "RUST_BACKTRACE=full" "-e" "RUSTFLAGS=--cap-lints=warn" "-e" "RUSTDOCFLAGS=--cap-lints=warn" "-w" "/opt/rustwide/workdir" "--user" "0:0" "a1c5349da3e811d7e20f4f1a4a38f0af0c0490af018248896f607e60d99c15d3" "/opt/rustwide/cargo-home/bin/cargo" "+1.99.0-beta.1" "build" "--frozen" "--message-format=json" "--release", kill_on_drop: false }`
[INFO] [stderr]    Compiling libc v0.2.144
[INFO] [stderr]    Compiling proc-macro2 v1.0.57
[INFO] [stderr]    Compiling unicode-ident v1.0.8
[INFO] [stderr]    Compiling parking_lot_core v0.9.7
[INFO] [stderr]    Compiling signal-hook v0.3.15
[INFO] [stderr]    Compiling quote v1.0.27
[INFO] [stderr]    Compiling thiserror v1.0.40
[INFO] [stderr]    Compiling dyn-clone v1.0.11
[INFO] [stderr]    Compiling signal-hook-registry v1.4.1
[INFO] [stderr]    Compiling mio v0.8.6
[INFO] [stderr]    Compiling getrandom v0.2.9
[INFO] [stderr]    Compiling syn v2.0.16
[INFO] [stderr]    Compiling rand_core v0.6.4
[INFO] [stderr]    Compiling parking_lot v0.12.1
[INFO] [stderr]    Compiling rand_chacha v0.3.1
[INFO] [stderr]    Compiling signal-hook-mio v0.2.3
[INFO] [stderr]    Compiling rand v0.8.5
[INFO] [stderr]    Compiling crossterm v0.25.0
[INFO] [stderr]    Compiling crossterm v0.26.1
[INFO] [stderr]    Compiling thiserror-impl v1.0.40
[INFO] [stderr]    Compiling inquire v0.6.2
[INFO] [stderr]    Compiling extendible_hash v0.1.0 (/opt/rustwide/workdir)
[INFO] [stdout] warning: unused import: `fmt::format`
[INFO] [stdout]  --> src/main.rs:4:5
[INFO] [stdout]   |
[INFO] [stdout] 4 |     fmt::format,
[INFO] [stdout]   |     ^^^^^^^^^^^
[INFO] [stdout]   |
[INFO] [stdout]   = note: `#[warn(unused_imports)]` (part of `#[warn(unused)]`) on by default
[INFO] [stdout] 
[INFO] [stdout] 
[INFO] [stdout] warning: unused imports: `random_string` and `unique_random_numbers`
[INFO] [stdout]  --> src/hash_alt1.rs:3:19
[INFO] [stdout]   |
[INFO] [stdout] 3 |     random_util::{random_string, unique_random_numbers},
[INFO] [stdout]   |                   ^^^^^^^^^^^^^  ^^^^^^^^^^^^^^^^^^^^^
[INFO] [stdout] 
[INFO] [stdout] 
[INFO] [stdout] warning: unused imports: `hash_alt1::HashAlt1` and `record::Record`
[INFO] [stdout]  --> src/hash_alt2.rs:1:29
[INFO] [stdout]   |
[INFO] [stdout] 1 | use crate::{bucket_alt2::*, hash_alt1::HashAlt1, record::Record};
[INFO] [stdout]   |                             ^^^^^^^^^^^^^^^^^^^  ^^^^^^^^^^^^^^
[INFO] [stdout] 
[INFO] [stdout] 
[INFO] [stderr]     Finished `release` profile [optimized] target(s) in 3.34s
[INFO] running `Command { std: "docker" "inspect" "a1c5349da3e811d7e20f4f1a4a38f0af0c0490af018248896f607e60d99c15d3", kill_on_drop: false }`
[INFO] running `Command { std: "docker" "exec" "-e" "SOURCE_DIR=/opt/rustwide/workdir" "-e" "CARGO_HOME=/opt/rustwide/cargo-home" "-e" "RUSTUP_HOME=/opt/rustwide/rustup-home" "-e" "CARGO_TARGET_DIR=/opt/rustwide/target" "-e" "CARGO_INCREMENTAL=0" "-e" "RUST_BACKTRACE=full" "-e" "RUSTFLAGS=--cap-lints=warn" "-e" "RUSTDOCFLAGS=--cap-lints=warn" "-w" "/opt/rustwide/workdir" "--user" "0:0" "a1c5349da3e811d7e20f4f1a4a38f0af0c0490af018248896f607e60d99c15d3" "/opt/rustwide/cargo-home/bin/cargo" "+1.99.0-beta.1" "test" "--frozen" "--no-run" "--message-format=json" "--release", kill_on_drop: false }`
[INFO] [stderr]    Compiling extendible_hash v0.1.0 (/opt/rustwide/workdir)
[INFO] [stdout] warning: unused import: `fmt::format`
[INFO] [stdout]  --> src/main.rs:4:5
[INFO] [stdout]   |
[INFO] [stdout] 4 |     fmt::format,
[INFO] [stdout]   |     ^^^^^^^^^^^
[INFO] [stdout]   |
[INFO] [stdout]   = note: `#[warn(unused_imports)]` (part of `#[warn(unused)]`) on by default
[INFO] [stdout] 
[INFO] [stdout] 
[INFO] [stdout] warning: unused imports: `random_string` and `unique_random_numbers`
[INFO] [stdout]  --> src/hash_alt1.rs:3:19
[INFO] [stdout]   |
[INFO] [stdout] 3 |     random_util::{random_string, unique_random_numbers},
[INFO] [stdout]   |                   ^^^^^^^^^^^^^  ^^^^^^^^^^^^^^^^^^^^^
[INFO] [stdout] 
[INFO] [stdout] 
[INFO] [stdout] warning: unused imports: `hash_alt1::HashAlt1` and `record::Record`
[INFO] [stdout]  --> src/hash_alt2.rs:1:29
[INFO] [stdout]   |
[INFO] [stdout] 1 | use crate::{bucket_alt2::*, hash_alt1::HashAlt1, record::Record};
[INFO] [stdout]   |                             ^^^^^^^^^^^^^^^^^^^  ^^^^^^^^^^^^^^
[INFO] [stdout] 
[INFO] [stdout] 
[INFO] [stdout] warning: unused import: `io::Write`
[INFO] [stdout]    --> src/hash_alt2.rs:280:25
[INFO] [stdout]     |
[INFO] [stdout] 280 |     use std::{fs::File, io::Write};
[INFO] [stdout]     |                         ^^^^^^^^^
[INFO] [stdout] 
[INFO] [stdout] 
[INFO] [stdout] warning: unused variable: `s2`
[INFO] [stdout]    --> src/hash_alt1.rs:368:13
[INFO] [stdout]     |
[INFO] [stdout] 368 |         let s2 = h.search(14);
[INFO] [stdout]     |             ^^ help: if this is intentional, prefix it with an underscore: `_s2`
[INFO] [stdout]     |
[INFO] [stdout]     = note: `#[warn(unused_variables)]` (part of `#[warn(unused)]`) on by default
[INFO] [stdout] 
[INFO] [stdout] 
[INFO] [stderr]     Finished `release` profile [optimized] target(s) in 0.45s
[INFO] running `Command { std: "docker" "inspect" "a1c5349da3e811d7e20f4f1a4a38f0af0c0490af018248896f607e60d99c15d3", kill_on_drop: false }`
[INFO] running `Command { std: "docker" "exec" "-e" "SOURCE_DIR=/opt/rustwide/workdir" "-e" "CARGO_HOME=/opt/rustwide/cargo-home" "-e" "RUSTUP_HOME=/opt/rustwide/rustup-home" "-e" "CARGO_TARGET_DIR=/opt/rustwide/target" "-e" "CARGO_INCREMENTAL=0" "-e" "RUST_BACKTRACE=full" "-e" "RUSTFLAGS=--cap-lints=warn" "-e" "RUSTDOCFLAGS=--cap-lints=warn" "-w" "/opt/rustwide/workdir" "--user" "0:0" "a1c5349da3e811d7e20f4f1a4a38f0af0c0490af018248896f607e60d99c15d3" "/opt/rustwide/cargo-home/bin/cargo" "+1.99.0-beta.1" "test" "--frozen" "--release", kill_on_drop: false }`
[INFO] [stderr] warning: unused import: `fmt::format`
[INFO] [stderr]  --> src/main.rs:4:5
[INFO] [stderr]   |
[INFO] [stderr] 4 |     fmt::format,
[INFO] [stderr]   |     ^^^^^^^^^^^
[INFO] [stderr]   |
[INFO] [stderr]   = note: `#[warn(unused_imports)]` (part of `#[warn(unused)]`) on by default
[INFO] [stderr] 
[INFO] [stderr] warning: unused imports: `random_string` and `unique_random_numbers`
[INFO] [stderr]  --> src/hash_alt1.rs:3:19
[INFO] [stderr]   |
[INFO] [stderr] 3 |     random_util::{random_string, unique_random_numbers},
[INFO] [stderr]   |                   ^^^^^^^^^^^^^  ^^^^^^^^^^^^^^^^^^^^^
[INFO] [stderr] 
[INFO] [stderr] warning: unused imports: `hash_alt1::HashAlt1` and `record::Record`
[INFO] [stderr]  --> src/hash_alt2.rs:1:29
[INFO] [stderr]   |
[INFO] [stderr] 1 | use crate::{bucket_alt2::*, hash_alt1::HashAlt1, record::Record};
[INFO] [stderr]   |                             ^^^^^^^^^^^^^^^^^^^  ^^^^^^^^^^^^^^
[INFO] [stderr] 
[INFO] [stderr] warning: unused import: `io::Write`
[INFO] [stderr]    --> src/hash_alt2.rs:280:25
[INFO] [stderr]     |
[INFO] [stderr] 280 |     use std::{fs::File, io::Write};
[INFO] [stderr]     |                         ^^^^^^^^^
[INFO] [stderr] 
[INFO] [stderr] warning: unused variable: `s2`
[INFO] [stderr]    --> src/hash_alt1.rs:368:13
[INFO] [stderr]     |
[INFO] [stderr] 368 |         let s2 = h.search(14);
[INFO] [stderr]     |             ^^ help: if this is intentional, prefix it with an underscore: `_s2`
[INFO] [stderr]     |
[INFO] [stderr]     = note: `#[warn(unused_variables)]` (part of `#[warn(unused)]`) on by default
[INFO] [stderr] 
[INFO] [stderr] warning: `extendible_hash` (bin "extendible_hash" test) generated 5 warnings (run `cargo fix --bin "extendible_hash" -p extendible_hash --tests` to apply 5 suggestions)
[INFO] [stderr]     Finished `release` profile [optimized] target(s) in 0.02s
[INFO] [stderr]      Running unittests src/main.rs (/opt/rustwide/target/release/deps/extendible_hash-09c54c3bc503b60c)
[INFO] [stdout] 
[INFO] [stdout] running 24 tests
[INFO] [stdout] test bucket_alt1::test::test_bucket_display_size_16 ... FAILED
[INFO] [stdout] test hash_alt1::test::test_hash_display_global_depth_4 ... ok
[INFO] [stdout] test bucket_alt1::test::test_bucket_display_size_4 ... FAILED
[INFO] [stdout] test hash_alt1::test::test_hash_double_directory ... ok
[INFO] [stdout] test hash_alt1::test::test_hash_fun_2 ... ok
[INFO] [stdout] test bucket_alt1::test::test_bucket_display_size_8 ... FAILED
[INFO] [stdout] test hash_alt1::test::test_hash_display_global_depth_2 ... ok
[INFO] [stdout] test bucket_alt1::test::test_serialize ... FAILED
[INFO] [stdout] test hash_alt1::test::test_hash_fun_3 ... ok
[INFO] [stdout] test bucket_alt2::test::test_bucket_display_size_16 ... FAILED
[INFO] [stdout] test hash_alt1::test::test_hash_display_global_depth_3 ... ok
[INFO] [stdout] test bucket_alt2::test::test_bucket_display_size_4 ... FAILED
[INFO] [stdout] test hash_alt1::test::test_insert_split_double ... ok
[INFO] [stdout] test bucket_alt2::test::test_bucket_display_size_8 ... FAILED
[INFO] [stdout] test hash_alt2::test::test_hash_display_global_depth_3 ... ok
[INFO] [stdout] test hash_alt1::test::test_deserialize ... FAILED
[INFO] [stdout] test hash_alt2::test::test_hash_display_global_depth_2 ... ok
[INFO] [stdout] test hash_alt2::test::test_hash_display_global_depth_4 ... ok
[INFO] [stdout] test hash_alt2::test::test_hash_fun_3 ... ok
[INFO] [stdout] test hash_alt2::test::test_hash_fun_2 ... ok
[INFO] [stdout] test hash_alt1::test::test_insert_global_depth_2 ... FAILED
[INFO] [stdout] test hash_alt1::test::test_serialize_hash ... FAILED
[INFO] [stdout] test hash_alt2::test::test_hash_double_directory ... ok
[INFO] [stdout] test hash_alt2::test::test_deserialize ... FAILED
[INFO] [stdout] 
[INFO] [stdout] failures:
[INFO] [stderr] error: test failed, to rerun pass `--bin extendible_hash`
[INFO] [stdout] 
[INFO] [stdout] ---- bucket_alt1::test::test_bucket_display_size_16 stdout ----
[INFO] [stdout] +---+
[INFO] [stdout] | 2 |
[INFO] [stdout] +---+---+---+---+---+---+---+---+---+---+---+---+---+---+---+---+
[INFO] [stdout] |   |   |   |   |   |   |   |   |   |   |   |   |   |   |   |   | A
[INFO] [stdout] +---+---+---+---+---+---+---+---+---+---+---+---+---+---+---+---+
[INFO] [stdout] 
[INFO] [stdout] thread 'bucket_alt1::test::test_bucket_display_size_16' (650) panicked at src/bucket_alt1.rs:216:9:
[INFO] [stdout] assertion `left == right` failed
[INFO] [stdout]   left: "+---+\n| 2 |\n+---+---+---+---+---+---+---+---+---+---+---+---+---+---+---+---+\n|   |   |   |   |   |   |   |   |   |   |   |   |   |   |   |   | A\n+---+---+---+---+---+---+---+---+---+---+---+---+---+---+---+---+"
[INFO] [stdout]  right: "_"
[INFO] [stdout] stack backtrace:
[INFO] [stdout]    0:     0x6496e24194d1 - <<std[104cf6e2632825ea]::sys::backtrace::BacktraceLock>::print::DisplayBacktrace as core[7c831bd917ebf35f]::fmt::Display>::fmt
[INFO] [stdout]    1:     0x6496e242d9ba - core[7c831bd917ebf35f]::fmt::write
[INFO] [stdout]    2:     0x6496e241d96c - <alloc[2fdc3f7464fcf288]::vec::Vec<u8> as core[7c831bd917ebf35f]::io::write::Write>::write_fmt
[INFO] [stdout]    3:     0x6496e23f5ab6 - std[104cf6e2632825ea]::panicking::default_hook::{closure#0}
[INFO] [stdout]    4:     0x6496e2411be9 - std[104cf6e2632825ea]::panicking::default_hook
[INFO] [stdout]    5:     0x6496e23ae0a0 - test[73009c9f9aebf890]::test_main_inner::<test[73009c9f9aebf890]::test_main_static::{closure#0}>::{closure#0}
[INFO] [stdout]    6:     0x6496e2411da2 - std[104cf6e2632825ea]::panicking::panic_with_hook
[INFO] [stdout]    7:     0x6496e23f5b62 - std[104cf6e2632825ea]::panicking::panic_handler::{closure#0}
[INFO] [stdout]    8:     0x6496e23ee509 - std[104cf6e2632825ea]::sys::backtrace::__rust_end_short_backtrace::<std[104cf6e2632825ea]::panicking::panic_handler::{closure#0}, !>
[INFO] [stdout]    9:     0x6496e23f675d - __rustc[b0d56fa5b193ad05]::rust_begin_unwind
[INFO] [stdout]   10:     0x6496e242e0ec - core[7c831bd917ebf35f]::panicking::panic_fmt
[INFO] [stdout]   11:     0x6496e242e003 - core[7c831bd917ebf35f]::panicking::assert_failed_inner
[INFO] [stdout]   12:     0x6496e2396000 - core[7c831bd917ebf35f]::panicking::assert_failed::<alloc[2fdc3f7464fcf288]::string::String, &str>
[INFO] [stdout]   13:     0x6496e239794f - <extendible_hash[5267c963e32bac5a]::bucket_alt1::test::test_bucket_display_size_16::{closure#0} as core[7c831bd917ebf35f]::ops::function::FnOnce<()>>::call_once
[INFO] [stdout]   14:     0x6496e23a138b - test[73009c9f9aebf890]::__rust_begin_short_backtrace::<core[7c831bd917ebf35f]::result::Result<(), alloc[2fdc3f7464fcf288]::string::String>, fn() -> core[7c831bd917ebf35f]::result::Result<(), alloc[2fdc3f7464fcf288]::string::String>>
[INFO] [stdout]   15:     0x6496e23ae9f5 - test[73009c9f9aebf890]::run_test::{closure#0}
[INFO] [stdout]   16:     0x6496e23a7db4 - std[104cf6e2632825ea]::sys::backtrace::__rust_begin_short_backtrace::<test[73009c9f9aebf890]::run_test::{closure#1}, ()>
[INFO] [stdout]   17:     0x6496e23b1b52 - <std[104cf6e2632825ea]::thread::lifecycle::spawn_unchecked<test[73009c9f9aebf890]::run_test::{closure#1}, ()>::{closure#1} as core[7c831bd917ebf35f]::ops::function::FnOnce<()>>::call_once::{shim:vtable#0}
[INFO] [stdout]   18:     0x6496e2418da9 - <std[104cf6e2632825ea]::sys::thread::unix::Thread>::new::thread_start
[INFO] [stdout]   19:     0x777d3545407a - <unknown>
[INFO] [stdout]   20:     0x777d354e7534 - clone
[INFO] [stdout]   21:                0x0 - <unknown>
[INFO] [stdout] 
[INFO] [stdout] ---- bucket_alt1::test::test_bucket_display_size_4 stdout ----
[INFO] [stdout] +---+
[INFO] [stdout] | 2 |
[INFO] [stdout] +---+---+---+---+
[INFO] [stdout] |   |   |   |   | A
[INFO] [stdout] +---+---+---+---+
[INFO] [stdout] 
[INFO] [stdout] thread 'bucket_alt1::test::test_bucket_display_size_4' (651) panicked at src/bucket_alt1.rs:198:9:
[INFO] [stdout] assertion `left == right` failed
[INFO] [stdout]   left: "+---+\n| 2 |\n+---+---+---+---+\n|   |   |   |   | A\n+---+---+---+---+"
[INFO] [stdout]  right: "_"
[INFO] [stdout] stack backtrace:
[INFO] [stdout]    0:     0x6496e24194d1 - <<std[104cf6e2632825ea]::sys::backtrace::BacktraceLock>::print::DisplayBacktrace as core[7c831bd917ebf35f]::fmt::Display>::fmt
[INFO] [stdout]    1:     0x6496e242d9ba - core[7c831bd917ebf35f]::fmt::write
[INFO] [stdout]    2:     0x6496e241d96c - <alloc[2fdc3f7464fcf288]::vec::Vec<u8> as core[7c831bd917ebf35f]::io::write::Write>::write_fmt
[INFO] [stdout]    3:     0x6496e23f5ab6 - std[104cf6e2632825ea]::panicking::default_hook::{closure#0}
[INFO] [stdout]    4:     0x6496e2411be9 - std[104cf6e2632825ea]::panicking::default_hook
[INFO] [stdout]    5:     0x6496e23ae0a0 - test[73009c9f9aebf890]::test_main_inner::<test[73009c9f9aebf890]::test_main_static::{closure#0}>::{closure#0}
[INFO] [stdout]    6:     0x6496e2411da2 - std[104cf6e2632825ea]::panicking::panic_with_hook
[INFO] [stdout]    7:     0x6496e23f5b62 - std[104cf6e2632825ea]::panicking::panic_handler::{closure#0}
[INFO] [stdout]    8:     0x6496e23ee509 - std[104cf6e2632825ea]::sys::backtrace::__rust_end_short_backtrace::<std[104cf6e2632825ea]::panicking::panic_handler::{closure#0}, !>
[INFO] [stdout]    9:     0x6496e23f675d - __rustc[b0d56fa5b193ad05]::rust_begin_unwind
[INFO] [stdout]   10:     0x6496e242e0ec - core[7c831bd917ebf35f]::panicking::panic_fmt
[INFO] [stdout]   11:     0x6496e242e003 - core[7c831bd917ebf35f]::panicking::assert_failed_inner
[INFO] [stdout]   12:     0x6496e2396000 - core[7c831bd917ebf35f]::panicking::assert_failed::<alloc[2fdc3f7464fcf288]::string::String, &str>
[INFO] [stdout]   13:     0x6496e23974af - <extendible_hash[5267c963e32bac5a]::bucket_alt1::test::test_bucket_display_size_4::{closure#0} as core[7c831bd917ebf35f]::ops::function::FnOnce<()>>::call_once
[INFO] [stdout]   14:     0x6496e23a138b - test[73009c9f9aebf890]::__rust_begin_short_backtrace::<core[7c831bd917ebf35f]::result::Result<(), alloc[2fdc3f7464fcf288]::string::String>, fn() -> core[7c831bd917ebf35f]::result::Result<(), alloc[2fdc3f7464fcf288]::string::String>>
[INFO] [stdout]   15:     0x6496e23ae9f5 - test[73009c9f9aebf890]::run_test::{closure#0}
[INFO] [stdout]   16:     0x6496e23a7db4 - std[104cf6e2632825ea]::sys::backtrace::__rust_begin_short_backtrace::<test[73009c9f9aebf890]::run_test::{closure#1}, ()>
[INFO] [stdout]   17:     0x6496e23b1b52 - <std[104cf6e2632825ea]::thread::lifecycle::spawn_unchecked<test[73009c9f9aebf890]::run_test::{closure#1}, ()>::{closure#1} as core[7c831bd917ebf35f]::ops::function::FnOnce<()>>::call_once::{shim:vtable#0}
[INFO] [stdout]   18:     0x6496e2418da9 - <std[104cf6e2632825ea]::sys::thread::unix::Thread>::new::thread_start
[INFO] [stdout]   19:     0x777d3545407a - <unknown>
[INFO] [stdout]   20:     0x777d354e7534 - clone
[INFO] [stdout]   21:                0x0 - <unknown>
[INFO] [stdout] 
[INFO] [stdout] ---- bucket_alt1::test::test_bucket_display_size_8 stdout ----
[INFO] [stdout] +---+
[INFO] [stdout] | 2 |
[INFO] [stdout] +---+---+---+---+---+---+---+---+
[INFO] [stdout] |   |   |   |   |   |   |   |   | A
[INFO] [stdout] +---+---+---+---+---+---+---+---+
[INFO] [stdout] 
[INFO] [stdout] thread 'bucket_alt1::test::test_bucket_display_size_8' (652) panicked at src/bucket_alt1.rs:207:9:
[INFO] [stdout] assertion `left == right` failed
[INFO] [stdout]   left: "+---+\n| 2 |\n+---+---+---+---+---+---+---+---+\n|   |   |   |   |   |   |   |   | A\n+---+---+---+---+---+---+---+---+"
[INFO] [stdout]  right: "_"
[INFO] [stdout] stack backtrace:
[INFO] [stdout]    0:     0x6496e24194d1 - <<std[104cf6e2632825ea]::sys::backtrace::BacktraceLock>::print::DisplayBacktrace as core[7c831bd917ebf35f]::fmt::Display>::fmt
[INFO] [stdout]    1:     0x6496e242d9ba - core[7c831bd917ebf35f]::fmt::write
[INFO] [stdout]    2:     0x6496e241d96c - <alloc[2fdc3f7464fcf288]::vec::Vec<u8> as core[7c831bd917ebf35f]::io::write::Write>::write_fmt
[INFO] [stdout]    3:     0x6496e23f5ab6 - std[104cf6e2632825ea]::panicking::default_hook::{closure#0}
[INFO] [stdout]    4:     0x6496e2411be9 - std[104cf6e2632825ea]::panicking::default_hook
[INFO] [stdout]    5:     0x6496e23ae0a0 - test[73009c9f9aebf890]::test_main_inner::<test[73009c9f9aebf890]::test_main_static::{closure#0}>::{closure#0}
[INFO] [stdout]    6:     0x6496e2411da2 - std[104cf6e2632825ea]::panicking::panic_with_hook
[INFO] [stdout]    7:     0x6496e23f5b62 - std[104cf6e2632825ea]::panicking::panic_handler::{closure#0}
[INFO] [stdout]    8:     0x6496e23ee509 - std[104cf6e2632825ea]::sys::backtrace::__rust_end_short_backtrace::<std[104cf6e2632825ea]::panicking::panic_handler::{closure#0}, !>
[INFO] [stdout]    9:     0x6496e23f675d - __rustc[b0d56fa5b193ad05]::rust_begin_unwind
[INFO] [stdout]   10:     0x6496e242e0ec - core[7c831bd917ebf35f]::panicking::panic_fmt
[INFO] [stdout]   11:     0x6496e242e003 - core[7c831bd917ebf35f]::panicking::assert_failed_inner
[INFO] [stdout]   12:     0x6496e2396000 - core[7c831bd917ebf35f]::panicking::assert_failed::<alloc[2fdc3f7464fcf288]::string::String, &str>
[INFO] [stdout]   13:     0x6496e23976ff - <extendible_hash[5267c963e32bac5a]::bucket_alt1::test::test_bucket_display_size_8::{closure#0} as core[7c831bd917ebf35f]::ops::function::FnOnce<()>>::call_once
[INFO] [stdout]   14:     0x6496e23a138b - test[73009c9f9aebf890]::__rust_begin_short_backtrace::<core[7c831bd917ebf35f]::result::Result<(), alloc[2fdc3f7464fcf288]::string::String>, fn() -> core[7c831bd917ebf35f]::result::Result<(), alloc[2fdc3f7464fcf288]::string::String>>
[INFO] [stdout]   15:     0x6496e23ae9f5 - test[73009c9f9aebf890]::run_test::{closure#0}
[INFO] [stdout]   16:     0x6496e23a7db4 - std[104cf6e2632825ea]::sys::backtrace::__rust_begin_short_backtrace::<test[73009c9f9aebf890]::run_test::{closure#1}, ()>
[INFO] [stdout]   17:     0x6496e23b1b52 - <std[104cf6e2632825ea]::thread::lifecycle::spawn_unchecked<test[73009c9f9aebf890]::run_test::{closure#1}, ()>::{closure#1} as core[7c831bd917ebf35f]::ops::function::FnOnce<()>>::call_once::{shim:vtable#0}
[INFO] [stdout]   18:     0x6496e2418da9 - <std[104cf6e2632825ea]::sys::thread::unix::Thread>::new::thread_start
[INFO] [stdout]   19:     0x777d3545407a - <unknown>
[INFO] [stdout]   20:     0x777d354e7534 - clone
[INFO] [stdout]   21:                0x0 - <unknown>
[INFO] [stdout] 
[INFO] [stdout] ---- bucket_alt1::test::test_serialize stdout ----
[INFO] [stdout] 
[INFO] [stdout] thread 'bucket_alt1::test::test_serialize' (653) panicked at src/bucket_alt1.rs:243:48:
[INFO] [stdout] called `Result::unwrap()` on an `Err` value: Os { code: 30, kind: ReadOnlyFilesystem, message: "Read-only file system" }
[INFO] [stdout] stack backtrace:
[INFO] [stdout]    0:     0x6496e24194d1 - <<std[104cf6e2632825ea]::sys::backtrace::BacktraceLock>::print::DisplayBacktrace as core[7c831bd917ebf35f]::fmt::Display>::fmt
[INFO] [stdout]    1:     0x6496e242d9ba - core[7c831bd917ebf35f]::fmt::write
[INFO] [stdout]    2:     0x6496e241d96c - <alloc[2fdc3f7464fcf288]::vec::Vec<u8> as core[7c831bd917ebf35f]::io::write::Write>::write_fmt
[INFO] [stdout]    3:     0x6496e23f5ab6 - std[104cf6e2632825ea]::panicking::default_hook::{closure#0}
[INFO] [stdout]    4:     0x6496e2411be9 - std[104cf6e2632825ea]::panicking::default_hook
[INFO] [stdout]    5:     0x6496e23ae0a0 - test[73009c9f9aebf890]::test_main_inner::<test[73009c9f9aebf890]::test_main_static::{closure#0}>::{closure#0}
[INFO] [stdout]    6:     0x6496e2411da2 - std[104cf6e2632825ea]::panicking::panic_with_hook
[INFO] [stdout]    7:     0x6496e23f5b62 - std[104cf6e2632825ea]::panicking::panic_handler::{closure#0}
[INFO] [stdout]    8:     0x6496e23ee509 - std[104cf6e2632825ea]::sys::backtrace::__rust_end_short_backtrace::<std[104cf6e2632825ea]::panicking::panic_handler::{closure#0}, !>
[INFO] [stdout]    9:     0x6496e23f675d - __rustc[b0d56fa5b193ad05]::rust_begin_unwind
[INFO] [stdout]   10:     0x6496e242e0ec - core[7c831bd917ebf35f]::panicking::panic_fmt
[INFO] [stdout]   11:     0x6496e242dec2 - core[7c831bd917ebf35f]::result::unwrap_failed
[INFO] [stdout]   12:     0x6496e239715a - <extendible_hash[5267c963e32bac5a]::bucket_alt1::test::test_serialize::{closure#0} as core[7c831bd917ebf35f]::ops::function::FnOnce<()>>::call_once
[INFO] [stdout]   13:     0x6496e23a138b - test[73009c9f9aebf890]::__rust_begin_short_backtrace::<core[7c831bd917ebf35f]::result::Result<(), alloc[2fdc3f7464fcf288]::string::String>, fn() -> core[7c831bd917ebf35f]::result::Result<(), alloc[2fdc3f7464fcf288]::string::String>>
[INFO] [stdout]   14:     0x6496e23ae9f5 - test[73009c9f9aebf890]::run_test::{closure#0}
[INFO] [stdout]   15:     0x6496e23a7db4 - std[104cf6e2632825ea]::sys::backtrace::__rust_begin_short_backtrace::<test[73009c9f9aebf890]::run_test::{closure#1}, ()>
[INFO] [stdout]   16:     0x6496e23b1b52 - <std[104cf6e2632825ea]::thread::lifecycle::spawn_unchecked<test[73009c9f9aebf890]::run_test::{closure#1}, ()>::{closure#1} as core[7c831bd917ebf35f]::ops::function::FnOnce<()>>::call_once::{shim:vtable#0}
[INFO] [stdout]   17:     0x6496e2418da9 - <std[104cf6e2632825ea]::sys::thread::unix::Thread>::new::thread_start
[INFO] [stdout]   18:     0x777d3545407a - <unknown>
[INFO] [stdout]   19:     0x777d354e7534 - clone
[INFO] [stdout]   20:                0x0 - <unknown>
[INFO] [stdout] 
[INFO] [stdout] ---- bucket_alt2::test::test_bucket_display_size_16 stdout ----
[INFO] [stdout] +---+
[INFO] [stdout] | 2 |
[INFO] [stdout] +---+---+---+---+---+---+---+---+---+---+---+---+---+---+---+---+
[INFO] [stdout] |   |   |   |   |   |   |   |   |   |   |   |   |   |   |   |   | A
[INFO] [stdout] +---+---+---+---+---+---+---+---+---+---+---+---+---+---+---+---+
[INFO] [stdout] 
[INFO] [stdout] thread 'bucket_alt2::test::test_bucket_display_size_16' (654) panicked at src/bucket_alt2.rs:245:9:
[INFO] [stdout] assertion `left == right` failed
[INFO] [stdout]   left: "+---+\n| 2 |\n+---+---+---+---+---+---+---+---+---+---+---+---+---+---+---+---+\n|   |   |   |   |   |   |   |   |   |   |   |   |   |   |   |   | A\n+---+---+---+---+---+---+---+---+---+---+---+---+---+---+---+---+"
[INFO] [stdout]  right: "_"
[INFO] [stdout] stack backtrace:
[INFO] [stdout]    0:     0x6496e24194d1 - <<std[104cf6e2632825ea]::sys::backtrace::BacktraceLock>::print::DisplayBacktrace as core[7c831bd917ebf35f]::fmt::Display>::fmt
[INFO] [stdout]    1:     0x6496e242d9ba - core[7c831bd917ebf35f]::fmt::write
[INFO] [stdout]    2:     0x6496e241d96c - <alloc[2fdc3f7464fcf288]::vec::Vec<u8> as core[7c831bd917ebf35f]::io::write::Write>::write_fmt
[INFO] [stdout]    3:     0x6496e23f5ab6 - std[104cf6e2632825ea]::panicking::default_hook::{closure#0}
[INFO] [stdout]    4:     0x6496e2411be9 - std[104cf6e2632825ea]::panicking::default_hook
[INFO] [stdout]    5:     0x6496e23ae0a0 - test[73009c9f9aebf890]::test_main_inner::<test[73009c9f9aebf890]::test_main_static::{closure#0}>::{closure#0}
[INFO] [stdout]    6:     0x6496e2411da2 - std[104cf6e2632825ea]::panicking::panic_with_hook
[INFO] [stdout]    7:     0x6496e23f5b62 - std[104cf6e2632825ea]::panicking::panic_handler::{closure#0}
[INFO] [stdout]    8:     0x6496e23ee509 - std[104cf6e2632825ea]::sys::backtrace::__rust_end_short_backtrace::<std[104cf6e2632825ea]::panicking::panic_handler::{closure#0}, !>
[INFO] [stdout]    9:     0x6496e23f675d - __rustc[b0d56fa5b193ad05]::rust_begin_unwind
[INFO] [stdout]   10:     0x6496e242e0ec - core[7c831bd917ebf35f]::panicking::panic_fmt
[INFO] [stdout]   11:     0x6496e242e003 - core[7c831bd917ebf35f]::panicking::assert_failed_inner
[INFO] [stdout]   12:     0x6496e2396000 - core[7c831bd917ebf35f]::panicking::assert_failed::<alloc[2fdc3f7464fcf288]::string::String, &str>
[INFO] [stdout]   13:     0x6496e23a02d5 - extendible_hash[5267c963e32bac5a]::bucket_alt2::test::test_bucket_display_size_16
[INFO] [stdout]   14:     0x6496e2397a29 - <extendible_hash[5267c963e32bac5a]::bucket_alt2::test::test_bucket_display_size_16::{closure#0} as core[7c831bd917ebf35f]::ops::function::FnOnce<()>>::call_once
[INFO] [stdout]   15:     0x6496e23a138b - test[73009c9f9aebf890]::__rust_begin_short_backtrace::<core[7c831bd917ebf35f]::result::Result<(), alloc[2fdc3f7464fcf288]::string::String>, fn() -> core[7c831bd917ebf35f]::result::Result<(), alloc[2fdc3f7464fcf288]::string::String>>
[INFO] [stdout]   16:     0x6496e23ae9f5 - test[73009c9f9aebf890]::run_test::{closure#0}
[INFO] [stdout]   17:     0x6496e23a7db4 - std[104cf6e2632825ea]::sys::backtrace::__rust_begin_short_backtrace::<test[73009c9f9aebf890]::run_test::{closure#1}, ()>
[INFO] [stdout]   18:     0x6496e23b1b52 - <std[104cf6e2632825ea]::thread::lifecycle::spawn_unchecked<test[73009c9f9aebf890]::run_test::{closure#1}, ()>::{closure#1} as core[7c831bd917ebf35f]::ops::function::FnOnce<()>>::call_once::{shim:vtable#0}
[INFO] [stdout]   19:     0x6496e2418da9 - <std[104cf6e2632825ea]::sys::thread::unix::Thread>::new::thread_start
[INFO] [stdout]   20:     0x777d3545407a - <unknown>
[INFO] [stdout]   21:     0x777d354e7534 - clone
[INFO] [stdout]   22:                0x0 - <unknown>
[INFO] [stdout] 
[INFO] [stdout] ---- bucket_alt2::test::test_bucket_display_size_4 stdout ----
[INFO] [stdout] +---+
[INFO] [stdout] | 2 |
[INFO] [stdout] +---+---+---+---+
[INFO] [stdout] |   |   |   |   | A
[INFO] [stdout] +---+---+---+---+
[INFO] [stdout] 
[INFO] [stdout] thread 'bucket_alt2::test::test_bucket_display_size_4' (655) panicked at src/bucket_alt2.rs:227:9:
[INFO] [stdout] assertion `left == right` failed
[INFO] [stdout]   left: "+---+\n| 2 |\n+---+---+---+---+\n|   |   |   |   | A\n+---+---+---+---+"
[INFO] [stdout]  right: "_"
[INFO] [stdout] stack backtrace:
[INFO] [stdout]    0:     0x6496e24194d1 - <<std[104cf6e2632825ea]::sys::backtrace::BacktraceLock>::print::DisplayBacktrace as core[7c831bd917ebf35f]::fmt::Display>::fmt
[INFO] [stdout]    1:     0x6496e242d9ba - core[7c831bd917ebf35f]::fmt::write
[INFO] [stdout]    2:     0x6496e241d96c - <alloc[2fdc3f7464fcf288]::vec::Vec<u8> as core[7c831bd917ebf35f]::io::write::Write>::write_fmt
[INFO] [stdout]    3:     0x6496e23f5ab6 - std[104cf6e2632825ea]::panicking::default_hook::{closure#0}
[INFO] [stdout]    4:     0x6496e2411be9 - std[104cf6e2632825ea]::panicking::default_hook
[INFO] [stdout]    5:     0x6496e23ae0a0 - test[73009c9f9aebf890]::test_main_inner::<test[73009c9f9aebf890]::test_main_static::{closure#0}>::{closure#0}
[INFO] [stdout]    6:     0x6496e2411da2 - std[104cf6e2632825ea]::panicking::panic_with_hook
[INFO] [stdout]    7:     0x6496e23f5b62 - std[104cf6e2632825ea]::panicking::panic_handler::{closure#0}
[INFO] [stdout]    8:     0x6496e23ee509 - std[104cf6e2632825ea]::sys::backtrace::__rust_end_short_backtrace::<std[104cf6e2632825ea]::panicking::panic_handler::{closure#0}, !>
[INFO] [stdout]    9:     0x6496e23f675d - __rustc[b0d56fa5b193ad05]::rust_begin_unwind
[INFO] [stdout]   10:     0x6496e242e0ec - core[7c831bd917ebf35f]::panicking::panic_fmt
[INFO] [stdout]   11:     0x6496e242e003 - core[7c831bd917ebf35f]::panicking::assert_failed_inner
[INFO] [stdout]   12:     0x6496e2396000 - core[7c831bd917ebf35f]::panicking::assert_failed::<alloc[2fdc3f7464fcf288]::string::String, &str>
[INFO] [stdout]   13:     0x6496e239fe75 - extendible_hash[5267c963e32bac5a]::bucket_alt2::test::test_bucket_display_size_4
[INFO] [stdout]   14:     0x6496e23979e9 - <extendible_hash[5267c963e32bac5a]::bucket_alt2::test::test_bucket_display_size_4::{closure#0} as core[7c831bd917ebf35f]::ops::function::FnOnce<()>>::call_once
[INFO] [stdout]   15:     0x6496e23a138b - test[73009c9f9aebf890]::__rust_begin_short_backtrace::<core[7c831bd917ebf35f]::result::Result<(), alloc[2fdc3f7464fcf288]::string::String>, fn() -> core[7c831bd917ebf35f]::result::Result<(), alloc[2fdc3f7464fcf288]::string::String>>
[INFO] [stdout]   16:     0x6496e23ae9f5 - test[73009c9f9aebf890]::run_test::{closure#0}
[INFO] [stdout]   17:     0x6496e23a7db4 - std[104cf6e2632825ea]::sys::backtrace::__rust_begin_short_backtrace::<test[73009c9f9aebf890]::run_test::{closure#1}, ()>
[INFO] [stdout]   18:     0x6496e23b1b52 - <std[104cf6e2632825ea]::thread::lifecycle::spawn_unchecked<test[73009c9f9aebf890]::run_test::{closure#1}, ()>::{closure#1} as core[7c831bd917ebf35f]::ops::function::FnOnce<()>>::call_once::{shim:vtable#0}
[INFO] [stdout]   19:     0x6496e2418da9 - <std[104cf6e2632825ea]::sys::thread::unix::Thread>::new::thread_start
[INFO] [stdout]   20:     0x777d3545407a - <unknown>
[INFO] [stdout]   21:     0x777d354e7534 - clone
[INFO] [stdout]   22:                0x0 - <unknown>
[INFO] [stdout] 
[INFO] [stdout] ---- bucket_alt2::test::test_bucket_display_size_8 stdout ----
[INFO] [stdout] +---+
[INFO] [stdout] | 2 |
[INFO] [stdout] +---+---+---+---+---+---+---+---+
[INFO] [stdout] |   |   |   |   |   |   |   |   | A
[INFO] [stdout] +---+---+---+---+---+---+---+---+
[INFO] [stdout] 
[INFO] [stdout] thread 'bucket_alt2::test::test_bucket_display_size_8' (656) panicked at src/bucket_alt2.rs:236:9:
[INFO] [stdout] assertion `left == right` failed
[INFO] [stdout]   left: "+---+\n| 2 |\n+---+---+---+---+---+---+---+---+\n|   |   |   |   |   |   |   |   | A\n+---+---+---+---+---+---+---+---+"
[INFO] [stdout]  right: "_"
[INFO] [stdout] stack backtrace:
[INFO] [stdout]    0:     0x6496e24194d1 - <<std[104cf6e2632825ea]::sys::backtrace::BacktraceLock>::print::DisplayBacktrace as core[7c831bd917ebf35f]::fmt::Display>::fmt
[INFO] [stdout]    1:     0x6496e242d9ba - core[7c831bd917ebf35f]::fmt::write
[INFO] [stdout]    2:     0x6496e241d96c - <alloc[2fdc3f7464fcf288]::vec::Vec<u8> as core[7c831bd917ebf35f]::io::write::Write>::write_fmt
[INFO] [stdout]    3:     0x6496e23f5ab6 - std[104cf6e2632825ea]::panicking::default_hook::{closure#0}
[INFO] [stdout]    4:     0x6496e2411be9 - std[104cf6e2632825ea]::panicking::default_hook
[INFO] [stdout]    5:     0x6496e23ae0a0 - test[73009c9f9aebf890]::test_main_inner::<test[73009c9f9aebf890]::test_main_static::{closure#0}>::{closure#0}
[INFO] [stdout]    6:     0x6496e2411da2 - std[104cf6e2632825ea]::panicking::panic_with_hook
[INFO] [stdout]    7:     0x6496e23f5b62 - std[104cf6e2632825ea]::panicking::panic_handler::{closure#0}
[INFO] [stdout]    8:     0x6496e23ee509 - std[104cf6e2632825ea]::sys::backtrace::__rust_end_short_backtrace::<std[104cf6e2632825ea]::panicking::panic_handler::{closure#0}, !>
[INFO] [stdout]    9:     0x6496e23f675d - __rustc[b0d56fa5b193ad05]::rust_begin_unwind
[INFO] [stdout]   10:     0x6496e242e0ec - core[7c831bd917ebf35f]::panicking::panic_fmt
[INFO] [stdout]   11:     0x6496e242e003 - core[7c831bd917ebf35f]::panicking::assert_failed_inner
[INFO] [stdout]   12:     0x6496e2396000 - core[7c831bd917ebf35f]::panicking::assert_failed::<alloc[2fdc3f7464fcf288]::string::String, &str>
[INFO] [stdout]   13:     0x6496e23a00a5 - extendible_hash[5267c963e32bac5a]::bucket_alt2::test::test_bucket_display_size_8
[INFO] [stdout]   14:     0x6496e2397a09 - <extendible_hash[5267c963e32bac5a]::bucket_alt2::test::test_bucket_display_size_8::{closure#0} as core[7c831bd917ebf35f]::ops::function::FnOnce<()>>::call_once
[INFO] [stdout]   15:     0x6496e23a138b - test[73009c9f9aebf890]::__rust_begin_short_backtrace::<core[7c831bd917ebf35f]::result::Result<(), alloc[2fdc3f7464fcf288]::string::String>, fn() -> core[7c831bd917ebf35f]::result::Result<(), alloc[2fdc3f7464fcf288]::string::String>>
[INFO] [stdout]   16:     0x6496e23ae9f5 - test[73009c9f9aebf890]::run_test::{closure#0}
[INFO] [stdout]   17:     0x6496e23a7db4 - std[104cf6e2632825ea]::sys::backtrace::__rust_begin_short_backtrace::<test[73009c9f9aebf890]::run_test::{closure#1}, ()>
[INFO] [stdout]   18:     0x6496e23b1b52 - <std[104cf6e2632825ea]::thread::lifecycle::spawn_unchecked<test[73009c9f9aebf890]::run_test::{closure#1}, ()>::{closure#1} as core[7c831bd917ebf35f]::ops::function::FnOnce<()>>::call_once::{shim:vtable#0}
[INFO] [stdout]   19:     0x6496e2418da9 - <std[104cf6e2632825ea]::sys::thread::unix::Thread>::new::thread_start
[INFO] [stdout]   20:     0x777d3545407a - <unknown>
[INFO] [stdout]   21:     0x777d354e7534 - clone
[INFO] [stdout]   22:                0x0 - <unknown>
[INFO] [stdout] 
[INFO] [stdout] ---- hash_alt1::test::test_deserialize stdout ----
[INFO] [stdout] 
[INFO] [stdout] thread 'hash_alt1::test::test_deserialize' (657) panicked at src/hash_alt1.rs:423:45:
[INFO] [stdout] called `Result::unwrap()` on an `Err` value: Os { code: 2, kind: NotFound, message: "No such file or directory" }
[INFO] [stdout] stack backtrace:
[INFO] [stdout]    0:     0x6496e24194d1 - <<std[104cf6e2632825ea]::sys::backtrace::BacktraceLock>::print::DisplayBacktrace as core[7c831bd917ebf35f]::fmt::Display>::fmt
[INFO] [stdout]    1:     0x6496e242d9ba - core[7c831bd917ebf35f]::fmt::write
[INFO] [stdout]    2:     0x6496e241d96c - <alloc[2fdc3f7464fcf288]::vec::Vec<u8> as core[7c831bd917ebf35f]::io::write::Write>::write_fmt
[INFO] [stdout]    3:     0x6496e23f5ab6 - std[104cf6e2632825ea]::panicking::default_hook::{closure#0}
[INFO] [stdout]    4:     0x6496e2411be9 - std[104cf6e2632825ea]::panicking::default_hook
[INFO] [stdout]    5:     0x6496e23ae0a0 - test[73009c9f9aebf890]::test_main_inner::<test[73009c9f9aebf890]::test_main_static::{closure#0}>::{closure#0}
[INFO] [stdout]    6:     0x6496e2411da2 - std[104cf6e2632825ea]::panicking::panic_with_hook
[INFO] [stdout]    7:     0x6496e23f5b62 - std[104cf6e2632825ea]::panicking::panic_handler::{closure#0}
[INFO] [stdout]    8:     0x6496e23ee509 - std[104cf6e2632825ea]::sys::backtrace::__rust_end_short_backtrace::<std[104cf6e2632825ea]::panicking::panic_handler::{closure#0}, !>
[INFO] [stdout]    9:     0x6496e23f675d - __rustc[b0d56fa5b193ad05]::rust_begin_unwind
[INFO] [stdout]   10:     0x6496e242e0ec - core[7c831bd917ebf35f]::panicking::panic_fmt
[INFO] [stdout]   11:     0x6496e242dec2 - core[7c831bd917ebf35f]::result::unwrap_failed
[INFO] [stdout]   12:     0x6496e239b546 - extendible_hash[5267c963e32bac5a]::hash_alt1::test::test_deserialize
[INFO] [stdout]   13:     0x6496e2397a89 - <extendible_hash[5267c963e32bac5a]::hash_alt1::test::test_deserialize::{closure#0} as core[7c831bd917ebf35f]::ops::function::FnOnce<()>>::call_once
[INFO] [stdout]   14:     0x6496e23a138b - test[73009c9f9aebf890]::__rust_begin_short_backtrace::<core[7c831bd917ebf35f]::result::Result<(), alloc[2fdc3f7464fcf288]::string::String>, fn() -> core[7c831bd917ebf35f]::result::Result<(), alloc[2fdc3f7464fcf288]::string::String>>
[INFO] [stdout]   15:     0x6496e23ae9f5 - test[73009c9f9aebf890]::run_test::{closure#0}
[INFO] [stdout]   16:     0x6496e23a7db4 - std[104cf6e2632825ea]::sys::backtrace::__rust_begin_short_backtrace::<test[73009c9f9aebf890]::run_test::{closure#1}, ()>
[INFO] [stdout]   17:     0x6496e23b1b52 - <std[104cf6e2632825ea]::thread::lifecycle::spawn_unchecked<test[73009c9f9aebf890]::run_test::{closure#1}, ()>::{closure#1} as core[7c831bd917ebf35f]::ops::function::FnOnce<()>>::call_once::{shim:vtable#0}
[INFO] [stdout]   18:     0x6496e2418da9 - <std[104cf6e2632825ea]::sys::thread::unix::Thread>::new::thread_start
[INFO] [stdout]   19:     0x777d3545407a - <unknown>
[INFO] [stdout]   20:     0x777d354e7534 - clone
[INFO] [stdout]   21:                0x0 - <unknown>
[INFO] [stdout] 
[INFO] [stdout] ---- hash_alt1::test::test_insert_global_depth_2 stdout ----
[INFO] [stdout]     +---+      +---+
[INFO] [stdout]     | 2 |      | 2 |
[INFO] [stdout]     +---+---+  +---+---+---+---+
[INFO] [stdout]  00 |   A   |  |   |   |   |   | A
[INFO] [stdout]     +-------+  +---+---+---+---+
[INFO] [stdout]  01 |   B   |  
[INFO] [stdout]     +-------+  +---+
[INFO] [stdout]  10 |   C   |  | 2 |
[INFO] [stdout]     +-------+  +---+---+---+---+
[INFO] [stdout]  11 |   D   |  |   |   |   |   | B
[INFO] [stdout]     +-------+  +---+---+---+---+
[INFO] [stdout]                
[INFO] [stdout]                +---+
[INFO] [stdout]                | 2 |
[INFO] [stdout]                +---+---+---+---+
[INFO] [stdout]                |   |   |   |   | C
[INFO] [stdout]                +---+---+---+---+
[INFO] [stdout]                
[INFO] [stdout]                +---+
[INFO] [stdout]                | 2 |
[INFO] [stdout]                +---+---+---+---+
[INFO] [stdout]                |   |   |   |   | D
[INFO] [stdout]                +---+---+---+---+
[INFO] [stdout]                
[INFO] [stdout] 
[INFO] [stdout] 
[INFO] [stdout]      +---+      +---+
[INFO] [stdout]      | 3 |      | 2 |
[INFO] [stdout]      +---+---+  +---+---+---+---+
[INFO] [stdout]  000 |   A   |  |   |   |   |   | A
[INFO] [stdout]      +-------+  +---+---+---+---+
[INFO] [stdout]  001 |   B   |  
[INFO] [stdout]      +-------+  +---+
[INFO] [stdout]  010 |   C   |  | 2 |
[INFO] [stdout]      +-------+  +---+---+---+---+
[INFO] [stdout]  011 |   D   |  |   |   |   |   | B
[INFO] [stdout]      +-------+  +---+---+---+---+
[INFO] [stdout]  100 |   A   |  
[INFO] [stdout]      +-------+  +---+
[INFO] [stdout]  101 |   B   |  | 3 |
[INFO] [stdout]      +-------+  +---+---+---+---+
[INFO] [stdout]  110 |   E   |  | 2 |10 |98 |   | C
[INFO] [stdout]      +-------+  +---+---+---+---+
[INFO] [stdout]  111 |   D   |  
[INFO] [stdout]      +-------+  +---+
[INFO] [stdout]                 | 2 |
[INFO] [stdout]                 +---+---+---+---+
[INFO] [stdout]                 |   |   |   |   | D
[INFO] [stdout]                 +---+---+---+---+
[INFO] [stdout]                 
[INFO] [stdout]                 +---+
[INFO] [stdout]                 | 3 |
[INFO] [stdout]                 +---+---+---+---+
[INFO] [stdout]                 |102|118|   |   | E
[INFO] [stdout]                 +---+---+---+---+
[INFO] [stdout]                 
[INFO] [stdout] 
[INFO] [stdout] 
[INFO] [stdout]      +---+      +---+
[INFO] [stdout]      | 3 |      | 3 |
[INFO] [stdout]      +---+---+  +---+---+---+---+
[INFO] [stdout]  000 |   A   |  | 0 |24 |   |   | A
[INFO] [stdout]      +-------+  +---+---+---+---+
[INFO] [stdout]  001 |   B   |  
[INFO] [stdout]      +-------+  +---+
[INFO] [stdout]  010 |   C   |  | 2 |
[INFO] [stdout]      +-------+  +---+---+---+---+
[INFO] [stdout]  011 |   D   |  |   |   |   |   | B
[INFO] [stdout]      +-------+  +---+---+---+---+
[INFO] [stdout]  100 |   F   |  
[INFO] [stdout]      +-------+  +---+
[INFO] [stdout]  101 |   B   |  | 3 |
[INFO] [stdout]      +-------+  +---+---+---+---+
[INFO] [stdout]  110 |   E   |  | 2 |10 |98 |   | C
[INFO] [stdout]      +-------+  +---+---+---+---+
[INFO] [stdout]  111 |   D   |  
[INFO] [stdout]      +-------+  +---+
[INFO] [stdout]                 | 2 |
[INFO] [stdout]                 +---+---+---+---+
[INFO] [stdout]                 |   |   |   |   | D
[INFO] [stdout]                 +---+---+---+---+
[INFO] [stdout]                 
[INFO] [stdout]                 +---+
[INFO] [stdout]                 | 3 |
[INFO] [stdout]                 +---+---+---+---+
[INFO] [stdout]                 |102|118|   |   | E
[INFO] [stdout]                 +---+---+---+---+
[INFO] [stdout]                 
[INFO] [stdout]                 +---+
[INFO] [stdout]                 | 3 |
[INFO] [stdout]                 +---+---+---+---+
[INFO] [stdout]                 | 4 |12 |20 |   | F
[INFO] [stdout]                 +---+---+---+---+
[INFO] [stdout]                 
[INFO] [stdout] 
[INFO] [stdout] 
[INFO] [stdout] 
[INFO] [stdout] thread 'hash_alt1::test::test_insert_global_depth_2' (664) panicked at src/hash_alt1.rs:369:9:
[INFO] [stdout] assertion `left == right` failed
[INFO] [stdout]   left: Record { nseq: 0, text: "Lorem ipsum dolor sit amet, consectetur adipiscing elit. Duis quis fringilla diam. Duis in est." }
[INFO] [stdout]  right: Record { nseq: 0, text: "Lorem ipsum dolor sit amet, consectetur adipiscing elit. Duis quis fringilla diam. Duis in est.\0" }
[INFO] [stdout] stack backtrace:
[INFO] [stdout]    0:     0x6496e24194d1 - <<std[104cf6e2632825ea]::sys::backtrace::BacktraceLock>::print::DisplayBacktrace as core[7c831bd917ebf35f]::fmt::Display>::fmt
[INFO] [stdout]    1:     0x6496e242d9ba - core[7c831bd917ebf35f]::fmt::write
[INFO] [stdout]    2:     0x6496e241d96c - <alloc[2fdc3f7464fcf288]::vec::Vec<u8> as core[7c831bd917ebf35f]::io::write::Write>::write_fmt
[INFO] [stdout]    3:     0x6496e23f5ab6 - std[104cf6e2632825ea]::panicking::default_hook::{closure#0}
[INFO] [stdout]    4:     0x6496e2411be9 - std[104cf6e2632825ea]::panicking::default_hook
[INFO] [stdout]    5:     0x6496e23ae0a0 - test[73009c9f9aebf890]::test_main_inner::<test[73009c9f9aebf890]::test_main_static::{closure#0}>::{closure#0}
[INFO] [stdout]    6:     0x6496e2411da2 - std[104cf6e2632825ea]::panicking::panic_with_hook
[INFO] [stdout]    7:     0x6496e23f5b62 - std[104cf6e2632825ea]::panicking::panic_handler::{closure#0}
[INFO] [stdout]    8:     0x6496e23ee509 - std[104cf6e2632825ea]::sys::backtrace::__rust_end_short_backtrace::<std[104cf6e2632825ea]::panicking::panic_handler::{closure#0}, !>
[INFO] [stdout]    9:     0x6496e23f675d - __rustc[b0d56fa5b193ad05]::rust_begin_unwind
[INFO] [stdout]   10:     0x6496e242e0ec - core[7c831bd917ebf35f]::panicking::panic_fmt
[INFO] [stdout]   11:     0x6496e242e003 - core[7c831bd917ebf35f]::panicking::assert_failed_inner
[INFO] [stdout]   12:     0x6496e2396033 - core[7c831bd917ebf35f]::panicking::assert_failed::<extendible_hash[5267c963e32bac5a]::record::Record, extendible_hash[5267c963e32bac5a]::record::Record>
[INFO] [stdout]   13:     0x6496e239c661 - extendible_hash[5267c963e32bac5a]::hash_alt1::test::test_insert_global_depth_2
[INFO] [stdout]   14:     0x6496e2397b09 - <extendible_hash[5267c963e32bac5a]::hash_alt1::test::test_insert_global_depth_2::{closure#0} as core[7c831bd917ebf35f]::ops::function::FnOnce<()>>::call_once
[INFO] [stdout]   15:     0x6496e23a138b - test[73009c9f9aebf890]::__rust_begin_short_backtrace::<core[7c831bd917ebf35f]::result::Result<(), alloc[2fdc3f7464fcf288]::string::String>, fn() -> core[7c831bd917ebf35f]::result::Result<(), alloc[2fdc3f7464fcf288]::string::String>>
[INFO] [stdout]   16:     0x6496e23ae9f5 - test[73009c9f9aebf890]::run_test::{closure#0}
[INFO] [stdout]   17:     0x6496e23a7db4 - std[104cf6e2632825ea]::sys::backtrace::__rust_begin_short_backtrace::<test[73009c9f9aebf890]::run_test::{closure#1}, ()>
[INFO] [stdout]   18:     0x6496e23b1b52 - <std[104cf6e2632825ea]::thread::lifecycle::spawn_unchecked<test[73009c9f9aebf890]::run_test::{closure#1}, ()>::{closure#1} as core[7c831bd917ebf35f]::ops::function::FnOnce<()>>::call_once::{shim:vtable#0}
[INFO] [stdout]   19:     0x6496e2418da9 - <std[104cf6e2632825ea]::sys::thread::unix::Thread>::new::thread_start
[INFO] [stdout]   20:     0x777d3545407a - <unknown>
[INFO] [stdout]   21:     0x777d354e7534 - clone
[INFO] [stdout]   22:                0x0 - <unknown>
[INFO] [stdout] 
[INFO] [stdout] ---- hash_alt1::test::test_serialize_hash stdout ----
[INFO] [stdout] 
[INFO] [stdout] thread 'hash_alt1::test::test_serialize_hash' (666) panicked at src/hash_alt1.rs:415:50:
[INFO] [stdout] called `Result::unwrap()` on an `Err` value: Os { code: 30, kind: ReadOnlyFilesystem, message: "Read-only file system" }
[INFO] [stdout] stack backtrace:
[INFO] [stdout]    0:     0x6496e24194d1 - <<std[104cf6e2632825ea]::sys::backtrace::BacktraceLock>::print::DisplayBacktrace as core[7c831bd917ebf35f]::fmt::Display>::fmt
[INFO] [stdout]    1:     0x6496e242d9ba - core[7c831bd917ebf35f]::fmt::write
[INFO] [stdout]    2:     0x6496e241d96c - <alloc[2fdc3f7464fcf288]::vec::Vec<u8> as core[7c831bd917ebf35f]::io::write::Write>::write_fmt
[INFO] [stdout]    3:     0x6496e23f5ab6 - std[104cf6e2632825ea]::panicking::default_hook::{closure#0}
[INFO] [stdout]    4:     0x6496e2411be9 - std[104cf6e2632825ea]::panicking::default_hook
[INFO] [stdout]    5:     0x6496e23ae0a0 - test[73009c9f9aebf890]::test_main_inner::<test[73009c9f9aebf890]::test_main_static::{closure#0}>::{closure#0}
[INFO] [stdout]    6:     0x6496e2411da2 - std[104cf6e2632825ea]::panicking::panic_with_hook
[INFO] [stdout]    7:     0x6496e23f5b62 - std[104cf6e2632825ea]::panicking::panic_handler::{closure#0}
[INFO] [stdout]    8:     0x6496e23ee509 - std[104cf6e2632825ea]::sys::backtrace::__rust_end_short_backtrace::<std[104cf6e2632825ea]::panicking::panic_handler::{closure#0}, !>
[INFO] [stdout]    9:     0x6496e23f675d - __rustc[b0d56fa5b193ad05]::rust_begin_unwind
[INFO] [stdout]   10:     0x6496e242e0ec - core[7c831bd917ebf35f]::panicking::panic_fmt
[INFO] [stdout]   11:     0x6496e242dec2 - core[7c831bd917ebf35f]::result::unwrap_failed
[INFO] [stdout]   12:     0x6496e239b8cc - extendible_hash[5267c963e32bac5a]::hash_alt1::test::test_serialize_hash
[INFO] [stdout]   13:     0x6496e2397aa9 - <extendible_hash[5267c963e32bac5a]::hash_alt1::test::test_serialize_hash::{closure#0} as core[7c831bd917ebf35f]::ops::function::FnOnce<()>>::call_once
[INFO] [stdout]   14:     0x6496e23a138b - test[73009c9f9aebf890]::__rust_begin_short_backtrace::<core[7c831bd917ebf35f]::result::Result<(), alloc[2fdc3f7464fcf288]::string::String>, fn() -> core[7c831bd917ebf35f]::result::Result<(), alloc[2fdc3f7464fcf288]::string::String>>
[INFO] [stdout]   15:     0x6496e23ae9f5 - test[73009c9f9aebf890]::run_test::{closure#0}
[INFO] [stdout]   16:     0x6496e23a7db4 - std[104cf6e2632825ea]::sys::backtrace::__rust_begin_short_backtrace::<test[73009c9f9aebf890]::run_test::{closure#1}, ()>
[INFO] [stdout]   17:     0x6496e23b1b52 - <std[104cf6e2632825ea]::thread::lifecycle::spawn_unchecked<test[73009c9f9aebf890]::run_test::{closure#1}, ()>::{closure#1} as core[7c831bd917ebf35f]::ops::function::FnOnce<()>>::call_once::{shim:vtable#0}
[INFO] [stdout]   18:     0x6496e2418da9 - <std[104cf6e2632825ea]::sys::thread::unix::Thread>::new::thread_start
[INFO] [stdout]   19:     0x777d3545407a - <unknown>
[INFO] [stdout]   20:     0x777d354e7534 - clone
[INFO] [stdout]   21:                0x0 - <unknown>
[INFO] [stdout] 
[INFO] [stdout] ---- hash_alt2::test::test_deserialize stdout ----
[INFO] [stdout] 
[INFO] [stdout] thread 'hash_alt2::test::test_deserialize' (667) panicked at src/hash_alt2.rs:403:45:
[INFO] [stdout] called `Result::unwrap()` on an `Err` value: Os { code: 2, kind: NotFound, message: "No such file or directory" }
[INFO] [stdout] stack backtrace:
[INFO] [stdout]    0:     0x6496e24194d1 - <<std[104cf6e2632825ea]::sys::backtrace::BacktraceLock>::print::DisplayBacktrace as core[7c831bd917ebf35f]::fmt::Display>::fmt
[INFO] [stdout]    1:     0x6496e242d9ba - core[7c831bd917ebf35f]::fmt::write
[INFO] [stdout]    2:     0x6496e241d96c - <alloc[2fdc3f7464fcf288]::vec::Vec<u8> as core[7c831bd917ebf35f]::io::write::Write>::write_fmt
[INFO] [stdout]    3:     0x6496e23f5ab6 - std[104cf6e2632825ea]::panicking::default_hook::{closure#0}
[INFO] [stdout]    4:     0x6496e2411be9 - std[104cf6e2632825ea]::panicking::default_hook
[INFO] [stdout]    5:     0x6496e23ae0a0 - test[73009c9f9aebf890]::test_main_inner::<test[73009c9f9aebf890]::test_main_static::{closure#0}>::{closure#0}
[INFO] [stdout]    6:     0x6496e2411da2 - std[104cf6e2632825ea]::panicking::panic_with_hook
[INFO] [stdout]    7:     0x6496e23f5b62 - std[104cf6e2632825ea]::panicking::panic_handler::{closure#0}
[INFO] [stdout]    8:     0x6496e23ee509 - std[104cf6e2632825ea]::sys::backtrace::__rust_end_short_backtrace::<std[104cf6e2632825ea]::panicking::panic_handler::{closure#0}, !>
[INFO] [stdout]    9:     0x6496e23f675d - __rustc[b0d56fa5b193ad05]::rust_begin_unwind
[INFO] [stdout]   10:     0x6496e242e0ec - core[7c831bd917ebf35f]::panicking::panic_fmt
[INFO] [stdout]   11:     0x6496e242dec2 - core[7c831bd917ebf35f]::result::unwrap_failed
[INFO] [stdout]   12:     0x6496e23a0546 - extendible_hash[5267c963e32bac5a]::hash_alt2::test::test_deserialize
[INFO] [stdout]   13:     0x6496e2397bc9 - <extendible_hash[5267c963e32bac5a]::hash_alt2::test::test_deserialize::{closure#0} as core[7c831bd917ebf35f]::ops::function::FnOnce<()>>::call_once
[INFO] [stdout]   14:     0x6496e23a138b - test[73009c9f9aebf890]::__rust_begin_short_backtrace::<core[7c831bd917ebf35f]::result::Result<(), alloc[2fdc3f7464fcf288]::string::String>, fn() -> core[7c831bd917ebf35f]::result::Result<(), alloc[2fdc3f7464fcf288]::string::String>>
[INFO] [stdout]   15:     0x6496e23ae9f5 - test[73009c9f9aebf890]::run_test::{closure#0}
[INFO] [stdout]   16:     0x6496e23a7db4 - std[104cf6e2632825ea]::sys::backtrace::__rust_begin_short_backtrace::<test[73009c9f9aebf890]::run_test::{closure#1}, ()>
[INFO] [stdout]   17:     0x6496e23b1b52 - <std[104cf6e2632825ea]::thread::lifecycle::spawn_unchecked<test[73009c9f9aebf890]::run_test::{closure#1}, ()>::{closure#1} as core[7c831bd917ebf35f]::ops::function::FnOnce<()>>::call_once::{shim:vtable#0}
[INFO] [stdout]   18:     0x6496e2418da9 - <std[104cf6e2632825ea]::sys::thread::unix::Thread>::new::thread_start
[INFO] [stdout]   19:     0x777d3545407a - <unknown>
[INFO] [stdout]   20:     0x777d354e7534 - clone
[INFO] [stdout]   21:                0x0 - <unknown>
[INFO] [stdout] 
[INFO] [stdout] 
[INFO] [stdout] failures:
[INFO] [stdout]     bucket_alt1::test::test_bucket_display_size_16
[INFO] [stdout]     bucket_alt1::test::test_bucket_display_size_4
[INFO] [stdout]     bucket_alt1::test::test_bucket_display_size_8
[INFO] [stdout]     bucket_alt1::test::test_serialize
[INFO] [stdout]     bucket_alt2::test::test_bucket_display_size_16
[INFO] [stdout]     bucket_alt2::test::test_bucket_display_size_4
[INFO] [stdout]     bucket_alt2::test::test_bucket_display_size_8
[INFO] [stdout]     hash_alt1::test::test_deserialize
[INFO] [stdout]     hash_alt1::test::test_insert_global_depth_2
[INFO] [stdout]     hash_alt1::test::test_serialize_hash
[INFO] [stdout]     hash_alt2::test::test_deserialize
[INFO] [stdout] 
[INFO] [stdout] test result: FAILED. 13 passed; 11 failed; 0 ignored; 0 measured; 0 filtered out; finished in 0.00s
[INFO] [stdout] 
[INFO] running `Command { std: "docker" "inspect" "a1c5349da3e811d7e20f4f1a4a38f0af0c0490af018248896f607e60d99c15d3", kill_on_drop: false }`
[INFO] running `Command { std: "docker" "rm" "-f" "a1c5349da3e811d7e20f4f1a4a38f0af0c0490af018248896f607e60d99c15d3", kill_on_drop: false }`
[INFO] [stdout] a1c5349da3e811d7e20f4f1a4a38f0af0c0490af018248896f607e60d99c15d3
