[INFO] cloning repository https://github.com/las7/weight-inspect
[INFO] running `Command { std: "git" "-c" "credential.helper=" "-c" "credential.helper=/workspace/cargo-home/bin/git-credential-null" "clone" "--bare" "https://github.com/las7/weight-inspect" "/workspace/cache/git-repos/https%3A%2F%2Fgithub.com%2Flas7%2Fweight-inspect", kill_on_drop: false }`
[INFO] [stderr] Cloning into bare repository '/workspace/cache/git-repos/https%3A%2F%2Fgithub.com%2Flas7%2Fweight-inspect'...
[INFO] running `Command { std: "git" "rev-parse" "HEAD", kill_on_drop: false }`
[INFO] [stdout] 7e164588b9c7444d4019dda1e3fe0f3481a2f018
[INFO] testing las7/weight-inspect against 1.98.0-beta.8+cargoflags=--release for beta-release-1.99-2
[INFO] running `Command { std: "git" "clone" "/workspace/cache/git-repos/https%3A%2F%2Fgithub.com%2Flas7%2Fweight-inspect" "/workspace/builds/worker-4-tc1/source", kill_on_drop: false }`
[INFO] [stderr] Cloning into '/workspace/builds/worker-4-tc1/source'...
[INFO] [stderr] done.
[INFO] started tweaking git repo https://github.com/las7/weight-inspect
[INFO] finished tweaking git repo https://github.com/las7/weight-inspect
[INFO] tweaked toml for git repo https://github.com/las7/weight-inspect written to /workspace/builds/worker-4-tc1/source/Cargo.toml
[INFO] validating manifest of git repo https://github.com/las7/weight-inspect on toolchain 1.98.0-beta.8
[INFO] running `Command { std: CARGO_HOME="/workspace/cargo-home" RUSTUP_HOME="/workspace/rustup-home" "/workspace/cargo-home/bin/cargo" "+1.98.0-beta.8" "metadata" "--manifest-path" "Cargo.toml" "--no-deps", kill_on_drop: false }`
[INFO] crate git repo https://github.com/las7/weight-inspect already has a lockfile, it will not be regenerated
[INFO] running `Command { std: CARGO_HOME="/workspace/cargo-home" RUSTUP_HOME="/workspace/rustup-home" "/workspace/cargo-home/bin/cargo" "+1.98.0-beta.8" "fetch" "--manifest-path" "Cargo.toml", kill_on_drop: false }`
[INFO] [stderr]     Updating crates.io index
[INFO] [stderr]  Downloading crates ...
[INFO] [stderr]   Downloaded quote v1.0.44
[INFO] [stderr]   Downloaded getrandom v0.4.1
[INFO] [stderr]   Downloaded rand_xorshift v0.4.0
[INFO] [stderr]   Downloaded prost-build v0.12.6
[INFO] [stderr]   Downloaded unarray v0.1.4
[INFO] [stderr]   Downloaded rusty-fork v0.3.1
[INFO] [stderr]   Downloaded prost-derive v0.12.6
[INFO] [stderr]   Downloaded prost v0.12.6
[INFO] [stderr]   Downloaded wait-timeout v0.2.1
[INFO] [stderr]   Downloaded prost-types v0.12.6
[INFO] [stderr]   Downloaded anyhow v1.0.101
[INFO] [stderr]   Downloaded clap v4.5.59
[INFO] [stderr]   Downloaded zerocopy-derive v0.8.39
[INFO] [stderr]   Downloaded clap_builder v4.5.59
[INFO] [stderr]   Downloaded proptest v1.10.0
[INFO] [stderr]   Downloaded zerocopy v0.8.39
[INFO] [stderr]   Downloaded syn v2.0.116
[INFO] [stderr]   Downloaded petgraph v0.6.5
[INFO] running `Command { std: "docker" "create" "-v" "/var/lib/crater-agent-workspace/builds/worker-4-tc1/source:/opt/rustwide/workdir:ro,Z" "-v" "/var/lib/crater-agent-workspace/builds/worker-4-tc1/target:/opt/rustwide/target:rw,Z" "-v" "/var/lib/crater-agent-workspace/cargo-home:/opt/rustwide/cargo-home:ro,Z" "-v" "/var/lib/crater-agent-workspace/rustup-home:/opt/rustwide/rustup-home:ro,Z" "-m" "1610612736" "--network" "none" "ghcr.io/rust-lang/crates-build-env/linux@sha256:8683fc1fc2eb5c9ac98e0d076ab094b2ffac7f99da555d2b6a2e27f346de2ec7" "sleep" "infinity", kill_on_drop: false }`
[INFO] [stdout] c213e71aa3549ce1f8d6f0f18b78cd9f9c7a3220a6cb2e30bf6073056b6b59ca
[INFO] running `Command { std: "docker" "start" "c213e71aa3549ce1f8d6f0f18b78cd9f9c7a3220a6cb2e30bf6073056b6b59ca", kill_on_drop: false }`
[INFO] running `Command { std: "docker" "inspect" "c213e71aa3549ce1f8d6f0f18b78cd9f9c7a3220a6cb2e30bf6073056b6b59ca", kill_on_drop: false }`
[INFO] running `Command { std: "docker" "exec" "-e" "SOURCE_DIR=/opt/rustwide/workdir" "-e" "CARGO_HOME=/opt/rustwide/cargo-home" "-e" "RUSTUP_HOME=/opt/rustwide/rustup-home" "-e" "CARGO_TARGET_DIR=/opt/rustwide/target" "-w" "/opt/rustwide/workdir" "--user" "0:0" "c213e71aa3549ce1f8d6f0f18b78cd9f9c7a3220a6cb2e30bf6073056b6b59ca" "/opt/rustwide/cargo-home/bin/cargo" "+1.98.0-beta.8" "metadata" "--no-deps" "--format-version=1", kill_on_drop: false }`
[INFO] running `Command { std: "docker" "inspect" "c213e71aa3549ce1f8d6f0f18b78cd9f9c7a3220a6cb2e30bf6073056b6b59ca", kill_on_drop: false }`
[INFO] running `Command { std: "docker" "exec" "-e" "SOURCE_DIR=/opt/rustwide/workdir" "-e" "CARGO_HOME=/opt/rustwide/cargo-home" "-e" "RUSTUP_HOME=/opt/rustwide/rustup-home" "-e" "CARGO_TARGET_DIR=/opt/rustwide/target" "-e" "CARGO_INCREMENTAL=0" "-e" "RUST_BACKTRACE=full" "-e" "RUSTFLAGS=--cap-lints=warn" "-e" "RUSTDOCFLAGS=--cap-lints=warn" "-w" "/opt/rustwide/workdir" "--user" "0:0" "c213e71aa3549ce1f8d6f0f18b78cd9f9c7a3220a6cb2e30bf6073056b6b59ca" "/opt/rustwide/cargo-home/bin/cargo" "+1.98.0-beta.8" "build" "--frozen" "--message-format=json" "--release", kill_on_drop: false }`
[INFO] [stderr]    Compiling proc-macro2 v1.0.106
[INFO] [stderr]    Compiling quote v1.0.44
[INFO] [stderr]    Compiling typenum v1.19.0
[INFO] [stderr]    Compiling serde_core v1.0.228
[INFO] [stderr]    Compiling is_terminal_polyfill v1.70.2
[INFO] [stderr]    Compiling anstyle-query v1.1.5
[INFO] [stderr]    Compiling anstyle v1.0.13
[INFO] [stderr]    Compiling zmij v1.0.21
[INFO] [stderr]    Compiling clap_lex v1.0.0
[INFO] [stderr]    Compiling serde_json v1.0.149
[INFO] [stderr]    Compiling serde v1.0.228
[INFO] [stderr]    Compiling weight-inspect v0.1.0 (/opt/rustwide/workdir)
[INFO] [stderr]    Compiling memchr v2.8.0
[INFO] [stderr]    Compiling itoa v1.0.17
[INFO] [stderr]    Compiling anstream v0.6.21
[INFO] [stderr]    Compiling clap_builder v4.5.59
[INFO] [stderr]    Compiling syn v2.0.116
[INFO] [stderr]    Compiling generic-array v0.14.7
[INFO] [stderr]    Compiling crypto-common v0.1.7
[INFO] [stderr]    Compiling block-buffer v0.10.4
[INFO] [stderr]    Compiling digest v0.10.7
[INFO] [stderr]    Compiling sha2 v0.10.9
[INFO] [stderr]    Compiling thiserror-impl v1.0.69
[INFO] [stderr]    Compiling clap_derive v4.5.55
[INFO] [stderr]    Compiling serde_derive v1.0.228
[INFO] [stderr]    Compiling thiserror v1.0.69
[INFO] [stderr]    Compiling clap v4.5.59
[INFO] [stderr]     Finished `release` profile [optimized] target(s) in 23.34s
[INFO] running `Command { std: "docker" "inspect" "c213e71aa3549ce1f8d6f0f18b78cd9f9c7a3220a6cb2e30bf6073056b6b59ca", kill_on_drop: false }`
[INFO] running `Command { std: "docker" "exec" "-e" "SOURCE_DIR=/opt/rustwide/workdir" "-e" "CARGO_HOME=/opt/rustwide/cargo-home" "-e" "RUSTUP_HOME=/opt/rustwide/rustup-home" "-e" "CARGO_TARGET_DIR=/opt/rustwide/target" "-e" "CARGO_INCREMENTAL=0" "-e" "RUST_BACKTRACE=full" "-e" "RUSTFLAGS=--cap-lints=warn" "-e" "RUSTDOCFLAGS=--cap-lints=warn" "-w" "/opt/rustwide/workdir" "--user" "0:0" "c213e71aa3549ce1f8d6f0f18b78cd9f9c7a3220a6cb2e30bf6073056b6b59ca" "/opt/rustwide/cargo-home/bin/cargo" "+1.98.0-beta.8" "test" "--frozen" "--no-run" "--message-format=json" "--release", kill_on_drop: false }`
[INFO] [stderr]    Compiling libc v0.2.182
[INFO] [stderr]    Compiling getrandom v0.3.4
[INFO] [stderr]    Compiling zerocopy v0.8.39
[INFO] [stderr]    Compiling getrandom v0.4.1
[INFO] [stderr]    Compiling rustix v1.1.3
[INFO] [stderr]    Compiling linux-raw-sys v0.11.0
[INFO] [stderr]    Compiling bitflags v2.11.0
[INFO] [stderr]    Compiling num-traits v0.2.19
[INFO] [stderr]    Compiling once_cell v1.21.3
[INFO] [stderr]    Compiling bit-vec v0.8.0
[INFO] [stderr]    Compiling quick-error v1.2.3
[INFO] [stderr]    Compiling regex-syntax v0.8.9
[INFO] [stderr]    Compiling unarray v0.1.4
[INFO] [stderr]    Compiling bit-set v0.8.0
[INFO] [stderr]    Compiling wait-timeout v0.2.1
[INFO] [stderr]    Compiling rand_core v0.9.5
[INFO] [stderr]    Compiling rand_xorshift v0.4.0
[INFO] [stderr]    Compiling rand v0.9.2
[INFO] [stderr]    Compiling tempfile v3.25.0
[INFO] [stderr]    Compiling rusty-fork v0.3.1
[INFO] [stderr]    Compiling ppv-lite86 v0.2.21
[INFO] [stderr]    Compiling rand_chacha v0.9.0
[INFO] [stderr]    Compiling proptest v1.10.0
[INFO] [stderr]    Compiling weight-inspect v0.1.0 (/opt/rustwide/workdir)
[INFO] [stderr]     Finished `release` profile [optimized] target(s) in 28.22s
[INFO] running `Command { std: "docker" "inspect" "c213e71aa3549ce1f8d6f0f18b78cd9f9c7a3220a6cb2e30bf6073056b6b59ca", kill_on_drop: false }`
[INFO] running `Command { std: "docker" "exec" "-e" "SOURCE_DIR=/opt/rustwide/workdir" "-e" "CARGO_HOME=/opt/rustwide/cargo-home" "-e" "RUSTUP_HOME=/opt/rustwide/rustup-home" "-e" "CARGO_TARGET_DIR=/opt/rustwide/target" "-e" "CARGO_INCREMENTAL=0" "-e" "RUST_BACKTRACE=full" "-e" "RUSTFLAGS=--cap-lints=warn" "-e" "RUSTDOCFLAGS=--cap-lints=warn" "-w" "/opt/rustwide/workdir" "--user" "0:0" "c213e71aa3549ce1f8d6f0f18b78cd9f9c7a3220a6cb2e30bf6073056b6b59ca" "/opt/rustwide/cargo-home/bin/cargo" "+1.98.0-beta.8" "test" "--frozen" "--release", kill_on_drop: false }`
[INFO] [stderr]     Finished `release` profile [optimized] target(s) in 0.13s
[INFO] [stderr]      Running unittests src/lib.rs (/opt/rustwide/target/release/deps/weight_inspect-79d4c7e3b8b94182)
[INFO] [stdout] 
[INFO] [stdout] running 41 tests
[INFO] [stdout] test diff::tests::test_determinism_metadata_order ... ok
[INFO] [stdout] test diff::tests::test_diff_format_mismatch ... ok
[INFO] [stdout] test diff::tests::test_diff_has_changes ... ok
[INFO] [stdout] test diff::tests::test_diff_metadata_added ... ok
[INFO] [stdout] test diff::tests::test_diff_metadata_changed ... ok
[INFO] [stdout] test diff::tests::test_diff_metadata_removed ... ok
[INFO] [stdout] test diff::tests::test_diff_no_changes ... ok
[INFO] [stdout] test diff::tests::test_determinism_tensor_order ... ok
[INFO] [stdout] test diff::tests::test_diff_tensor_added ... ok
[INFO] [stdout] test diff::tests::test_diff_tensor_dtype_changed ... ok
[INFO] [stdout] test diff::tests::test_diff_tensor_shape_changed ... ok
[INFO] [stdout] test gguf::tests::test_compute_byte_length ... ok
[INFO] [stdout] test gguf::tests::test_gguf_dtype_str ... ok
[INFO] [stdout] test diff::tests::test_diff_identical_artifacts ... ok
[INFO] [stdout] test hash::tests::test_hash_determinism ... ok
[INFO] [stdout] test hash::tests::test_hash_different_artifacts_different_hashes ... ok
[INFO] [stdout] test hash::tests::test_hash_tensor_count_affects_hash ... ok
[INFO] [stdout] test safetensors::tests::test_dtype_normalization ... ok
[INFO] [stdout] test safetensors::tests::test_invalid_json_header ... ok
[INFO] [stdout] test safetensors::tests::test_header_too_large ... ok
[INFO] [stdout] test safetensors::tests::test_invalid_byte_length ... ok
[INFO] [stdout] test safetensors::tests::test_missing_shape_field ... ok
[INFO] [stdout] test types::tests::test_float_scientific_notation ... ok
[INFO] [stdout] test safetensors::tests::test_invalid_shape_dimension ... ok
[INFO] [stdout] test types::tests::test_hash_determinism ... ok
[INFO] [stdout] test safetensors::tests::test_multiple_tensors ... ok
[INFO] [stdout] test types::tests::test_bool_serialization ... ok
[INFO] [stdout] test types::tests::test_escaped_string_roundtrip ... ok
[INFO] [stdout] test safetensors::tests::test_missing_dtype_field ... ok
[INFO] [stdout] test safetensors::tests::test_missing_data_offsets_field ... ok
[INFO] [stdout] test hash::tests::test_hash_format_affects_hash ... ok
[INFO] [stdout] test safetensors::tests::test_parse_valid_safetensors ... ok
[INFO] [stdout] test safetensors::tests::test_parse_with_metadata ... ok
[INFO] [stdout] test types::tests::test_int_parsing ... ok
[INFO] [stdout] test types::tests::test_float_equality ... ok
[INFO] [stdout] test types::tests::test_string_serialization ... ok
[INFO] [stdout] test types::tests::test_nan_equality ... ok
[INFO] [stdout] test types::tests::test_float_parsing ... ok
[INFO] [stdout] test hash::property_tests::test_permutation_invariance_tensors ... ok
[INFO] [stdout] test hash::property_tests::test_permutation_invariance_metadata ... ok
[INFO] [stdout] test types::tests::test_float32_equality ... ok
[INFO] [stdout] 
[INFO] [stdout] test result: ok. 41 passed; 0 failed; 0 ignored; 0 measured; 0 filtered out; finished in 0.06s
[INFO] [stdout] 
[INFO] [stderr]      Running unittests src/main.rs (/opt/rustwide/target/release/deps/weight_inspect-5c528fccc03cb8c0)
[INFO] [stdout] 
[INFO] [stdout] running 0 tests
[INFO] [stdout] 
[INFO] [stdout] test result: ok. 0 passed; 0 failed; 0 ignored; 0 measured; 0 filtered out; finished in 0.00s
[INFO] [stdout] 
[INFO] [stderr]      Running tests/cli.rs (/opt/rustwide/target/release/deps/cli-072f97fc41194c2e)
[INFO] [stdout] 
[INFO] [stdout] running 14 tests
[INFO] [stdout] test test_invalid_format_error ... ok
[INFO] [stdout] test test_safetensors_fixture_inspect ... FAILED
[INFO] [stdout] test test_diff_only_changes ... FAILED
[INFO] [stdout] test test_summary_command ... FAILED
[INFO] [stdout] test test_gguf_fixture_inspect ... FAILED
[INFO] [stdout] test test_inspect_json_flag ... ok
[INFO] [stdout] test test_diff_format_md ... FAILED
[INFO] [stdout] test test_id_json_flag ... ok
[INFO] [stdout] test test_inspect_verbose ... FAILED
[INFO] [stdout] test test_diff_fail_on_diff ... ok
[INFO] [stdout] test test_id_json_output ... FAILED
[INFO] [stdout] test test_diff_different ... FAILED
[INFO] [stdout] test test_diff_identical ... FAILED
[INFO] [stdout] test test_nonexistent_file ... ok
[INFO] [stdout] 
[INFO] [stdout] failures:
[INFO] [stdout] 
[INFO] [stdout] ---- test_safetensors_fixture_inspect stdout ----
[INFO] [stdout] stdout: 
[INFO] [stdout] stderr: error: manifest path `/opt/rustwide/Cargo.toml` does not exist
[INFO] [stdout] 
[INFO] [stdout] 
[INFO] [stdout] thread 'test_safetensors_fixture_inspect' (1532) panicked at tests/cli.rs:108:5:
[INFO] [stdout] Command failed: 
[INFO] [stdout] stack backtrace:
[INFO] [stdout]    0:     0x57945eb9ee41 - <<std[97b98282bc616a66]::sys::backtrace::BacktraceLock>::print::DisplayBacktrace as core[832e9a552fc17241]::fmt::Display>::fmt
[INFO] [stdout]    1:     0x57945ebb2c8a - core[832e9a552fc17241]::fmt::write
[INFO] [stdout]    2:     0x57945eba32fc - <alloc[3ecab9f82c41dc7d]::vec::Vec<u8> as std[97b98282bc616a66]::io::Write>::write_fmt
[INFO] [stdout]    3:     0x57945eb7ce26 - std[97b98282bc616a66]::panicking::default_hook::{closure#0}
[INFO] [stdout]    4:     0x57945eb96f49 - std[97b98282bc616a66]::panicking::default_hook
[INFO] [stdout]    5:     0x57945eb300d0 - test[39766f3d73431624]::test_main_inner::<test[39766f3d73431624]::test_main_static::{closure#0}>::{closure#0}
[INFO] [stdout]    6:     0x57945eb97102 - std[97b98282bc616a66]::panicking::panic_with_hook
[INFO] [stdout]    7:     0x57945eb7ced2 - std[97b98282bc616a66]::panicking::panic_handler::{closure#0}
[INFO] [stdout]    8:     0x57945eb74779 - std[97b98282bc616a66]::sys::backtrace::__rust_end_short_backtrace::<std[97b98282bc616a66]::panicking::panic_handler::{closure#0}, !>
[INFO] [stdout]    9:     0x57945eb7dacd - __rustc[e3d8617bb01b7f69]::rust_begin_unwind
[INFO] [stdout]   10:     0x57945ebb33bc - core[832e9a552fc17241]::panicking::panic_fmt
[INFO] [stdout]   11:     0x57945eb232e1 - <cli[2425973dfaebf2a6]::test_safetensors_fixture_inspect::{closure#0} as core[832e9a552fc17241]::ops::function::FnOnce<()>>::call_once
[INFO] [stdout]   12:     0x57945eb2340b - test[39766f3d73431624]::__rust_begin_short_backtrace::<core[832e9a552fc17241]::result::Result<(), alloc[3ecab9f82c41dc7d]::string::String>, fn() -> core[832e9a552fc17241]::result::Result<(), alloc[3ecab9f82c41dc7d]::string::String>>
[INFO] [stdout]   13:     0x57945eb30a55 - test[39766f3d73431624]::run_test::{closure#0}
[INFO] [stdout]   14:     0x57945eb2b504 - std[97b98282bc616a66]::sys::backtrace::__rust_begin_short_backtrace::<test[39766f3d73431624]::run_test::{closure#1}, ()>
[INFO] [stdout]   15:     0x57945eb33ba2 - <std[97b98282bc616a66]::thread::lifecycle::spawn_unchecked<test[39766f3d73431624]::run_test::{closure#1}, ()>::{closure#1} as core[832e9a552fc17241]::ops::function::FnOnce<()>>::call_once::{shim:vtable#0}
[INFO] [stdout]   16:     0x57945eb9e6cf - <std[97b98282bc616a66]::sys::thread::unix::Thread>::new::thread_start
[INFO] [stdout]   17:     0x7dd07794207a - <unknown>
[INFO] [stdout]   18:     0x7dd0779d5534 - clone
[INFO] [stdout]   19:                0x0 - <unknown>
[INFO] [stdout] 
[INFO] [stdout] ---- test_diff_only_changes stdout ----
[INFO] [stdout] 
[INFO] [stdout] thread 'test_diff_only_changes' (1518) panicked at tests/cli.rs:180:5:
[INFO] [stdout] assertion failed: output.status.success()
[INFO] [stdout] stack backtrace:
[INFO] [stdout]    0:     0x57945eb9ee41 - <<std[97b98282bc616a66]::sys::backtrace::BacktraceLock>::print::DisplayBacktrace as core[832e9a552fc17241]::fmt::Display>::fmt
[INFO] [stdout]    1:     0x57945ebb2c8a - core[832e9a552fc17241]::fmt::write
[INFO] [stdout]    2:     0x57945eba32fc - <alloc[3ecab9f82c41dc7d]::vec::Vec<u8> as std[97b98282bc616a66]::io::Write>::write_fmt
[INFO] [stdout]    3:     0x57945eb7ce26 - std[97b98282bc616a66]::panicking::default_hook::{closure#0}
[INFO] [stdout]    4:     0x57945eb96f49 - std[97b98282bc616a66]::panicking::default_hook
[INFO] [stdout]    5:     0x57945eb300d0 - test[39766f3d73431624]::test_main_inner::<test[39766f3d73431624]::test_main_static::{closure#0}>::{closure#0}
[INFO] [stdout]    6:     0x57945eb97102 - std[97b98282bc616a66]::panicking::panic_with_hook
[INFO] [stdout]    7:     0x57945eb7cf04 - std[97b98282bc616a66]::panicking::panic_handler::{closure#0}
[INFO] [stdout]    8:     0x57945eb74779 - std[97b98282bc616a66]::sys::backtrace::__rust_end_short_backtrace::<std[97b98282bc616a66]::panicking::panic_handler::{closure#0}, !>
[INFO] [stdout]    9:     0x57945eb7dacd - __rustc[e3d8617bb01b7f69]::rust_begin_unwind
[INFO] [stdout]   10:     0x57945ebb33bc - core[832e9a552fc17241]::panicking::panic_fmt
[INFO] [stdout]   11:     0x57945ebb3382 - core[832e9a552fc17241]::panicking::panic
[INFO] [stdout]   12:     0x57945eb22b5f - <cli[2425973dfaebf2a6]::test_diff_only_changes::{closure#0} as core[832e9a552fc17241]::ops::function::FnOnce<()>>::call_once
[INFO] [stdout]   13:     0x57945eb2340b - test[39766f3d73431624]::__rust_begin_short_backtrace::<core[832e9a552fc17241]::result::Result<(), alloc[3ecab9f82c41dc7d]::string::String>, fn() -> core[832e9a552fc17241]::result::Result<(), alloc[3ecab9f82c41dc7d]::string::String>>
[INFO] [stdout]   14:     0x57945eb30a55 - test[39766f3d73431624]::run_test::{closure#0}
[INFO] [stdout]   15:     0x57945eb2b504 - std[97b98282bc616a66]::sys::backtrace::__rust_begin_short_backtrace::<test[39766f3d73431624]::run_test::{closure#1}, ()>
[INFO] [stdout]   16:     0x57945eb33ba2 - <std[97b98282bc616a66]::thread::lifecycle::spawn_unchecked<test[39766f3d73431624]::run_test::{closure#1}, ()>::{closure#1} as core[832e9a552fc17241]::ops::function::FnOnce<()>>::call_once::{shim:vtable#0}
[INFO] [stdout]   17:     0x57945eb9e6cf - <std[97b98282bc616a66]::sys::thread::unix::Thread>::new::thread_start
[INFO] [stdout]   18:     0x7dd07794207a - <unknown>
[INFO] [stdout]   19:     0x7dd0779d5534 - clone
[INFO] [stdout]   20:                0x0 - <unknown>
[INFO] [stdout] 
[INFO] [stdout] ---- test_summary_command stdout ----
[INFO] [stdout] 
[INFO] [stdout] thread 'test_summary_command' (1533) panicked at tests/cli.rs:189:5:
[INFO] [stdout] assertion failed: output.status.success()
[INFO] [stdout] stack backtrace:
[INFO] [stdout]    0:     0x57945eb9ee41 - <<std[97b98282bc616a66]::sys::backtrace::BacktraceLock>::print::DisplayBacktrace as core[832e9a552fc17241]::fmt::Display>::fmt
[INFO] [stdout]    1:     0x57945ebb2c8a - core[832e9a552fc17241]::fmt::write
[INFO] [stdout]    2:     0x57945eba32fc - <alloc[3ecab9f82c41dc7d]::vec::Vec<u8> as std[97b98282bc616a66]::io::Write>::write_fmt
[INFO] [stdout]    3:     0x57945eb7ce26 - std[97b98282bc616a66]::panicking::default_hook::{closure#0}
[INFO] [stdout]    4:     0x57945eb96f49 - std[97b98282bc616a66]::panicking::default_hook
[INFO] [stdout]    5:     0x57945eb300d0 - test[39766f3d73431624]::test_main_inner::<test[39766f3d73431624]::test_main_static::{closure#0}>::{closure#0}
[INFO] [stdout]    6:     0x57945eb97102 - std[97b98282bc616a66]::panicking::panic_with_hook
[INFO] [stdout]    7:     0x57945eb7cf04 - std[97b98282bc616a66]::panicking::panic_handler::{closure#0}
[INFO] [stdout]    8:     0x57945eb74779 - std[97b98282bc616a66]::sys::backtrace::__rust_end_short_backtrace::<std[97b98282bc616a66]::panicking::panic_handler::{closure#0}, !>
[INFO] [stdout]    9:     0x57945eb7dacd - __rustc[e3d8617bb01b7f69]::rust_begin_unwind
[INFO] [stdout]   10:     0x57945ebb33bc - core[832e9a552fc17241]::panicking::panic_fmt
[INFO] [stdout]   11:     0x57945ebb3382 - core[832e9a552fc17241]::panicking::panic
[INFO] [stdout]   12:     0x57945eb228a0 - <cli[2425973dfaebf2a6]::test_summary_command::{closure#0} as core[832e9a552fc17241]::ops::function::FnOnce<()>>::call_once
[INFO] [stdout]   13:     0x57945eb2340b - test[39766f3d73431624]::__rust_begin_short_backtrace::<core[832e9a552fc17241]::result::Result<(), alloc[3ecab9f82c41dc7d]::string::String>, fn() -> core[832e9a552fc17241]::result::Result<(), alloc[3ecab9f82c41dc7d]::string::String>>
[INFO] [stdout]   14:     0x57945eb30a55 - test[39766f3d73431624]::run_test::{closure#0}
[INFO] [stdout]   15:     0x57945eb2b504 - std[97b98282bc616a66]::sys::backtrace::__rust_begin_short_backtrace::<test[39766f3d73431624]::run_test::{closure#1}, ()>
[INFO] [stdout]   16:     0x57945eb33ba2 - <std[97b98282bc616a66]::thread::lifecycle::spawn_unchecked<test[39766f3d73431624]::run_test::{closure#1}, ()>::{closure#1} as core[832e9a552fc17241]::ops::function::FnOnce<()>>::call_once::{shim:vtable#0}
[INFO] [stdout]   17:     0x57945eb9e6cf - <std[97b98282bc616a66]::sys::thread::unix::Thread>::new::thread_start
[INFO] [stdout]   18:     0x7dd07794207a - <unknown>
[INFO] [stdout]   19:     0x7dd0779d5534 - clone
[INFO] [stdout]   20:                0x0 - <unknown>
[INFO] [stdout] 
[INFO] [stdout] ---- test_gguf_fixture_inspect stdout ----
[INFO] [stdout] stdout: 
[INFO] [stdout] stderr: error: manifest path `/opt/rustwide/Cargo.toml` does not exist
[INFO] [stdout] 
[INFO] [stdout] 
[INFO] [stdout] thread 'test_gguf_fixture_inspect' (1522) panicked at tests/cli.rs:82:5:
[INFO] [stdout] Command failed: 
[INFO] [stdout] stack backtrace:
[INFO] [stdout]    0:     0x57945eb9ee41 - <<std[97b98282bc616a66]::sys::backtrace::BacktraceLock>::print::DisplayBacktrace as core[832e9a552fc17241]::fmt::Display>::fmt
[INFO] [stdout]    1:     0x57945ebb2c8a - core[832e9a552fc17241]::fmt::write
[INFO] [stdout]    2:     0x57945eba32fc - <alloc[3ecab9f82c41dc7d]::vec::Vec<u8> as std[97b98282bc616a66]::io::Write>::write_fmt
[INFO] [stdout]    3:     0x57945eb7ce26 - std[97b98282bc616a66]::panicking::default_hook::{closure#0}
[INFO] [stdout]    4:     0x57945eb96f49 - std[97b98282bc616a66]::panicking::default_hook
[INFO] [stdout]    5:     0x57945eb300d0 - test[39766f3d73431624]::test_main_inner::<test[39766f3d73431624]::test_main_static::{closure#0}>::{closure#0}
[INFO] [stdout]    6:     0x57945eb97102 - std[97b98282bc616a66]::panicking::panic_with_hook
[INFO] [stdout]    7:     0x57945eb7ced2 - std[97b98282bc616a66]::panicking::panic_handler::{closure#0}
[INFO] [stdout]    8:     0x57945eb74779 - std[97b98282bc616a66]::sys::backtrace::__rust_end_short_backtrace::<std[97b98282bc616a66]::panicking::panic_handler::{closure#0}, !>
[INFO] [stdout]    9:     0x57945eb7dacd - __rustc[e3d8617bb01b7f69]::rust_begin_unwind
[INFO] [stdout]   10:     0x57945ebb33bc - core[832e9a552fc17241]::panicking::panic_fmt
[INFO] [stdout]   11:     0x57945eb22ffd - <cli[2425973dfaebf2a6]::test_gguf_fixture_inspect::{closure#0} as core[832e9a552fc17241]::ops::function::FnOnce<()>>::call_once
[INFO] [stdout]   12:     0x57945eb2340b - test[39766f3d73431624]::__rust_begin_short_backtrace::<core[832e9a552fc17241]::result::Result<(), alloc[3ecab9f82c41dc7d]::string::String>, fn() -> core[832e9a552fc17241]::result::Result<(), alloc[3ecab9f82c41dc7d]::string::String>>
[INFO] [stdout]   13:     0x57945eb30a55 - test[39766f3d73431624]::run_test::{closure#0}
[INFO] [stdout]   14:     0x57945eb2b504 - std[97b98282bc616a66]::sys::backtrace::__rust_begin_short_backtrace::<test[39766f3d73431624]::run_test::{closure#1}, ()>
[INFO] [stdout]   15:     0x57945eb33ba2 - <std[97b98282bc616a66]::thread::lifecycle::spawn_unchecked<test[39766f3d73431624]::run_test::{closure#1}, ()>::{closure#1} as core[832e9a552fc17241]::ops::function::FnOnce<()>>::call_once::{shim:vtable#0}
[INFO] [stdout]   16:     0x57945eb9e6cf - <std[97b98282bc616a66]::sys::thread::unix::Thread>::new::thread_start
[INFO] [stdout]   17:     0x7dd07794207a - <unknown>
[INFO] [stdout]   18:     0x7dd0779d5534 - clone
[INFO] [stdout]   19:                0x0 - <unknown>
[INFO] [stdout] 
[INFO] [stdout] ---- test_diff_format_md stdout ----
[INFO] [stdout] 
[INFO] [stdout] thread 'test_diff_format_md' (1516) panicked at tests/cli.rs:154:5:
[INFO] [stdout] assertion failed: output.status.success()
[INFO] [stdout] stack backtrace:
[INFO] [stdout]    0:     0x57945eb9ee41 - <<std[97b98282bc616a66]::sys::backtrace::BacktraceLock>::print::DisplayBacktrace as core[832e9a552fc17241]::fmt::Display>::fmt
[INFO] [stdout]    1:     0x57945ebb2c8a - core[832e9a552fc17241]::fmt::write
[INFO] [stdout]    2:     0x57945eba32fc - <alloc[3ecab9f82c41dc7d]::vec::Vec<u8> as std[97b98282bc616a66]::io::Write>::write_fmt
[INFO] [stdout]    3:     0x57945eb7ce26 - std[97b98282bc616a66]::panicking::default_hook::{closure#0}
[INFO] [stdout]    4:     0x57945eb96f49 - std[97b98282bc616a66]::panicking::default_hook
[INFO] [stdout]    5:     0x57945eb300d0 - test[39766f3d73431624]::test_main_inner::<test[39766f3d73431624]::test_main_static::{closure#0}>::{closure#0}
[INFO] [stdout]    6:     0x57945eb97102 - std[97b98282bc616a66]::panicking::panic_with_hook
[INFO] [stdout]    7:     0x57945eb7cf04 - std[97b98282bc616a66]::panicking::panic_handler::{closure#0}
[INFO] [stdout]    8:     0x57945eb74779 - std[97b98282bc616a66]::sys::backtrace::__rust_end_short_backtrace::<std[97b98282bc616a66]::panicking::panic_handler::{closure#0}, !>
[INFO] [stdout]    9:     0x57945eb7dacd - __rustc[e3d8617bb01b7f69]::rust_begin_unwind
[INFO] [stdout]   10:     0x57945ebb33bc - core[832e9a552fc17241]::panicking::panic_fmt
[INFO] [stdout]   11:     0x57945ebb3382 - core[832e9a552fc17241]::panicking::panic
[INFO] [stdout]   12:     0x57945eb22240 - <cli[2425973dfaebf2a6]::test_diff_format_md::{closure#0} as core[832e9a552fc17241]::ops::function::FnOnce<()>>::call_once
[INFO] [stdout]   13:     0x57945eb2340b - test[39766f3d73431624]::__rust_begin_short_backtrace::<core[832e9a552fc17241]::result::Result<(), alloc[3ecab9f82c41dc7d]::string::String>, fn() -> core[832e9a552fc17241]::result::Result<(), alloc[3ecab9f82c41dc7d]::string::String>>
[INFO] [stdout]   14:     0x57945eb30a55 - test[39766f3d73431624]::run_test::{closure#0}
[INFO] [stdout]   15:     0x57945eb2b504 - std[97b98282bc616a66]::sys::backtrace::__rust_begin_short_backtrace::<test[39766f3d73431624]::run_test::{closure#1}, ()>
[INFO] [stdout]   16:     0x57945eb33ba2 - <std[97b98282bc616a66]::thread::lifecycle::spawn_unchecked<test[39766f3d73431624]::run_test::{closure#1}, ()>::{closure#1} as core[832e9a552fc17241]::ops::function::FnOnce<()>>::call_once::{shim:vtable#0}
[INFO] [stdout]   17:     0x57945eb9e6cf - <std[97b98282bc616a66]::sys::thread::unix::Thread>::new::thread_start
[INFO] [stdout]   18:     0x7dd07794207a - <unknown>
[INFO] [stdout]   19:     0x7dd0779d5534 - clone
[INFO] [stdout]   20:                0x0 - <unknown>
[INFO] [stdout] 
[INFO] [stdout] ---- test_inspect_verbose stdout ----
[INFO] [stdout] 
[INFO] [stdout] thread 'test_inspect_verbose' (1527) panicked at tests/cli.rs:140:5:
[INFO] [stdout] assertion failed: output.status.success()
[INFO] [stdout] stack backtrace:
[INFO] [stdout]    0:     0x57945eb9ee41 - <<std[97b98282bc616a66]::sys::backtrace::BacktraceLock>::print::DisplayBacktrace as core[832e9a552fc17241]::fmt::Display>::fmt
[INFO] [stdout]    1:     0x57945ebb2c8a - core[832e9a552fc17241]::fmt::write
[INFO] [stdout]    2:     0x57945eba32fc - <alloc[3ecab9f82c41dc7d]::vec::Vec<u8> as std[97b98282bc616a66]::io::Write>::write_fmt
[INFO] [stdout]    3:     0x57945eb7ce26 - std[97b98282bc616a66]::panicking::default_hook::{closure#0}
[INFO] [stdout]    4:     0x57945eb96f49 - std[97b98282bc616a66]::panicking::default_hook
[INFO] [stdout]    5:     0x57945eb300d0 - test[39766f3d73431624]::test_main_inner::<test[39766f3d73431624]::test_main_static::{closure#0}>::{closure#0}
[INFO] [stdout]    6:     0x57945eb97102 - std[97b98282bc616a66]::panicking::panic_with_hook
[INFO] [stdout]    7:     0x57945eb7cf04 - std[97b98282bc616a66]::panicking::panic_handler::{closure#0}
[INFO] [stdout]    8:     0x57945eb74779 - std[97b98282bc616a66]::sys::backtrace::__rust_end_short_backtrace::<std[97b98282bc616a66]::panicking::panic_handler::{closure#0}, !>
[INFO] [stdout]    9:     0x57945eb7dacd - __rustc[e3d8617bb01b7f69]::rust_begin_unwind
[INFO] [stdout]   10:     0x57945ebb33bc - core[832e9a552fc17241]::panicking::panic_fmt
[INFO] [stdout]   11:     0x57945ebb3382 - core[832e9a552fc17241]::panicking::panic
[INFO] [stdout]   12:     0x57945eb22705 - <cli[2425973dfaebf2a6]::test_inspect_verbose::{closure#0} as core[832e9a552fc17241]::ops::function::FnOnce<()>>::call_once
[INFO] [stdout]   13:     0x57945eb2340b - test[39766f3d73431624]::__rust_begin_short_backtrace::<core[832e9a552fc17241]::result::Result<(), alloc[3ecab9f82c41dc7d]::string::String>, fn() -> core[832e9a552fc17241]::result::Result<(), alloc[3ecab9f82c41dc7d]::string::String>>
[INFO] [stdout]   14:     0x57945eb30a55 - test[39766f3d73431624]::run_test::{closure#0}
[INFO] [stdout]   15:     0x57945eb2b504 - std[97b98282bc616a66]::sys::backtrace::__rust_begin_short_backtrace::<test[39766f3d73431624]::run_test::{closure#1}, ()>
[INFO] [stdout]   16:     0x57945eb33ba2 - <std[97b98282bc616a66]::thread::lifecycle::spawn_unchecked<test[39766f3d73431624]::run_test::{closure#1}, ()>::{closure#1} as core[832e9a552fc17241]::ops::function::FnOnce<()>>::call_once::{shim:vtable#0}
[INFO] [stdout]   17:     0x57945eb9e6cf - <std[97b98282bc616a66]::sys::thread::unix::Thread>::new::thread_start
[INFO] [stdout]   18:     0x7dd07794207a - <unknown>
[INFO] [stdout]   19:     0x7dd0779d5534 - clone
[INFO] [stdout]   20:                0x0 - <unknown>
[INFO] [stdout] 
[INFO] [stdout] ---- test_id_json_output stdout ----
[INFO] [stdout] 
[INFO] [stdout] thread 'test_id_json_output' (1525) panicked at tests/cli.rs:131:5:
[INFO] [stdout] assertion failed: output.status.success()
[INFO] [stdout] stack backtrace:
[INFO] [stdout]    0:     0x57945eb9ee41 - <<std[97b98282bc616a66]::sys::backtrace::BacktraceLock>::print::DisplayBacktrace as core[832e9a552fc17241]::fmt::Display>::fmt
[INFO] [stdout]    1:     0x57945ebb2c8a - core[832e9a552fc17241]::fmt::write
[INFO] [stdout]    2:     0x57945eba32fc - <alloc[3ecab9f82c41dc7d]::vec::Vec<u8> as std[97b98282bc616a66]::io::Write>::write_fmt
[INFO] [stdout]    3:     0x57945eb7ce26 - std[97b98282bc616a66]::panicking::default_hook::{closure#0}
[INFO] [stdout]    4:     0x57945eb96f49 - std[97b98282bc616a66]::panicking::default_hook
[INFO] [stdout]    5:     0x57945eb300d0 - test[39766f3d73431624]::test_main_inner::<test[39766f3d73431624]::test_main_static::{closure#0}>::{closure#0}
[INFO] [stdout]    6:     0x57945eb97102 - std[97b98282bc616a66]::panicking::panic_with_hook
[INFO] [stdout]    7:     0x57945eb7cf04 - std[97b98282bc616a66]::panicking::panic_handler::{closure#0}
[INFO] [stdout]    8:     0x57945eb74779 - std[97b98282bc616a66]::sys::backtrace::__rust_end_short_backtrace::<std[97b98282bc616a66]::panicking::panic_handler::{closure#0}, !>
[INFO] [stdout]    9:     0x57945eb7dacd - __rustc[e3d8617bb01b7f69]::rust_begin_unwind
[INFO] [stdout]   10:     0x57945ebb33bc - core[832e9a552fc17241]::panicking::panic_fmt
[INFO] [stdout]   11:     0x57945ebb3382 - core[832e9a552fc17241]::panicking::panic
[INFO] [stdout]   12:     0x57945eb225c6 - <cli[2425973dfaebf2a6]::test_id_json_output::{closure#0} as core[832e9a552fc17241]::ops::function::FnOnce<()>>::call_once
[INFO] [stdout]   13:     0x57945eb2340b - test[39766f3d73431624]::__rust_begin_short_backtrace::<core[832e9a552fc17241]::result::Result<(), alloc[3ecab9f82c41dc7d]::string::String>, fn() -> core[832e9a552fc17241]::result::Result<(), alloc[3ecab9f82c41dc7d]::string::String>>
[INFO] [stdout]   14:     0x57945eb30a55 - test[39766f3d73431624]::run_test::{closure#0}
[INFO] [stdout]   15:     0x57945eb2b504 - std[97b98282bc616a66]::sys::backtrace::__rust_begin_short_backtrace::<test[39766f3d73431624]::run_test::{closure#1}, ()>
[INFO] [stdout]   16:     0x57945eb33ba2 - <std[97b98282bc616a66]::thread::lifecycle::spawn_unchecked<test[39766f3d73431624]::run_test::{closure#1}, ()>::{closure#1} as core[832e9a552fc17241]::ops::function::FnOnce<()>>::call_once::{shim:vtable#0}
[INFO] [stdout]   17:     0x57945eb9e6cf - <std[97b98282bc616a66]::sys::thread::unix::Thread>::new::thread_start
[INFO] [stdout]   18:     0x7dd07794207a - <unknown>
[INFO] [stdout]   19:     0x7dd0779d5534 - clone
[INFO] [stdout]   20:                0x0 - <unknown>
[INFO] [stdout] 
[INFO] [stdout] ---- test_diff_different stdout ----
[INFO] [stdout] 
[INFO] [stdout] thread 'test_diff_different' (1514) panicked at tests/cli.rs:98:5:
[INFO] [stdout] assertion failed: output.status.success()
[INFO] [stdout] stack backtrace:
[INFO] [stdout]    0:     0x57945eb9ee41 - <<std[97b98282bc616a66]::sys::backtrace::BacktraceLock>::print::DisplayBacktrace as core[832e9a552fc17241]::fmt::Display>::fmt
[INFO] [stdout]    1:     0x57945ebb2c8a - core[832e9a552fc17241]::fmt::write
[INFO] [stdout]    2:     0x57945eba32fc - <alloc[3ecab9f82c41dc7d]::vec::Vec<u8> as std[97b98282bc616a66]::io::Write>::write_fmt
[INFO] [stdout]    3:     0x57945eb7ce26 - std[97b98282bc616a66]::panicking::default_hook::{closure#0}
[INFO] [stdout]    4:     0x57945eb96f49 - std[97b98282bc616a66]::panicking::default_hook
[INFO] [stdout]    5:     0x57945eb300d0 - test[39766f3d73431624]::test_main_inner::<test[39766f3d73431624]::test_main_static::{closure#0}>::{closure#0}
[INFO] [stdout]    6:     0x57945eb97102 - std[97b98282bc616a66]::panicking::panic_with_hook
[INFO] [stdout]    7:     0x57945eb7cf04 - std[97b98282bc616a66]::panicking::panic_handler::{closure#0}
[INFO] [stdout]    8:     0x57945eb74779 - std[97b98282bc616a66]::sys::backtrace::__rust_end_short_backtrace::<std[97b98282bc616a66]::panicking::panic_handler::{closure#0}, !>
[INFO] [stdout]    9:     0x57945eb7dacd - __rustc[e3d8617bb01b7f69]::rust_begin_unwind
[INFO] [stdout]   10:     0x57945ebb33bc - core[832e9a552fc17241]::panicking::panic_fmt
[INFO] [stdout]   11:     0x57945ebb3382 - core[832e9a552fc17241]::panicking::panic
[INFO] [stdout]   12:     0x57945eb2208f - <cli[2425973dfaebf2a6]::test_diff_different::{closure#0} as core[832e9a552fc17241]::ops::function::FnOnce<()>>::call_once
[INFO] [stdout]   13:     0x57945eb2340b - test[39766f3d73431624]::__rust_begin_short_backtrace::<core[832e9a552fc17241]::result::Result<(), alloc[3ecab9f82c41dc7d]::string::String>, fn() -> core[832e9a552fc17241]::result::Result<(), alloc[3ecab9f82c41dc7d]::string::String>>
[INFO] [stdout]   14:     0x57945eb30a55 - test[39766f3d73431624]::run_test::{closure#0}
[INFO] [stdout]   15:     0x57945eb2b504 - std[97b98282bc616a66]::sys::backtrace::__rust_begin_short_backtrace::<test[39766f3d73431624]::run_test::{closure#1}, ()>
[INFO] [stdout]   16:     0x57945eb33ba2 - <std[97b98282bc616a66]::thread::lifecycle::spawn_unchecked<test[39766f3d73431624]::run_test::{closure#1}, ()>::{closure#1} as core[832e9a552fc17241]::ops::function::FnOnce<()>>::call_once::{shim:vtable#0}
[INFO] [stdout]   17:     0x57945eb9e6cf - <std[97b98282bc616a66]::sys::thread::unix::Thread>::new::thread_start
[INFO] [stdout]   18:     0x7dd07794207a - <unknown>
[INFO] [stdout]   19:     0x7dd0779d5534 - clone
[INFO] [stdout]   20:                0x0 - <unknown>
[INFO] [stdout] 
[INFO] [stdout] ---- test_diff_identical stdout ----
[INFO] [stdout] stdout: 
[INFO] [stdout] stderr: error: manifest path `/opt/rustwide/Cargo.toml` does not exist
[INFO] [stdout] 
[INFO] [stdout] 
[INFO] [stdout] thread 'test_diff_identical' (1517) panicked at tests/cli.rs:123:5:
[INFO] [stdout] Command failed: 
[INFO] [stdout] stack backtrace:
[INFO] [stdout]    0:     0x57945eb9ee41 - <<std[97b98282bc616a66]::sys::backtrace::BacktraceLock>::print::DisplayBacktrace as core[832e9a552fc17241]::fmt::Display>::fmt
[INFO] [stdout]    1:     0x57945ebb2c8a - core[832e9a552fc17241]::fmt::write
[INFO] [stdout]    2:     0x57945eba32fc - <alloc[3ecab9f82c41dc7d]::vec::Vec<u8> as std[97b98282bc616a66]::io::Write>::write_fmt
[INFO] [stdout]    3:     0x57945eb7ce26 - std[97b98282bc616a66]::panicking::default_hook::{closure#0}
[INFO] [stdout]    4:     0x57945eb96f49 - std[97b98282bc616a66]::panicking::default_hook
[INFO] [stdout]    5:     0x57945eb300d0 - test[39766f3d73431624]::test_main_inner::<test[39766f3d73431624]::test_main_static::{closure#0}>::{closure#0}
[INFO] [stdout]    6:     0x57945eb97102 - std[97b98282bc616a66]::panicking::panic_with_hook
[INFO] [stdout]    7:     0x57945eb7ced2 - std[97b98282bc616a66]::panicking::panic_handler::{closure#0}
[INFO] [stdout]    8:     0x57945eb74779 - std[97b98282bc616a66]::sys::backtrace::__rust_end_short_backtrace::<std[97b98282bc616a66]::panicking::panic_handler::{closure#0}, !>
[INFO] [stdout]    9:     0x57945eb7dacd - __rustc[e3d8617bb01b7f69]::rust_begin_unwind
[INFO] [stdout]   10:     0x57945ebb33bc - core[832e9a552fc17241]::panicking::panic_fmt
[INFO] [stdout]   11:     0x57945eb2240d - <cli[2425973dfaebf2a6]::test_diff_identical::{closure#0} as core[832e9a552fc17241]::ops::function::FnOnce<()>>::call_once
[INFO] [stdout]   12:     0x57945eb2340b - test[39766f3d73431624]::__rust_begin_short_backtrace::<core[832e9a552fc17241]::result::Result<(), alloc[3ecab9f82c41dc7d]::string::String>, fn() -> core[832e9a552fc17241]::result::Result<(), alloc[3ecab9f82c41dc7d]::string::String>>
[INFO] [stdout]   13:     0x57945eb30a55 - test[39766f3d73431624]::run_test::{closure#0}
[INFO] [stdout]   14:     0x57945eb2b504 - std[97b98282bc616a66]::sys::backtrace::__rust_begin_short_backtrace::<test[39766f3d73431624]::run_test::{closure#1}, ()>
[INFO] [stdout]   15:     0x57945eb33ba2 - <std[97b98282bc616a66]::thread::lifecycle::spawn_unchecked<test[39766f3d73431624]::run_test::{closure#1}, ()>::{closure#1} as core[832e9a552fc17241]::ops::function::FnOnce<()>>::call_once::{shim:vtable#0}
[INFO] [stdout]   16:     0x57945eb9e6cf - <std[97b98282bc616a66]::sys::thread::unix::Thread>::new::thread_start
[INFO] [stdout]   17:     0x7dd07794207a - <unknown>
[INFO] [stdout]   18:     0x7dd0779d5534 - clone
[INFO] [stdout]   19:                0x0 - <unknown>
[INFO] [stdout] 
[INFO] [stdout] 
[INFO] [stdout] failures:
[INFO] [stdout]     test_diff_different
[INFO] [stdout]     test_diff_format_md
[INFO] [stdout]     test_diff_identical
[INFO] [stdout]     test_diff_only_changes
[INFO] [stdout]     test_gguf_fixture_inspect
[INFO] [stdout]     test_id_json_output
[INFO] [stdout]     test_inspect_verbose
[INFO] [stdout]     test_safetensors_fixture_inspect
[INFO] [stdout]     test_summary_command
[INFO] [stdout] 
[INFO] [stdout] test result: FAILED. 5 passed; 9 failed; 0 ignored; 0 measured; 0 filtered out; finished in 0.12s
[INFO] [stdout] 
[INFO] [stderr] error: test failed, to rerun pass `--test cli`
[INFO] running `Command { std: "docker" "inspect" "c213e71aa3549ce1f8d6f0f18b78cd9f9c7a3220a6cb2e30bf6073056b6b59ca", kill_on_drop: false }`
[INFO] running `Command { std: "docker" "rm" "-f" "c213e71aa3549ce1f8d6f0f18b78cd9f9c7a3220a6cb2e30bf6073056b6b59ca", kill_on_drop: false }`
[INFO] [stdout] c213e71aa3549ce1f8d6f0f18b78cd9f9c7a3220a6cb2e30bf6073056b6b59ca
