[INFO] cloning repository https://github.com/kvgctab65ei95fs4-tech/go-crates-mcp
[INFO] running `Command { std: "git" "-c" "credential.helper=" "-c" "credential.helper=/workspace/cargo-home/bin/git-credential-null" "clone" "--bare" "https://github.com/kvgctab65ei95fs4-tech/go-crates-mcp" "/workspace/cache/git-repos/https%3A%2F%2Fgithub.com%2Fkvgctab65ei95fs4-tech%2Fgo-crates-mcp", kill_on_drop: false }`
[INFO] [stderr] Cloning into bare repository '/workspace/cache/git-repos/https%3A%2F%2Fgithub.com%2Fkvgctab65ei95fs4-tech%2Fgo-crates-mcp'...
[INFO] running `Command { std: "git" "rev-parse" "HEAD", kill_on_drop: false }`
[INFO] [stdout] f409e67a1d212f4ad40624c90c58e74764df9f04
[INFO] testing kvgctab65ei95fs4-tech/go-crates-mcp against 1.98.0-beta.8+cargoflags=--release for beta-release-1.99-2
[INFO] running `Command { std: "git" "clone" "/workspace/cache/git-repos/https%3A%2F%2Fgithub.com%2Fkvgctab65ei95fs4-tech%2Fgo-crates-mcp" "/workspace/builds/worker-0-tc1/source", kill_on_drop: false }`
[INFO] [stderr] Cloning into '/workspace/builds/worker-0-tc1/source'...
[INFO] [stderr] done.
[INFO] started tweaking git repo https://github.com/kvgctab65ei95fs4-tech/go-crates-mcp
[INFO] finished tweaking git repo https://github.com/kvgctab65ei95fs4-tech/go-crates-mcp
[INFO] tweaked toml for git repo https://github.com/kvgctab65ei95fs4-tech/go-crates-mcp written to /workspace/builds/worker-0-tc1/source/Cargo.toml
[INFO] validating manifest of git repo https://github.com/kvgctab65ei95fs4-tech/go-crates-mcp on toolchain 1.98.0-beta.8
[INFO] running `Command { std: CARGO_HOME="/workspace/cargo-home" RUSTUP_HOME="/workspace/rustup-home" "/workspace/cargo-home/bin/cargo" "+1.98.0-beta.8" "metadata" "--manifest-path" "Cargo.toml" "--no-deps", kill_on_drop: false }`
[INFO] crate git repo https://github.com/kvgctab65ei95fs4-tech/go-crates-mcp already has a lockfile, it will not be regenerated
[INFO] running `Command { std: CARGO_HOME="/workspace/cargo-home" RUSTUP_HOME="/workspace/rustup-home" "/workspace/cargo-home/bin/cargo" "+1.98.0-beta.8" "fetch" "--manifest-path" "Cargo.toml", kill_on_drop: false }`
[INFO] [stderr]     Updating crates.io index
[INFO] [stderr]  Downloading crates ...
[INFO] [stderr]   Downloaded idna_adapter v1.2.1
[INFO] [stderr]   Downloaded urlencoding v2.1.3
[INFO] [stderr]   Downloaded tracing-attributes v0.1.30
[INFO] [stderr]   Downloaded windows-registry v0.5.3
[INFO] [stderr]   Downloaded windows-result v0.3.4
[INFO] [stderr]   Downloaded yoke-derive v0.8.0
[INFO] [stderr]   Downloaded potential_utf v0.1.2
[INFO] [stderr]   Downloaded gix-date v0.10.2
[INFO] [stderr]   Downloaded gix-validate v0.10.0
[INFO] [stderr]   Downloaded gix-actor v0.35.1
[INFO] [stderr]   Downloaded gix-protocol v0.50.1
[INFO] [stderr]   Downloaded gix-trace v0.1.12
[INFO] [stderr]   Downloaded gix-utils v0.3.0
[INFO] [stderr]   Downloaded gix-hashtable v0.8.1
[INFO] [stderr]   Downloaded jiff-tzdb-platform v0.1.3
[INFO] [stderr]   Downloaded gix-glob v0.20.1
[INFO] [stderr]   Downloaded hash32 v0.3.1
[INFO] [stderr]   Downloaded gix-packetline-blocking v0.19.0
[INFO] [stderr]   Downloaded libredox v0.1.4
[INFO] [stderr]   Downloaded unicode-bom v2.0.3
[INFO] [stderr]   Downloaded gix-lock v17.1.0
[INFO] [stderr]   Downloaded gix-sec v0.11.0
[INFO] [stderr]   Downloaded shell-words v1.1.0
[INFO] [stderr]   Downloaded gix-bitmap v0.2.14
[INFO] [stderr]   Downloaded gix-ignore v0.15.0
[INFO] [stderr]   Downloaded gix-chunk v0.4.11
[INFO] [stderr]   Downloaded gix-quote v0.6.0
[INFO] [stderr]   Downloaded gix-command v0.6.1
[INFO] [stderr]   Downloaded gix-config-value v0.15.0
[INFO] [stderr]   Downloaded gix-discover v0.40.1
[INFO] [stderr]   Downloaded writeable v0.6.1
[INFO] [stderr]   Downloaded tinystr v0.8.1
[INFO] [stderr]   Downloaded windows-strings v0.4.2
[INFO] [stderr]   Downloaded futures-executor v0.3.31
[INFO] [stderr]   Downloaded smol_str v0.3.2
[INFO] [stderr]   Downloaded semver v1.0.26
[INFO] [stderr]   Downloaded rustc-stable-hash v0.1.2
[INFO] [stderr]   Downloaded gix-worktree v0.41.0
[INFO] [stderr]   Downloaded gix-shallow v0.4.0
[INFO] [stderr]   Downloaded reqwest v0.12.20
[INFO] [stderr]   Downloaded zerovec-derive v0.11.1
[INFO] [stderr]   Downloaded yoke v0.8.0
[INFO] [stderr]   Downloaded gix-hash v0.18.0
[INFO] [stderr]   Downloaded libz-rs-sys v0.5.1
[INFO] [stderr]   Downloaded faster-hex v0.10.0
[INFO] [stderr]   Downloaded gix-traverse v0.46.2
[INFO] [stderr]   Downloaded gix-revwalk v0.20.1
[INFO] [stderr]   Downloaded gix-commitgraph v0.28.0
[INFO] [stderr]   Downloaded gix-tempfile v17.1.0
[INFO] [stderr]   Downloaded gix-fs v0.15.0
[INFO] [stderr]   Downloaded filetime v0.2.25
[INFO] [stderr]   Downloaded gix-attributes v0.26.1
[INFO] [stderr]   Downloaded kstring v2.0.2
[INFO] [stderr]   Downloaded gix-packetline v0.19.0
[INFO] [stderr]   Downloaded gix-submodule v0.19.1
[INFO] [stderr]   Downloaded gix-pathspec v0.11.0
[INFO] [stderr]   Downloaded maybe-async v0.2.10
[INFO] [stderr]   Downloaded litemap v0.8.0
[INFO] [stderr]   Downloaded hyper-rustls v0.27.7
[INFO] [stderr]   Downloaded mcp-core v0.1.50
[INFO] [stderr]   Downloaded gix-path v0.10.18
[INFO] [stderr]   Downloaded gix-negotiate v0.20.1
[INFO] [stderr]   Downloaded uluru v3.1.0
[INFO] [stderr]   Downloaded gix-prompt v0.11.0
[INFO] [stderr]   Downloaded rustls-pki-types v1.12.0
[INFO] [stderr]   Downloaded futures v0.3.31
[INFO] [stderr]   Downloaded gix-features v0.42.1
[INFO] [stderr]   Downloaded gix-url v0.31.0
[INFO] [stderr]   Downloaded gix-refspec v0.30.1
[INFO] [stderr]   Downloaded gix-revision v0.34.1
[INFO] [stderr]   Downloaded icu_properties v2.0.1
[INFO] [stderr]   Downloaded icu_provider v2.0.0
[INFO] [stderr]   Downloaded icu_normalizer v2.0.0
[INFO] [stderr]   Downloaded borsh v1.5.7
[INFO] [stderr]   Downloaded gix-object v0.49.1
[INFO] [stderr]   Downloaded portable-atomic-util v0.2.4
[INFO] [stderr]   Downloaded jiff-tzdb v0.1.4
[INFO] [stderr]   Downloaded gix-index v0.40.1
[INFO] [stderr]   Downloaded gix-ref v0.52.1
[INFO] [stderr]   Downloaded openssl-sys v0.9.109
[INFO] [stderr]   Downloaded heapless v0.8.0
[INFO] [stderr]   Downloaded jiff-static v0.2.15
[INFO] [stderr]   Downloaded tinyvec v1.9.0
[INFO] [stderr]   Downloaded gix-transport v0.47.0
[INFO] [stderr]   Downloaded icu_collections v2.0.0
[INFO] [stderr]   Downloaded icu_normalizer_data v2.0.0
[INFO] [stderr]   Downloaded crossbeam-channel v0.5.15
[INFO] [stderr]   Downloaded gix-config v0.45.1
[INFO] [stderr]   Downloaded zerotrie v0.2.2
[INFO] [stderr]   Downloaded icu_locale_core v2.0.0
[INFO] [stderr]   Downloaded rustls-webpki v0.103.3
[INFO] [stderr]   Downloaded crates-index v3.10.0
[INFO] [stderr]   Downloaded prodash v29.0.2
[INFO] [stderr]   Downloaded tower-http v0.6.6
[INFO] [stderr]   Downloaded cc v1.2.27
[INFO] [stderr]   Downloaded hyper-util v0.1.14
[INFO] [stderr]   Downloaded gix-credentials v0.29.0
[INFO] [stderr]   Downloaded gix-pack v0.59.1
[INFO] [stderr]   Downloaded clru v0.6.2
[INFO] [stderr]   Downloaded gix-filter v0.19.2
[INFO] [stderr]   Downloaded zerovec v0.11.2
[INFO] [stderr]   Downloaded iri-string v0.7.8
[INFO] [stderr]   Downloaded icu_properties_data v2.0.1
[INFO] [stderr]   Downloaded h2 v0.4.10
[INFO] [stderr]   Downloaded winnow v0.7.11
[INFO] [stderr]   Downloaded zlib-rs v0.5.1
[INFO] [stderr]   Downloaded portable-atomic v1.11.1
[INFO] [stderr]   Downloaded openssl v0.10.73
[INFO] [stderr]   Downloaded gix v0.72.1
[INFO] [stderr]   Downloaded rustls v0.23.28
[INFO] [stderr]   Downloaded gix-odb v0.69.1
[INFO] [stderr]   Downloaded arc-swap v1.7.1
[INFO] [stderr]   Downloaded gix-diff v0.52.1
[INFO] [stderr]   Downloaded jiff v0.2.15
[INFO] [stderr]   Downloaded sha1-checked v0.10.0
[INFO] [stderr]   Downloaded tokio v1.45.1
[INFO] running `Command { std: "docker" "create" "-v" "/var/lib/crater-agent-workspace/builds/worker-0-tc1/source:/opt/rustwide/workdir:ro,Z" "-v" "/var/lib/crater-agent-workspace/builds/worker-0-tc1/target:/opt/rustwide/target:rw,Z" "-v" "/var/lib/crater-agent-workspace/cargo-home:/opt/rustwide/cargo-home:ro,Z" "-v" "/var/lib/crater-agent-workspace/rustup-home:/opt/rustwide/rustup-home:ro,Z" "-m" "1610612736" "--network" "none" "ghcr.io/rust-lang/crates-build-env/linux@sha256:8683fc1fc2eb5c9ac98e0d076ab094b2ffac7f99da555d2b6a2e27f346de2ec7" "sleep" "infinity", kill_on_drop: false }`
[INFO] [stdout] dbda9bb471fa4981d25fad58ea4fef01f02ffb3454deee7dd6b3ec96e868ab69
[INFO] running `Command { std: "docker" "start" "dbda9bb471fa4981d25fad58ea4fef01f02ffb3454deee7dd6b3ec96e868ab69", kill_on_drop: false }`
[INFO] running `Command { std: "docker" "inspect" "dbda9bb471fa4981d25fad58ea4fef01f02ffb3454deee7dd6b3ec96e868ab69", kill_on_drop: false }`
[INFO] running `Command { std: "docker" "exec" "-e" "SOURCE_DIR=/opt/rustwide/workdir" "-e" "CARGO_HOME=/opt/rustwide/cargo-home" "-e" "RUSTUP_HOME=/opt/rustwide/rustup-home" "-e" "CARGO_TARGET_DIR=/opt/rustwide/target" "-w" "/opt/rustwide/workdir" "--user" "0:0" "dbda9bb471fa4981d25fad58ea4fef01f02ffb3454deee7dd6b3ec96e868ab69" "/opt/rustwide/cargo-home/bin/cargo" "+1.98.0-beta.8" "metadata" "--no-deps" "--format-version=1", kill_on_drop: false }`
[INFO] running `Command { std: "docker" "inspect" "dbda9bb471fa4981d25fad58ea4fef01f02ffb3454deee7dd6b3ec96e868ab69", kill_on_drop: false }`
[INFO] running `Command { std: "docker" "exec" "-e" "SOURCE_DIR=/opt/rustwide/workdir" "-e" "CARGO_HOME=/opt/rustwide/cargo-home" "-e" "RUSTUP_HOME=/opt/rustwide/rustup-home" "-e" "CARGO_TARGET_DIR=/opt/rustwide/target" "-e" "CARGO_INCREMENTAL=0" "-e" "RUST_BACKTRACE=full" "-e" "RUSTFLAGS=--cap-lints=warn" "-e" "RUSTDOCFLAGS=--cap-lints=warn" "-w" "/opt/rustwide/workdir" "--user" "0:0" "dbda9bb471fa4981d25fad58ea4fef01f02ffb3454deee7dd6b3ec96e868ab69" "/opt/rustwide/cargo-home/bin/cargo" "+1.98.0-beta.8" "build" "--frozen" "--message-format=json" "--release", kill_on_drop: false }`
[INFO] [stderr]    Compiling proc-macro2 v1.0.95
[INFO] [stderr]    Compiling unicode-ident v1.0.18
[INFO] [stderr]    Compiling cfg-if v1.0.1
[INFO] [stderr]    Compiling libc v0.2.174
[INFO] [stderr]    Compiling memchr v2.7.5
[INFO] [stderr]    Compiling smallvec v1.15.1
[INFO] [stderr]    Compiling once_cell v1.21.3
[INFO] [stderr]    Compiling autocfg v1.5.0
[INFO] [stderr]    Compiling parking_lot_core v0.9.11
[INFO] [stderr]    Compiling scopeguard v1.2.0
[INFO] [stderr]    Compiling thiserror v2.0.12
[INFO] [stderr]    Compiling regex-automata v0.4.9
[INFO] [stderr]    Compiling stable_deref_trait v1.2.0
[INFO] [stderr]    Compiling serde v1.0.219
[INFO] [stderr]    Compiling log v0.4.27
[INFO] [stderr]    Compiling tinyvec_macros v0.1.1
[INFO] [stderr]    Compiling gix-trace v0.1.12
[INFO] [stderr]    Compiling fastrand v2.3.0
[INFO] [stderr]    Compiling tinyvec v1.9.0
[INFO] [stderr]    Compiling home v0.5.11
[INFO] [stderr]    Compiling crossbeam-utils v0.8.21
[INFO] [stderr]    Compiling zlib-rs v0.5.1
[INFO] [stderr]    Compiling bitflags v2.9.1
[INFO] [stderr]    Compiling crc32fast v1.4.2
[INFO] [stderr]    Compiling version_check v0.9.5
[INFO] [stderr]    Compiling same-file v1.0.6
[INFO] [stderr]    Compiling itoa v1.0.15
[INFO] [stderr]    Compiling walkdir v2.5.0
[INFO] [stderr]    Compiling typenum v1.18.0
[INFO] [stderr]    Compiling heapless v0.8.0
[INFO] [stderr]    Compiling generic-array v0.14.7
[INFO] [stderr]    Compiling byteorder v1.5.0
[INFO] [stderr]    Compiling cpufeatures v0.2.17
[INFO] [stderr]    Compiling zerocopy v0.8.26
[INFO] [stderr]    Compiling hash32 v0.3.1
[INFO] [stderr]    Compiling ahash v0.8.12
[INFO] [stderr]    Compiling winnow v0.7.11
[INFO] [stderr]    Compiling jiff v0.2.15
[INFO] [stderr]    Compiling allocator-api2 v0.2.21
[INFO] [stderr]    Compiling rustix v1.0.7
[INFO] [stderr]    Compiling lock_api v0.4.13
[INFO] [stderr]    Compiling linux-raw-sys v0.9.4
[INFO] [stderr]    Compiling getrandom v0.3.3
[INFO] [stderr]    Compiling quote v1.0.40
[INFO] [stderr]    Compiling crossbeam-channel v0.5.15
[INFO] [stderr]    Compiling memmap2 v0.9.5
[INFO] [stderr]    Compiling pin-project-lite v0.2.16
[INFO] [stderr]    Compiling litemap v0.8.0
[INFO] [stderr]    Compiling syn v2.0.104
[INFO] [stderr]    Compiling writeable v0.6.1
[INFO] [stderr]    Compiling parking_lot v0.12.4
[INFO] [stderr]    Compiling bstr v1.12.0
[INFO] [stderr]    Compiling bytes v1.10.1
[INFO] [stderr]    Compiling futures-core v0.3.31
[INFO] [stderr]    Compiling icu_normalizer_data v2.0.0
[INFO] [stderr]    Compiling icu_properties_data v2.0.1
[INFO] [stderr]    Compiling percent-encoding v2.3.1
[INFO] [stderr]    Compiling unicode-normalization v0.1.24
[INFO] [stderr]    Compiling prodash v29.0.2
[INFO] [stderr]    Compiling fnv v1.0.7
[INFO] [stderr]    Compiling futures-sink v0.3.31
[INFO] [stderr]    Compiling form_urlencoded v1.2.1
[INFO] [stderr]    Compiling mio v1.0.4
[INFO] [stderr]    Compiling block-buffer v0.10.4
[INFO] [stderr]    Compiling crypto-common v0.1.6
[INFO] [stderr]    Compiling signal-hook-registry v1.4.5
[INFO] [stderr]    Compiling socket2 v0.5.10
[INFO] [stderr]    Compiling digest v0.10.7
[INFO] [stderr]    Compiling slab v0.4.10
[INFO] [stderr]    Compiling gix-utils v0.3.0
[INFO] [stderr]    Compiling sha1 v0.10.6
[INFO] [stderr]    Compiling utf8_iter v1.0.4
[INFO] [stderr]    Compiling shlex v1.3.0
[INFO] [stderr]    Compiling futures-channel v0.3.31
[INFO] [stderr]    Compiling vcpkg v0.2.15
[INFO] [stderr]    Compiling sha1-checked v0.10.0
[INFO] [stderr]    Compiling cc v1.2.27
[INFO] [stderr]    Compiling futures-task v0.3.31
[INFO] [stderr]    Compiling hashbrown v0.14.5
[INFO] [stderr]    Compiling pkg-config v0.3.32
[INFO] [stderr]    Compiling futures-io v0.3.31
[INFO] [stderr]    Compiling pin-utils v0.1.0
[INFO] [stderr]    Compiling http v1.3.1
[INFO] [stderr]    Compiling tracing-core v0.1.34
[INFO] [stderr]    Compiling equivalent v1.0.2
[INFO] [stderr]    Compiling hashbrown v0.15.4
[INFO] [stderr]    Compiling unicode-bom v2.0.3
[INFO] [stderr]    Compiling libz-rs-sys v0.5.1
[INFO] [stderr]    Compiling flate2 v1.1.2
[INFO] [stderr]    Compiling gix-sec v0.11.0
[INFO] [stderr]    Compiling tempfile v3.20.0
[INFO] [stderr]    Compiling static_assertions v1.1.0
[INFO] [stderr]    Compiling shell-words v1.1.0
[INFO] [stderr]    Compiling kstring v2.0.2
[INFO] [stderr]    Compiling foreign-types-shared v0.1.1
[INFO] [stderr]    Compiling httparse v1.10.1
[INFO] [stderr]    Compiling openssl v0.10.73
[INFO] [stderr]    Compiling foreign-types v0.3.2
[INFO] [stderr]    Compiling native-tls v0.2.14
[INFO] [stderr]    Compiling atomic-waker v1.1.2
[INFO] [stderr]    Compiling indexmap v2.10.0
[INFO] [stderr]    Compiling tower-service v0.3.3
[INFO] [stderr]    Compiling ryu v1.0.20
[INFO] [stderr]    Compiling arrayvec v0.7.6
[INFO] [stderr]    Compiling serde_json v1.0.140
[INFO] [stderr]    Compiling try-lock v0.2.5
[INFO] [stderr]    Compiling want v0.3.1
[INFO] [stderr]    Compiling filetime v0.2.25
[INFO] [stderr]    Compiling encoding_rs v0.8.35
[INFO] [stderr]    Compiling openssl-probe v0.1.6
[INFO] [stderr]    Compiling utf8parse v0.2.2
[INFO] [stderr]    Compiling uluru v3.1.0
[INFO] [stderr]    Compiling clru v0.6.2
[INFO] [stderr]    Compiling anstyle-parse v0.2.7
[INFO] [stderr]    Compiling sync_wrapper v1.0.2
[INFO] [stderr]    Compiling tower-layer v0.3.3
[INFO] [stderr]    Compiling arc-swap v1.7.1
[INFO] [stderr]    Compiling anstyle-query v1.1.3
[INFO] [stderr]    Compiling anstyle v1.0.11
[INFO] [stderr]    Compiling semver v1.0.26
[INFO] [stderr]    Compiling ipnet v2.11.0
[INFO] [stderr]    Compiling is_terminal_polyfill v1.70.1
[INFO] [stderr]    Compiling toml_write v0.1.2
[INFO] [stderr]    Compiling colorchoice v1.0.4
[INFO] [stderr]    Compiling base64 v0.22.1
[INFO] [stderr]    Compiling openssl-sys v0.9.109
[INFO] [stderr]    Compiling anyhow v1.0.98
[INFO] [stderr]    Compiling anstream v0.6.19
[INFO] [stderr]    Compiling http-body v1.0.1
[INFO] [stderr]    Compiling overload v0.1.1
[INFO] [stderr]    Compiling heck v0.5.0
[INFO] [stderr]    Compiling clap_lex v0.7.5
[INFO] [stderr]    Compiling zeroize v1.8.1
[INFO] [stderr]    Compiling iri-string v0.7.8
[INFO] [stderr]    Compiling http-body-util v0.1.3
[INFO] [stderr]    Compiling strsim v0.11.1
[INFO] [stderr]    Compiling lazy_static v1.5.0
[INFO] [stderr]    Compiling rustls-pki-types v1.12.0
[INFO] [stderr]    Compiling sharded-slab v0.1.7
[INFO] [stderr]    Compiling nu-ansi-term v0.46.0
[INFO] [stderr]    Compiling clap_builder v4.5.40
[INFO] [stderr]    Compiling tracing-log v0.2.0
[INFO] [stderr]    Compiling thread_local v1.1.9
[INFO] [stderr]    Compiling rustc-hash v2.1.1
[INFO] [stderr]    Compiling mime v0.3.17
[INFO] [stderr]    Compiling rustc-stable-hash v0.1.2
[INFO] [stderr]    Compiling urlencoding v2.1.3
[INFO] [stderr]    Compiling tracing-subscriber v0.3.19
[INFO] [stderr]    Compiling synstructure v0.13.2
[INFO] [stderr]    Compiling thiserror-impl v2.0.12
[INFO] [stderr]    Compiling serde_derive v1.0.219
[INFO] [stderr]    Compiling zerofrom-derive v0.1.6
[INFO] [stderr]    Compiling yoke-derive v0.8.0
[INFO] [stderr]    Compiling zerovec-derive v0.11.1
[INFO] [stderr]    Compiling displaydoc v0.2.5
[INFO] [stderr]    Compiling tokio-macros v2.5.0
[INFO] [stderr]    Compiling futures-macro v0.3.31
[INFO] [stderr]    Compiling tracing-attributes v0.1.30
[INFO] [stderr]    Compiling openssl-macros v0.1.1
[INFO] [stderr]    Compiling maybe-async v0.2.10
[INFO] [stderr]    Compiling async-trait v0.1.88
[INFO] [stderr]    Compiling clap_derive v4.5.40
[INFO] [stderr]    Compiling tokio v1.45.1
[INFO] [stderr]    Compiling futures-util v0.3.31
[INFO] [stderr]    Compiling tracing v0.1.41
[INFO] [stderr]    Compiling gix-validate v0.10.0
[INFO] [stderr]    Compiling gix-date v0.10.2
[INFO] [stderr]    Compiling gix-path v0.10.18
[INFO] [stderr]    Compiling zerofrom v0.1.6
[INFO] [stderr]    Compiling yoke v0.8.0
[INFO] [stderr]    Compiling zerovec v0.11.2
[INFO] [stderr]    Compiling gix-features v0.42.1
[INFO] [stderr]    Compiling gix-actor v0.35.1
[INFO] [stderr]    Compiling zerotrie v0.2.2
[INFO] [stderr]    Compiling gix-fs v0.15.0
[INFO] [stderr]    Compiling gix-chunk v0.4.11
[INFO] [stderr]    Compiling gix-quote v0.6.0
[INFO] [stderr]    Compiling gix-glob v0.20.1
[INFO] [stderr]    Compiling gix-config-value v0.15.0
[INFO] [stderr]    Compiling gix-tempfile v17.1.0
[INFO] [stderr]    Compiling gix-command v0.6.1
[INFO] [stderr]    Compiling gix-bitmap v0.2.14
[INFO] [stderr]    Compiling clap v4.5.40
[INFO] [stderr]    Compiling gix-prompt v0.11.0
[INFO] [stderr]    Compiling gix-lock v17.1.0
[INFO] [stderr]    Compiling gix-attributes v0.26.1
[INFO] [stderr]    Compiling gix-ignore v0.15.0
[INFO] [stderr]    Compiling tinystr v0.8.1
[INFO] [stderr]    Compiling potential_utf v0.1.2
[INFO] [stderr]    Compiling icu_collections v2.0.0
[INFO] [stderr]    Compiling icu_locale_core v2.0.0
[INFO] [stderr]    Compiling futures-executor v0.3.31
[INFO] [stderr]    Compiling futures v0.3.31
[INFO] [stderr]    Compiling icu_provider v2.0.0
[INFO] [stderr]    Compiling gix-pathspec v0.11.0
[INFO] [stderr]    Compiling icu_normalizer v2.0.0
[INFO] [stderr]    Compiling icu_properties v2.0.1
[INFO] [stderr]    Compiling tokio-util v0.7.15
[INFO] [stderr]    Compiling tokio-native-tls v0.3.1
[INFO] [stderr]    Compiling tower v0.5.2
[INFO] [stderr]    Compiling idna_adapter v1.2.1
[INFO] [stderr]    Compiling idna v1.0.3
[INFO] [stderr]    Compiling tower-http v0.6.6
[INFO] [stderr]    Compiling h2 v0.4.10
[INFO] [stderr]    Compiling faster-hex v0.10.0
[INFO] [stderr]    Compiling url v2.5.4
[INFO] [stderr]    Compiling serde_spanned v0.6.9
[INFO] [stderr]    Compiling toml_datetime v0.6.11
[INFO] [stderr]    Compiling hex v0.4.3
[INFO] [stderr]    Compiling serde_urlencoded v0.7.1
[INFO] [stderr]    Compiling smol_str v0.3.2
[INFO] [stderr]    Compiling gix-hash v0.18.0
[INFO] [stderr]    Compiling gix-packetline v0.19.0
[INFO] [stderr]    Compiling gix-packetline-blocking v0.19.0
[INFO] [stderr]    Compiling toml_edit v0.22.27
[INFO] [stderr]    Compiling gix-url v0.31.0
[INFO] [stderr]    Compiling gix-hashtable v0.8.1
[INFO] [stderr]    Compiling gix-object v0.49.1
[INFO] [stderr]    Compiling gix-commitgraph v0.28.0
[INFO] [stderr]    Compiling gix-shallow v0.4.0
[INFO] [stderr]    Compiling gix-credentials v0.29.0
[INFO] [stderr]    Compiling gix-transport v0.47.0
[INFO] [stderr]    Compiling mcp-core v0.1.50
[INFO] [stderr]    Compiling hyper v1.6.0
[INFO] [stderr]    Compiling gix-revwalk v0.20.1
[INFO] [stderr]    Compiling gix-ref v0.52.1
[INFO] [stderr]    Compiling gix-pack v0.59.1
[INFO] [stderr]    Compiling gix-filter v0.19.2
[INFO] [stderr]    Compiling gix-diff v0.52.1
[INFO] [stderr]    Compiling gix-revision v0.34.1
[INFO] [stderr]    Compiling gix-traverse v0.46.2
[INFO] [stderr]    Compiling gix-negotiate v0.20.1
[INFO] [stderr]    Compiling toml v0.8.23
[INFO] [stderr]    Compiling gix-index v0.40.1
[INFO] [stderr]    Compiling gix-refspec v0.30.1
[INFO] [stderr]    Compiling hyper-util v0.1.14
[INFO] [stderr]    Compiling gix-config v0.45.1
[INFO] [stderr]    Compiling gix-worktree v0.41.0
[INFO] [stderr]    Compiling gix-odb v0.69.1
[INFO] [stderr]    Compiling gix-discover v0.40.1
[INFO] [stderr]    Compiling gix-protocol v0.50.1
[INFO] [stderr]    Compiling hyper-tls v0.6.0
[INFO] [stderr]    Compiling reqwest v0.12.20
[INFO] [stderr]    Compiling gix-submodule v0.19.1
[INFO] [stderr]    Compiling gix v0.72.1
[INFO] [stderr]    Compiling crates-index v3.10.0
[INFO] [stderr]    Compiling crates-mcp v0.1.0 (/opt/rustwide/workdir)
[INFO] [stderr]     Finished `release` profile [optimized] target(s) in 3m 16s
[INFO] running `Command { std: "docker" "inspect" "dbda9bb471fa4981d25fad58ea4fef01f02ffb3454deee7dd6b3ec96e868ab69", kill_on_drop: false }`
[INFO] running `Command { std: "docker" "exec" "-e" "SOURCE_DIR=/opt/rustwide/workdir" "-e" "CARGO_HOME=/opt/rustwide/cargo-home" "-e" "RUSTUP_HOME=/opt/rustwide/rustup-home" "-e" "CARGO_TARGET_DIR=/opt/rustwide/target" "-e" "CARGO_INCREMENTAL=0" "-e" "RUST_BACKTRACE=full" "-e" "RUSTFLAGS=--cap-lints=warn" "-e" "RUSTDOCFLAGS=--cap-lints=warn" "-w" "/opt/rustwide/workdir" "--user" "0:0" "dbda9bb471fa4981d25fad58ea4fef01f02ffb3454deee7dd6b3ec96e868ab69" "/opt/rustwide/cargo-home/bin/cargo" "+1.98.0-beta.8" "test" "--frozen" "--no-run" "--message-format=json" "--release", kill_on_drop: false }`
[INFO] [stderr]    Compiling crates-mcp v0.1.0 (/opt/rustwide/workdir)
[INFO] [stderr]     Finished `release` profile [optimized] target(s) in 5.59s
[INFO] running `Command { std: "docker" "inspect" "dbda9bb471fa4981d25fad58ea4fef01f02ffb3454deee7dd6b3ec96e868ab69", kill_on_drop: false }`
[INFO] running `Command { std: "docker" "exec" "-e" "SOURCE_DIR=/opt/rustwide/workdir" "-e" "CARGO_HOME=/opt/rustwide/cargo-home" "-e" "RUSTUP_HOME=/opt/rustwide/rustup-home" "-e" "CARGO_TARGET_DIR=/opt/rustwide/target" "-e" "CARGO_INCREMENTAL=0" "-e" "RUST_BACKTRACE=full" "-e" "RUSTFLAGS=--cap-lints=warn" "-e" "RUSTDOCFLAGS=--cap-lints=warn" "-w" "/opt/rustwide/workdir" "--user" "0:0" "dbda9bb471fa4981d25fad58ea4fef01f02ffb3454deee7dd6b3ec96e868ab69" "/opt/rustwide/cargo-home/bin/cargo" "+1.98.0-beta.8" "test" "--frozen" "--release", kill_on_drop: false }`
[INFO] [stderr]     Finished `release` profile [optimized] target(s) in 0.34s
[INFO] [stderr]      Running unittests src/main.rs (/opt/rustwide/target/release/deps/crates_mcp-2b322a22cbd1794b)
[INFO] [stdout] 
[INFO] [stdout] running 9 tests
[INFO] [stdout] test crates_client::tests::test_get_crate_info ... FAILED
[INFO] [stdout] test docs_client::tests::test_ratatui_docs_specifically ... ok
[INFO] [stdout] test docs_client::tests::test_get_readme_content ... ok
[INFO] [stdout] test crates_client::tests::test_search_crates ... FAILED
[INFO] [stdout] test docs_client::tests::test_docs_rs_url_accessibility ... FAILED
[INFO] [stdout] test crates_client::tests::test_get_crate_dependencies ... ok
[INFO] [stdout] test docs_client::tests::test_get_crate_documentation ... ok
[INFO] [stdout] test docs_client::tests::test_fixed_crate_documentation_integration ... FAILED
[INFO] [stdout] test mcp_server::tests::test_server_creation ... ok
[INFO] [stdout] 
[INFO] [stdout] failures:
[INFO] [stdout] 
[INFO] [stdout] ---- crates_client::tests::test_get_crate_info stdout ----
[INFO] [stdout] Error: Failed to get info for crate 'serde'
[INFO] [stdout] 
[INFO] [stdout] Caused by:
[INFO] [stdout]     0: Failed to send request to https://crates.io/api/v1/crates/serde
[INFO] [stdout]     1: error sending request
[INFO] [stdout]     2: client error (Connect)
[INFO] [stdout]     3: dns error
[INFO] [stdout]     4: failed to lookup address information: Temporary failure in name resolution
[INFO] [stdout] 
[INFO] [stdout] Stack backtrace:
[INFO] [stdout]    0: <reqwest::error::Error as anyhow::context::ext::StdError>::ext_context::<alloc::string::String>
[INFO] [stdout]    1: <crates_mcp::crates_client::CratesClient>::make_crates_io_request::{closure#0}
[INFO] [stdout]    2: crates_mcp::crates_client::tests::test_get_crate_info::{closure#0}
[INFO] [stdout]    3: <tokio::runtime::context::scoped::Scoped<tokio::runtime::scheduler::Context>>::set::<<tokio::runtime::scheduler::current_thread::CoreGuard>::enter<<tokio::runtime::scheduler::current_thread::CoreGuard>::block_on<core::pin::Pin<&mut core::pin::Pin<&mut dyn core::future::future::Future<Output = core::result::Result<(), anyhow::Error>>>>>::{closure#0}, core::option::Option<core::result::Result<(), anyhow::Error>>>::{closure#0}, (alloc::boxed::Box<tokio::runtime::scheduler::current_thread::Core>, core::option::Option<core::result::Result<(), anyhow::Error>>)>
[INFO] [stdout]    4: <tokio::runtime::scheduler::current_thread::CoreGuard>::block_on::<core::pin::Pin<&mut core::pin::Pin<&mut dyn core::future::future::Future<Output = core::result::Result<(), anyhow::Error>>>>>
[INFO] [stdout]    5: tokio::runtime::context::runtime::enter_runtime::<<tokio::runtime::scheduler::current_thread::CurrentThread>::block_on<core::pin::Pin<&mut dyn core::future::future::Future<Output = core::result::Result<(), anyhow::Error>>>>::{closure#0}, core::result::Result<(), anyhow::Error>>
[INFO] [stdout]    6: <tokio::runtime::runtime::Runtime>::block_on::<core::pin::Pin<&mut dyn core::future::future::Future<Output = core::result::Result<(), anyhow::Error>>>>
[INFO] [stdout]    7: crates_mcp::crates_client::tests::test_get_crate_info
[INFO] [stdout]    8: <crates_mcp::crates_client::tests::test_get_crate_info::{closure#0} as core::ops::function::FnOnce<()>>::call_once
[INFO] [stdout]    9: test::__rust_begin_short_backtrace::<core::result::Result<(), alloc::string::String>, fn() -> core::result::Result<(), alloc::string::String>>
[INFO] [stdout]   10: test::run_test::{closure#0}
[INFO] [stdout]   11: std::sys::backtrace::__rust_begin_short_backtrace::<test::run_test::{closure#1}, ()>
[INFO] [stdout]   12: <std::thread::lifecycle::spawn_unchecked<test::run_test::{closure#1}, ()>::{closure#1} as core::ops::function::FnOnce<()>>::call_once::{shim:vtable#0}
[INFO] [stdout]   13: <std::sys::thread::unix::Thread>::new::thread_start
[INFO] [stdout]   14: <unknown>
[INFO] [stdout]   15: clone
[INFO] [stdout] 
[INFO] [stdout] ---- crates_client::tests::test_search_crates stdout ----
[INFO] [stdout] Error: Failed to send request to https://crates.io/api/v1/crates?q=serde&per_page=5
[INFO] [stdout] 
[INFO] [stdout] Caused by:
[INFO] [stdout]     0: error sending request
[INFO] [stdout]     1: client error (Connect)
[INFO] [stdout]     2: dns error
[INFO] [stdout]     3: failed to lookup address information: Temporary failure in name resolution
[INFO] [stdout] 
[INFO] [stdout] Stack backtrace:
[INFO] [stdout]    0: <reqwest::error::Error as anyhow::context::ext::StdError>::ext_context::<alloc::string::String>
[INFO] [stdout]    1: <crates_mcp::crates_client::CratesClient>::make_crates_io_request::{closure#0}
[INFO] [stdout]    2: crates_mcp::crates_client::tests::test_search_crates::{closure#0}
[INFO] [stdout]    3: <tokio::runtime::context::scoped::Scoped<tokio::runtime::scheduler::Context>>::set::<<tokio::runtime::scheduler::current_thread::CoreGuard>::enter<<tokio::runtime::scheduler::current_thread::CoreGuard>::block_on<core::pin::Pin<&mut core::pin::Pin<&mut dyn core::future::future::Future<Output = core::result::Result<(), anyhow::Error>>>>>::{closure#0}, core::option::Option<core::result::Result<(), anyhow::Error>>>::{closure#0}, (alloc::boxed::Box<tokio::runtime::scheduler::current_thread::Core>, core::option::Option<core::result::Result<(), anyhow::Error>>)>
[INFO] [stdout]    4: <tokio::runtime::scheduler::current_thread::CoreGuard>::block_on::<core::pin::Pin<&mut core::pin::Pin<&mut dyn core::future::future::Future<Output = core::result::Result<(), anyhow::Error>>>>>
[INFO] [stdout]    5: tokio::runtime::context::runtime::enter_runtime::<<tokio::runtime::scheduler::current_thread::CurrentThread>::block_on<core::pin::Pin<&mut dyn core::future::future::Future<Output = core::result::Result<(), anyhow::Error>>>>::{closure#0}, core::result::Result<(), anyhow::Error>>
[INFO] [stdout]    6: <tokio::runtime::runtime::Runtime>::block_on::<core::pin::Pin<&mut dyn core::future::future::Future<Output = core::result::Result<(), anyhow::Error>>>>
[INFO] [stdout]    7: crates_mcp::crates_client::tests::test_search_crates
[INFO] [stdout]    8: <crates_mcp::crates_client::tests::test_search_crates::{closure#0} as core::ops::function::FnOnce<()>>::call_once
[INFO] [stdout]    9: test::__rust_begin_short_backtrace::<core::result::Result<(), alloc::string::String>, fn() -> core::result::Result<(), alloc::string::String>>
[INFO] [stdout]   10: test::run_test::{closure#0}
[INFO] [stdout]   11: std::sys::backtrace::__rust_begin_short_backtrace::<test::run_test::{closure#1}, ()>
[INFO] [stdout]   12: <std::thread::lifecycle::spawn_unchecked<test::run_test::{closure#1}, ()>::{closure#1} as core::ops::function::FnOnce<()>>::call_once::{shim:vtable#0}
[INFO] [stdout]   13: <std::sys::thread::unix::Thread>::new::thread_start
[INFO] [stdout]   14: <unknown>
[INFO] [stdout]   15: clone
[INFO] [stdout] 
[INFO] [stdout] ---- docs_client::tests::test_docs_rs_url_accessibility stdout ----
[INFO] [stdout] Testing URL accessibility: https://docs.rs/serde
[INFO] [stdout] 
[INFO] [stdout] thread 'docs_client::tests::test_docs_rs_url_accessibility' (4706) panicked at src/docs_client.rs:372:21:
[INFO] [stdout] Failed to fetch URL https://docs.rs/serde: error sending request
[INFO] [stdout] stack backtrace:
[INFO] [stdout]    0:     0x5b55c629ee11 - <<std[97b98282bc616a66]::sys::backtrace::BacktraceLock>::print::DisplayBacktrace as core[832e9a552fc17241]::fmt::Display>::fmt
[INFO] [stdout]    1:     0x5b55c62b784a - core[832e9a552fc17241]::fmt::write
[INFO] [stdout]    2:     0x5b55c62a466c - <alloc[3ecab9f82c41dc7d]::vec::Vec<u8> as std[97b98282bc616a66]::io::Write>::write_fmt
[INFO] [stdout]    3:     0x5b55c6276e46 - std[97b98282bc616a66]::panicking::default_hook::{closure#0}
[INFO] [stdout]    4:     0x5b55c6294e59 - std[97b98282bc616a66]::panicking::default_hook
[INFO] [stdout]    5:     0x5b55c5e649f0 - test[39766f3d73431624]::test_main_inner::<test[39766f3d73431624]::test_main_static::{closure#0}>::{closure#0}
[INFO] [stdout]    6:     0x5b55c6295182 - std[97b98282bc616a66]::panicking::panic_with_hook
[INFO] [stdout]    7:     0x5b55c6276ef2 - std[97b98282bc616a66]::panicking::panic_handler::{closure#0}
[INFO] [stdout]    8:     0x5b55c626dda9 - std[97b98282bc616a66]::sys::backtrace::__rust_end_short_backtrace::<std[97b98282bc616a66]::panicking::panic_handler::{closure#0}, !>
[INFO] [stdout]    9:     0x5b55c6277fcd - __rustc[e3d8617bb01b7f69]::rust_begin_unwind
[INFO] [stdout]   10:     0x5b55c62b802c - core[832e9a552fc17241]::panicking::panic_fmt
[INFO] [stdout]   11:     0x5b55c5e3e257 - crates_mcp[f8a9be5c182c9203]::docs_client::tests::test_docs_rs_url_accessibility::{closure#0}
[INFO] [stdout]   12:     0x5b55c5e4992d - <tokio[e866886d8ab446b4]::runtime::context::scoped::Scoped<tokio[e866886d8ab446b4]::runtime::scheduler::Context>>::set::<<tokio[e866886d8ab446b4]::runtime::scheduler::current_thread::CoreGuard>::enter<<tokio[e866886d8ab446b4]::runtime::scheduler::current_thread::CoreGuard>::block_on<core[832e9a552fc17241]::pin::Pin<&mut core[832e9a552fc17241]::pin::Pin<&mut dyn core[832e9a552fc17241]::future::future::Future<Output = core[832e9a552fc17241]::result::Result<(), anyhow[11edef8ea797a13a]::Error>>>>>::{closure#0}, core[832e9a552fc17241]::option::Option<core[832e9a552fc17241]::result::Result<(), anyhow[11edef8ea797a13a]::Error>>>::{closure#0}, (alloc[3ecab9f82c41dc7d]::boxed::Box<tokio[e866886d8ab446b4]::runtime::scheduler::current_thread::Core>, core[832e9a552fc17241]::option::Option<core[832e9a552fc17241]::result::Result<(), anyhow[11edef8ea797a13a]::Error>>)>
[INFO] [stdout]   13:     0x5b55c5e4a011 - <tokio[e866886d8ab446b4]::runtime::scheduler::current_thread::CoreGuard>::block_on::<core[832e9a552fc17241]::pin::Pin<&mut core[832e9a552fc17241]::pin::Pin<&mut dyn core[832e9a552fc17241]::future::future::Future<Output = core[832e9a552fc17241]::result::Result<(), anyhow[11edef8ea797a13a]::Error>>>>>
[INFO] [stdout]   14:     0x5b55c5e4dd96 - tokio[e866886d8ab446b4]::runtime::context::runtime::enter_runtime::<<tokio[e866886d8ab446b4]::runtime::scheduler::current_thread::CurrentThread>::block_on<core[832e9a552fc17241]::pin::Pin<&mut dyn core[832e9a552fc17241]::future::future::Future<Output = core[832e9a552fc17241]::result::Result<(), anyhow[11edef8ea797a13a]::Error>>>>::{closure#0}, core[832e9a552fc17241]::result::Result<(), anyhow[11edef8ea797a13a]::Error>>
[INFO] [stdout]   15:     0x5b55c5e4e105 - <tokio[e866886d8ab446b4]::runtime::runtime::Runtime>::block_on::<core[832e9a552fc17241]::pin::Pin<&mut dyn core[832e9a552fc17241]::future::future::Future<Output = core[832e9a552fc17241]::result::Result<(), anyhow[11edef8ea797a13a]::Error>>>>
[INFO] [stdout]   16:     0x5b55c5e3efeb - crates_mcp[f8a9be5c182c9203]::docs_client::tests::test_docs_rs_url_accessibility
[INFO] [stdout]   17:     0x5b55c5e54bbf - <crates_mcp[f8a9be5c182c9203]::docs_client::tests::test_docs_rs_url_accessibility::{closure#0} as core[832e9a552fc17241]::ops::function::FnOnce<()>>::call_once
[INFO] [stdout]   18:     0x5b55c5e57d2b - test[39766f3d73431624]::__rust_begin_short_backtrace::<core[832e9a552fc17241]::result::Result<(), alloc[3ecab9f82c41dc7d]::string::String>, fn() -> core[832e9a552fc17241]::result::Result<(), alloc[3ecab9f82c41dc7d]::string::String>>
[INFO] [stdout]   19:     0x5b55c5e65375 - test[39766f3d73431624]::run_test::{closure#0}
[INFO] [stdout]   20:     0x5b55c5e5fe24 - std[97b98282bc616a66]::sys::backtrace::__rust_begin_short_backtrace::<test[39766f3d73431624]::run_test::{closure#1}, ()>
[INFO] [stdout]   21:     0x5b55c5e684c2 - <std[97b98282bc616a66]::thread::lifecycle::spawn_unchecked<test[39766f3d73431624]::run_test::{closure#1}, ()>::{closure#1} as core[832e9a552fc17241]::ops::function::FnOnce<()>>::call_once::{shim:vtable#0}
[INFO] [stdout]   22:     0x5b55c629d9ef - <std[97b98282bc616a66]::sys::thread::unix::Thread>::new::thread_start
[INFO] [stdout]   23:     0x7941233d407a - <unknown>
[INFO] [stdout]   24:     0x794123467534 - clone
[INFO] [stdout]   25:                0x0 - <unknown>
[INFO] [stdout] 
[INFO] [stdout] ---- docs_client::tests::test_fixed_crate_documentation_integration stdout ----
[INFO] [stdout] Testing fixed get_crate_documentation with 'anyhow'
[INFO] [stdout] 
[INFO] [stdout] thread 'docs_client::tests::test_fixed_crate_documentation_integration' (4707) panicked at src/docs_client.rs:438:17:
[INFO] [stdout] ❌ Fixed implementation still failing: Failed to get documentation page
[INFO] [stdout] stack backtrace:
[INFO] [stdout]    0:     0x5b55c629ee11 - <<std[97b98282bc616a66]::sys::backtrace::BacktraceLock>::print::DisplayBacktrace as core[832e9a552fc17241]::fmt::Display>::fmt
[INFO] [stdout]    1:     0x5b55c62b784a - core[832e9a552fc17241]::fmt::write
[INFO] [stdout]    2:     0x5b55c62a466c - <alloc[3ecab9f82c41dc7d]::vec::Vec<u8> as std[97b98282bc616a66]::io::Write>::write_fmt
[INFO] [stdout]    3:     0x5b55c6276e46 - std[97b98282bc616a66]::panicking::default_hook::{closure#0}
[INFO] [stdout]    4:     0x5b55c6294e59 - std[97b98282bc616a66]::panicking::default_hook
[INFO] [stdout]    5:     0x5b55c5e649f0 - test[39766f3d73431624]::test_main_inner::<test[39766f3d73431624]::test_main_static::{closure#0}>::{closure#0}
[INFO] [stdout]    6:     0x5b55c6295182 - std[97b98282bc616a66]::panicking::panic_with_hook
[INFO] [stdout]    7:     0x5b55c6276ef2 - std[97b98282bc616a66]::panicking::panic_handler::{closure#0}
[INFO] [stdout]    8:     0x5b55c626dda9 - std[97b98282bc616a66]::sys::backtrace::__rust_end_short_backtrace::<std[97b98282bc616a66]::panicking::panic_handler::{closure#0}, !>
[INFO] [stdout]    9:     0x5b55c6277fcd - __rustc[e3d8617bb01b7f69]::rust_begin_unwind
[INFO] [stdout]   10:     0x5b55c62b802c - core[832e9a552fc17241]::panicking::panic_fmt
[INFO] [stdout]   11:     0x5b55c5e3eb60 - crates_mcp[f8a9be5c182c9203]::docs_client::tests::test_fixed_crate_documentation_integration::{closure#0}
[INFO] [stdout]   12:     0x5b55c5e4992d - <tokio[e866886d8ab446b4]::runtime::context::scoped::Scoped<tokio[e866886d8ab446b4]::runtime::scheduler::Context>>::set::<<tokio[e866886d8ab446b4]::runtime::scheduler::current_thread::CoreGuard>::enter<<tokio[e866886d8ab446b4]::runtime::scheduler::current_thread::CoreGuard>::block_on<core[832e9a552fc17241]::pin::Pin<&mut core[832e9a552fc17241]::pin::Pin<&mut dyn core[832e9a552fc17241]::future::future::Future<Output = core[832e9a552fc17241]::result::Result<(), anyhow[11edef8ea797a13a]::Error>>>>>::{closure#0}, core[832e9a552fc17241]::option::Option<core[832e9a552fc17241]::result::Result<(), anyhow[11edef8ea797a13a]::Error>>>::{closure#0}, (alloc[3ecab9f82c41dc7d]::boxed::Box<tokio[e866886d8ab446b4]::runtime::scheduler::current_thread::Core>, core[832e9a552fc17241]::option::Option<core[832e9a552fc17241]::result::Result<(), anyhow[11edef8ea797a13a]::Error>>)>
[INFO] [stdout]   13:     0x5b55c5e4a011 - <tokio[e866886d8ab446b4]::runtime::scheduler::current_thread::CoreGuard>::block_on::<core[832e9a552fc17241]::pin::Pin<&mut core[832e9a552fc17241]::pin::Pin<&mut dyn core[832e9a552fc17241]::future::future::Future<Output = core[832e9a552fc17241]::result::Result<(), anyhow[11edef8ea797a13a]::Error>>>>>
[INFO] [stdout]   14:     0x5b55c5e4dd96 - tokio[e866886d8ab446b4]::runtime::context::runtime::enter_runtime::<<tokio[e866886d8ab446b4]::runtime::scheduler::current_thread::CurrentThread>::block_on<core[832e9a552fc17241]::pin::Pin<&mut dyn core[832e9a552fc17241]::future::future::Future<Output = core[832e9a552fc17241]::result::Result<(), anyhow[11edef8ea797a13a]::Error>>>>::{closure#0}, core[832e9a552fc17241]::result::Result<(), anyhow[11edef8ea797a13a]::Error>>
[INFO] [stdout]   15:     0x5b55c5e4e105 - <tokio[e866886d8ab446b4]::runtime::runtime::Runtime>::block_on::<core[832e9a552fc17241]::pin::Pin<&mut dyn core[832e9a552fc17241]::future::future::Future<Output = core[832e9a552fc17241]::result::Result<(), anyhow[11edef8ea797a13a]::Error>>>>
[INFO] [stdout]   16:     0x5b55c5e3f2db - crates_mcp[f8a9be5c182c9203]::docs_client::tests::test_fixed_crate_documentation_integration
[INFO] [stdout]   17:     0x5b55c5e54d1f - <crates_mcp[f8a9be5c182c9203]::docs_client::tests::test_fixed_crate_documentation_integration::{closure#0} as core[832e9a552fc17241]::ops::function::FnOnce<()>>::call_once
[INFO] [stdout]   18:     0x5b55c5e57d2b - test[39766f3d73431624]::__rust_begin_short_backtrace::<core[832e9a552fc17241]::result::Result<(), alloc[3ecab9f82c41dc7d]::string::String>, fn() -> core[832e9a552fc17241]::result::Result<(), alloc[3ecab9f82c41dc7d]::string::String>>
[INFO] [stdout]   19:     0x5b55c5e65375 - test[39766f3d73431624]::run_test::{closure#0}
[INFO] [stdout]   20:     0x5b55c5e5fe24 - std[97b98282bc616a66]::sys::backtrace::__rust_begin_short_backtrace::<test[39766f3d73431624]::run_test::{closure#1}, ()>
[INFO] [stdout]   21:     0x5b55c5e684c2 - <std[97b98282bc616a66]::thread::lifecycle::spawn_unchecked<test[39766f3d73431624]::run_test::{closure#1}, ()>::{closure#1} as core[832e9a552fc17241]::ops::function::FnOnce<()>>::call_once::{shim:vtable#0}
[INFO] [stdout]   22:     0x5b55c629d9ef - <std[97b98282bc616a66]::sys::thread::unix::Thread>::new::thread_start
[INFO] [stdout]   23:     0x7941233d407a - <unknown>
[INFO] [stdout]   24:     0x794123467534 - clone
[INFO] [stdout]   25:                0x0 - <unknown>
[INFO] [stdout] 
[INFO] [stdout] 
[INFO] [stdout] failures:
[INFO] [stdout]     crates_client::tests::test_get_crate_info
[INFO] [stdout]     crates_client::tests::test_search_crates
[INFO] [stdout]     docs_client::tests::test_docs_rs_url_accessibility
[INFO] [stdout]     docs_client::tests::test_fixed_crate_documentation_integration
[INFO] [stdout] 
[INFO] [stdout] test result: FAILED. 5 passed; 4 failed; 0 ignored; 0 measured; 0 filtered out; finished in 0.26s
[INFO] [stdout] 
[INFO] [stderr] error: test failed, to rerun pass `--bin crates-mcp`
[INFO] running `Command { std: "docker" "inspect" "dbda9bb471fa4981d25fad58ea4fef01f02ffb3454deee7dd6b3ec96e868ab69", kill_on_drop: false }`
[INFO] running `Command { std: "docker" "rm" "-f" "dbda9bb471fa4981d25fad58ea4fef01f02ffb3454deee7dd6b3ec96e868ab69", kill_on_drop: false }`
[INFO] [stdout] dbda9bb471fa4981d25fad58ea4fef01f02ffb3454deee7dd6b3ec96e868ab69
