[INFO] cloning repository https://github.com/kushaldas/sd_jwt
[INFO] running `Command { std: "git" "-c" "credential.helper=" "-c" "credential.helper=/workspace/cargo-home/bin/git-credential-null" "clone" "--bare" "https://github.com/kushaldas/sd_jwt" "/workspace/cache/git-repos/https%3A%2F%2Fgithub.com%2Fkushaldas%2Fsd_jwt", kill_on_drop: false }`
[INFO] [stderr] Cloning into bare repository '/workspace/cache/git-repos/https%3A%2F%2Fgithub.com%2Fkushaldas%2Fsd_jwt'...
[INFO] running `Command { std: "git" "rev-parse" "HEAD", kill_on_drop: false }`
[INFO] [stdout] 889bba1c763d8d53db3d699069dbafbd91cff21b
[INFO] testing kushaldas/sd_jwt against 1.98.0-beta.8+cargoflags=--release for beta-release-1.99-2
[INFO] running `Command { std: "git" "clone" "/workspace/cache/git-repos/https%3A%2F%2Fgithub.com%2Fkushaldas%2Fsd_jwt" "/workspace/builds/worker-7-tc1/source", kill_on_drop: false }`
[INFO] [stderr] Cloning into '/workspace/builds/worker-7-tc1/source'...
[INFO] [stderr] done.
[INFO] started tweaking git repo https://github.com/kushaldas/sd_jwt
[INFO] finished tweaking git repo https://github.com/kushaldas/sd_jwt
[INFO] tweaked toml for git repo https://github.com/kushaldas/sd_jwt written to /workspace/builds/worker-7-tc1/source/Cargo.toml
[INFO] validating manifest of git repo https://github.com/kushaldas/sd_jwt on toolchain 1.98.0-beta.8
[INFO] running `Command { std: CARGO_HOME="/workspace/cargo-home" RUSTUP_HOME="/workspace/rustup-home" "/workspace/cargo-home/bin/cargo" "+1.98.0-beta.8" "metadata" "--manifest-path" "Cargo.toml" "--no-deps", kill_on_drop: false }`
[INFO] crate git repo https://github.com/kushaldas/sd_jwt already has a lockfile, it will not be regenerated
[INFO] running `Command { std: CARGO_HOME="/workspace/cargo-home" RUSTUP_HOME="/workspace/rustup-home" "/workspace/cargo-home/bin/cargo" "+1.98.0-beta.8" "fetch" "--manifest-path" "Cargo.toml", kill_on_drop: false }`
[INFO] [stderr]     Updating crates.io index
[INFO] [stderr]  Downloading crates ...
[INFO] [stderr]   Downloaded time v0.3.44
[INFO] [stderr]   Downloaded time-core v0.1.6
[INFO] [stderr]   Downloaded base64-url v3.0.2
[INFO] [stderr]   Downloaded deranged v0.5.5
[INFO] [stderr]   Downloaded constant_time_eq v0.4.2
[INFO] [stderr]   Downloaded cc v1.2.49
[INFO] [stderr]   Downloaded josekit v0.10.3
[INFO] running `Command { std: "docker" "create" "-v" "/var/lib/crater-agent-workspace/builds/worker-7-tc1/source:/opt/rustwide/workdir:ro,Z" "-v" "/var/lib/crater-agent-workspace/builds/worker-7-tc1/target:/opt/rustwide/target:rw,Z" "-v" "/var/lib/crater-agent-workspace/cargo-home:/opt/rustwide/cargo-home:ro,Z" "-v" "/var/lib/crater-agent-workspace/rustup-home:/opt/rustwide/rustup-home:ro,Z" "-m" "1610612736" "--network" "none" "ghcr.io/rust-lang/crates-build-env/linux@sha256:8683fc1fc2eb5c9ac98e0d076ab094b2ffac7f99da555d2b6a2e27f346de2ec7" "sleep" "infinity", kill_on_drop: false }`
[INFO] [stdout] 711a4a53fdc2ba91b94fed228c0f2aa820516915de400a94d84e615013d1073c
[INFO] running `Command { std: "docker" "start" "711a4a53fdc2ba91b94fed228c0f2aa820516915de400a94d84e615013d1073c", kill_on_drop: false }`
[INFO] running `Command { std: "docker" "inspect" "711a4a53fdc2ba91b94fed228c0f2aa820516915de400a94d84e615013d1073c", kill_on_drop: false }`
[INFO] running `Command { std: "docker" "exec" "-e" "SOURCE_DIR=/opt/rustwide/workdir" "-e" "CARGO_HOME=/opt/rustwide/cargo-home" "-e" "RUSTUP_HOME=/opt/rustwide/rustup-home" "-e" "CARGO_TARGET_DIR=/opt/rustwide/target" "-w" "/opt/rustwide/workdir" "--user" "0:0" "711a4a53fdc2ba91b94fed228c0f2aa820516915de400a94d84e615013d1073c" "/opt/rustwide/cargo-home/bin/cargo" "+1.98.0-beta.8" "metadata" "--no-deps" "--format-version=1", kill_on_drop: false }`
[INFO] running `Command { std: "docker" "inspect" "711a4a53fdc2ba91b94fed228c0f2aa820516915de400a94d84e615013d1073c", kill_on_drop: false }`
[INFO] running `Command { std: "docker" "exec" "-e" "SOURCE_DIR=/opt/rustwide/workdir" "-e" "CARGO_HOME=/opt/rustwide/cargo-home" "-e" "RUSTUP_HOME=/opt/rustwide/rustup-home" "-e" "CARGO_TARGET_DIR=/opt/rustwide/target" "-e" "CARGO_INCREMENTAL=0" "-e" "RUST_BACKTRACE=full" "-e" "RUSTFLAGS=--cap-lints=warn" "-e" "RUSTDOCFLAGS=--cap-lints=warn" "-w" "/opt/rustwide/workdir" "--user" "0:0" "711a4a53fdc2ba91b94fed228c0f2aa820516915de400a94d84e615013d1073c" "/opt/rustwide/cargo-home/bin/cargo" "+1.98.0-beta.8" "build" "--frozen" "--message-format=json" "--release", kill_on_drop: false }`
[INFO] [stderr]    Compiling libc v0.2.178
[INFO] [stderr]    Compiling serde_core v1.0.228
[INFO] [stderr]    Compiling zerocopy v0.8.31
[INFO] [stderr]    Compiling memchr v2.7.6
[INFO] [stderr]    Compiling cc v1.2.49
[INFO] [stderr]    Compiling simd-adler32 v0.3.8
[INFO] [stderr]    Compiling powerfmt v0.2.0
[INFO] [stderr]    Compiling regex-syntax v0.8.8
[INFO] [stderr]    Compiling serde_json v1.0.145
[INFO] [stderr]    Compiling serde v1.0.228
[INFO] [stderr]    Compiling syn v2.0.111
[INFO] [stderr]    Compiling crypto-common v0.1.7
[INFO] [stderr]    Compiling time-core v0.1.6
[INFO] [stderr]    Compiling num-conv v0.1.0
[INFO] [stderr]    Compiling base64-url v3.0.2
[INFO] [stderr]    Compiling constant_time_eq v0.4.2
[INFO] [stderr]    Compiling digest v0.10.7
[INFO] [stderr]    Compiling miniz_oxide v0.8.9
[INFO] [stderr]    Compiling deranged v0.5.5
[INFO] [stderr]    Compiling sha2 v0.10.9
[INFO] [stderr]    Compiling aho-corasick v1.1.4
[INFO] [stderr]    Compiling flate2 v1.1.5
[INFO] [stderr]    Compiling openssl-sys v0.9.111
[INFO] [stderr]    Compiling getrandom v0.3.4
[INFO] [stderr]    Compiling rand_core v0.9.3
[INFO] [stderr]    Compiling openssl v0.10.75
[INFO] [stderr]    Compiling time v0.3.44
[INFO] [stderr]    Compiling ppv-lite86 v0.2.21
[INFO] [stderr]    Compiling rand_chacha v0.9.0
[INFO] [stderr]    Compiling thiserror-impl v2.0.17
[INFO] [stderr]    Compiling openssl-macros v0.1.1
[INFO] [stderr]    Compiling serde_derive v1.0.228
[INFO] [stderr]    Compiling thiserror-impl v1.0.69
[INFO] [stderr]    Compiling regex-automata v0.4.13
[INFO] [stderr]    Compiling rand v0.9.2
[INFO] [stderr]    Compiling thiserror v1.0.69
[INFO] [stderr]    Compiling thiserror v2.0.17
[INFO] [stderr]    Compiling regex v1.12.2
[INFO] [stderr]    Compiling josekit v0.10.3
[INFO] [stderr]    Compiling sd_jwt v0.1.0 (/opt/rustwide/workdir)
[INFO] [stderr]     Finished `release` profile [optimized] target(s) in 51.84s
[INFO] running `Command { std: "docker" "inspect" "711a4a53fdc2ba91b94fed228c0f2aa820516915de400a94d84e615013d1073c", kill_on_drop: false }`
[INFO] running `Command { std: "docker" "exec" "-e" "SOURCE_DIR=/opt/rustwide/workdir" "-e" "CARGO_HOME=/opt/rustwide/cargo-home" "-e" "RUSTUP_HOME=/opt/rustwide/rustup-home" "-e" "CARGO_TARGET_DIR=/opt/rustwide/target" "-e" "CARGO_INCREMENTAL=0" "-e" "RUST_BACKTRACE=full" "-e" "RUSTFLAGS=--cap-lints=warn" "-e" "RUSTDOCFLAGS=--cap-lints=warn" "-w" "/opt/rustwide/workdir" "--user" "0:0" "711a4a53fdc2ba91b94fed228c0f2aa820516915de400a94d84e615013d1073c" "/opt/rustwide/cargo-home/bin/cargo" "+1.98.0-beta.8" "test" "--frozen" "--no-run" "--message-format=json" "--release", kill_on_drop: false }`
[INFO] [stderr]    Compiling sd_jwt v0.1.0 (/opt/rustwide/workdir)
[INFO] [stderr]     Finished `release` profile [optimized] target(s) in 7.27s
[INFO] running `Command { std: "docker" "inspect" "711a4a53fdc2ba91b94fed228c0f2aa820516915de400a94d84e615013d1073c", kill_on_drop: false }`
[INFO] running `Command { std: "docker" "exec" "-e" "SOURCE_DIR=/opt/rustwide/workdir" "-e" "CARGO_HOME=/opt/rustwide/cargo-home" "-e" "RUSTUP_HOME=/opt/rustwide/rustup-home" "-e" "CARGO_TARGET_DIR=/opt/rustwide/target" "-e" "CARGO_INCREMENTAL=0" "-e" "RUST_BACKTRACE=full" "-e" "RUSTFLAGS=--cap-lints=warn" "-e" "RUSTDOCFLAGS=--cap-lints=warn" "-w" "/opt/rustwide/workdir" "--user" "0:0" "711a4a53fdc2ba91b94fed228c0f2aa820516915de400a94d84e615013d1073c" "/opt/rustwide/cargo-home/bin/cargo" "+1.98.0-beta.8" "test" "--frozen" "--release", kill_on_drop: false }`
[INFO] [stderr]     Finished `release` profile [optimized] target(s) in 0.08s
[INFO] [stderr]      Running unittests src/lib.rs (/opt/rustwide/target/release/deps/sd_jwt-1d9d25179b305f7f)
[INFO] [stdout] 
[INFO] [stdout] running 60 tests
[INFO] [stdout] test disclosure::tests::test_digest_computation ... ok
[INFO] [stdout] test disclosure::tests::test_disclosure_array_element ... ok
[INFO] [stdout] test disclosure::tests::test_decoy_digest ... ok
[INFO] [stdout] test disclosure::tests::test_disclosure_encoding_example_from_spec ... ok
[INFO] [stdout] test disclosure::tests::test_nested_object_disclosure ... ok
[INFO] [stdout] test disclosure::tests::test_parse_invalid_disclosure ... ok
[INFO] [stdout] test disclosure::tests::test_disclosure_object_property ... ok
[INFO] [stdout] test rfc9901_tests::additional_compliance_tests::test_empty_sd_array ... ok
[INFO] [stdout] test rfc9901_tests::additional_compliance_tests::test_mixed_array_elements ... ok
[INFO] [stdout] test rfc9901_tests::additional_compliance_tests::test_multiple_sd_levels ... ok
[INFO] [stdout] test holder::tests::test_sd_hash_computation ... ok
[INFO] [stdout] test rfc9901_tests::rfc9901_compliance_tests::test_array_element_digest_format ... ok
[INFO] [stdout] test rfc9901_tests::rfc9901_compliance_tests::test_cnf_claim_format ... ok
[INFO] [stdout] test rfc9901_tests::rfc9901_compliance_tests::test_disclosure_digest_computation ... ok
[INFO] [stdout] test rfc9901_tests::rfc9901_compliance_tests::test_kb_jwt_typ_header ... ok
[INFO] [stdout] test rfc9901_tests::rfc9901_compliance_tests::test_key_binding_jwt_required_claims ... ok
[INFO] [stdout] test issuer::tests::test_reserved_claim_name_rejected ... ok
[INFO] [stdout] test rfc9901_tests::rfc9901_compliance_tests::test_processed_payload_structure ... ok
[INFO] [stdout] test rfc9901_tests::rfc9901_compliance_tests::test_reject_duplicate_digests ... ok
[INFO] [stdout] test rfc9901_tests::rfc9901_compliance_tests::test_reject_none_algorithm ... ok
[INFO] [stdout] test rfc9901_tests::rfc9901_compliance_tests::test_reject_reserved_claim_names ... ok
[INFO] [stdout] test rfc9901_tests::rfc9901_compliance_tests::test_rfc9901_section5_example_structure ... ok
[INFO] [stdout] test rfc9901_tests::rfc9901_compliance_tests::test_salt_entropy ... ok
[INFO] [stdout] test rfc9901_tests::rfc9901_compliance_tests::test_sd_alg_claim ... ok
[INFO] [stdout] test rfc9901_tests::rfc9901_compliance_tests::test_recursive_disclosures ... ok
[INFO] [stdout] test rfc9901_tests::rfc9901_compliance_tests::test_sd_hash_computation ... ok
[INFO] [stdout] test rfc9901_tests::rfc9901_compliance_tests::test_sd_claim_array_format ... ok
[INFO] [stdout] test rfc9901_tests::rfc9901_compliance_tests::test_disclosure_array_element_format ... ok
[INFO] [stdout] test rfc9901_tests::rfc9901_compliance_tests::test_sd_jwt_format_parsing ... ok
[INFO] [stdout] test rfc9901_tests::rfc9901_compliance_tests::test_structured_sd_jwt_address ... ok
[INFO] [stdout] test rfc9901_tests::rfc9901_compliance_tests::test_sd_jwt_kb_format ... ok
[INFO] [stdout] test tests::first_check_for_simple_values ... ok
[INFO] [stdout] test rfc9901_tests::rfc9901_compliance_tests::test_security_critical_claims ... ok
[INFO] [stdout] test types::tests::test_sd_jwt_config_default ... ok
[INFO] [stdout] test types::tests::test_sd_jwt_kb_parse_no_kb ... ok
[INFO] [stdout] test types::tests::test_hash_algorithm_conversion ... ok
[INFO] [stdout] test types::tests::test_sd_jwt_kb_serialization ... ok
[INFO] [stdout] test types::tests::test_sd_jwt_parse_empty_disclosures ... ok
[INFO] [stdout] test types::tests::test_sd_jwt_parse_invalid ... ok
[INFO] [stdout] test verifier::tests::test_hash_algorithm_extraction ... ok
[INFO] [stdout] test types::tests::test_sd_jwt_serialization ... ok
[INFO] [stdout] test verifier::tests::test_duplicate_digest_rejected ... ok
[INFO] [stdout] test rfc9901_tests::additional_compliance_tests::test_complex_nested_structure ... ok
[INFO] [stdout] test verifier::tests::test_process_nested_object ... ok
[INFO] [stdout] test rfc9901_tests::additional_compliance_tests::test_decoy_digests ... ok
[INFO] [stdout] test rfc9901_tests::rfc9901_compliance_tests::test_disclosure_object_property_format ... ok
[INFO] [stdout] test verifier::tests::test_reserved_claim_rejected ... ok
[INFO] [stdout] test issuer::tests::test_issue_sd_jwt_with_array_elements ... ok
[INFO] [stdout] test holder::tests::test_empty_presentation ... ok
[INFO] [stdout] test holder::tests::test_holder_create_presentation_multiple_claims ... ok
[INFO] [stdout] test issuer::tests::test_issue_simple_sd_jwt ... ok
[INFO] [stdout] test holder::tests::test_holder_create_presentation ... ok
[INFO] [stdout] test holder::tests::test_holder_parse_sd_jwt ... ok
[INFO] [stdout] test verifier::tests::test_verify_simple_sd_jwt ... ok
[INFO] [stdout] test verifier::tests::test_verify_partial_disclosure ... ok
[INFO] [stdout] test verifier::tests::test_verify_wrong_issuer_fails ... ok
[INFO] [stdout] test issuer::tests::test_issue_sd_jwt_with_decoys ... ok
[INFO] [stdout] test issuer::tests::test_sd_jwt_can_be_parsed ... ok
[INFO] [stdout] test holder::tests::test_holder_create_presentation_with_kb ... ok
[INFO] [stdout] test tests::full_run ... ok
[INFO] [stdout] 
[INFO] [stdout] test result: ok. 60 passed; 0 failed; 0 ignored; 0 measured; 0 filtered out; finished in 0.05s
[INFO] [stdout] 
[INFO] [stderr]      Running tests/interop_py_rust.rs (/opt/rustwide/target/release/deps/interop_py_rust-254ef183369bb031)
[INFO] [stdout] 
[INFO] [stdout] running 3 tests
[INFO] [stdout] test test_full_roundtrip ... FAILED
[INFO] [stdout] test test_py_rust_interop ... FAILED
[INFO] [stdout] test test_rust_py_interop ... FAILED
[INFO] [stdout] 
[INFO] [stdout] failures:
[INFO] [stdout] 
[INFO] [stdout] ---- test_full_roundtrip stdout ----
[INFO] [stdout] 
[INFO] [stdout] thread 'test_full_roundtrip' (1254) panicked at tests/interop_py_rust.rs:174:10:
[INFO] [stdout] Failed to execute Python script: Os { code: 2, kind: NotFound, message: "No such file or directory" }
[INFO] [stdout] stack backtrace:
[INFO] [stdout]    0:     0x5ca5f2dd1941 - <<std[97b98282bc616a66]::sys::backtrace::BacktraceLock>::print::DisplayBacktrace as core[832e9a552fc17241]::fmt::Display>::fmt
[INFO] [stdout]    1:     0x5ca5f2de7dea - core[832e9a552fc17241]::fmt::write
[INFO] [stdout]    2:     0x5ca5f2dd62fc - <alloc[3ecab9f82c41dc7d]::vec::Vec<u8> as std[97b98282bc616a66]::io::Write>::write_fmt
[INFO] [stdout]    3:     0x5ca5f2daf5d6 - std[97b98282bc616a66]::panicking::default_hook::{closure#0}
[INFO] [stdout]    4:     0x5ca5f2dc9769 - std[97b98282bc616a66]::panicking::default_hook
[INFO] [stdout]    5:     0x5ca5f2c473c0 - test[39766f3d73431624]::test_main_inner::<test[39766f3d73431624]::test_main_static::{closure#0}>::{closure#0}
[INFO] [stdout]    6:     0x5ca5f2dc9922 - std[97b98282bc616a66]::panicking::panic_with_hook
[INFO] [stdout]    7:     0x5ca5f2daf682 - std[97b98282bc616a66]::panicking::panic_handler::{closure#0}
[INFO] [stdout]    8:     0x5ca5f2da68a9 - std[97b98282bc616a66]::sys::backtrace::__rust_end_short_backtrace::<std[97b98282bc616a66]::panicking::panic_handler::{closure#0}, !>
[INFO] [stdout]    9:     0x5ca5f2db038d - __rustc[e3d8617bb01b7f69]::rust_begin_unwind
[INFO] [stdout]   10:     0x5ca5f2de85cc - core[832e9a552fc17241]::panicking::panic_fmt
[INFO] [stdout]   11:     0x5ca5f2de83a2 - core[832e9a552fc17241]::result::unwrap_failed
[INFO] [stdout]   12:     0x5ca5f2c348e9 - <interop_py_rust[e6dbd0f3faca2a22]::test_full_roundtrip::{closure#0} as core[832e9a552fc17241]::ops::function::FnOnce<()>>::call_once
[INFO] [stdout]   13:     0x5ca5f2c3a6fb - test[39766f3d73431624]::__rust_begin_short_backtrace::<core[832e9a552fc17241]::result::Result<(), alloc[3ecab9f82c41dc7d]::string::String>, fn() -> core[832e9a552fc17241]::result::Result<(), alloc[3ecab9f82c41dc7d]::string::String>>
[INFO] [stdout]   14:     0x5ca5f2c47d45 - test[39766f3d73431624]::run_test::{closure#0}
[INFO] [stdout]   15:     0x5ca5f2c427f4 - std[97b98282bc616a66]::sys::backtrace::__rust_begin_short_backtrace::<test[39766f3d73431624]::run_test::{closure#1}, ()>
[INFO] [stdout]   16:     0x5ca5f2c4ae92 - <std[97b98282bc616a66]::thread::lifecycle::spawn_unchecked<test[39766f3d73431624]::run_test::{closure#1}, ()>::{closure#1} as core[832e9a552fc17241]::ops::function::FnOnce<()>>::call_once::{shim:vtable#0}
[INFO] [stdout]   17:     0x5ca5f2dd0eaf - <std[97b98282bc616a66]::sys::thread::unix::Thread>::new::thread_start
[INFO] [stdout]   18:     0x7430e24eb07a - <unknown>
[INFO] [stdout]   19:     0x7430e257e534 - clone
[INFO] [stdout]   20:                0x0 - <unknown>
[INFO] [stdout] 
[INFO] [stdout] ---- test_py_rust_interop stdout ----
[INFO] [stdout] 
[INFO] [stdout] thread 'test_py_rust_interop' (1255) panicked at tests/interop_py_rust.rs:33:10:
[INFO] [stdout] Failed to execute Python script: Os { code: 2, kind: NotFound, message: "No such file or directory" }
[INFO] [stdout] stack backtrace:
[INFO] [stdout]    0:     0x5ca5f2dd1941 - <<std[97b98282bc616a66]::sys::backtrace::BacktraceLock>::print::DisplayBacktrace as core[832e9a552fc17241]::fmt::Display>::fmt
[INFO] [stdout]    1:     0x5ca5f2de7dea - core[832e9a552fc17241]::fmt::write
[INFO] [stdout]    2:     0x5ca5f2dd62fc - <alloc[3ecab9f82c41dc7d]::vec::Vec<u8> as std[97b98282bc616a66]::io::Write>::write_fmt
[INFO] [stdout]    3:     0x5ca5f2daf5d6 - std[97b98282bc616a66]::panicking::default_hook::{closure#0}
[INFO] [stdout]    4:     0x5ca5f2dc9769 - std[97b98282bc616a66]::panicking::default_hook
[INFO] [stdout]    5:     0x5ca5f2c473c0 - test[39766f3d73431624]::test_main_inner::<test[39766f3d73431624]::test_main_static::{closure#0}>::{closure#0}
[INFO] [stdout]    6:     0x5ca5f2dc9922 - std[97b98282bc616a66]::panicking::panic_with_hook
[INFO] [stdout]    7:     0x5ca5f2daf682 - std[97b98282bc616a66]::panicking::panic_handler::{closure#0}
[INFO] [stdout]    8:     0x5ca5f2da68a9 - std[97b98282bc616a66]::sys::backtrace::__rust_end_short_backtrace::<std[97b98282bc616a66]::panicking::panic_handler::{closure#0}, !>
[INFO] [stdout]    9:     0x5ca5f2db038d - __rustc[e3d8617bb01b7f69]::rust_begin_unwind
[INFO] [stdout]   10:     0x5ca5f2de85cc - core[832e9a552fc17241]::panicking::panic_fmt
[INFO] [stdout]   11:     0x5ca5f2de83a2 - core[832e9a552fc17241]::result::unwrap_failed
[INFO] [stdout]   12:     0x5ca5f2c35725 - <interop_py_rust[e6dbd0f3faca2a22]::test_py_rust_interop::{closure#0} as core[832e9a552fc17241]::ops::function::FnOnce<()>>::call_once
[INFO] [stdout]   13:     0x5ca5f2c3a6fb - test[39766f3d73431624]::__rust_begin_short_backtrace::<core[832e9a552fc17241]::result::Result<(), alloc[3ecab9f82c41dc7d]::string::String>, fn() -> core[832e9a552fc17241]::result::Result<(), alloc[3ecab9f82c41dc7d]::string::String>>
[INFO] [stdout]   14:     0x5ca5f2c47d45 - test[39766f3d73431624]::run_test::{closure#0}
[INFO] [stdout]   15:     0x5ca5f2c427f4 - std[97b98282bc616a66]::sys::backtrace::__rust_begin_short_backtrace::<test[39766f3d73431624]::run_test::{closure#1}, ()>
[INFO] [stdout]   16:     0x5ca5f2c4ae92 - <std[97b98282bc616a66]::thread::lifecycle::spawn_unchecked<test[39766f3d73431624]::run_test::{closure#1}, ()>::{closure#1} as core[832e9a552fc17241]::ops::function::FnOnce<()>>::call_once::{shim:vtable#0}
[INFO] [stderr] error: test failed, to rerun pass `--test interop_py_rust`
[INFO] [stdout]   17:     0x5ca5f2dd0eaf - <std[97b98282bc616a66]::sys::thread::unix::Thread>::new::thread_start
[INFO] [stdout]   18:     0x7430e24eb07a - <unknown>
[INFO] [stdout]   19:     0x7430e257e534 - clone
[INFO] [stdout]   20:                0x0 - <unknown>
[INFO] [stdout] 
[INFO] [stdout] ---- test_rust_py_interop stdout ----
[INFO] [stdout] Created SD-JWT in Rust (truncated): eyJ0eXAiOiJzZCtqd3QiLCJhbGciOiJSUzI1NiJ9.eyJpc3MiOiJodHRwczovL2V4YW1wbGUuY29tL2lzc3VlciIsImlhdCI6MTc...
[INFO] [stdout] 
[INFO] [stdout] thread 'test_rust_py_interop' (1256) panicked at tests/interop_py_rust.rs:140:10:
[INFO] [stdout] Failed to execute Python verification script: Os { code: 2, kind: NotFound, message: "No such file or directory" }
[INFO] [stdout] stack backtrace:
[INFO] [stdout]    0:     0x5ca5f2dd1941 - <<std[97b98282bc616a66]::sys::backtrace::BacktraceLock>::print::DisplayBacktrace as core[832e9a552fc17241]::fmt::Display>::fmt
[INFO] [stdout]    1:     0x5ca5f2de7dea - core[832e9a552fc17241]::fmt::write
[INFO] [stdout]    2:     0x5ca5f2dd62fc - <alloc[3ecab9f82c41dc7d]::vec::Vec<u8> as std[97b98282bc616a66]::io::Write>::write_fmt
[INFO] [stdout]    3:     0x5ca5f2daf5d6 - std[97b98282bc616a66]::panicking::default_hook::{closure#0}
[INFO] [stdout]    4:     0x5ca5f2dc9769 - std[97b98282bc616a66]::panicking::default_hook
[INFO] [stdout]    5:     0x5ca5f2c473c0 - test[39766f3d73431624]::test_main_inner::<test[39766f3d73431624]::test_main_static::{closure#0}>::{closure#0}
[INFO] [stdout]    6:     0x5ca5f2dc9922 - std[97b98282bc616a66]::panicking::panic_with_hook
[INFO] [stdout]    7:     0x5ca5f2daf682 - std[97b98282bc616a66]::panicking::panic_handler::{closure#0}
[INFO] [stdout]    8:     0x5ca5f2da68a9 - std[97b98282bc616a66]::sys::backtrace::__rust_end_short_backtrace::<std[97b98282bc616a66]::panicking::panic_handler::{closure#0}, !>
[INFO] [stdout]    9:     0x5ca5f2db038d - __rustc[e3d8617bb01b7f69]::rust_begin_unwind
[INFO] [stdout]   10:     0x5ca5f2de85cc - core[832e9a552fc17241]::panicking::panic_fmt
[INFO] [stdout]   11:     0x5ca5f2de83a2 - core[832e9a552fc17241]::result::unwrap_failed
[INFO] [stdout]   12:     0x5ca5f2c36df8 - <interop_py_rust[e6dbd0f3faca2a22]::test_rust_py_interop::{closure#0} as core[832e9a552fc17241]::ops::function::FnOnce<()>>::call_once
[INFO] [stdout]   13:     0x5ca5f2c3a6fb - test[39766f3d73431624]::__rust_begin_short_backtrace::<core[832e9a552fc17241]::result::Result<(), alloc[3ecab9f82c41dc7d]::string::String>, fn() -> core[832e9a552fc17241]::result::Result<(), alloc[3ecab9f82c41dc7d]::string::String>>
[INFO] [stdout]   14:     0x5ca5f2c47d45 - test[39766f3d73431624]::run_test::{closure#0}
[INFO] [stdout]   15:     0x5ca5f2c427f4 - std[97b98282bc616a66]::sys::backtrace::__rust_begin_short_backtrace::<test[39766f3d73431624]::run_test::{closure#1}, ()>
[INFO] [stdout]   16:     0x5ca5f2c4ae92 - <std[97b98282bc616a66]::thread::lifecycle::spawn_unchecked<test[39766f3d73431624]::run_test::{closure#1}, ()>::{closure#1} as core[832e9a552fc17241]::ops::function::FnOnce<()>>::call_once::{shim:vtable#0}
[INFO] [stdout]   17:     0x5ca5f2dd0eaf - <std[97b98282bc616a66]::sys::thread::unix::Thread>::new::thread_start
[INFO] [stdout]   18:     0x7430e24eb07a - <unknown>
[INFO] [stdout]   19:     0x7430e257e534 - clone
[INFO] [stdout]   20:                0x0 - <unknown>
[INFO] [stdout] 
[INFO] [stdout] 
[INFO] [stdout] failures:
[INFO] [stdout]     test_full_roundtrip
[INFO] [stdout]     test_py_rust_interop
[INFO] [stdout]     test_rust_py_interop
[INFO] [stdout] 
[INFO] [stdout] test result: FAILED. 0 passed; 3 failed; 0 ignored; 0 measured; 0 filtered out; finished in 0.01s
[INFO] [stdout] 
[INFO] running `Command { std: "docker" "inspect" "711a4a53fdc2ba91b94fed228c0f2aa820516915de400a94d84e615013d1073c", kill_on_drop: false }`
[INFO] running `Command { std: "docker" "rm" "-f" "711a4a53fdc2ba91b94fed228c0f2aa820516915de400a94d84e615013d1073c", kill_on_drop: false }`
[INFO] [stdout] 711a4a53fdc2ba91b94fed228c0f2aa820516915de400a94d84e615013d1073c
