[INFO] cloning repository https://github.com/kurtbuilds/user-backtrace
[INFO] running `Command { std: "git" "-c" "credential.helper=" "-c" "credential.helper=/workspace/cargo-home/bin/git-credential-null" "clone" "--bare" "https://github.com/kurtbuilds/user-backtrace" "/workspace/cache/git-repos/https%3A%2F%2Fgithub.com%2Fkurtbuilds%2Fuser-backtrace", kill_on_drop: false }`
[INFO] [stderr] Cloning into bare repository '/workspace/cache/git-repos/https%3A%2F%2Fgithub.com%2Fkurtbuilds%2Fuser-backtrace'...
[INFO] running `Command { std: "git" "rev-parse" "HEAD", kill_on_drop: false }`
[INFO] [stdout] 055d712332a3f52ed8fcd780f723d279ae79c84c
[INFO] testing kurtbuilds/user-backtrace against 1.98.0-beta.8+cargoflags=--release for beta-release-1.99-2
[INFO] running `Command { std: "git" "clone" "/workspace/cache/git-repos/https%3A%2F%2Fgithub.com%2Fkurtbuilds%2Fuser-backtrace" "/workspace/builds/worker-3-tc1/source", kill_on_drop: false }`
[INFO] [stderr] Cloning into '/workspace/builds/worker-3-tc1/source'...
[INFO] [stderr] done.
[INFO] started tweaking git repo https://github.com/kurtbuilds/user-backtrace
[INFO] finished tweaking git repo https://github.com/kurtbuilds/user-backtrace
[INFO] tweaked toml for git repo https://github.com/kurtbuilds/user-backtrace written to /workspace/builds/worker-3-tc1/source/Cargo.toml
[INFO] validating manifest of git repo https://github.com/kurtbuilds/user-backtrace on toolchain 1.98.0-beta.8
[INFO] running `Command { std: CARGO_HOME="/workspace/cargo-home" RUSTUP_HOME="/workspace/rustup-home" "/workspace/cargo-home/bin/cargo" "+1.98.0-beta.8" "metadata" "--manifest-path" "Cargo.toml" "--no-deps", kill_on_drop: false }`
[INFO] crate git repo https://github.com/kurtbuilds/user-backtrace already has a lockfile, it will not be regenerated
[INFO] running `Command { std: CARGO_HOME="/workspace/cargo-home" RUSTUP_HOME="/workspace/rustup-home" "/workspace/cargo-home/bin/cargo" "+1.98.0-beta.8" "fetch" "--manifest-path" "Cargo.toml", kill_on_drop: false }`
[INFO] [stderr]  Downloading crates ...
[INFO] [stderr]   Downloaded cc v1.0.77
[INFO] [stderr]   Downloaded anyhow v1.0.89
[INFO] running `Command { std: "docker" "create" "-v" "/var/lib/crater-agent-workspace/builds/worker-3-tc1/source:/opt/rustwide/workdir:ro,Z" "-v" "/var/lib/crater-agent-workspace/builds/worker-3-tc1/target:/opt/rustwide/target:rw,Z" "-v" "/var/lib/crater-agent-workspace/cargo-home:/opt/rustwide/cargo-home:ro,Z" "-v" "/var/lib/crater-agent-workspace/rustup-home:/opt/rustwide/rustup-home:ro,Z" "-m" "1610612736" "--network" "none" "ghcr.io/rust-lang/crates-build-env/linux@sha256:8683fc1fc2eb5c9ac98e0d076ab094b2ffac7f99da555d2b6a2e27f346de2ec7" "sleep" "infinity", kill_on_drop: false }`
[INFO] [stdout] 75b90fb0178bc72acce90bda1931a70ed9ba4a6d48f0ea74382993d44e428ef2
[INFO] running `Command { std: "docker" "start" "75b90fb0178bc72acce90bda1931a70ed9ba4a6d48f0ea74382993d44e428ef2", kill_on_drop: false }`
[INFO] running `Command { std: "docker" "inspect" "75b90fb0178bc72acce90bda1931a70ed9ba4a6d48f0ea74382993d44e428ef2", kill_on_drop: false }`
[INFO] running `Command { std: "docker" "exec" "-e" "SOURCE_DIR=/opt/rustwide/workdir" "-e" "CARGO_HOME=/opt/rustwide/cargo-home" "-e" "RUSTUP_HOME=/opt/rustwide/rustup-home" "-e" "CARGO_TARGET_DIR=/opt/rustwide/target" "-w" "/opt/rustwide/workdir" "--user" "0:0" "75b90fb0178bc72acce90bda1931a70ed9ba4a6d48f0ea74382993d44e428ef2" "/opt/rustwide/cargo-home/bin/cargo" "+1.98.0-beta.8" "metadata" "--no-deps" "--format-version=1", kill_on_drop: false }`
[INFO] running `Command { std: "docker" "inspect" "75b90fb0178bc72acce90bda1931a70ed9ba4a6d48f0ea74382993d44e428ef2", kill_on_drop: false }`
[INFO] running `Command { std: "docker" "exec" "-e" "SOURCE_DIR=/opt/rustwide/workdir" "-e" "CARGO_HOME=/opt/rustwide/cargo-home" "-e" "RUSTUP_HOME=/opt/rustwide/rustup-home" "-e" "CARGO_TARGET_DIR=/opt/rustwide/target" "-e" "CARGO_INCREMENTAL=0" "-e" "RUST_BACKTRACE=full" "-e" "RUSTFLAGS=--cap-lints=warn" "-e" "RUSTDOCFLAGS=--cap-lints=warn" "-w" "/opt/rustwide/workdir" "--user" "0:0" "75b90fb0178bc72acce90bda1931a70ed9ba4a6d48f0ea74382993d44e428ef2" "/opt/rustwide/cargo-home/bin/cargo" "+1.98.0-beta.8" "build" "--frozen" "--message-format=json" "--release", kill_on_drop: false }`
[INFO] [stderr]    Compiling memchr v2.5.0
[INFO] [stderr]    Compiling libc v0.2.137
[INFO] [stderr]    Compiling cc v1.0.77
[INFO] [stderr]    Compiling gimli v0.26.2
[INFO] [stderr]    Compiling rustc-demangle v0.1.21
[INFO] [stderr]    Compiling anyhow v1.0.89
[INFO] [stderr]    Compiling miniz_oxide v0.5.4
[INFO] [stderr]    Compiling object v0.29.0
[INFO] [stderr]    Compiling backtrace v0.3.66
[INFO] [stderr]    Compiling addr2line v0.17.0
[INFO] [stderr]    Compiling kurtbuilds_user_backtrace v0.3.0 (/opt/rustwide/workdir)
[INFO] [stderr]     Finished `release` profile [optimized] target(s) in 10.64s
[INFO] running `Command { std: "docker" "inspect" "75b90fb0178bc72acce90bda1931a70ed9ba4a6d48f0ea74382993d44e428ef2", kill_on_drop: false }`
[INFO] running `Command { std: "docker" "exec" "-e" "SOURCE_DIR=/opt/rustwide/workdir" "-e" "CARGO_HOME=/opt/rustwide/cargo-home" "-e" "RUSTUP_HOME=/opt/rustwide/rustup-home" "-e" "CARGO_TARGET_DIR=/opt/rustwide/target" "-e" "CARGO_INCREMENTAL=0" "-e" "RUST_BACKTRACE=full" "-e" "RUSTFLAGS=--cap-lints=warn" "-e" "RUSTDOCFLAGS=--cap-lints=warn" "-w" "/opt/rustwide/workdir" "--user" "0:0" "75b90fb0178bc72acce90bda1931a70ed9ba4a6d48f0ea74382993d44e428ef2" "/opt/rustwide/cargo-home/bin/cargo" "+1.98.0-beta.8" "test" "--frozen" "--no-run" "--message-format=json" "--release", kill_on_drop: false }`
[INFO] [stderr]    Compiling diff v0.1.13
[INFO] [stderr]    Compiling yansi v1.0.1
[INFO] [stderr]    Compiling pretty_assertions v1.4.1
[INFO] [stderr]    Compiling kurtbuilds_user_backtrace v0.3.0 (/opt/rustwide/workdir)
[INFO] [stderr]     Finished `release` profile [optimized] target(s) in 2.24s
[INFO] running `Command { std: "docker" "inspect" "75b90fb0178bc72acce90bda1931a70ed9ba4a6d48f0ea74382993d44e428ef2", kill_on_drop: false }`
[INFO] running `Command { std: "docker" "exec" "-e" "SOURCE_DIR=/opt/rustwide/workdir" "-e" "CARGO_HOME=/opt/rustwide/cargo-home" "-e" "RUSTUP_HOME=/opt/rustwide/rustup-home" "-e" "CARGO_TARGET_DIR=/opt/rustwide/target" "-e" "CARGO_INCREMENTAL=0" "-e" "RUST_BACKTRACE=full" "-e" "RUSTFLAGS=--cap-lints=warn" "-e" "RUSTDOCFLAGS=--cap-lints=warn" "-w" "/opt/rustwide/workdir" "--user" "0:0" "75b90fb0178bc72acce90bda1931a70ed9ba4a6d48f0ea74382993d44e428ef2" "/opt/rustwide/cargo-home/bin/cargo" "+1.98.0-beta.8" "test" "--frozen" "--release", kill_on_drop: false }`
[INFO] [stdout] 
[INFO] [stderr]     Finished `release` profile [optimized] target(s) in 0.03s
[INFO] [stdout] running 3 tests
[INFO] [stderr]      Running unittests src/lib.rs (/opt/rustwide/target/release/deps/user_backtrace-439d07d4051c8d92)
[INFO] [stdout] test tests::test_backtrace2 ... ok
[INFO] [stderr] error: test failed, to rerun pass `--lib`
[INFO] [stdout] test tests::test_anyhow_err ... FAILED
[INFO] [stdout] test tests::test_parse_backtrace1 ... ok
[INFO] [stdout] 
[INFO] [stdout] failures:
[INFO] [stdout] 
[INFO] [stdout] ---- tests::test_anyhow_err stdout ----
[INFO] [stdout] backtrace:    0: <anyhow::Error>::msg::<&str>
[INFO] [stdout]    1: user_backtrace::tests::test_anyhow_err
[INFO] [stdout]    2: <user_backtrace::tests::test_anyhow_err::{closure#0} as core::ops::function::FnOnce<()>>::call_once
[INFO] [stdout]    3: test::__rust_begin_short_backtrace::<core::result::Result<(), alloc::string::String>, fn() -> core::result::Result<(), alloc::string::String>>
[INFO] [stdout]    4: test::run_test::{closure#0}
[INFO] [stdout]    5: std::sys::backtrace::__rust_begin_short_backtrace::<test::run_test::{closure#1}, ()>
[INFO] [stdout]    6: <std::thread::lifecycle::spawn_unchecked<test::run_test::{closure#1}, ()>::{closure#1} as core::ops::function::FnOnce<()>>::call_once::{shim:vtable#0}
[INFO] [stdout]    7: <std::sys::thread::unix::Thread>::new::thread_start
[INFO] [stdout]    8: <unknown>
[INFO] [stdout]    9: clone
[INFO] [stdout] 
[INFO] [stdout] 
[INFO] [stdout] thread 'tests::test_anyhow_err' (461) panicked at src/lib.rs:96:63:
[INFO] [stdout] called `Option::unwrap()` on a `None` value
[INFO] [stdout] stack backtrace:
[INFO] [stdout]    0:     0x5fcd94f8f051 - <<std[97b98282bc616a66]::sys::backtrace::BacktraceLock>::print::DisplayBacktrace as core[832e9a552fc17241]::fmt::Display>::fmt
[INFO] [stdout]    1:     0x5fcd94fa326a - core[832e9a552fc17241]::fmt::write
[INFO] [stdout]    2:     0x5fcd94f93a0c - <alloc[3ecab9f82c41dc7d]::vec::Vec<u8> as std[97b98282bc616a66]::io::Write>::write_fmt
[INFO] [stdout]    3:     0x5fcd94f6d1c6 - std[97b98282bc616a66]::panicking::default_hook::{closure#0}
[INFO] [stdout]    4:     0x5fcd94f87259 - std[97b98282bc616a66]::panicking::default_hook
[INFO] [stdout]    5:     0x5fcd94f1b270 - test[39766f3d73431624]::test_main_inner::<test[39766f3d73431624]::test_main_static::{closure#0}>::{closure#0}
[INFO] [stdout]    6:     0x5fcd94f87412 - std[97b98282bc616a66]::panicking::panic_with_hook
[INFO] [stdout]    7:     0x5fcd94f6d2a4 - std[97b98282bc616a66]::panicking::panic_handler::{closure#0}
[INFO] [stdout]    8:     0x5fcd94f64629 - std[97b98282bc616a66]::sys::backtrace::__rust_end_short_backtrace::<std[97b98282bc616a66]::panicking::panic_handler::{closure#0}, !>
[INFO] [stdout]    9:     0x5fcd94f6df7d - __rustc[e3d8617bb01b7f69]::rust_begin_unwind
[INFO] [stdout]   10:     0x5fcd94fa399c - core[832e9a552fc17241]::panicking::panic_fmt
[INFO] [stdout]   11:     0x5fcd94fa3962 - core[832e9a552fc17241]::panicking::panic
[INFO] [stdout]   12:     0x5fcd94fa3719 - core[832e9a552fc17241]::option::unwrap_failed
[INFO] [stdout]   13:     0x5fcd94f0b7b7 - user_backtrace[3f6ed2720fbbe1b9]::decode_backtrace::<std[97b98282bc616a66]::backtrace::Backtrace>
[INFO] [stdout]   14:     0x5fcd94f0d8e9 - user_backtrace[3f6ed2720fbbe1b9]::tests::test_anyhow_err
[INFO] [stdout]   15:     0x5fcd94f0d1f9 - <user_backtrace[3f6ed2720fbbe1b9]::tests::test_anyhow_err::{closure#0} as core[832e9a552fc17241]::ops::function::FnOnce<()>>::call_once
[INFO] [stdout]   16:     0x5fcd94f0e5ab - test[39766f3d73431624]::__rust_begin_short_backtrace::<core[832e9a552fc17241]::result::Result<(), alloc[3ecab9f82c41dc7d]::string::String>, fn() -> core[832e9a552fc17241]::result::Result<(), alloc[3ecab9f82c41dc7d]::string::String>>
[INFO] [stdout]   17:     0x5fcd94f1bbf5 - test[39766f3d73431624]::run_test::{closure#0}
[INFO] [stdout]   18:     0x5fcd94f166a4 - std[97b98282bc616a66]::sys::backtrace::__rust_begin_short_backtrace::<test[39766f3d73431624]::run_test::{closure#1}, ()>
[INFO] [stdout]   19:     0x5fcd94f1ed42 - <std[97b98282bc616a66]::thread::lifecycle::spawn_unchecked<test[39766f3d73431624]::run_test::{closure#1}, ()>::{closure#1} as core[832e9a552fc17241]::ops::function::FnOnce<()>>::call_once::{shim:vtable#0}
[INFO] [stdout]   20:     0x5fcd94f8e8df - <std[97b98282bc616a66]::sys::thread::unix::Thread>::new::thread_start
[INFO] [stdout]   21:     0x791fcef6307a - <unknown>
[INFO] [stdout]   22:     0x791fceff6534 - clone
[INFO] [stdout]   23:                0x0 - <unknown>
[INFO] [stdout] 
[INFO] [stdout] 
[INFO] [stdout] failures:
[INFO] [stdout]     tests::test_anyhow_err
[INFO] [stdout] 
[INFO] [stdout] test result: FAILED. 2 passed; 1 failed; 0 ignored; 0 measured; 0 filtered out; finished in 0.01s
[INFO] [stdout] 
[INFO] running `Command { std: "docker" "inspect" "75b90fb0178bc72acce90bda1931a70ed9ba4a6d48f0ea74382993d44e428ef2", kill_on_drop: false }`
[INFO] running `Command { std: "docker" "rm" "-f" "75b90fb0178bc72acce90bda1931a70ed9ba4a6d48f0ea74382993d44e428ef2", kill_on_drop: false }`
[INFO] [stdout] 75b90fb0178bc72acce90bda1931a70ed9ba4a6d48f0ea74382993d44e428ef2
