[INFO] cloning repository https://github.com/kurotych/sqlant
[INFO] running `Command { std: "git" "-c" "credential.helper=" "-c" "credential.helper=/workspace/cargo-home/bin/git-credential-null" "clone" "--bare" "https://github.com/kurotych/sqlant" "/workspace/cache/git-repos/https%3A%2F%2Fgithub.com%2Fkurotych%2Fsqlant", kill_on_drop: false }`
[INFO] [stderr] Cloning into bare repository '/workspace/cache/git-repos/https%3A%2F%2Fgithub.com%2Fkurotych%2Fsqlant'...
[INFO] running `Command { std: "git" "rev-parse" "HEAD", kill_on_drop: false }`
[INFO] [stdout] 18071015e50e213b6011ed760743435cf72b84f0
[INFO] testing kurotych/sqlant against 1.98.0-beta.8+cargoflags=--release for beta-release-1.99-2
[INFO] running `Command { std: "git" "clone" "/workspace/cache/git-repos/https%3A%2F%2Fgithub.com%2Fkurotych%2Fsqlant" "/workspace/builds/worker-4-tc1/source", kill_on_drop: false }`
[INFO] [stderr] Cloning into '/workspace/builds/worker-4-tc1/source'...
[INFO] [stderr] done.
[INFO] started tweaking git repo https://github.com/kurotych/sqlant
[INFO] finished tweaking git repo https://github.com/kurotych/sqlant
[INFO] tweaked toml for git repo https://github.com/kurotych/sqlant written to /workspace/builds/worker-4-tc1/source/Cargo.toml
[INFO] validating manifest of git repo https://github.com/kurotych/sqlant on toolchain 1.98.0-beta.8
[INFO] running `Command { std: CARGO_HOME="/workspace/cargo-home" RUSTUP_HOME="/workspace/rustup-home" "/workspace/cargo-home/bin/cargo" "+1.98.0-beta.8" "metadata" "--manifest-path" "Cargo.toml" "--no-deps", kill_on_drop: false }`
[INFO] crate git repo https://github.com/kurotych/sqlant already has a lockfile, it will not be regenerated
[INFO] running `Command { std: CARGO_HOME="/workspace/cargo-home" RUSTUP_HOME="/workspace/rustup-home" "/workspace/cargo-home/bin/cargo" "+1.98.0-beta.8" "fetch" "--manifest-path" "Cargo.toml", kill_on_drop: false }`
[INFO] [stderr]     Updating crates.io index
[INFO] [stderr]  Downloading crates ...
[INFO] [stderr]   Downloaded postgres-native-tls v0.5.0
[INFO] [stderr]   Downloaded postgres-protocol v0.6.7
[INFO] [stderr]   Downloaded anstyle v1.0.9
[INFO] [stderr]   Downloaded thiserror-impl v1.0.65
[INFO] [stderr]   Downloaded thiserror v1.0.65
[INFO] [stderr]   Downloaded postgres-types v0.2.8
[INFO] [stderr]   Downloaded anstream v0.6.17
[INFO] [stderr]   Downloaded serde_derive v1.0.213
[INFO] [stderr]   Downloaded serde v1.0.213
[INFO] [stderr]   Downloaded tokio-postgres v0.7.12
[INFO] [stderr]   Downloaded cc v1.2.10
[INFO] [stderr]   Downloaded syn v2.0.85
[INFO] [stderr]   Downloaded openssl v0.10.69
[INFO] [stderr]   Downloaded openssl-src v300.4.0+3.4.0
[INFO] running `Command { std: "docker" "create" "-v" "/var/lib/crater-agent-workspace/builds/worker-4-tc1/source:/opt/rustwide/workdir:ro,Z" "-v" "/var/lib/crater-agent-workspace/builds/worker-4-tc1/target:/opt/rustwide/target:rw,Z" "-v" "/var/lib/crater-agent-workspace/cargo-home:/opt/rustwide/cargo-home:ro,Z" "-v" "/var/lib/crater-agent-workspace/rustup-home:/opt/rustwide/rustup-home:ro,Z" "-m" "1610612736" "--network" "none" "ghcr.io/rust-lang/crates-build-env/linux@sha256:8683fc1fc2eb5c9ac98e0d076ab094b2ffac7f99da555d2b6a2e27f346de2ec7" "sleep" "infinity", kill_on_drop: false }`
[INFO] [stdout] a2cc76afc03f5b7f9312eaf48d59b7958caea8d9e5ce94d4e9c5533d5837554d
[INFO] running `Command { std: "docker" "start" "a2cc76afc03f5b7f9312eaf48d59b7958caea8d9e5ce94d4e9c5533d5837554d", kill_on_drop: false }`
[INFO] running `Command { std: "docker" "inspect" "a2cc76afc03f5b7f9312eaf48d59b7958caea8d9e5ce94d4e9c5533d5837554d", kill_on_drop: false }`
[INFO] running `Command { std: "docker" "exec" "-e" "SOURCE_DIR=/opt/rustwide/workdir" "-e" "CARGO_HOME=/opt/rustwide/cargo-home" "-e" "RUSTUP_HOME=/opt/rustwide/rustup-home" "-e" "CARGO_TARGET_DIR=/opt/rustwide/target" "-w" "/opt/rustwide/workdir" "--user" "0:0" "a2cc76afc03f5b7f9312eaf48d59b7958caea8d9e5ce94d4e9c5533d5837554d" "/opt/rustwide/cargo-home/bin/cargo" "+1.98.0-beta.8" "metadata" "--no-deps" "--format-version=1", kill_on_drop: false }`
[INFO] running `Command { std: "docker" "inspect" "a2cc76afc03f5b7f9312eaf48d59b7958caea8d9e5ce94d4e9c5533d5837554d", kill_on_drop: false }`
[INFO] running `Command { std: "docker" "exec" "-e" "SOURCE_DIR=/opt/rustwide/workdir" "-e" "CARGO_HOME=/opt/rustwide/cargo-home" "-e" "RUSTUP_HOME=/opt/rustwide/rustup-home" "-e" "CARGO_TARGET_DIR=/opt/rustwide/target" "-e" "CARGO_INCREMENTAL=0" "-e" "RUST_BACKTRACE=full" "-e" "RUSTFLAGS=--cap-lints=warn" "-e" "RUSTDOCFLAGS=--cap-lints=warn" "-w" "/opt/rustwide/workdir" "--user" "0:0" "a2cc76afc03f5b7f9312eaf48d59b7958caea8d9e5ce94d4e9c5533d5837554d" "/opt/rustwide/cargo-home/bin/cargo" "+1.98.0-beta.8" "build" "--frozen" "--message-format=json" "--release", kill_on_drop: false }`
[INFO] [stderr]    Compiling proc-macro2 v1.0.89
[INFO] [stderr]    Compiling unicode-ident v1.0.13
[INFO] [stderr]    Compiling libc v0.2.161
[INFO] [stderr]    Compiling cfg-if v1.0.0
[INFO] [stderr]    Compiling typenum v1.17.0
[INFO] [stderr]    Compiling version_check v0.9.5
[INFO] [stderr]    Compiling autocfg v1.4.0
[INFO] [stderr]    Compiling shlex v1.3.0
[INFO] [stderr]    Compiling vcpkg v0.2.15
[INFO] [stderr]    Compiling pkg-config v0.3.31
[INFO] [stderr]    Compiling memchr v2.7.4
[INFO] [stderr]    Compiling pin-project-lite v0.2.15
[INFO] [stderr]    Compiling byteorder v1.5.0
[INFO] [stderr]    Compiling subtle v2.6.1
[INFO] [stderr]    Compiling futures-core v0.3.31
[INFO] [stderr]    Compiling futures-sink v0.3.31
[INFO] [stderr]    Compiling bytes v1.8.0
[INFO] [stderr]    Compiling tinyvec_macros v0.1.1
[INFO] [stderr]    Compiling tinyvec v1.8.0
[INFO] [stderr]    Compiling cc v1.2.10
[INFO] [stderr]    Compiling futures-io v0.3.31
[INFO] [stderr]    Compiling foreign-types-shared v0.1.1
[INFO] [stderr]    Compiling openssl v0.10.69
[INFO] [stderr]    Compiling futures-channel v0.3.31
[INFO] [stderr]    Compiling unicode-bidi v0.3.17
[INFO] [stderr]    Compiling unicode-properties v0.1.3
[INFO] [stderr]    Compiling generic-array v0.14.7
[INFO] [stderr]    Compiling pin-utils v0.1.0
[INFO] [stderr]    Compiling cpufeatures v0.2.14
[INFO] [stderr]    Compiling futures-task v0.3.31
[INFO] [stderr]    Compiling parking_lot_core v0.9.10
[INFO] [stderr]    Compiling foreign-types v0.3.2
[INFO] [stderr]    Compiling slab v0.4.9
[INFO] [stderr]    Compiling lock_api v0.4.12
[INFO] [stderr]    Compiling siphasher v0.3.11
[INFO] [stderr]    Compiling once_cell v1.20.2
[INFO] [stderr]    Compiling log v0.4.22
[INFO] [stderr]    Compiling base64 v0.22.1
[INFO] [stderr]    Compiling utf8parse v0.2.2
[INFO] [stderr]    Compiling scopeguard v1.2.0
[INFO] [stderr]    Compiling smallvec v1.13.2
[INFO] [stderr]    Compiling serde v1.0.213
[INFO] [stderr]    Compiling bitflags v2.6.0
[INFO] [stderr]    Compiling fallible-iterator v0.2.0
[INFO] [stderr]    Compiling native-tls v0.2.13
[INFO] [stderr]    Compiling phf_shared v0.11.2
[INFO] [stderr]    Compiling anstyle-parse v0.2.6
[INFO] [stderr]    Compiling colorchoice v1.0.3
[INFO] [stderr]    Compiling openssl-probe v0.1.6
[INFO] [stderr]    Compiling getrandom v0.2.15
[INFO] [stderr]    Compiling mio v1.0.2
[INFO] [stderr]    Compiling socket2 v0.5.7
[INFO] [stderr]    Compiling quote v1.0.37
[INFO] [stderr]    Compiling anstyle-query v1.1.2
[INFO] [stderr]    Compiling serde_json v1.0.132
[INFO] [stderr]    Compiling rustversion v1.0.18
[INFO] [stderr]    Compiling is_terminal_polyfill v1.70.1
[INFO] [stderr]    Compiling anstyle v1.0.9
[INFO] [stderr]    Compiling syn v2.0.85
[INFO] [stderr]    Compiling rand_core v0.6.4
[INFO] [stderr]    Compiling phf v0.11.2
[INFO] [stderr]    Compiling strsim v0.11.1
[INFO] [stderr]    Compiling parking_lot v0.12.3
[INFO] [stderr]    Compiling unicode-normalization v0.1.24
[INFO] [stderr]    Compiling openssl-src v300.4.0+3.4.0
[INFO] [stderr]    Compiling ryu v1.0.18
[INFO] [stderr]    Compiling percent-encoding v2.3.1
[INFO] [stderr]    Compiling anstream v0.6.17
[INFO] [stderr]    Compiling itoa v1.0.11
[INFO] [stderr]    Compiling thiserror v1.0.65
[INFO] [stderr]    Compiling clap_lex v0.7.2
[INFO] [stderr]    Compiling whoami v1.5.2
[INFO] [stderr]    Compiling heck v0.5.0
[INFO] [stderr]    Compiling strum v0.26.3
[INFO] [stderr]    Compiling clap_builder v4.5.20
[INFO] [stderr]    Compiling openssl-sys v0.9.104
[INFO] [stderr]    Compiling crypto-common v0.1.6
[INFO] [stderr]    Compiling block-buffer v0.10.4
[INFO] [stderr]    Compiling digest v0.10.7
[INFO] [stderr]    Compiling stringprep v0.1.5
[INFO] [stderr]    Compiling sha2 v0.10.8
[INFO] [stderr]    Compiling hmac v0.12.1
[INFO] [stderr]    Compiling md-5 v0.10.6
[INFO] [stderr]    Compiling clap v4.5.20
[INFO] [stderr]    Compiling zerocopy-derive v0.7.35
[INFO] [stderr]    Compiling futures-macro v0.3.31
[INFO] [stderr]    Compiling tokio-macros v2.4.0
[INFO] [stderr]    Compiling openssl-macros v0.1.1
[INFO] [stderr]    Compiling serde_derive v1.0.213
[INFO] [stderr]    Compiling async-trait v0.1.83
[INFO] [stderr]    Compiling thiserror-impl v1.0.65
[INFO] [stderr]    Compiling strum_macros v0.26.4
[INFO] [stderr]    Compiling tokio v1.41.0
[INFO] [stderr]    Compiling futures-util v0.3.31
[INFO] [stderr]    Compiling zerocopy v0.7.35
[INFO] [stderr]    Compiling ppv-lite86 v0.2.20
[INFO] [stderr]    Compiling rand_chacha v0.3.1
[INFO] [stderr]    Compiling rand v0.8.5
[INFO] [stderr]    Compiling postgres-protocol v0.6.7
[INFO] [stderr]    Compiling postgres-types v0.2.8
[INFO] [stderr]    Compiling futures-executor v0.3.31
[INFO] [stderr]    Compiling futures v0.3.31
[INFO] [stderr]    Compiling tokio-util v0.7.12
[INFO] [stderr]    Compiling tokio-postgres v0.7.12
[INFO] [stderr]    Compiling tinytemplate v1.2.1
[INFO] [stderr]    Compiling tokio-native-tls v0.3.1
[INFO] [stderr]    Compiling postgres-native-tls v0.5.0
[INFO] [stderr]    Compiling sqlant v0.8.0 (/opt/rustwide/workdir)
[INFO] [stderr]     Finished `release` profile [optimized] target(s) in 3m 22s
[INFO] running `Command { std: "docker" "inspect" "a2cc76afc03f5b7f9312eaf48d59b7958caea8d9e5ce94d4e9c5533d5837554d", kill_on_drop: false }`
[INFO] running `Command { std: "docker" "exec" "-e" "SOURCE_DIR=/opt/rustwide/workdir" "-e" "CARGO_HOME=/opt/rustwide/cargo-home" "-e" "RUSTUP_HOME=/opt/rustwide/rustup-home" "-e" "CARGO_TARGET_DIR=/opt/rustwide/target" "-e" "CARGO_INCREMENTAL=0" "-e" "RUST_BACKTRACE=full" "-e" "RUSTFLAGS=--cap-lints=warn" "-e" "RUSTDOCFLAGS=--cap-lints=warn" "-w" "/opt/rustwide/workdir" "--user" "0:0" "a2cc76afc03f5b7f9312eaf48d59b7958caea8d9e5ce94d4e9c5533d5837554d" "/opt/rustwide/cargo-home/bin/cargo" "+1.98.0-beta.8" "test" "--frozen" "--no-run" "--message-format=json" "--release", kill_on_drop: false }`
[INFO] [stderr]    Compiling sqlant v0.8.0 (/opt/rustwide/workdir)
[INFO] [stderr]     Finished `release` profile [optimized] target(s) in 37.08s
[INFO] running `Command { std: "docker" "inspect" "a2cc76afc03f5b7f9312eaf48d59b7958caea8d9e5ce94d4e9c5533d5837554d", kill_on_drop: false }`
[INFO] running `Command { std: "docker" "exec" "-e" "SOURCE_DIR=/opt/rustwide/workdir" "-e" "CARGO_HOME=/opt/rustwide/cargo-home" "-e" "RUSTUP_HOME=/opt/rustwide/rustup-home" "-e" "CARGO_TARGET_DIR=/opt/rustwide/target" "-e" "CARGO_INCREMENTAL=0" "-e" "RUST_BACKTRACE=full" "-e" "RUSTFLAGS=--cap-lints=warn" "-e" "RUSTDOCFLAGS=--cap-lints=warn" "-w" "/opt/rustwide/workdir" "--user" "0:0" "a2cc76afc03f5b7f9312eaf48d59b7958caea8d9e5ce94d4e9c5533d5837554d" "/opt/rustwide/cargo-home/bin/cargo" "+1.98.0-beta.8" "test" "--frozen" "--release", kill_on_drop: false }`
[INFO] [stderr]     Finished `release` profile [optimized] target(s) in 0.20s
[INFO] [stderr]      Running unittests src/lib.rs (/opt/rustwide/target/release/deps/sqlant-12e916bbb99d66da)
[INFO] [stdout] 
[INFO] [stdout] running 0 tests
[INFO] [stdout] 
[INFO] [stdout] test result: ok. 0 passed; 0 failed; 0 ignored; 0 measured; 0 filtered out; finished in 0.00s
[INFO] [stdout] 
[INFO] [stderr]      Running unittests src/main.rs (/opt/rustwide/target/release/deps/sqlant-ae07f7ca9c0873c4)
[INFO] [stdout] 
[INFO] [stdout] running 0 tests
[INFO] [stdout] 
[INFO] [stdout] test result: ok. 0 passed; 0 failed; 0 ignored; 0 measured; 0 filtered out; finished in 0.00s
[INFO] [stdout] 
[INFO] [stderr]      Running tests/sql_loader_custom_schema_test.rs (/opt/rustwide/target/release/deps/sql_loader_custom_schema_test-bf883c1fc021fe84)
[INFO] [stdout] 
[INFO] [stdout] running 3 tests
[INFO] [stdout] test tables_data ... FAILED
[INFO] [stdout] test custom_schema_fks ... FAILED
[INFO] [stdout] test custom_schema_columns ... FAILED
[INFO] [stdout] 
[INFO] [stdout] failures:
[INFO] [stdout] 
[INFO] [stdout] ---- tables_data stdout ----
[INFO] [stdout] 
[INFO] [stdout] thread 'tables_data' (11759) panicked at tests/sql_loader_custom_schema_test.rs:8:45:
[INFO] [stdout] called `Result::unwrap()` on an `Err` value: NotPresent
[INFO] [stdout] stack backtrace:
[INFO] [stdout]    0:     0x5cd1ad25327d - <unknown>
[INFO] [stdout]    1:     0x5cd1ad215054 - <unknown>
[INFO] [stdout]    2:     0x5cd1ad2528ab - <unknown>
[INFO] [stdout]    3:     0x5cd1ad252449 - <unknown>
[INFO] [stdout]    4:     0x5cd1ad2520ca - <unknown>
[INFO] [stdout]    5:     0x5cd1ad251c52 - <unknown>
[INFO] [stdout]    6:     0x5cd1ad278401 - <unknown>
[INFO] [stdout]    7:     0x5cd1ad2783b9 - <unknown>
[INFO] [stdout]    8:     0x5cd1ad2788ac - <unknown>
[INFO] [stdout]    9:     0x5cd1ad214eeb - <unknown>
[INFO] [stdout]   10:     0x5cd1ad218c81 - <unknown>
[INFO] [stderr] error: test failed, to rerun pass `--test sql_loader_custom_schema_test`
[INFO] [stdout]   11:     0x5cd1ad20b3d9 - <unknown>
[INFO] [stdout]   12:     0x5cd1ad20db9f - <unknown>
[INFO] [stdout]   13:     0x5cd1ad238cd0 - <unknown>
[INFO] [stdout]   14:     0x5cd1ad211ccf - <unknown>
[INFO] [stdout]   15:     0x5cd1ad291a4b - <unknown>
[INFO] [stdout]   16:     0x5cd1ad28de43 - <unknown>
[INFO] [stdout]   17:     0x5cd1ad28d90c - <unknown>
[INFO] [stdout]   18:     0x5cd1ad2a55dc - <unknown>
[INFO] [stdout]   19:     0x5cd1ad279b92 - <unknown>
[INFO] [stdout]   20:     0x7c31e0a8707a - <unknown>
[INFO] [stdout]   21:     0x7c31e0b1a534 - clone
[INFO] [stdout]   22:                0x0 - <unknown>
[INFO] [stdout] 
[INFO] [stdout] ---- custom_schema_fks stdout ----
[INFO] [stdout] 
[INFO] [stdout] thread 'custom_schema_fks' (11758) panicked at tests/sql_loader_custom_schema_test.rs:8:45:
[INFO] [stdout] called `Result::unwrap()` on an `Err` value: NotPresent
[INFO] [stdout] stack backtrace:
[INFO] [stdout]    0:     0x5cd1ad25327d - <unknown>
[INFO] [stdout]    1:     0x5cd1ad215054 - <unknown>
[INFO] [stdout]    2:     0x5cd1ad2528ab - <unknown>
[INFO] [stdout]    3:     0x5cd1ad252449 - <unknown>
[INFO] [stdout]    4:     0x5cd1ad2520ca - <unknown>
[INFO] [stdout]    5:     0x5cd1ad251c52 - <unknown>
[INFO] [stdout]    6:     0x5cd1ad278401 - <unknown>
[INFO] [stdout]    7:     0x5cd1ad2783b9 - <unknown>
[INFO] [stdout]    8:     0x5cd1ad2788ac - <unknown>
[INFO] [stdout]    9:     0x5cd1ad214eeb - <unknown>
[INFO] [stdout]   10:     0x5cd1ad218c81 - <unknown>
[INFO] [stdout]   11:     0x5cd1ad20b3d9 - <unknown>
[INFO] [stdout]   12:     0x5cd1ad20dcce - <unknown>
[INFO] [stdout]   13:     0x5cd1ad238cd0 - <unknown>
[INFO] [stdout]   14:     0x5cd1ad211db2 - <unknown>
[INFO] [stdout]   15:     0x5cd1ad291a4b - <unknown>
[INFO] [stdout]   16:     0x5cd1ad28de43 - <unknown>
[INFO] [stdout]   17:     0x5cd1ad28d90c - <unknown>
[INFO] [stdout]   18:     0x5cd1ad2a55dc - <unknown>
[INFO] [stdout]   19:     0x5cd1ad279b92 - <unknown>
[INFO] [stdout]   20:     0x7c31e0a8707a - <unknown>
[INFO] [stdout]   21:     0x7c31e0b1a534 - clone
[INFO] [stdout]   22:                0x0 - <unknown>
[INFO] [stdout] 
[INFO] [stdout] ---- custom_schema_columns stdout ----
[INFO] [stdout] 
[INFO] [stdout] thread 'custom_schema_columns' (11757) panicked at tests/sql_loader_custom_schema_test.rs:8:45:
[INFO] [stdout] called `Result::unwrap()` on an `Err` value: NotPresent
[INFO] [stdout] stack backtrace:
[INFO] [stdout]    0:     0x5cd1ad25327d - <unknown>
[INFO] [stdout]    1:     0x5cd1ad215054 - <unknown>
[INFO] [stdout]    2:     0x5cd1ad2528ab - <unknown>
[INFO] [stdout]    3:     0x5cd1ad252449 - <unknown>
[INFO] [stdout]    4:     0x5cd1ad2520ca - <unknown>
[INFO] [stdout]    5:     0x5cd1ad251c52 - <unknown>
[INFO] [stdout]    6:     0x5cd1ad278401 - <unknown>
[INFO] [stdout]    7:     0x5cd1ad2783b9 - <unknown>
[INFO] [stdout]    8:     0x5cd1ad2788ac - <unknown>
[INFO] [stdout]    9:     0x5cd1ad214eeb - <unknown>
[INFO] [stdout]   10:     0x5cd1ad218c81 - <unknown>
[INFO] [stdout]   11:     0x5cd1ad20b3d9 - <unknown>
[INFO] [stdout]   12:     0x5cd1ad20e039 - <unknown>
[INFO] [stdout]   13:     0x5cd1ad238cd0 - <unknown>
[INFO] [stdout]   14:     0x5cd1ad211e95 - <unknown>
[INFO] [stdout]   15:     0x5cd1ad291a4b - <unknown>
[INFO] [stdout]   16:     0x5cd1ad28de43 - <unknown>
[INFO] [stdout]   17:     0x5cd1ad28d90c - <unknown>
[INFO] [stdout]   18:     0x5cd1ad2a55dc - <unknown>
[INFO] [stdout]   19:     0x5cd1ad279b92 - <unknown>
[INFO] [stdout]   20:     0x7c31e0a8707a - <unknown>
[INFO] [stdout]   21:     0x7c31e0b1a534 - clone
[INFO] [stdout]   22:                0x0 - <unknown>
[INFO] [stdout] 
[INFO] [stdout] 
[INFO] [stdout] failures:
[INFO] [stdout]     custom_schema_columns
[INFO] [stdout]     custom_schema_fks
[INFO] [stdout]     tables_data
[INFO] [stdout] 
[INFO] [stdout] test result: FAILED. 0 passed; 3 failed; 0 ignored; 0 measured; 0 filtered out; finished in 0.00s
[INFO] [stdout] 
[INFO] running `Command { std: "docker" "inspect" "a2cc76afc03f5b7f9312eaf48d59b7958caea8d9e5ce94d4e9c5533d5837554d", kill_on_drop: false }`
[INFO] running `Command { std: "docker" "rm" "-f" "a2cc76afc03f5b7f9312eaf48d59b7958caea8d9e5ce94d4e9c5533d5837554d", kill_on_drop: false }`
[INFO] [stdout] a2cc76afc03f5b7f9312eaf48d59b7958caea8d9e5ce94d4e9c5533d5837554d
