[INFO] cloning repository https://github.com/kunalchhabraiitb2024/face-dataset-generator
[INFO] running `Command { std: "git" "-c" "credential.helper=" "-c" "credential.helper=/workspace/cargo-home/bin/git-credential-null" "clone" "--bare" "https://github.com/kunalchhabraiitb2024/face-dataset-generator" "/workspace/cache/git-repos/https%3A%2F%2Fgithub.com%2Fkunalchhabraiitb2024%2Fface-dataset-generator", kill_on_drop: false }`
[INFO] [stderr] Cloning into bare repository '/workspace/cache/git-repos/https%3A%2F%2Fgithub.com%2Fkunalchhabraiitb2024%2Fface-dataset-generator'...
[INFO] running `Command { std: "git" "rev-parse" "HEAD", kill_on_drop: false }`
[INFO] [stdout] 418063ba9e54a605e1a28e316892c228f785e64a
[INFO] testing kunalchhabraiitb2024/face-dataset-generator against 1.99.0-beta.1+cargoflags=--release for beta-release-1.99-2
[INFO] running `Command { std: "git" "clone" "/workspace/cache/git-repos/https%3A%2F%2Fgithub.com%2Fkunalchhabraiitb2024%2Fface-dataset-generator" "/workspace/builds/worker-6-tc2/source", kill_on_drop: false }`
[INFO] [stderr] Cloning into '/workspace/builds/worker-6-tc2/source'...
[INFO] [stderr] done.
[INFO] started tweaking git repo https://github.com/kunalchhabraiitb2024/face-dataset-generator
[INFO] finished tweaking git repo https://github.com/kunalchhabraiitb2024/face-dataset-generator
[INFO] tweaked toml for git repo https://github.com/kunalchhabraiitb2024/face-dataset-generator written to /workspace/builds/worker-6-tc2/source/Cargo.toml
[INFO] validating manifest of git repo https://github.com/kunalchhabraiitb2024/face-dataset-generator on toolchain 1.99.0-beta.1
[INFO] running `Command { std: CARGO_HOME="/workspace/cargo-home" RUSTUP_HOME="/workspace/rustup-home" "/workspace/cargo-home/bin/cargo" "+1.99.0-beta.1" "metadata" "--manifest-path" "Cargo.toml" "--no-deps", kill_on_drop: false }`
[INFO] crate git repo https://github.com/kunalchhabraiitb2024/face-dataset-generator already has a lockfile, it will not be regenerated
[INFO] running `Command { std: CARGO_HOME="/workspace/cargo-home" RUSTUP_HOME="/workspace/rustup-home" "/workspace/cargo-home/bin/cargo" "+1.99.0-beta.1" "fetch" "--manifest-path" "Cargo.toml", kill_on_drop: false }`
[INFO] running `Command { std: "docker" "create" "-v" "/var/lib/crater-agent-workspace/builds/worker-6-tc2/source:/opt/rustwide/workdir:ro,Z" "-v" "/var/lib/crater-agent-workspace/builds/worker-6-tc2/target:/opt/rustwide/target:rw,Z" "-v" "/var/lib/crater-agent-workspace/cargo-home:/opt/rustwide/cargo-home:ro,Z" "-v" "/var/lib/crater-agent-workspace/rustup-home:/opt/rustwide/rustup-home:ro,Z" "-m" "1610612736" "--network" "none" "ghcr.io/rust-lang/crates-build-env/linux@sha256:8683fc1fc2eb5c9ac98e0d076ab094b2ffac7f99da555d2b6a2e27f346de2ec7" "sleep" "infinity", kill_on_drop: false }`
[INFO] [stdout] 05c7ca8143f65dc1d8aa25c95a4d81c56c20b0f4f519cb1faf80d4a7cdf3671b
[INFO] running `Command { std: "docker" "start" "05c7ca8143f65dc1d8aa25c95a4d81c56c20b0f4f519cb1faf80d4a7cdf3671b", kill_on_drop: false }`
[INFO] running `Command { std: "docker" "inspect" "05c7ca8143f65dc1d8aa25c95a4d81c56c20b0f4f519cb1faf80d4a7cdf3671b", kill_on_drop: false }`
[INFO] running `Command { std: "docker" "exec" "-e" "SOURCE_DIR=/opt/rustwide/workdir" "-e" "CARGO_HOME=/opt/rustwide/cargo-home" "-e" "RUSTUP_HOME=/opt/rustwide/rustup-home" "-e" "CARGO_TARGET_DIR=/opt/rustwide/target" "-w" "/opt/rustwide/workdir" "--user" "0:0" "05c7ca8143f65dc1d8aa25c95a4d81c56c20b0f4f519cb1faf80d4a7cdf3671b" "/opt/rustwide/cargo-home/bin/cargo" "+1.99.0-beta.1" "metadata" "--no-deps" "--format-version=1", kill_on_drop: false }`
[INFO] running `Command { std: "docker" "inspect" "05c7ca8143f65dc1d8aa25c95a4d81c56c20b0f4f519cb1faf80d4a7cdf3671b", kill_on_drop: false }`
[INFO] running `Command { std: "docker" "exec" "-e" "SOURCE_DIR=/opt/rustwide/workdir" "-e" "CARGO_HOME=/opt/rustwide/cargo-home" "-e" "RUSTUP_HOME=/opt/rustwide/rustup-home" "-e" "CARGO_TARGET_DIR=/opt/rustwide/target" "-e" "CARGO_INCREMENTAL=0" "-e" "RUST_BACKTRACE=full" "-e" "RUSTFLAGS=--cap-lints=warn" "-e" "RUSTDOCFLAGS=--cap-lints=warn" "-w" "/opt/rustwide/workdir" "--user" "0:0" "05c7ca8143f65dc1d8aa25c95a4d81c56c20b0f4f519cb1faf80d4a7cdf3671b" "/opt/rustwide/cargo-home/bin/cargo" "+1.99.0-beta.1" "build" "--frozen" "--message-format=json" "--release", kill_on_drop: false }`
[INFO] [stderr]    Compiling autocfg v1.4.0
[INFO] [stderr]    Compiling cfg-if v1.0.1
[INFO] [stderr]    Compiling simd-adler32 v0.3.7
[INFO] [stderr]    Compiling libc v0.2.173
[INFO] [stderr]    Compiling either v1.15.0
[INFO] [stderr]    Compiling zerocopy v0.8.25
[INFO] [stderr]    Compiling bytemuck v1.23.1
[INFO] [stderr]    Compiling getrandom v0.1.16
[INFO] [stderr]    Compiling typenum v1.18.0
[INFO] [stderr]    Compiling weezl v0.1.10
[INFO] [stderr]    Compiling bit_field v0.10.2
[INFO] [stderr]    Compiling color_quant v1.1.0
[INFO] [stderr]    Compiling smallvec v1.15.1
[INFO] [stderr]    Compiling rayon-core v1.12.1
[INFO] [stderr]    Compiling rawpointer v0.2.1
[INFO] [stderr]    Compiling ttf-parser v0.15.2
[INFO] [stderr]    Compiling crc32fast v1.4.2
[INFO] [stderr]    Compiling half v2.6.0
[INFO] [stderr]    Compiling lebe v0.5.2
[INFO] [stderr]    Compiling syn v2.0.103
[INFO] [stderr]    Compiling gif v0.13.1
[INFO] [stderr]    Compiling miniz_oxide v0.8.9
[INFO] [stderr]    Compiling safe_arch v0.7.4
[INFO] [stderr]    Compiling zune-inflate v0.2.54
[INFO] [stderr]    Compiling fdeflate v0.3.7
[INFO] [stderr]    Compiling qoi v0.4.1
[INFO] [stderr]    Compiling custom_derive v0.1.7
[INFO] [stderr]    Compiling num-traits v0.2.19
[INFO] [stderr]    Compiling num-bigint v0.3.3
[INFO] [stderr]    Compiling rayon v1.10.0
[INFO] [stderr]    Compiling matrixmultiply v0.3.10
[INFO] [stderr]    Compiling num-rational v0.3.2
[INFO] [stderr]    Compiling ab_glyph_rasterizer v0.1.8
[INFO] [stderr]    Compiling wide v0.7.32
[INFO] [stderr]    Compiling flate2 v1.1.2
[INFO] [stderr]    Compiling exr v1.73.0
[INFO] [stderr]    Compiling clap_builder v4.5.40
[INFO] [stderr]    Compiling anyhow v1.0.98
[INFO] [stderr]    Compiling conv v0.3.3
[INFO] [stderr]    Compiling num-integer v0.1.46
[INFO] [stderr]    Compiling rand_core v0.5.1
[INFO] [stderr]    Compiling num-complex v0.4.6
[INFO] [stderr]    Compiling approx v0.5.1
[INFO] [stderr]    Compiling png v0.17.16
[INFO] [stderr]    Compiling num-complex v0.3.1
[INFO] [stderr]    Compiling num-iter v0.1.45
[INFO] [stderr]    Compiling num-bigint v0.4.6
[INFO] [stderr]    Compiling itertools v0.10.5
[INFO] [stderr]    Compiling walkdir v2.5.0
[INFO] [stderr]    Compiling ppv-lite86 v0.2.21
[INFO] [stderr]    Compiling owned_ttf_parser v0.15.2
[INFO] [stderr]    Compiling rusttype v0.9.3
[INFO] [stderr]    Compiling rand_chacha v0.2.2
[INFO] [stderr]    Compiling rand v0.7.3
[INFO] [stderr]    Compiling simba v0.7.3
[INFO] [stderr]    Compiling jpeg-decoder v0.3.1
[INFO] [stderr]    Compiling num-rational v0.4.2
[INFO] [stderr]    Compiling num v0.3.1
[INFO] [stderr]    Compiling rustface v0.1.7
[INFO] [stderr]    Compiling rand_distr v0.2.2
[INFO] [stderr]    Compiling num v0.4.3
[INFO] [stderr]    Compiling clap_derive v4.5.40
[INFO] [stderr]    Compiling tiff v0.9.1
[INFO] [stderr]    Compiling image v0.24.9
[INFO] [stderr]    Compiling clap v4.5.40
[INFO] [stderr]    Compiling nalgebra v0.30.1
[INFO] [stderr]    Compiling imageproc v0.23.0
[INFO] [stderr]    Compiling face_dataset_generator v0.1.0 (/opt/rustwide/workdir)
[INFO] [stdout] warning: unused import: `RgbImage`
[INFO] [stdout]  --> src/main.rs:3:56
[INFO] [stdout]   |
[INFO] [stdout] 3 | use image::{DynamicImage, GenericImageView, GrayImage, RgbImage};
[INFO] [stdout]   |                                                        ^^^^^^^^
[INFO] [stdout]   |
[INFO] [stdout]   = note: `#[warn(unused_imports)]` (part of `#[warn(unused)]`) on by default
[INFO] [stdout] 
[INFO] [stdout] 
[INFO] [stdout] warning: unused variable: `i`
[INFO] [stdout]    --> src/main.rs:164:10
[INFO] [stdout]     |
[INFO] [stdout] 164 |     for (i, face) in valid_faces.iter().enumerate() {
[INFO] [stdout]     |          ^ help: if this is intentional, prefix it with an underscore: `_i`
[INFO] [stdout]     |
[INFO] [stdout]     = note: `#[warn(unused_variables)]` (part of `#[warn(unused)]`) on by default
[INFO] [stdout] 
[INFO] [stdout] 
[INFO] [stderr]     Finished `release` profile [optimized] target(s) in 1m 51s
[INFO] running `Command { std: "docker" "inspect" "05c7ca8143f65dc1d8aa25c95a4d81c56c20b0f4f519cb1faf80d4a7cdf3671b", kill_on_drop: false }`
[INFO] running `Command { std: "docker" "exec" "-e" "SOURCE_DIR=/opt/rustwide/workdir" "-e" "CARGO_HOME=/opt/rustwide/cargo-home" "-e" "RUSTUP_HOME=/opt/rustwide/rustup-home" "-e" "CARGO_TARGET_DIR=/opt/rustwide/target" "-e" "CARGO_INCREMENTAL=0" "-e" "RUST_BACKTRACE=full" "-e" "RUSTFLAGS=--cap-lints=warn" "-e" "RUSTDOCFLAGS=--cap-lints=warn" "-w" "/opt/rustwide/workdir" "--user" "0:0" "05c7ca8143f65dc1d8aa25c95a4d81c56c20b0f4f519cb1faf80d4a7cdf3671b" "/opt/rustwide/cargo-home/bin/cargo" "+1.99.0-beta.1" "test" "--frozen" "--no-run" "--message-format=json" "--release", kill_on_drop: false }`
[INFO] [stderr]    Compiling rustix v1.0.7
[INFO] [stderr]    Compiling getrandom v0.3.3
[INFO] [stderr]    Compiling linux-raw-sys v0.9.4
[INFO] [stderr]    Compiling bitflags v2.9.1
[INFO] [stderr]    Compiling once_cell v1.21.3
[INFO] [stderr]    Compiling fastrand v2.3.0
[INFO] [stdout] warning: unused import: `RgbImage`
[INFO] [stdout]  --> src/main.rs:3:56
[INFO] [stdout]   |
[INFO] [stdout] 3 | use image::{DynamicImage, GenericImageView, GrayImage, RgbImage};
[INFO] [stdout]   |                                                        ^^^^^^^^
[INFO] [stdout]   |
[INFO] [stdout]   = note: `#[warn(unused_imports)]` (part of `#[warn(unused)]`) on by default
[INFO] [stdout] 
[INFO] [stdout] 
[INFO] [stdout] warning: unused variable: `i`
[INFO] [stdout]    --> src/main.rs:164:10
[INFO] [stdout]     |
[INFO] [stdout] 164 |     for (i, face) in valid_faces.iter().enumerate() {
[INFO] [stdout]     |          ^ help: if this is intentional, prefix it with an underscore: `_i`
[INFO] [stdout]     |
[INFO] [stdout]     = note: `#[warn(unused_variables)]` (part of `#[warn(unused)]`) on by default
[INFO] [stdout] 
[INFO] [stdout] 
[INFO] [stderr]    Compiling tempfile v3.20.0
[INFO] [stderr]    Compiling face_dataset_generator v0.1.0 (/opt/rustwide/workdir)
[INFO] [stdout] warning: unused import: `RgbImage`
[INFO] [stdout]  --> src/main.rs:3:56
[INFO] [stdout]   |
[INFO] [stdout] 3 | use image::{DynamicImage, GenericImageView, GrayImage, RgbImage};
[INFO] [stdout]   |                                                        ^^^^^^^^
[INFO] [stdout]   |
[INFO] [stdout]   = note: `#[warn(unused_imports)]` (part of `#[warn(unused)]`) on by default
[INFO] [stdout] 
[INFO] [stdout] 
[INFO] [stdout] warning: unused variable: `output`
[INFO] [stdout]    --> tests/production_tdd.rs:168:9
[INFO] [stdout]     |
[INFO] [stdout] 168 |     let output = Command::new("ldd")  // Linux
[INFO] [stdout]     |         ^^^^^^ help: if this is intentional, prefix it with an underscore: `_output`
[INFO] [stdout]     |
[INFO] [stdout]     = note: `#[warn(unused_variables)]` (part of `#[warn(unused)]`) on by default
[INFO] [stdout] 
[INFO] [stdout] 
[INFO] [stdout] warning: unused variable: `stderr`
[INFO] [stdout]    --> tests/unit_tests.rs:106:9
[INFO] [stdout]     |
[INFO] [stdout] 106 |     let stderr = String::from_utf8_lossy(&output.stderr);
[INFO] [stdout]     |         ^^^^^^ help: if this is intentional, prefix it with an underscore: `_stderr`
[INFO] [stdout]     |
[INFO] [stdout]     = note: `#[warn(unused_variables)]` (part of `#[warn(unused)]`) on by default
[INFO] [stdout] 
[INFO] [stdout] 
[INFO] [stdout] warning: unused variable: `stdout`
[INFO] [stdout]    --> tests/unit_tests.rs:107:9
[INFO] [stdout]     |
[INFO] [stdout] 107 |     let stdout = String::from_utf8_lossy(&output.stdout);
[INFO] [stdout]     |         ^^^^^^ help: if this is intentional, prefix it with an underscore: `_stdout`
[INFO] [stdout] 
[INFO] [stdout] 
[INFO] [stdout] warning: unused variable: `output`
[INFO] [stdout]    --> tests/unit_tests.rs:127:9
[INFO] [stdout]     |
[INFO] [stdout] 127 |     let output = Command::new("./target/release/face_dataset_generator")
[INFO] [stdout]     |         ^^^^^^ help: if this is intentional, prefix it with an underscore: `_output`
[INFO] [stdout] 
[INFO] [stdout] 
[INFO] [stdout] warning: unused variable: `i`
[INFO] [stdout]    --> src/main.rs:164:10
[INFO] [stdout]     |
[INFO] [stdout] 164 |     for (i, face) in valid_faces.iter().enumerate() {
[INFO] [stdout]     |          ^ help: if this is intentional, prefix it with an underscore: `_i`
[INFO] [stdout]     |
[INFO] [stdout]     = note: `#[warn(unused_variables)]` (part of `#[warn(unused)]`) on by default
[INFO] [stdout] 
[INFO] [stdout] 
[INFO] [stderr]     Finished `release` profile [optimized] target(s) in 7.15s
[INFO] running `Command { std: "docker" "inspect" "05c7ca8143f65dc1d8aa25c95a4d81c56c20b0f4f519cb1faf80d4a7cdf3671b", kill_on_drop: false }`
[INFO] running `Command { std: "docker" "exec" "-e" "SOURCE_DIR=/opt/rustwide/workdir" "-e" "CARGO_HOME=/opt/rustwide/cargo-home" "-e" "RUSTUP_HOME=/opt/rustwide/rustup-home" "-e" "CARGO_TARGET_DIR=/opt/rustwide/target" "-e" "CARGO_INCREMENTAL=0" "-e" "RUST_BACKTRACE=full" "-e" "RUSTFLAGS=--cap-lints=warn" "-e" "RUSTDOCFLAGS=--cap-lints=warn" "-w" "/opt/rustwide/workdir" "--user" "0:0" "05c7ca8143f65dc1d8aa25c95a4d81c56c20b0f4f519cb1faf80d4a7cdf3671b" "/opt/rustwide/cargo-home/bin/cargo" "+1.99.0-beta.1" "test" "--frozen" "--release", kill_on_drop: false }`
[INFO] [stderr] warning: unused import: `RgbImage`
[INFO] [stderr]  --> src/main.rs:3:56
[INFO] [stderr]   |
[INFO] [stderr] 3 | use image::{DynamicImage, GenericImageView, GrayImage, RgbImage};
[INFO] [stderr]   |                                                        ^^^^^^^^
[INFO] [stderr]   |
[INFO] [stderr]   = note: `#[warn(unused_imports)]` (part of `#[warn(unused)]`) on by default
[INFO] [stderr] 
[INFO] [stderr] warning: unused variable: `i`
[INFO] [stderr]    --> src/main.rs:164:10
[INFO] [stderr]     |
[INFO] [stderr] 164 |     for (i, face) in valid_faces.iter().enumerate() {
[INFO] [stderr]     |          ^ help: if this is intentional, prefix it with an underscore: `_i`
[INFO] [stderr]     |
[INFO] [stderr]     = note: `#[warn(unused_variables)]` (part of `#[warn(unused)]`) on by default
[INFO] [stderr] 
[INFO] [stderr] warning: unused variable: `stderr`
[INFO] [stderr]    --> tests/unit_tests.rs:106:9
[INFO] [stderr]     |
[INFO] [stderr] 106 |     let stderr = String::from_utf8_lossy(&output.stderr);
[INFO] [stderr]     |         ^^^^^^ help: if this is intentional, prefix it with an underscore: `_stderr`
[INFO] [stderr]     |
[INFO] [stderr]     = note: `#[warn(unused_variables)]` (part of `#[warn(unused)]`) on by default
[INFO] [stderr] 
[INFO] [stderr] warning: unused variable: `stdout`
[INFO] [stderr]    --> tests/unit_tests.rs:107:9
[INFO] [stderr]     |
[INFO] [stderr] 107 |     let stdout = String::from_utf8_lossy(&output.stdout);
[INFO] [stderr]     |         ^^^^^^ help: if this is intentional, prefix it with an underscore: `_stdout`
[INFO] [stderr] 
[INFO] [stderr] warning: unused variable: `output`
[INFO] [stderr]    --> tests/unit_tests.rs:127:9
[INFO] [stderr]     |
[INFO] [stderr] 127 |     let output = Command::new("./target/release/face_dataset_generator")
[INFO] [stderr]     |         ^^^^^^ help: if this is intentional, prefix it with an underscore: `_output`
[INFO] [stderr] 
[INFO] [stderr] warning: unused variable: `output`
[INFO] [stderr]    --> tests/production_tdd.rs:168:9
[INFO] [stderr]     |
[INFO] [stderr] 168 |     let output = Command::new("ldd")  // Linux
[INFO] [stderr]     |         ^^^^^^ help: if this is intentional, prefix it with an underscore: `_output`
[INFO] [stderr]     |
[INFO] [stderr]     = note: `#[warn(unused_variables)]` (part of `#[warn(unused)]`) on by default
[INFO] [stderr] 
[INFO] [stderr] warning: `face_dataset_generator` (bin "face_dataset_generator") generated 2 warnings (run `cargo fix --bin "face_dataset_generator" -p face_dataset_generator` to apply 2 suggestions)
[INFO] [stderr] warning: `face_dataset_generator` (test "unit_tests") generated 3 warnings (run `cargo fix --test "unit_tests" -p face_dataset_generator` to apply 3 suggestions)
[INFO] [stderr] warning: `face_dataset_generator` (bin "face_dataset_generator" test) generated 2 warnings (2 duplicates)
[INFO] [stderr] warning: `face_dataset_generator` (test "production_tdd") generated 1 warning (run `cargo fix --test "production_tdd" -p face_dataset_generator` to apply 1 suggestion)
[INFO] [stderr]     Finished `release` profile [optimized] target(s) in 0.13s
[INFO] [stderr]      Running unittests src/main.rs (/opt/rustwide/target/release/deps/face_dataset_generator-265f4c130dd8afc7)
[INFO] [stdout] 
[INFO] [stdout] running 0 tests
[INFO] [stdout] 
[INFO] [stdout] test result: ok. 0 passed; 0 failed; 0 ignored; 0 measured; 0 filtered out; finished in 0.00s
[INFO] [stdout] 
[INFO] [stderr]      Running tests/benchmarks.rs (/opt/rustwide/target/release/deps/benchmarks-d078565511d36bc4)
[INFO] [stdout] 
[INFO] [stdout] running 4 tests
[INFO] [stdout] test test_production_load ... FAILED
[INFO] [stdout] test test_scalability ... FAILED
[INFO] [stdout] test test_memory_usage ... FAILED
[INFO] [stdout] test benchmark_processing_speed ... FAILED
[INFO] [stdout] 
[INFO] [stderr] error: test failed, to rerun pass `--test benchmarks`
[INFO] [stdout] failures:
[INFO] [stdout] 
[INFO] [stdout] ---- test_production_load stdout ----
[INFO] [stdout] 🏭 PRODUCTION LOAD SIMULATION
[INFO] [stdout] ==============================
[INFO] [stdout] Processing batch 1...
[INFO] [stdout] 
[INFO] [stdout] thread 'test_production_load' (1619) panicked at tests/benchmarks.rs:156:14:
[INFO] [stdout] called `Result::unwrap()` on an `Err` value: Os { code: 2, kind: NotFound, message: "No such file or directory" }
[INFO] [stdout] stack backtrace:
[INFO] [stdout]    0:     0x59ef39334d61 - <<std[104cf6e2632825ea]::sys::backtrace::BacktraceLock>::print::DisplayBacktrace as core[7c831bd917ebf35f]::fmt::Display>::fmt
[INFO] [stdout]    1:     0x59ef3934971a - core[7c831bd917ebf35f]::fmt::write
[INFO] [stdout]    2:     0x59ef393391fc - <alloc[2fdc3f7464fcf288]::vec::Vec<u8> as core[7c831bd917ebf35f]::io::write::Write>::write_fmt
[INFO] [stdout]    3:     0x59ef39311246 - std[104cf6e2632825ea]::panicking::default_hook::{closure#0}
[INFO] [stdout]    4:     0x59ef3932d479 - std[104cf6e2632825ea]::panicking::default_hook
[INFO] [stdout]    5:     0x59ef392c9830 - test[73009c9f9aebf890]::test_main_inner::<test[73009c9f9aebf890]::test_main_static::{closure#0}>::{closure#0}
[INFO] [stdout]    6:     0x59ef3932d632 - std[104cf6e2632825ea]::panicking::panic_with_hook
[INFO] [stdout]    7:     0x59ef393112f2 - std[104cf6e2632825ea]::panicking::panic_handler::{closure#0}
[INFO] [stdout]    8:     0x59ef39309c99 - std[104cf6e2632825ea]::sys::backtrace::__rust_end_short_backtrace::<std[104cf6e2632825ea]::panicking::panic_handler::{closure#0}, !>
[INFO] [stdout]    9:     0x59ef39311eed - __rustc[b0d56fa5b193ad05]::rust_begin_unwind
[INFO] [stdout]   10:     0x59ef39349e4c - core[7c831bd917ebf35f]::panicking::panic_fmt
[INFO] [stdout]   11:     0x59ef39349c22 - core[7c831bd917ebf35f]::result::unwrap_failed
[INFO] [stdout]   12:     0x59ef392bc278 - <benchmarks[b0645cfb14d7d46e]::test_production_load::{closure#0} as core[7c831bd917ebf35f]::ops::function::FnOnce<()>>::call_once
[INFO] [stdout]   13:     0x59ef392bcb1b - test[73009c9f9aebf890]::__rust_begin_short_backtrace::<core[7c831bd917ebf35f]::result::Result<(), alloc[2fdc3f7464fcf288]::string::String>, fn() -> core[7c831bd917ebf35f]::result::Result<(), alloc[2fdc3f7464fcf288]::string::String>>
[INFO] [stdout]   14:     0x59ef392ca185 - test[73009c9f9aebf890]::run_test::{closure#0}
[INFO] [stdout]   15:     0x59ef392c3544 - std[104cf6e2632825ea]::sys::backtrace::__rust_begin_short_backtrace::<test[73009c9f9aebf890]::run_test::{closure#1}, ()>
[INFO] [stdout]   16:     0x59ef392cd2e2 - <std[104cf6e2632825ea]::thread::lifecycle::spawn_unchecked<test[73009c9f9aebf890]::run_test::{closure#1}, ()>::{closure#1} as core[7c831bd917ebf35f]::ops::function::FnOnce<()>>::call_once::{shim:vtable#0}
[INFO] [stdout]   17:     0x59ef39334639 - <std[104cf6e2632825ea]::sys::thread::unix::Thread>::new::thread_start
[INFO] [stdout]   18:     0x744a6569607a - <unknown>
[INFO] [stdout]   19:     0x744a65729534 - clone
[INFO] [stdout]   20:                0x0 - <unknown>
[INFO] [stdout] 
[INFO] [stdout] ---- test_scalability stdout ----
[INFO] [stdout] 📈 SCALABILITY TESTING
[INFO] [stdout] ======================
[INFO] [stdout] 
[INFO] [stdout] thread 'test_scalability' (1620) panicked at tests/benchmarks.rs:83:14:
[INFO] [stdout] called `Result::unwrap()` on an `Err` value: Os { code: 2, kind: NotFound, message: "No such file or directory" }
[INFO] [stdout] stack backtrace:
[INFO] [stdout]    0:     0x59ef39334d61 - <<std[104cf6e2632825ea]::sys::backtrace::BacktraceLock>::print::DisplayBacktrace as core[7c831bd917ebf35f]::fmt::Display>::fmt
[INFO] [stdout]    1:     0x59ef3934971a - core[7c831bd917ebf35f]::fmt::write
[INFO] [stdout]    2:     0x59ef393391fc - <alloc[2fdc3f7464fcf288]::vec::Vec<u8> as core[7c831bd917ebf35f]::io::write::Write>::write_fmt
[INFO] [stdout]    3:     0x59ef39311246 - std[104cf6e2632825ea]::panicking::default_hook::{closure#0}
[INFO] [stdout]    4:     0x59ef3932d479 - std[104cf6e2632825ea]::panicking::default_hook
[INFO] [stdout]    5:     0x59ef392c9830 - test[73009c9f9aebf890]::test_main_inner::<test[73009c9f9aebf890]::test_main_static::{closure#0}>::{closure#0}
[INFO] [stdout]    6:     0x59ef3932d632 - std[104cf6e2632825ea]::panicking::panic_with_hook
[INFO] [stdout]    7:     0x59ef393112f2 - std[104cf6e2632825ea]::panicking::panic_handler::{closure#0}
[INFO] [stdout]    8:     0x59ef39309c99 - std[104cf6e2632825ea]::sys::backtrace::__rust_end_short_backtrace::<std[104cf6e2632825ea]::panicking::panic_handler::{closure#0}, !>
[INFO] [stdout]    9:     0x59ef39311eed - __rustc[b0d56fa5b193ad05]::rust_begin_unwind
[INFO] [stdout]   10:     0x59ef39349e4c - core[7c831bd917ebf35f]::panicking::panic_fmt
[INFO] [stdout]   11:     0x59ef39349c22 - core[7c831bd917ebf35f]::result::unwrap_failed
[INFO] [stdout]   12:     0x59ef392bb552 - <benchmarks[b0645cfb14d7d46e]::test_scalability::{closure#0} as core[7c831bd917ebf35f]::ops::function::FnOnce<()>>::call_once
[INFO] [stdout]   13:     0x59ef392bcb1b - test[73009c9f9aebf890]::__rust_begin_short_backtrace::<core[7c831bd917ebf35f]::result::Result<(), alloc[2fdc3f7464fcf288]::string::String>, fn() -> core[7c831bd917ebf35f]::result::Result<(), alloc[2fdc3f7464fcf288]::string::String>>
[INFO] [stdout]   14:     0x59ef392ca185 - test[73009c9f9aebf890]::run_test::{closure#0}
[INFO] [stdout]   15:     0x59ef392c3544 - std[104cf6e2632825ea]::sys::backtrace::__rust_begin_short_backtrace::<test[73009c9f9aebf890]::run_test::{closure#1}, ()>
[INFO] [stdout]   16:     0x59ef392cd2e2 - <std[104cf6e2632825ea]::thread::lifecycle::spawn_unchecked<test[73009c9f9aebf890]::run_test::{closure#1}, ()>::{closure#1} as core[7c831bd917ebf35f]::ops::function::FnOnce<()>>::call_once::{shim:vtable#0}
[INFO] [stdout]   17:     0x59ef39334639 - <std[104cf6e2632825ea]::sys::thread::unix::Thread>::new::thread_start
[INFO] [stdout]   18:     0x744a6569607a - <unknown>
[INFO] [stdout]   19:     0x744a65729534 - clone
[INFO] [stdout]   20:                0x0 - <unknown>
[INFO] [stdout] 
[INFO] [stdout] ---- test_memory_usage stdout ----
[INFO] [stdout] 🧠 MEMORY USAGE TESTING
[INFO] [stdout] =======================
[INFO] [stdout] 
[INFO] [stdout] thread 'test_memory_usage' (1618) panicked at tests/benchmarks.rs:131:18:
[INFO] [stdout] called `Result::unwrap()` on an `Err` value: Os { code: 2, kind: NotFound, message: "No such file or directory" }
[INFO] [stdout] stack backtrace:
[INFO] [stdout]    0:     0x59ef39334d61 - <<std[104cf6e2632825ea]::sys::backtrace::BacktraceLock>::print::DisplayBacktrace as core[7c831bd917ebf35f]::fmt::Display>::fmt
[INFO] [stdout]    1:     0x59ef3934971a - core[7c831bd917ebf35f]::fmt::write
[INFO] [stdout]    2:     0x59ef393391fc - <alloc[2fdc3f7464fcf288]::vec::Vec<u8> as core[7c831bd917ebf35f]::io::write::Write>::write_fmt
[INFO] [stdout]    3:     0x59ef39311246 - std[104cf6e2632825ea]::panicking::default_hook::{closure#0}
[INFO] [stdout]    4:     0x59ef3932d479 - std[104cf6e2632825ea]::panicking::default_hook
[INFO] [stdout]    5:     0x59ef392c9830 - test[73009c9f9aebf890]::test_main_inner::<test[73009c9f9aebf890]::test_main_static::{closure#0}>::{closure#0}
[INFO] [stdout]    6:     0x59ef3932d632 - std[104cf6e2632825ea]::panicking::panic_with_hook
[INFO] [stdout]    7:     0x59ef393112f2 - std[104cf6e2632825ea]::panicking::panic_handler::{closure#0}
[INFO] [stdout]    8:     0x59ef39309c99 - std[104cf6e2632825ea]::sys::backtrace::__rust_end_short_backtrace::<std[104cf6e2632825ea]::panicking::panic_handler::{closure#0}, !>
[INFO] [stdout]    9:     0x59ef39311eed - __rustc[b0d56fa5b193ad05]::rust_begin_unwind
[INFO] [stdout]   10:     0x59ef39349e4c - core[7c831bd917ebf35f]::panicking::panic_fmt
[INFO] [stdout]   11:     0x59ef39349c22 - core[7c831bd917ebf35f]::result::unwrap_failed
[INFO] [stdout]   12:     0x59ef392bbb56 - <benchmarks[b0645cfb14d7d46e]::test_memory_usage::{closure#0} as core[7c831bd917ebf35f]::ops::function::FnOnce<()>>::call_once
[INFO] [stdout]   13:     0x59ef392bcb1b - test[73009c9f9aebf890]::__rust_begin_short_backtrace::<core[7c831bd917ebf35f]::result::Result<(), alloc[2fdc3f7464fcf288]::string::String>, fn() -> core[7c831bd917ebf35f]::result::Result<(), alloc[2fdc3f7464fcf288]::string::String>>
[INFO] [stdout]   14:     0x59ef392ca185 - test[73009c9f9aebf890]::run_test::{closure#0}
[INFO] [stdout]   15:     0x59ef392c3544 - std[104cf6e2632825ea]::sys::backtrace::__rust_begin_short_backtrace::<test[73009c9f9aebf890]::run_test::{closure#1}, ()>
[INFO] [stdout]   16:     0x59ef392cd2e2 - <std[104cf6e2632825ea]::thread::lifecycle::spawn_unchecked<test[73009c9f9aebf890]::run_test::{closure#1}, ()>::{closure#1} as core[7c831bd917ebf35f]::ops::function::FnOnce<()>>::call_once::{shim:vtable#0}
[INFO] [stdout]   17:     0x59ef39334639 - <std[104cf6e2632825ea]::sys::thread::unix::Thread>::new::thread_start
[INFO] [stdout]   18:     0x744a6569607a - <unknown>
[INFO] [stdout]   19:     0x744a65729534 - clone
[INFO] [stdout]   20:                0x0 - <unknown>
[INFO] [stdout] 
[INFO] [stdout] ---- benchmark_processing_speed stdout ----
[INFO] [stdout] ⚡ PROCESSING SPEED BENCHMARK
[INFO] [stdout] =============================
[INFO] [stdout] 
[INFO] [stdout] thread 'benchmark_processing_speed' (1617) panicked at tests/benchmarks.rs:21:10:
[INFO] [stdout] called `Result::unwrap()` on an `Err` value: Os { code: 2, kind: NotFound, message: "No such file or directory" }
[INFO] [stdout] stack backtrace:
[INFO] [stdout]    0:     0x59ef39334d61 - <<std[104cf6e2632825ea]::sys::backtrace::BacktraceLock>::print::DisplayBacktrace as core[7c831bd917ebf35f]::fmt::Display>::fmt
[INFO] [stdout]    1:     0x59ef3934971a - core[7c831bd917ebf35f]::fmt::write
[INFO] [stdout]    2:     0x59ef393391fc - <alloc[2fdc3f7464fcf288]::vec::Vec<u8> as core[7c831bd917ebf35f]::io::write::Write>::write_fmt
[INFO] [stdout]    3:     0x59ef39311246 - std[104cf6e2632825ea]::panicking::default_hook::{closure#0}
[INFO] [stdout]    4:     0x59ef3932d479 - std[104cf6e2632825ea]::panicking::default_hook
[INFO] [stdout]    5:     0x59ef392c9830 - test[73009c9f9aebf890]::test_main_inner::<test[73009c9f9aebf890]::test_main_static::{closure#0}>::{closure#0}
[INFO] [stdout]    6:     0x59ef3932d632 - std[104cf6e2632825ea]::panicking::panic_with_hook
[INFO] [stdout]    7:     0x59ef393112f2 - std[104cf6e2632825ea]::panicking::panic_handler::{closure#0}
[INFO] [stdout]    8:     0x59ef39309c99 - std[104cf6e2632825ea]::sys::backtrace::__rust_end_short_backtrace::<std[104cf6e2632825ea]::panicking::panic_handler::{closure#0}, !>
[INFO] [stdout]    9:     0x59ef39311eed - __rustc[b0d56fa5b193ad05]::rust_begin_unwind
[INFO] [stdout]   10:     0x59ef39349e4c - core[7c831bd917ebf35f]::panicking::panic_fmt
[INFO] [stdout]   11:     0x59ef39349c22 - core[7c831bd917ebf35f]::result::unwrap_failed
[INFO] [stdout]   12:     0x59ef392bca26 - <benchmarks[b0645cfb14d7d46e]::benchmark_processing_speed::{closure#0} as core[7c831bd917ebf35f]::ops::function::FnOnce<()>>::call_once
[INFO] [stdout]   13:     0x59ef392bcb1b - test[73009c9f9aebf890]::__rust_begin_short_backtrace::<core[7c831bd917ebf35f]::result::Result<(), alloc[2fdc3f7464fcf288]::string::String>, fn() -> core[7c831bd917ebf35f]::result::Result<(), alloc[2fdc3f7464fcf288]::string::String>>
[INFO] [stdout]   14:     0x59ef392ca185 - test[73009c9f9aebf890]::run_test::{closure#0}
[INFO] [stdout]   15:     0x59ef392c3544 - std[104cf6e2632825ea]::sys::backtrace::__rust_begin_short_backtrace::<test[73009c9f9aebf890]::run_test::{closure#1}, ()>
[INFO] [stdout]   16:     0x59ef392cd2e2 - <std[104cf6e2632825ea]::thread::lifecycle::spawn_unchecked<test[73009c9f9aebf890]::run_test::{closure#1}, ()>::{closure#1} as core[7c831bd917ebf35f]::ops::function::FnOnce<()>>::call_once::{shim:vtable#0}
[INFO] [stdout]   17:     0x59ef39334639 - <std[104cf6e2632825ea]::sys::thread::unix::Thread>::new::thread_start
[INFO] [stdout]   18:     0x744a6569607a - <unknown>
[INFO] [stdout]   19:     0x744a65729534 - clone
[INFO] [stdout]   20:                0x0 - <unknown>
[INFO] [stdout] 
[INFO] [stdout] 
[INFO] [stdout] failures:
[INFO] [stdout]     benchmark_processing_speed
[INFO] [stdout]     test_memory_usage
[INFO] [stdout]     test_production_load
[INFO] [stdout]     test_scalability
[INFO] [stdout] 
[INFO] [stdout] test result: FAILED. 0 passed; 4 failed; 0 ignored; 0 measured; 0 filtered out; finished in 0.09s
[INFO] [stdout] 
[INFO] running `Command { std: "docker" "inspect" "05c7ca8143f65dc1d8aa25c95a4d81c56c20b0f4f519cb1faf80d4a7cdf3671b", kill_on_drop: false }`
[INFO] running `Command { std: "docker" "rm" "-f" "05c7ca8143f65dc1d8aa25c95a4d81c56c20b0f4f519cb1faf80d4a7cdf3671b", kill_on_drop: false }`
[INFO] [stdout] 05c7ca8143f65dc1d8aa25c95a4d81c56c20b0f4f519cb1faf80d4a7cdf3671b
