[INFO] cloning repository https://github.com/kubkon/risc0-build-patched
[INFO] running `Command { std: "git" "-c" "credential.helper=" "-c" "credential.helper=/workspace/cargo-home/bin/git-credential-null" "clone" "--bare" "https://github.com/kubkon/risc0-build-patched" "/workspace/cache/git-repos/https%3A%2F%2Fgithub.com%2Fkubkon%2Frisc0-build-patched", kill_on_drop: false }`
[INFO] [stderr] Cloning into bare repository '/workspace/cache/git-repos/https%3A%2F%2Fgithub.com%2Fkubkon%2Frisc0-build-patched'...
[INFO] running `Command { std: "git" "rev-parse" "HEAD", kill_on_drop: false }`
[INFO] [stdout] e584614d1cdaee1cb0d8acf43165b96628e6eca3
[INFO] testing kubkon/risc0-build-patched against 1.99.0-beta.1+cargoflags=--release for beta-release-1.99-2
[INFO] running `Command { std: "git" "clone" "/workspace/cache/git-repos/https%3A%2F%2Fgithub.com%2Fkubkon%2Frisc0-build-patched" "/workspace/builds/worker-1-tc2/source", kill_on_drop: false }`
[INFO] [stderr] Cloning into '/workspace/builds/worker-1-tc2/source'...
[INFO] [stderr] done.
[INFO] started tweaking git repo https://github.com/kubkon/risc0-build-patched
[INFO] finished tweaking git repo https://github.com/kubkon/risc0-build-patched
[INFO] tweaked toml for git repo https://github.com/kubkon/risc0-build-patched written to /workspace/builds/worker-1-tc2/source/Cargo.toml
[INFO] validating manifest of git repo https://github.com/kubkon/risc0-build-patched on toolchain 1.99.0-beta.1
[INFO] running `Command { std: CARGO_HOME="/workspace/cargo-home" RUSTUP_HOME="/workspace/rustup-home" "/workspace/cargo-home/bin/cargo" "+1.99.0-beta.1" "metadata" "--manifest-path" "Cargo.toml" "--no-deps", kill_on_drop: false }`
[INFO] crate git repo https://github.com/kubkon/risc0-build-patched already has a lockfile, it will not be regenerated
[INFO] running `Command { std: CARGO_HOME="/workspace/cargo-home" RUSTUP_HOME="/workspace/rustup-home" "/workspace/cargo-home/bin/cargo" "+1.99.0-beta.1" "fetch" "--manifest-path" "Cargo.toml", kill_on_drop: false }`
[INFO] running `Command { std: "docker" "create" "-v" "/var/lib/crater-agent-workspace/builds/worker-1-tc2/source:/opt/rustwide/workdir:ro,Z" "-v" "/var/lib/crater-agent-workspace/builds/worker-1-tc2/target:/opt/rustwide/target:rw,Z" "-v" "/var/lib/crater-agent-workspace/cargo-home:/opt/rustwide/cargo-home:ro,Z" "-v" "/var/lib/crater-agent-workspace/rustup-home:/opt/rustwide/rustup-home:ro,Z" "-m" "1610612736" "--network" "none" "ghcr.io/rust-lang/crates-build-env/linux@sha256:8683fc1fc2eb5c9ac98e0d076ab094b2ffac7f99da555d2b6a2e27f346de2ec7" "sleep" "infinity", kill_on_drop: false }`
[INFO] [stdout] 3daff88da7233c1f59409e4552a0997546c1562810981ab481330dbb93a621a9
[INFO] running `Command { std: "docker" "start" "3daff88da7233c1f59409e4552a0997546c1562810981ab481330dbb93a621a9", kill_on_drop: false }`
[INFO] running `Command { std: "docker" "inspect" "3daff88da7233c1f59409e4552a0997546c1562810981ab481330dbb93a621a9", kill_on_drop: false }`
[INFO] running `Command { std: "docker" "exec" "-e" "SOURCE_DIR=/opt/rustwide/workdir" "-e" "CARGO_HOME=/opt/rustwide/cargo-home" "-e" "RUSTUP_HOME=/opt/rustwide/rustup-home" "-e" "CARGO_TARGET_DIR=/opt/rustwide/target" "-w" "/opt/rustwide/workdir" "--user" "0:0" "3daff88da7233c1f59409e4552a0997546c1562810981ab481330dbb93a621a9" "/opt/rustwide/cargo-home/bin/cargo" "+1.99.0-beta.1" "metadata" "--no-deps" "--format-version=1", kill_on_drop: false }`
[INFO] running `Command { std: "docker" "inspect" "3daff88da7233c1f59409e4552a0997546c1562810981ab481330dbb93a621a9", kill_on_drop: false }`
[INFO] running `Command { std: "docker" "exec" "-e" "SOURCE_DIR=/opt/rustwide/workdir" "-e" "CARGO_HOME=/opt/rustwide/cargo-home" "-e" "RUSTUP_HOME=/opt/rustwide/rustup-home" "-e" "CARGO_TARGET_DIR=/opt/rustwide/target" "-e" "CARGO_INCREMENTAL=0" "-e" "RUST_BACKTRACE=full" "-e" "RUSTFLAGS=--cap-lints=warn" "-e" "RUSTDOCFLAGS=--cap-lints=warn" "-w" "/opt/rustwide/workdir" "--user" "0:0" "3daff88da7233c1f59409e4552a0997546c1562810981ab481330dbb93a621a9" "/opt/rustwide/cargo-home/bin/cargo" "+1.99.0-beta.1" "build" "--frozen" "--message-format=json" "--release", kill_on_drop: false }`
[INFO] [stderr]    Compiling proc-macro2 v1.0.95
[INFO] [stderr]    Compiling unicode-ident v1.0.18
[INFO] [stderr]    Compiling libc v0.2.172
[INFO] [stderr]    Compiling serde v1.0.219
[INFO] [stderr]    Compiling stable_deref_trait v1.2.0
[INFO] [stderr]    Compiling itoa v1.0.15
[INFO] [stderr]    Compiling bytes v1.10.1
[INFO] [stderr]    Compiling writeable v0.5.5
[INFO] [stderr]    Compiling icu_locid_transform_data v1.5.1
[INFO] [stderr]    Compiling cc v1.2.19
[INFO] [stderr]    Compiling typenum v1.18.0
[INFO] [stderr]    Compiling litemap v0.7.5
[INFO] [stderr]    Compiling smallvec v1.15.0
[INFO] [stderr]    Compiling icu_properties_data v1.5.1
[INFO] [stderr]    Compiling futures-sink v0.3.31
[INFO] [stderr]    Compiling icu_normalizer_data v1.5.1
[INFO] [stderr]    Compiling rustls-pki-types v1.11.0
[INFO] [stderr]    Compiling tracing-core v0.1.33
[INFO] [stderr]    Compiling log v0.4.27
[INFO] [stderr]    Compiling indexmap v2.9.0
[INFO] [stderr]    Compiling futures-util v0.3.31
[INFO] [stderr]    Compiling ahash v0.8.11
[INFO] [stderr]    Compiling winnow v0.7.6
[INFO] [stderr]    Compiling write16 v1.0.0
[INFO] [stderr]    Compiling rustix v1.0.5
[INFO] [stderr]    Compiling toml_datetime v0.6.8
[INFO] [stderr]    Compiling rustls v0.23.26
[INFO] [stderr]    Compiling utf16_iter v1.0.5
[INFO] [stderr]    Compiling futures-channel v0.3.31
[INFO] [stderr]    Compiling serde_json v1.0.140
[INFO] [stderr]    Compiling const-oid v0.9.6
[INFO] [stderr]    Compiling rustversion v1.0.20
[INFO] [stderr]    Compiling semver v1.0.26
[INFO] [stderr]    Compiling zerocopy v0.7.35
[INFO] [stderr]    Compiling linux-raw-sys v0.9.4
[INFO] [stderr]    Compiling quote v1.0.40
[INFO] [stderr]    Compiling bitflags v2.9.0
[INFO] [stderr]    Compiling ryu v1.0.20
[INFO] [stderr]    Compiling http v1.3.1
[INFO] [stderr]    Compiling syn v2.0.100
[INFO] [stderr]    Compiling zeroize v1.8.1
[INFO] [stderr]    Compiling anstyle-parse v0.2.6
[INFO] [stderr]    Compiling generic-array v0.14.7
[INFO] [stderr]    Compiling borsh v1.5.7
[INFO] [stderr]    Compiling anstyle v1.0.10
[INFO] [stderr]    Compiling anstyle-query v1.1.2
[INFO] [stderr]    Compiling spin v0.9.8
[INFO] [stderr]    Compiling anyhow v1.0.98
[INFO] [stderr]    Compiling colorchoice v1.0.3
[INFO] [stderr]    Compiling hashbrown v0.15.2
[INFO] [stderr]    Compiling thiserror v2.0.12
[INFO] [stderr]    Compiling portable-atomic v1.11.0
[INFO] [stderr]    Compiling is_terminal_polyfill v1.70.1
[INFO] [stderr]    Compiling getrandom v0.3.2
[INFO] [stderr]    Compiling anstream v0.6.18
[INFO] [stderr]    Compiling lazy_static v1.5.0
[INFO] [stderr]    Compiling hashbrown v0.14.5
[INFO] [stderr]    Compiling mio v1.0.3
[INFO] [stderr]    Compiling socket2 v0.5.9
[INFO] [stderr]    Compiling getrandom v0.2.15
[INFO] [stderr]    Compiling ring v0.17.14
[INFO] [stderr]    Compiling lzma-sys v0.1.20
[INFO] [stderr]    Compiling block-buffer v0.10.4
[INFO] [stderr]    Compiling crypto-common v0.1.6
[INFO] [stderr]    Compiling webpki-roots v0.26.8
[INFO] [stderr]    Compiling digest v0.10.7
[INFO] [stderr]    Compiling sync_wrapper v1.0.2
[INFO] [stderr]    Compiling adler2 v2.0.0
[INFO] [stderr]    Compiling unicode-width v0.2.0
[INFO] [stderr]    Compiling rand_core v0.6.4
[INFO] [stderr]    Compiling clap_lex v0.7.4
[INFO] [stderr]    Compiling tokio v1.44.2
[INFO] [stderr]    Compiling camino v1.1.9
[INFO] [stderr]    Compiling risc0-zkp v2.0.0
[INFO] [stderr]    Compiling clap_builder v4.5.36
[INFO] [stderr]    Compiling xz2 v0.1.7
[INFO] [stderr]    Compiling toml_edit v0.22.24
[INFO] [stderr]    Compiling http-body v1.0.1
[INFO] [stderr]    Compiling http-body-util v0.1.3
[INFO] [stderr]    Compiling console v0.15.11
[INFO] [stderr]    Compiling blake2 v0.10.6
[INFO] [stderr]    Compiling sha2 v0.10.8
[INFO] [stderr]    Compiling hashlink v0.9.1
[INFO] [stderr]    Compiling miniz_oxide v0.8.8
[INFO] [stderr]    Compiling filetime v0.2.25
[INFO] [stderr]    Compiling rustls-pemfile v2.2.0
[INFO] [stderr]    Compiling encoding_rs v0.8.35
[INFO] [stderr]    Compiling cobs v0.2.3
[INFO] [stderr]    Compiling xattr v1.5.0
[INFO] [stderr]    Compiling number_prefix v0.4.0
[INFO] [stderr]    Compiling option-ext v0.2.0
[INFO] [stderr]    Compiling hex-literal v0.4.1
[INFO] [stderr]    Compiling ipnet v2.11.0
[INFO] [stderr]    Compiling arraydeque v0.5.1
[INFO] [stderr]    Compiling tempfile v3.19.1
[INFO] [stderr]    Compiling indicatif v0.17.11
[INFO] [stderr]    Compiling proc-macro-crate v3.3.0
[INFO] [stderr]    Compiling dirs-sys v0.4.1
[INFO] [stderr]    Compiling tar v0.4.44
[INFO] [stderr]    Compiling flate2 v1.1.1
[INFO] [stderr]    Compiling xz v0.1.0
[INFO] [stderr]    Compiling fs2 v0.4.3
[INFO] [stderr]    Compiling is-terminal v0.4.16
[INFO] [stderr]    Compiling colored v2.2.0
[INFO] [stderr]    Compiling no_std_strings v0.1.3
[INFO] [stderr]    Compiling elf v0.7.4
[INFO] [stderr]    Compiling include_bytes_aligned v0.1.4
[INFO] [stderr]    Compiling dirs v5.0.1
[INFO] [stderr]    Compiling risc0-zkos-v1compat v2.0.0
[INFO] [stderr]    Compiling docker-generate v0.1.3
[INFO] [stderr]    Compiling yaml-rust2 v0.9.0
[INFO] [stderr]    Compiling synstructure v0.13.1
[INFO] [stderr]    Compiling darling_core v0.20.11
[INFO] [stderr]    Compiling hyper v1.6.0
[INFO] [stderr]    Compiling tower v0.5.2
[INFO] [stderr]    Compiling serde_derive v1.0.219
[INFO] [stderr]    Compiling zerofrom-derive v0.1.6
[INFO] [stderr]    Compiling yoke-derive v0.7.5
[INFO] [stderr]    Compiling zerovec-derive v0.10.3
[INFO] [stderr]    Compiling displaydoc v0.2.5
[INFO] [stderr]    Compiling icu_provider_macros v1.5.0
[INFO] [stderr]    Compiling tracing-attributes v0.1.28
[INFO] [stderr]    Compiling bytemuck_derive v1.8.1
[INFO] [stderr]    Compiling thiserror-impl v2.0.12
[INFO] [stderr]    Compiling stability v0.2.1
[INFO] [stderr]    Compiling borsh-derive v1.5.7
[INFO] [stderr]    Compiling derive_more-impl v2.0.1
[INFO] [stderr]    Compiling clap_derive v4.5.32
[INFO] [stderr]    Compiling risc0-zkvm-platform v2.0.1
[INFO] [stderr]    Compiling strum_macros v0.26.4
[INFO] [stderr]    Compiling tracing v0.1.41
[INFO] [stderr]    Compiling zerofrom v0.1.6
[INFO] [stderr]    Compiling yoke v0.7.5
[INFO] [stderr]    Compiling zerovec v0.10.4
[INFO] [stderr]    Compiling hyper-util v0.1.11
[INFO] [stderr]    Compiling bytemuck v1.22.0
[INFO] [stderr]    Compiling risc0-core v2.0.0
[INFO] [stderr]    Compiling darling_macro v0.20.11
[INFO] [stderr]    Compiling darling v0.20.11
[INFO] [stderr]    Compiling derive_more v2.0.1
[INFO] [stderr]    Compiling derive_builder_core v0.20.2
[INFO] [stderr]    Compiling strum v0.26.3
[INFO] [stderr]    Compiling clap v4.5.36
[INFO] [stderr]    Compiling tinystr v0.7.6
[INFO] [stderr]    Compiling icu_collections v1.5.0
[INFO] [stderr]    Compiling icu_locid v1.5.0
[INFO] [stderr]    Compiling icu_provider v1.5.0
[INFO] [stderr]    Compiling derive_builder_macro v0.20.2
[INFO] [stderr]    Compiling derive_builder v0.20.2
[INFO] [stderr]    Compiling icu_locid_transform v1.5.0
[INFO] [stderr]    Compiling icu_properties v1.5.1
[INFO] [stderr]    Compiling serde_spanned v0.6.8
[INFO] [stderr]    Compiling serde_urlencoded v0.7.1
[INFO] [stderr]    Compiling cargo-platform v0.1.9
[INFO] [stderr]    Compiling postcard v1.1.1
[INFO] [stderr]    Compiling rustls-webpki v0.103.1
[INFO] [stderr]    Compiling cargo_metadata v0.19.2
[INFO] [stderr]    Compiling icu_normalizer v1.5.0
[INFO] [stderr]    Compiling risc0-binfmt v2.0.0
[INFO] [stderr]    Compiling idna_adapter v1.2.0
[INFO] [stderr]    Compiling idna v1.0.3
[INFO] [stderr]    Compiling url v2.5.4
[INFO] [stderr]    Compiling toml v0.8.20
[INFO] [stderr]    Compiling tokio-rustls v0.26.2
[INFO] [stderr]    Compiling hyper-rustls v0.27.5
[INFO] [stderr]    Compiling reqwest v0.12.15
[INFO] [stderr]    Compiling rzup v0.4.1
[INFO] [stderr]    Compiling risc0-build v2.1.0 (/opt/rustwide/workdir)
[INFO] [stderr]     Finished `release` profile [optimized] target(s) in 2m 09s
[INFO] [stderr] warning: the following packages contain code that will be rejected by a future version of Rust: borsh v1.5.7
[INFO] [stderr] note: to see what the problems were, use the option `--future-incompat-report`, or run `cargo report future-incompatibilities --id 1`
[INFO] running `Command { std: "docker" "inspect" "3daff88da7233c1f59409e4552a0997546c1562810981ab481330dbb93a621a9", kill_on_drop: false }`
[INFO] running `Command { std: "docker" "exec" "-e" "SOURCE_DIR=/opt/rustwide/workdir" "-e" "CARGO_HOME=/opt/rustwide/cargo-home" "-e" "RUSTUP_HOME=/opt/rustwide/rustup-home" "-e" "CARGO_TARGET_DIR=/opt/rustwide/target" "-e" "CARGO_INCREMENTAL=0" "-e" "RUST_BACKTRACE=full" "-e" "RUSTFLAGS=--cap-lints=warn" "-e" "RUSTDOCFLAGS=--cap-lints=warn" "-w" "/opt/rustwide/workdir" "--user" "0:0" "3daff88da7233c1f59409e4552a0997546c1562810981ab481330dbb93a621a9" "/opt/rustwide/cargo-home/bin/cargo" "+1.99.0-beta.1" "test" "--frozen" "--no-run" "--message-format=json" "--release", kill_on_drop: false }`
[INFO] [stderr]    Compiling risc0-build v2.1.0 (/opt/rustwide/workdir)
[INFO] [stderr]     Finished `release` profile [optimized] target(s) in 1.36s
[INFO] [stderr] warning: the following packages contain code that will be rejected by a future version of Rust: borsh v1.5.7
[INFO] [stderr] note: to see what the problems were, use the option `--future-incompat-report`, or run `cargo report future-incompatibilities --id 1`
[INFO] running `Command { std: "docker" "inspect" "3daff88da7233c1f59409e4552a0997546c1562810981ab481330dbb93a621a9", kill_on_drop: false }`
[INFO] running `Command { std: "docker" "exec" "-e" "SOURCE_DIR=/opt/rustwide/workdir" "-e" "CARGO_HOME=/opt/rustwide/cargo-home" "-e" "RUSTUP_HOME=/opt/rustwide/rustup-home" "-e" "CARGO_TARGET_DIR=/opt/rustwide/target" "-e" "CARGO_INCREMENTAL=0" "-e" "RUST_BACKTRACE=full" "-e" "RUSTFLAGS=--cap-lints=warn" "-e" "RUSTDOCFLAGS=--cap-lints=warn" "-w" "/opt/rustwide/workdir" "--user" "0:0" "3daff88da7233c1f59409e4552a0997546c1562810981ab481330dbb93a621a9" "/opt/rustwide/cargo-home/bin/cargo" "+1.99.0-beta.1" "test" "--frozen" "--release", kill_on_drop: false }`
[INFO] [stderr]     Finished `release` profile [optimized] target(s) in 0.22s
[INFO] [stderr] warning: the following packages contain code that will be rejected by a future version of Rust: borsh v1.5.7
[INFO] [stderr] note: to see what the problems were, use the option `--future-incompat-report`, or run `cargo report future-incompatibilities --id 1`
[INFO] [stderr]      Running unittests src/lib.rs (/opt/rustwide/target/release/deps/risc0_build-4363f6b1dd81da43)
[INFO] [stdout] 
[INFO] [stdout] running 2 tests
[INFO] [stdout] test tests::encodes_rustc_flags ... FAILED
[INFO] [stdout] test tests::escapes_strings_when_encoding_when_requested ... FAILED
[INFO] [stdout] 
[INFO] [stdout] failures:
[INFO] [stdout] 
[INFO] [stdout] ---- tests::encodes_rustc_flags stdout ----
[INFO] [stdout] 
[INFO] [stdout] thread 'tests::encodes_rustc_flags' (3445) panicked at src/lib.rs:450:9:
[INFO] [stderr] error: test failed, to rerun pass `--lib`
[INFO] [stdout] Risc Zero Rust toolchain not found. Try running `rzup install rust`
[INFO] [stdout] stack backtrace:
[INFO] [stdout]    0:     0x5f4d32b3de01 - <<std[104cf6e2632825ea]::sys::backtrace::BacktraceLock>::print::DisplayBacktrace as core[7c831bd917ebf35f]::fmt::Display>::fmt
[INFO] [stdout]    1:     0x5f4d32b532ba - core[7c831bd917ebf35f]::fmt::write
[INFO] [stdout]    2:     0x5f4d32b4258c - <alloc[2fdc3f7464fcf288]::vec::Vec<u8> as core[7c831bd917ebf35f]::io::write::Write>::write_fmt
[INFO] [stdout]    3:     0x5f4d32b18ec6 - std[104cf6e2632825ea]::panicking::default_hook::{closure#0}
[INFO] [stdout]    4:     0x5f4d32b35da9 - std[104cf6e2632825ea]::panicking::default_hook
[INFO] [stdout]    5:     0x5f4d32ace4b0 - test[73009c9f9aebf890]::test_main_inner::<test[73009c9f9aebf890]::test_main_static::{closure#0}>::{closure#0}
[INFO] [stdout]    6:     0x5f4d32b35f62 - std[104cf6e2632825ea]::panicking::panic_with_hook
[INFO] [stdout]    7:     0x5f4d32b18fa4 - std[104cf6e2632825ea]::panicking::panic_handler::{closure#0}
[INFO] [stdout]    8:     0x5f4d32b11209 - std[104cf6e2632825ea]::sys::backtrace::__rust_end_short_backtrace::<std[104cf6e2632825ea]::panicking::panic_handler::{closure#0}, !>
[INFO] [stdout]    9:     0x5f4d32b19b6d - __rustc[b0d56fa5b193ad05]::rust_begin_unwind
[INFO] [stdout]   10:     0x5f4d32b539ec - core[7c831bd917ebf35f]::panicking::panic_fmt
[INFO] [stdout]   11:     0x5f4d32a5d788 - risc0_build[4444b3bbdae52c1c]::encode_rust_flags
[INFO] [stdout]   12:     0x5f4d32a5ec30 - <risc0_build[4444b3bbdae52c1c]::tests::encodes_rustc_flags::{closure#0} as core[7c831bd917ebf35f]::ops::function::FnOnce<()>>::call_once
[INFO] [stdout]   13:     0x5f4d32ac179b - test[73009c9f9aebf890]::__rust_begin_short_backtrace::<core[7c831bd917ebf35f]::result::Result<(), alloc[2fdc3f7464fcf288]::string::String>, fn() -> core[7c831bd917ebf35f]::result::Result<(), alloc[2fdc3f7464fcf288]::string::String>>
[INFO] [stdout]   14:     0x5f4d32acee05 - test[73009c9f9aebf890]::run_test::{closure#0}
[INFO] [stdout]   15:     0x5f4d32ac81c4 - std[104cf6e2632825ea]::sys::backtrace::__rust_begin_short_backtrace::<test[73009c9f9aebf890]::run_test::{closure#1}, ()>
[INFO] [stdout]   16:     0x5f4d32ad1f62 - <std[104cf6e2632825ea]::thread::lifecycle::spawn_unchecked<test[73009c9f9aebf890]::run_test::{closure#1}, ()>::{closure#1} as core[7c831bd917ebf35f]::ops::function::FnOnce<()>>::call_once::{shim:vtable#0}
[INFO] [stdout]   17:     0x5f4d32b3d179 - <std[104cf6e2632825ea]::sys::thread::unix::Thread>::new::thread_start
[INFO] [stdout]   18:     0x70be18a4d07a - <unknown>
[INFO] [stdout]   19:     0x70be18ae0534 - clone
[INFO] [stdout]   20:                0x0 - <unknown>
[INFO] [stdout] 
[INFO] [stdout] ---- tests::escapes_strings_when_encoding_when_requested stdout ----
[INFO] [stdout] 
[INFO] [stdout] thread 'tests::escapes_strings_when_encoding_when_requested' (3446) panicked at src/lib.rs:450:9:
[INFO] [stdout] Risc Zero Rust toolchain not found. Try running `rzup install rust`
[INFO] [stdout] stack backtrace:
[INFO] [stdout]    0:     0x5f4d32b3de01 - <<std[104cf6e2632825ea]::sys::backtrace::BacktraceLock>::print::DisplayBacktrace as core[7c831bd917ebf35f]::fmt::Display>::fmt
[INFO] [stdout]    1:     0x5f4d32b532ba - core[7c831bd917ebf35f]::fmt::write
[INFO] [stdout]    2:     0x5f4d32b4258c - <alloc[2fdc3f7464fcf288]::vec::Vec<u8> as core[7c831bd917ebf35f]::io::write::Write>::write_fmt
[INFO] [stdout]    3:     0x5f4d32b18ec6 - std[104cf6e2632825ea]::panicking::default_hook::{closure#0}
[INFO] [stdout]    4:     0x5f4d32b35da9 - std[104cf6e2632825ea]::panicking::default_hook
[INFO] [stdout]    5:     0x5f4d32ace4b0 - test[73009c9f9aebf890]::test_main_inner::<test[73009c9f9aebf890]::test_main_static::{closure#0}>::{closure#0}
[INFO] [stdout]    6:     0x5f4d32b35f62 - std[104cf6e2632825ea]::panicking::panic_with_hook
[INFO] [stdout]    7:     0x5f4d32b18fa4 - std[104cf6e2632825ea]::panicking::panic_handler::{closure#0}
[INFO] [stdout]    8:     0x5f4d32b11209 - std[104cf6e2632825ea]::sys::backtrace::__rust_end_short_backtrace::<std[104cf6e2632825ea]::panicking::panic_handler::{closure#0}, !>
[INFO] [stdout]    9:     0x5f4d32b19b6d - __rustc[b0d56fa5b193ad05]::rust_begin_unwind
[INFO] [stdout]   10:     0x5f4d32b539ec - core[7c831bd917ebf35f]::panicking::panic_fmt
[INFO] [stdout]   11:     0x5f4d32a5d788 - risc0_build[4444b3bbdae52c1c]::encode_rust_flags
[INFO] [stdout]   12:     0x5f4d32a5edf3 - <risc0_build[4444b3bbdae52c1c]::tests::escapes_strings_when_encoding_when_requested::{closure#0} as core[7c831bd917ebf35f]::ops::function::FnOnce<()>>::call_once
[INFO] [stdout]   13:     0x5f4d32ac179b - test[73009c9f9aebf890]::__rust_begin_short_backtrace::<core[7c831bd917ebf35f]::result::Result<(), alloc[2fdc3f7464fcf288]::string::String>, fn() -> core[7c831bd917ebf35f]::result::Result<(), alloc[2fdc3f7464fcf288]::string::String>>
[INFO] [stdout]   14:     0x5f4d32acee05 - test[73009c9f9aebf890]::run_test::{closure#0}
[INFO] [stdout]   15:     0x5f4d32ac81c4 - std[104cf6e2632825ea]::sys::backtrace::__rust_begin_short_backtrace::<test[73009c9f9aebf890]::run_test::{closure#1}, ()>
[INFO] [stdout]   16:     0x5f4d32ad1f62 - <std[104cf6e2632825ea]::thread::lifecycle::spawn_unchecked<test[73009c9f9aebf890]::run_test::{closure#1}, ()>::{closure#1} as core[7c831bd917ebf35f]::ops::function::FnOnce<()>>::call_once::{shim:vtable#0}
[INFO] [stdout]   17:     0x5f4d32b3d179 - <std[104cf6e2632825ea]::sys::thread::unix::Thread>::new::thread_start
[INFO] [stdout]   18:     0x70be18a4d07a - <unknown>
[INFO] [stdout]   19:     0x70be18ae0534 - clone
[INFO] [stdout]   20:                0x0 - <unknown>
[INFO] [stdout] 
[INFO] [stdout] 
[INFO] [stdout] failures:
[INFO] [stdout]     tests::encodes_rustc_flags
[INFO] [stdout]     tests::escapes_strings_when_encoding_when_requested
[INFO] [stdout] 
[INFO] [stdout] test result: FAILED. 0 passed; 2 failed; 0 ignored; 0 measured; 0 filtered out; finished in 0.00s
[INFO] [stdout] 
[INFO] running `Command { std: "docker" "inspect" "3daff88da7233c1f59409e4552a0997546c1562810981ab481330dbb93a621a9", kill_on_drop: false }`
[INFO] running `Command { std: "docker" "rm" "-f" "3daff88da7233c1f59409e4552a0997546c1562810981ab481330dbb93a621a9", kill_on_drop: false }`
[INFO] [stdout] 3daff88da7233c1f59409e4552a0997546c1562810981ab481330dbb93a621a9
