[INFO] cloning repository https://github.com/kruzabasi/degen
[INFO] running `Command { std: "git" "-c" "credential.helper=" "-c" "credential.helper=/workspace/cargo-home/bin/git-credential-null" "clone" "--bare" "https://github.com/kruzabasi/degen" "/workspace/cache/git-repos/https%3A%2F%2Fgithub.com%2Fkruzabasi%2Fdegen", kill_on_drop: false }`
[INFO] [stderr] Cloning into bare repository '/workspace/cache/git-repos/https%3A%2F%2Fgithub.com%2Fkruzabasi%2Fdegen'...
[INFO] running `Command { std: "git" "rev-parse" "HEAD", kill_on_drop: false }`
[INFO] [stdout] 00b8f3677437a233e8e4adbebf5904519c381c92
[INFO] testing kruzabasi/degen/00b8f3677437a233e8e4adbebf5904519c381c92 against 1.99.0-beta.1+cargoflags=--release for beta-release-1.99-2
[INFO] running `Command { std: "git" "clone" "/workspace/cache/git-repos/https%3A%2F%2Fgithub.com%2Fkruzabasi%2Fdegen" "/workspace/builds/worker-1-tc2/source", kill_on_drop: false }`
[INFO] [stderr] Cloning into '/workspace/builds/worker-1-tc2/source'...
[INFO] [stderr] done.
[INFO] started tweaking git repo https://github.com/kruzabasi/degen
[INFO] finished tweaking git repo https://github.com/kruzabasi/degen
[INFO] tweaked toml for git repo https://github.com/kruzabasi/degen written to /workspace/builds/worker-1-tc2/source/Cargo.toml
[INFO] validating manifest of git repo https://github.com/kruzabasi/degen on toolchain 1.99.0-beta.1
[INFO] running `Command { std: CARGO_HOME="/workspace/cargo-home" RUSTUP_HOME="/workspace/rustup-home" "/workspace/cargo-home/bin/cargo" "+1.99.0-beta.1" "metadata" "--manifest-path" "Cargo.toml" "--no-deps", kill_on_drop: false }`
[INFO] crate git repo https://github.com/kruzabasi/degen already has a lockfile, it will not be regenerated
[INFO] running `Command { std: CARGO_HOME="/workspace/cargo-home" RUSTUP_HOME="/workspace/rustup-home" "/workspace/cargo-home/bin/cargo" "+1.99.0-beta.1" "fetch" "--manifest-path" "Cargo.toml", kill_on_drop: false }`
[INFO] [stderr]     Blocking waiting for file lock on package cache
[INFO] [stderr]     Blocking waiting for file lock on package cache
[INFO] running `Command { std: "docker" "create" "-v" "/var/lib/crater-agent-workspace/builds/worker-1-tc2/source:/opt/rustwide/workdir:ro,Z" "-v" "/var/lib/crater-agent-workspace/builds/worker-1-tc2/target:/opt/rustwide/target:rw,Z" "-v" "/var/lib/crater-agent-workspace/cargo-home:/opt/rustwide/cargo-home:ro,Z" "-v" "/var/lib/crater-agent-workspace/rustup-home:/opt/rustwide/rustup-home:ro,Z" "-m" "1610612736" "--network" "none" "ghcr.io/rust-lang/crates-build-env/linux@sha256:8683fc1fc2eb5c9ac98e0d076ab094b2ffac7f99da555d2b6a2e27f346de2ec7" "sleep" "infinity", kill_on_drop: false }`
[INFO] [stdout] 26de98c2389622fc5001cf38f7ca7e67acb2deb9d5ab98459cb9474bf58b742e
[INFO] running `Command { std: "docker" "start" "26de98c2389622fc5001cf38f7ca7e67acb2deb9d5ab98459cb9474bf58b742e", kill_on_drop: false }`
[INFO] running `Command { std: "docker" "inspect" "26de98c2389622fc5001cf38f7ca7e67acb2deb9d5ab98459cb9474bf58b742e", kill_on_drop: false }`
[INFO] running `Command { std: "docker" "exec" "-e" "SOURCE_DIR=/opt/rustwide/workdir" "-e" "CARGO_HOME=/opt/rustwide/cargo-home" "-e" "RUSTUP_HOME=/opt/rustwide/rustup-home" "-e" "CARGO_TARGET_DIR=/opt/rustwide/target" "-w" "/opt/rustwide/workdir" "--user" "0:0" "26de98c2389622fc5001cf38f7ca7e67acb2deb9d5ab98459cb9474bf58b742e" "/opt/rustwide/cargo-home/bin/cargo" "+1.99.0-beta.1" "metadata" "--no-deps" "--format-version=1", kill_on_drop: false }`
[INFO] running `Command { std: "docker" "inspect" "26de98c2389622fc5001cf38f7ca7e67acb2deb9d5ab98459cb9474bf58b742e", kill_on_drop: false }`
[INFO] running `Command { std: "docker" "exec" "-e" "SOURCE_DIR=/opt/rustwide/workdir" "-e" "CARGO_HOME=/opt/rustwide/cargo-home" "-e" "RUSTUP_HOME=/opt/rustwide/rustup-home" "-e" "CARGO_TARGET_DIR=/opt/rustwide/target" "-e" "CARGO_INCREMENTAL=0" "-e" "RUST_BACKTRACE=full" "-e" "RUSTFLAGS=--cap-lints=warn" "-e" "RUSTDOCFLAGS=--cap-lints=warn" "-w" "/opt/rustwide/workdir" "--user" "0:0" "26de98c2389622fc5001cf38f7ca7e67acb2deb9d5ab98459cb9474bf58b742e" "/opt/rustwide/cargo-home/bin/cargo" "+1.99.0-beta.1" "build" "--frozen" "--message-format=json" "--release", kill_on_drop: false }`
[INFO] [stderr]    Compiling syn v2.0.104
[INFO] [stderr]    Compiling libc v0.2.174
[INFO] [stderr]    Compiling serde v1.0.219
[INFO] [stderr]    Compiling typenum v1.18.0
[INFO] [stderr]    Compiling cfg-if v1.0.1
[INFO] [stderr]    Compiling parking_lot_core v0.9.11
[INFO] [stderr]    Compiling icu_properties_data v2.0.1
[INFO] [stderr]    Compiling icu_normalizer_data v2.0.0
[INFO] [stderr]    Compiling stable_deref_trait v1.2.0
[INFO] [stderr]    Compiling generic-array v0.14.7
[INFO] [stderr]    Compiling lock_api v0.4.13
[INFO] [stderr]    Compiling cc v1.2.30
[INFO] [stderr]    Compiling num-traits v0.2.19
[INFO] [stderr]    Compiling itoa v1.0.15
[INFO] [stderr]    Compiling zerocopy v0.8.26
[INFO] [stderr]    Compiling subtle v2.6.1
[INFO] [stderr]    Compiling memchr v2.7.5
[INFO] [stderr]    Compiling serde_json v1.0.141
[INFO] [stderr]    Compiling tracing-core v0.1.34
[INFO] [stderr]    Compiling futures-io v0.3.31
[INFO] [stderr]    Compiling litemap v0.8.0
[INFO] [stderr]    Compiling writeable v0.6.1
[INFO] [stderr]    Compiling slab v0.4.10
[INFO] [stderr]    Compiling thiserror v2.0.12
[INFO] [stderr]    Compiling foldhash v0.1.5
[INFO] [stderr]    Compiling equivalent v1.0.2
[INFO] [stderr]    Compiling allocator-api2 v0.2.21
[INFO] [stderr]    Compiling rustls v0.23.29
[INFO] [stderr]    Compiling futures-util v0.3.31
[INFO] [stderr]    Compiling pin-project-lite v0.2.16
[INFO] [stderr]    Compiling cpufeatures v0.2.17
[INFO] [stderr]    Compiling zeroize v1.8.1
[INFO] [stderr]    Compiling rustls-pki-types v1.12.0
[INFO] [stderr]    Compiling crossbeam-utils v0.8.21
[INFO] [stderr]    Compiling futures-core v0.3.31
[INFO] [stderr]    Compiling rustversion v1.0.21
[INFO] [stderr]    Compiling getrandom v0.2.16
[INFO] [stderr]    Compiling hashbrown v0.15.4
[INFO] [stderr]    Compiling signal-hook-registry v1.4.5
[INFO] [stderr]    Compiling mio v1.0.4
[INFO] [stderr]    Compiling socket2 v0.5.10
[INFO] [stderr]    Compiling untrusted v0.9.0
[INFO] [stderr]    Compiling ryu v1.0.20
[INFO] [stderr]    Compiling block-buffer v0.10.4
[INFO] [stderr]    Compiling crypto-common v0.1.6
[INFO] [stderr]    Compiling http v0.2.12
[INFO] [stderr]    Compiling digest v0.10.7
[INFO] [stderr]    Compiling aho-corasick v1.1.3
[INFO] [stderr]    Compiling ring v0.17.14
[INFO] [stderr]    Compiling percent-encoding v2.3.1
[INFO] [stderr]    Compiling tower-service v0.3.3
[INFO] [stderr]    Compiling futures-sink v0.3.31
[INFO] [stderr]    Compiling regex-syntax v0.8.5
[INFO] [stderr]    Compiling bytes v1.10.1
[INFO] [stderr]    Compiling tinyvec v1.9.0
[INFO] [stderr]    Compiling sha2 v0.10.9
[INFO] [stderr]    Compiling form_urlencoded v1.2.1
[INFO] [stderr]    Compiling crc32fast v1.5.0
[INFO] [stderr]    Compiling concurrent-queue v2.5.0
[INFO] [stderr]    Compiling webpki-roots v1.0.2
[INFO] [stderr]    Compiling rand_core v0.6.4
[INFO] [stderr]    Compiling parking v2.2.1
[INFO] [stderr]    Compiling tower-layer v0.3.3
[INFO] [stderr]    Compiling log v0.4.27
[INFO] [stderr]    Compiling syn v1.0.109
[INFO] [stderr]    Compiling futures-task v0.3.31
[INFO] [stderr]    Compiling tokio v1.46.1
[INFO] [stderr]    Compiling adler2 v2.0.1
[INFO] [stderr]    Compiling crc-catalog v2.4.0
[INFO] [stderr]    Compiling iana-time-zone v0.1.63
[INFO] [stderr]    Compiling crc v3.3.0
[INFO] [stderr]    Compiling miniz_oxide v0.8.9
[INFO] [stderr]    Compiling chrono v0.4.41
[INFO] [stderr]    Compiling event-listener v5.4.0
[INFO] [stderr]    Compiling ppv-lite86 v0.2.21
[INFO] [stderr]    Compiling http-body v0.4.6
[INFO] [stderr]    Compiling unicode-normalization v0.1.24
[INFO] [stderr]    Compiling regex-automata v0.4.9
[INFO] [stderr]    Compiling rand_chacha v0.3.1
[INFO] [stderr]    Compiling webpki-roots v0.26.11
[INFO] [stderr]    Compiling indexmap v2.10.0
[INFO] [stderr]    Compiling hashlink v0.10.0
[INFO] [stderr]    Compiling hmac v0.12.1
[INFO] [stderr]    Compiling crossbeam-queue v0.3.12
[INFO] [stderr]    Compiling dirs-sys v0.3.7
[INFO] [stderr]    Compiling futures-channel v0.3.31
[INFO] [stderr]    Compiling uuid v1.17.0
[INFO] [stderr]    Compiling base64 v0.22.1
[INFO] [stderr]    Compiling unicode-properties v0.1.3
[INFO] [stderr]    Compiling unicode-bidi v0.3.18
[INFO] [stderr]    Compiling httparse v1.10.1
[INFO] [stderr]    Compiling dirs v4.0.0
[INFO] [stderr]    Compiling hkdf v0.12.4
[INFO] [stderr]    Compiling flate2 v1.1.2
[INFO] [stderr]    Compiling rand v0.8.5
[INFO] [stderr]    Compiling proc-macro-error-attr v1.0.4
[INFO] [stderr]    Compiling getrandom v0.3.3
[INFO] [stderr]    Compiling atoi v2.0.0
[INFO] [stderr]    Compiling md-5 v0.10.6
[INFO] [stderr]    Compiling stringprep v0.1.5
[INFO] [stderr]    Compiling axum-core v0.3.4
[INFO] [stderr]    Compiling unicase v2.8.1
[INFO] [stderr]    Compiling home v0.5.11
[INFO] [stderr]    Compiling whoami v1.6.0
[INFO] [stderr]    Compiling bitflags v2.9.1
[INFO] [stderr]    Compiling dotenvy v0.15.7
[INFO] [stderr]    Compiling hex v0.4.3
[INFO] [stderr]    Compiling proc-macro-error v1.0.4
[INFO] [stderr]    Compiling zip v0.6.6
[INFO] [stderr]    Compiling walkdir v2.5.0
[INFO] [stderr]    Compiling mime_guess v2.0.5
[INFO] [stderr]    Compiling shellexpand v2.1.2
[INFO] [stderr]    Compiling rust-embed-utils v7.8.1
[INFO] [stderr]    Compiling axum v0.6.20
[INFO] [stderr]    Compiling httpdate v1.0.3
[INFO] [stderr]    Compiling synstructure v0.13.2
[INFO] [stderr]    Compiling regex v1.11.1
[INFO] [stderr]    Compiling byteorder v1.5.0
[INFO] [stderr]    Compiling matchit v0.7.3
[INFO] [stderr]    Compiling tracing-log v0.2.0
[INFO] [stderr]    Compiling thread_local v1.1.9
[INFO] [stderr]    Compiling http-range-header v0.3.1
[INFO] [stderr]    Compiling sync_wrapper v1.0.2
[INFO] [stderr]    Compiling tower v0.5.2
[INFO] [stderr]    Compiling dotenv v0.15.0
[INFO] [stderr]    Compiling bs58 v0.4.0
[INFO] [stderr]    Compiling rustls-webpki v0.103.4
[INFO] [stderr]    Compiling utoipa-swagger-ui v3.1.5
[INFO] [stderr]    Compiling serde_derive v1.0.219
[INFO] [stderr]    Compiling zerofrom-derive v0.1.6
[INFO] [stderr]    Compiling yoke-derive v0.8.0
[INFO] [stderr]    Compiling zerovec-derive v0.11.1
[INFO] [stderr]    Compiling displaydoc v0.2.5
[INFO] [stderr]    Compiling tracing-attributes v0.1.30
[INFO] [stderr]    Compiling tokio-macros v2.5.0
[INFO] [stderr]    Compiling thiserror-impl v2.0.12
[INFO] [stderr]    Compiling pin-project-internal v1.1.10
[INFO] [stderr]    Compiling async-trait v0.1.88
[INFO] [stderr]    Compiling utoipa-gen v3.5.0
[INFO] [stderr]    Compiling tokio-stream v0.1.17
[INFO] [stderr]    Compiling rust-embed-impl v6.8.1
[INFO] [stderr]    Compiling thiserror-impl v1.0.69
[INFO] [stderr]    Compiling zerofrom v0.1.6
[INFO] [stderr]    Compiling pin-project v1.1.10
[INFO] [stderr]    Compiling rust-embed v6.8.1
[INFO] [stderr]    Compiling yoke v0.8.0
[INFO] [stderr]    Compiling zerovec v0.11.2
[INFO] [stderr]    Compiling zerotrie v0.2.2
[INFO] [stderr]    Compiling tracing v0.1.41
[INFO] [stderr]    Compiling tower-http v0.4.4
[INFO] [stderr]    Compiling thiserror v1.0.69
[INFO] [stderr]    Compiling tinystr v0.8.1
[INFO] [stderr]    Compiling potential_utf v0.1.2
[INFO] [stderr]    Compiling icu_locale_core v2.0.0
[INFO] [stderr]    Compiling icu_collections v2.0.0
[INFO] [stderr]    Compiling icu_provider v2.0.0
[INFO] [stderr]    Compiling icu_properties v2.0.1
[INFO] [stderr]    Compiling smallvec v1.15.1
[INFO] [stderr]    Compiling either v1.15.0
[INFO] [stderr]    Compiling serde_path_to_error v0.1.17
[INFO] [stderr]    Compiling serde_urlencoded v0.7.1
[INFO] [stderr]    Compiling icu_normalizer v2.0.0
[INFO] [stderr]    Compiling tracing-subscriber v0.3.19
[INFO] [stderr]    Compiling parking_lot v0.12.4
[INFO] [stderr]    Compiling futures-intrusive v0.5.0
[INFO] [stderr]    Compiling idna_adapter v1.2.1
[INFO] [stderr]    Compiling idna v1.0.3
[INFO] [stderr]    Compiling url v2.5.4
[INFO] [stderr]    Compiling utoipa v3.5.0
[INFO] [stderr]    Compiling sqlx-core v0.8.6
[INFO] [stderr]    Compiling sqlx-postgres v0.8.6
[INFO] [stderr]    Compiling tokio-util v0.7.15
[INFO] [stderr]    Compiling tower v0.4.13
[INFO] [stderr]    Compiling h2 v0.3.27
[INFO] [stderr]    Compiling sqlx-macros-core v0.8.6
[INFO] [stderr]    Compiling sqlx-macros v0.8.6
[INFO] [stderr]    Compiling hyper v0.14.32
[INFO] [stderr]    Compiling sqlx v0.8.6
[INFO] [stderr]    Compiling degen v0.1.0 (/opt/rustwide/workdir)
[INFO] [stderr]     Finished `release` profile [optimized] target(s) in 3m 03s
[INFO] running `Command { std: "docker" "inspect" "26de98c2389622fc5001cf38f7ca7e67acb2deb9d5ab98459cb9474bf58b742e", kill_on_drop: false }`
[INFO] running `Command { std: "docker" "exec" "-e" "SOURCE_DIR=/opt/rustwide/workdir" "-e" "CARGO_HOME=/opt/rustwide/cargo-home" "-e" "RUSTUP_HOME=/opt/rustwide/rustup-home" "-e" "CARGO_TARGET_DIR=/opt/rustwide/target" "-e" "CARGO_INCREMENTAL=0" "-e" "RUST_BACKTRACE=full" "-e" "RUSTFLAGS=--cap-lints=warn" "-e" "RUSTDOCFLAGS=--cap-lints=warn" "-w" "/opt/rustwide/workdir" "--user" "0:0" "26de98c2389622fc5001cf38f7ca7e67acb2deb9d5ab98459cb9474bf58b742e" "/opt/rustwide/cargo-home/bin/cargo" "+1.99.0-beta.1" "test" "--frozen" "--no-run" "--message-format=json" "--release", kill_on_drop: false }`
[INFO] [stderr]    Compiling smallvec v1.15.1
[INFO] [stderr]    Compiling openssl-sys v0.9.109
[INFO] [stderr]    Compiling http v1.3.1
[INFO] [stderr]    Compiling base64 v0.22.1
[INFO] [stderr]    Compiling atomic-waker v1.1.2
[INFO] [stderr]    Compiling openssl v0.10.73
[INFO] [stderr]    Compiling sync_wrapper v1.0.2
[INFO] [stderr]    Compiling openssl-macros v0.1.1
[INFO] [stderr]    Compiling native-tls v0.2.14
[INFO] [stderr]    Compiling openssl-probe v0.1.6
[INFO] [stderr]    Compiling ipnet v2.11.0
[INFO] [stderr]    Compiling iri-string v0.7.8
[INFO] [stderr]    Compiling encoding_rs v0.8.35
[INFO] [stderr]    Compiling parking_lot_core v0.9.11
[INFO] [stderr]    Compiling icu_normalizer v2.0.0
[INFO] [stderr]    Compiling tracing-subscriber v0.3.19
[INFO] [stderr]    Compiling parking_lot v0.12.4
[INFO] [stderr]    Compiling tokio v1.46.1
[INFO] [stderr]    Compiling futures-intrusive v0.5.0
[INFO] [stderr]    Compiling idna_adapter v1.2.1
[INFO] [stderr]    Compiling idna v1.0.3
[INFO] [stderr]    Compiling http-body v1.0.1
[INFO] [stderr]    Compiling http-body-util v0.1.3
[INFO] [stderr]    Compiling url v2.5.4
[INFO] [stderr]    Compiling tokio-util v0.7.15
[INFO] [stderr]    Compiling tokio-stream v0.1.17
[INFO] [stderr]    Compiling tower v0.5.2
[INFO] [stderr]    Compiling tower v0.4.13
[INFO] [stderr]    Compiling tokio-native-tls v0.3.1
[INFO] [stderr]    Compiling tokio-rustls v0.26.2
[INFO] [stderr]    Compiling h2 v0.3.27
[INFO] [stderr]    Compiling h2 v0.4.11
[INFO] [stderr]    Compiling sqlx-core v0.8.6
[INFO] [stderr]    Compiling tower-http v0.6.6
[INFO] [stderr]    Compiling sqlx-postgres v0.8.6
[INFO] [stderr]    Compiling hyper v0.14.32
[INFO] [stderr]    Compiling hyper v1.6.0
[INFO] [stderr]    Compiling hyper-util v0.1.15
[INFO] [stderr]    Compiling sqlx v0.8.6
[INFO] [stderr]    Compiling hyper-rustls v0.27.7
[INFO] [stderr]    Compiling hyper-tls v0.6.0
[INFO] [stderr]    Compiling reqwest v0.12.22
[INFO] [stderr]    Compiling axum v0.6.20
[INFO] [stderr]    Compiling utoipa-swagger-ui v3.1.5
[INFO] [stderr]    Compiling degen v0.1.0 (/opt/rustwide/workdir)
[INFO] [stderr]     Finished `release` profile [optimized] target(s) in 2m 12s
[INFO] running `Command { std: "docker" "inspect" "26de98c2389622fc5001cf38f7ca7e67acb2deb9d5ab98459cb9474bf58b742e", kill_on_drop: false }`
[INFO] running `Command { std: "docker" "exec" "-e" "SOURCE_DIR=/opt/rustwide/workdir" "-e" "CARGO_HOME=/opt/rustwide/cargo-home" "-e" "RUSTUP_HOME=/opt/rustwide/rustup-home" "-e" "CARGO_TARGET_DIR=/opt/rustwide/target" "-e" "CARGO_INCREMENTAL=0" "-e" "RUST_BACKTRACE=full" "-e" "RUSTFLAGS=--cap-lints=warn" "-e" "RUSTDOCFLAGS=--cap-lints=warn" "-w" "/opt/rustwide/workdir" "--user" "0:0" "26de98c2389622fc5001cf38f7ca7e67acb2deb9d5ab98459cb9474bf58b742e" "/opt/rustwide/cargo-home/bin/cargo" "+1.99.0-beta.1" "test" "--frozen" "--release", kill_on_drop: false }`
[INFO] [stderr]     Finished `release` profile [optimized] target(s) in 0.48s
[INFO] [stderr]      Running unittests src/lib.rs (/opt/rustwide/target/release/deps/degen-c1c8ba17be3b8326)
[INFO] [stdout] 
[INFO] [stderr]      Running unittests src/main.rs (/opt/rustwide/target/release/deps/degen-b63e5967e7b3c8b6)
[INFO] [stdout] running 0 tests
[INFO] [stdout] 
[INFO] [stdout] test result: ok. 0 passed; 0 failed; 0 ignored; 0 measured; 0 filtered out; finished in 0.00s
[INFO] [stdout] 
[INFO] [stderr]      Running tests/integration.rs (/opt/rustwide/target/release/deps/integration-908a9f9b943d22c7)
[INFO] [stdout] 
[INFO] [stdout] running 0 tests
[INFO] [stdout] 
[INFO] [stdout] test result: ok. 0 passed; 0 failed; 0 ignored; 0 measured; 0 filtered out; finished in 0.00s
[INFO] [stdout] 
[INFO] [stdout] 
[INFO] [stdout] running 7 tests
[INFO] [stdout] test test_duplicate_wallet_address ... FAILED
[INFO] [stdout] test test_invalid_wallet_creation ... FAILED
[INFO] [stdout] test test_list_wallets ... FAILED
[INFO] [stdout] test test_wallet_e2e_flow ... FAILED
[INFO] [stdout] test test_wallet_creation ... FAILED
[INFO] [stdout] test test_migrations ... FAILED
[INFO] [stdout] test test_get_wallet ... FAILED
[INFO] [stdout] 
[INFO] [stdout] failures:
[INFO] [stderr] error: test failed, to rerun pass `--test integration`
[INFO] [stdout] 
[INFO] [stdout] ---- test_duplicate_wallet_address stdout ----
[INFO] [stdout] 
[INFO] [stdout] thread 'test_duplicate_wallet_address' (5606) panicked at tests/utils.rs:54:10:
[INFO] [stdout] DATABASE_URL or TEST_DATABASE_URL must be set for tests: NotPresent
[INFO] [stdout] stack backtrace:
[INFO] [stdout]    0:     0x56e80ea863f1 - <<std[104cf6e2632825ea]::sys::backtrace::BacktraceLock>::print::DisplayBacktrace as core[7c831bd917ebf35f]::fmt::Display>::fmt
[INFO] [stdout]    1:     0x56e80ea9db4a - core[7c831bd917ebf35f]::fmt::write
[INFO] [stdout]    2:     0x56e80ea8aecc - <alloc[2fdc3f7464fcf288]::vec::Vec<u8> as core[7c831bd917ebf35f]::io::write::Write>::write_fmt
[INFO] [stdout]    3:     0x56e80ea610c6 - std[104cf6e2632825ea]::panicking::default_hook::{closure#0}
[INFO] [stdout]    4:     0x56e80ea7de99 - std[104cf6e2632825ea]::panicking::default_hook
[INFO] [stdout]    5:     0x56e80e809260 - test[73009c9f9aebf890]::test_main_inner::<test[73009c9f9aebf890]::test_main_static::{closure#0}>::{closure#0}
[INFO] [stdout]    6:     0x56e80ea7e1c2 - std[104cf6e2632825ea]::panicking::panic_with_hook
[INFO] [stdout]    7:     0x56e80ea61172 - std[104cf6e2632825ea]::panicking::panic_handler::{closure#0}
[INFO] [stdout]    8:     0x56e80ea592a9 - std[104cf6e2632825ea]::sys::backtrace::__rust_end_short_backtrace::<std[104cf6e2632825ea]::panicking::panic_handler::{closure#0}, !>
[INFO] [stdout]    9:     0x56e80ea61ffd - __rustc[b0d56fa5b193ad05]::rust_begin_unwind
[INFO] [stdout]   10:     0x56e80ea9e2ac - core[7c831bd917ebf35f]::panicking::panic_fmt
[INFO] [stdout]   11:     0x56e80ea9e082 - core[7c831bd917ebf35f]::result::unwrap_failed
[INFO] [stdout]   12:     0x56e80e7665c7 - integration[1e514139afca913c]::utils::create_test_app::{closure#0}
[INFO] [stdout]   13:     0x56e80e76045c - integration[1e514139afca913c]::test_duplicate_wallet_address::{closure#0}
[INFO] [stdout]   14:     0x56e80e7a3463 - <tokio[21ae2b6813c7d52d]::runtime::scheduler::current_thread::Context>::enter::<core[7c831bd917ebf35f]::task::poll::Poll<()>, <tokio[21ae2b6813c7d52d]::runtime::scheduler::current_thread::CoreGuard>::block_on<core[7c831bd917ebf35f]::pin::Pin<&mut core[7c831bd917ebf35f]::pin::Pin<&mut dyn core[7c831bd917ebf35f]::future::future::Future<Output = ()>>>>::{closure#0}::{closure#0}>
[INFO] [stdout]   15:     0x56e80e7acbdc - <tokio[21ae2b6813c7d52d]::runtime::context::scoped::Scoped<tokio[21ae2b6813c7d52d]::runtime::scheduler::Context>>::set::<<tokio[21ae2b6813c7d52d]::runtime::scheduler::current_thread::CoreGuard>::enter<<tokio[21ae2b6813c7d52d]::runtime::scheduler::current_thread::CoreGuard>::block_on<core[7c831bd917ebf35f]::pin::Pin<&mut core[7c831bd917ebf35f]::pin::Pin<&mut dyn core[7c831bd917ebf35f]::future::future::Future<Output = ()>>>>::{closure#0}, core[7c831bd917ebf35f]::option::Option<()>>::{closure#0}, (alloc[2fdc3f7464fcf288]::boxed::Box<tokio[21ae2b6813c7d52d]::runtime::scheduler::current_thread::Core>, core[7c831bd917ebf35f]::option::Option<()>)>
[INFO] [stdout]   16:     0x56e80e7a314f - <tokio[21ae2b6813c7d52d]::runtime::scheduler::current_thread::CurrentThread>::block_on::<core[7c831bd917ebf35f]::pin::Pin<&mut dyn core[7c831bd917ebf35f]::future::future::Future<Output = ()>>>
[INFO] [stdout]   17:     0x56e80e7cd772 - <tokio[21ae2b6813c7d52d]::runtime::runtime::Runtime>::block_on::<core[7c831bd917ebf35f]::pin::Pin<&mut dyn core[7c831bd917ebf35f]::future::future::Future<Output = ()>>>
[INFO] [stdout]   18:     0x56e80e769c2e - <integration[1e514139afca913c]::test_duplicate_wallet_address::{closure#0} as core[7c831bd917ebf35f]::ops::function::FnOnce<()>>::call_once
[INFO] [stdout]   19:     0x56e80e7fc54b - test[73009c9f9aebf890]::__rust_begin_short_backtrace::<core[7c831bd917ebf35f]::result::Result<(), alloc[2fdc3f7464fcf288]::string::String>, fn() -> core[7c831bd917ebf35f]::result::Result<(), alloc[2fdc3f7464fcf288]::string::String>>
[INFO] [stdout]   20:     0x56e80e809bb5 - test[73009c9f9aebf890]::run_test::{closure#0}
[INFO] [stdout]   21:     0x56e80e802f74 - std[104cf6e2632825ea]::sys::backtrace::__rust_begin_short_backtrace::<test[73009c9f9aebf890]::run_test::{closure#1}, ()>
[INFO] [stdout]   22:     0x56e80e80cd12 - <std[104cf6e2632825ea]::thread::lifecycle::spawn_unchecked<test[73009c9f9aebf890]::run_test::{closure#1}, ()>::{closure#1} as core[7c831bd917ebf35f]::ops::function::FnOnce<()>>::call_once::{shim:vtable#0}
[INFO] [stdout]   23:     0x56e80ea855f9 - <std[104cf6e2632825ea]::sys::thread::unix::Thread>::new::thread_start
[INFO] [stdout]   24:     0x787a6339507a - <unknown>
[INFO] [stdout]   25:     0x787a63428534 - clone
[INFO] [stdout]   26:                0x0 - <unknown>
[INFO] [stdout] 
[INFO] [stdout] ---- test_invalid_wallet_creation stdout ----
[INFO] [stdout] 
[INFO] [stdout] thread 'test_invalid_wallet_creation' (5608) panicked at tests/utils.rs:54:10:
[INFO] [stdout] DATABASE_URL or TEST_DATABASE_URL must be set for tests: NotPresent
[INFO] [stdout] stack backtrace:
[INFO] [stdout]    0:     0x56e80ea863f1 - <<std[104cf6e2632825ea]::sys::backtrace::BacktraceLock>::print::DisplayBacktrace as core[7c831bd917ebf35f]::fmt::Display>::fmt
[INFO] [stdout]    1:     0x56e80ea9db4a - core[7c831bd917ebf35f]::fmt::write
[INFO] [stdout]    2:     0x56e80ea8aecc - <alloc[2fdc3f7464fcf288]::vec::Vec<u8> as core[7c831bd917ebf35f]::io::write::Write>::write_fmt
[INFO] [stdout]    3:     0x56e80ea610c6 - std[104cf6e2632825ea]::panicking::default_hook::{closure#0}
[INFO] [stdout]    4:     0x56e80ea7de99 - std[104cf6e2632825ea]::panicking::default_hook
[INFO] [stdout]    5:     0x56e80e809260 - test[73009c9f9aebf890]::test_main_inner::<test[73009c9f9aebf890]::test_main_static::{closure#0}>::{closure#0}
[INFO] [stdout]    6:     0x56e80ea7e1c2 - std[104cf6e2632825ea]::panicking::panic_with_hook
[INFO] [stdout]    7:     0x56e80ea61172 - std[104cf6e2632825ea]::panicking::panic_handler::{closure#0}
[INFO] [stdout]    8:     0x56e80ea592a9 - std[104cf6e2632825ea]::sys::backtrace::__rust_end_short_backtrace::<std[104cf6e2632825ea]::panicking::panic_handler::{closure#0}, !>
[INFO] [stdout]    9:     0x56e80ea61ffd - __rustc[b0d56fa5b193ad05]::rust_begin_unwind
[INFO] [stdout]   10:     0x56e80ea9e2ac - core[7c831bd917ebf35f]::panicking::panic_fmt
[INFO] [stdout]   11:     0x56e80ea9e082 - core[7c831bd917ebf35f]::result::unwrap_failed
[INFO] [stdout]   12:     0x56e80e7665c7 - integration[1e514139afca913c]::utils::create_test_app::{closure#0}
[INFO] [stdout]   13:     0x56e80e75efec - integration[1e514139afca913c]::test_invalid_wallet_creation::{closure#0}
[INFO] [stdout]   14:     0x56e80e7a3463 - <tokio[21ae2b6813c7d52d]::runtime::scheduler::current_thread::Context>::enter::<core[7c831bd917ebf35f]::task::poll::Poll<()>, <tokio[21ae2b6813c7d52d]::runtime::scheduler::current_thread::CoreGuard>::block_on<core[7c831bd917ebf35f]::pin::Pin<&mut core[7c831bd917ebf35f]::pin::Pin<&mut dyn core[7c831bd917ebf35f]::future::future::Future<Output = ()>>>>::{closure#0}::{closure#0}>
[INFO] [stdout]   15:     0x56e80e7acbdc - <tokio[21ae2b6813c7d52d]::runtime::context::scoped::Scoped<tokio[21ae2b6813c7d52d]::runtime::scheduler::Context>>::set::<<tokio[21ae2b6813c7d52d]::runtime::scheduler::current_thread::CoreGuard>::enter<<tokio[21ae2b6813c7d52d]::runtime::scheduler::current_thread::CoreGuard>::block_on<core[7c831bd917ebf35f]::pin::Pin<&mut core[7c831bd917ebf35f]::pin::Pin<&mut dyn core[7c831bd917ebf35f]::future::future::Future<Output = ()>>>>::{closure#0}, core[7c831bd917ebf35f]::option::Option<()>>::{closure#0}, (alloc[2fdc3f7464fcf288]::boxed::Box<tokio[21ae2b6813c7d52d]::runtime::scheduler::current_thread::Core>, core[7c831bd917ebf35f]::option::Option<()>)>
[INFO] [stdout]   16:     0x56e80e7a314f - <tokio[21ae2b6813c7d52d]::runtime::scheduler::current_thread::CurrentThread>::block_on::<core[7c831bd917ebf35f]::pin::Pin<&mut dyn core[7c831bd917ebf35f]::future::future::Future<Output = ()>>>
[INFO] [stdout]   17:     0x56e80e7cd772 - <tokio[21ae2b6813c7d52d]::runtime::runtime::Runtime>::block_on::<core[7c831bd917ebf35f]::pin::Pin<&mut dyn core[7c831bd917ebf35f]::future::future::Future<Output = ()>>>
[INFO] [stdout]   18:     0x56e80e769ace - <integration[1e514139afca913c]::test_invalid_wallet_creation::{closure#0} as core[7c831bd917ebf35f]::ops::function::FnOnce<()>>::call_once
[INFO] [stdout]   19:     0x56e80e7fc54b - test[73009c9f9aebf890]::__rust_begin_short_backtrace::<core[7c831bd917ebf35f]::result::Result<(), alloc[2fdc3f7464fcf288]::string::String>, fn() -> core[7c831bd917ebf35f]::result::Result<(), alloc[2fdc3f7464fcf288]::string::String>>
[INFO] [stdout]   20:     0x56e80e809bb5 - test[73009c9f9aebf890]::run_test::{closure#0}
[INFO] [stdout]   21:     0x56e80e802f74 - std[104cf6e2632825ea]::sys::backtrace::__rust_begin_short_backtrace::<test[73009c9f9aebf890]::run_test::{closure#1}, ()>
[INFO] [stdout]   22:     0x56e80e80cd12 - <std[104cf6e2632825ea]::thread::lifecycle::spawn_unchecked<test[73009c9f9aebf890]::run_test::{closure#1}, ()>::{closure#1} as core[7c831bd917ebf35f]::ops::function::FnOnce<()>>::call_once::{shim:vtable#0}
[INFO] [stdout]   23:     0x56e80ea855f9 - <std[104cf6e2632825ea]::sys::thread::unix::Thread>::new::thread_start
[INFO] [stdout]   24:     0x787a6339507a - <unknown>
[INFO] [stdout]   25:     0x787a63428534 - clone
[INFO] [stdout]   26:                0x0 - <unknown>
[INFO] [stdout] 
[INFO] [stdout] ---- test_list_wallets stdout ----
[INFO] [stdout] 
[INFO] [stdout] thread 'test_list_wallets' (5609) panicked at tests/utils.rs:54:10:
[INFO] [stdout] DATABASE_URL or TEST_DATABASE_URL must be set for tests: NotPresent
[INFO] [stdout] stack backtrace:
[INFO] [stdout]    0:     0x56e80ea863f1 - <<std[104cf6e2632825ea]::sys::backtrace::BacktraceLock>::print::DisplayBacktrace as core[7c831bd917ebf35f]::fmt::Display>::fmt
[INFO] [stdout]    1:     0x56e80ea9db4a - core[7c831bd917ebf35f]::fmt::write
[INFO] [stdout]    2:     0x56e80ea8aecc - <alloc[2fdc3f7464fcf288]::vec::Vec<u8> as core[7c831bd917ebf35f]::io::write::Write>::write_fmt
[INFO] [stdout]    3:     0x56e80ea610c6 - std[104cf6e2632825ea]::panicking::default_hook::{closure#0}
[INFO] [stdout]    4:     0x56e80ea7de99 - std[104cf6e2632825ea]::panicking::default_hook
[INFO] [stdout]    5:     0x56e80e809260 - test[73009c9f9aebf890]::test_main_inner::<test[73009c9f9aebf890]::test_main_static::{closure#0}>::{closure#0}
[INFO] [stdout]    6:     0x56e80ea7e1c2 - std[104cf6e2632825ea]::panicking::panic_with_hook
[INFO] [stdout]    7:     0x56e80ea61172 - std[104cf6e2632825ea]::panicking::panic_handler::{closure#0}
[INFO] [stdout]    8:     0x56e80ea592a9 - std[104cf6e2632825ea]::sys::backtrace::__rust_end_short_backtrace::<std[104cf6e2632825ea]::panicking::panic_handler::{closure#0}, !>
[INFO] [stdout]    9:     0x56e80ea61ffd - __rustc[b0d56fa5b193ad05]::rust_begin_unwind
[INFO] [stdout]   10:     0x56e80ea9e2ac - core[7c831bd917ebf35f]::panicking::panic_fmt
[INFO] [stdout]   11:     0x56e80ea9e082 - core[7c831bd917ebf35f]::result::unwrap_failed
[INFO] [stdout]   12:     0x56e80e7665c7 - integration[1e514139afca913c]::utils::create_test_app::{closure#0}
[INFO] [stdout]   13:     0x56e80e75b3fc - integration[1e514139afca913c]::test_list_wallets::{closure#0}
[INFO] [stdout]   14:     0x56e80e7a3463 - <tokio[21ae2b6813c7d52d]::runtime::scheduler::current_thread::Context>::enter::<core[7c831bd917ebf35f]::task::poll::Poll<()>, <tokio[21ae2b6813c7d52d]::runtime::scheduler::current_thread::CoreGuard>::block_on<core[7c831bd917ebf35f]::pin::Pin<&mut core[7c831bd917ebf35f]::pin::Pin<&mut dyn core[7c831bd917ebf35f]::future::future::Future<Output = ()>>>>::{closure#0}::{closure#0}>
[INFO] [stdout]   15:     0x56e80e7acbdc - <tokio[21ae2b6813c7d52d]::runtime::context::scoped::Scoped<tokio[21ae2b6813c7d52d]::runtime::scheduler::Context>>::set::<<tokio[21ae2b6813c7d52d]::runtime::scheduler::current_thread::CoreGuard>::enter<<tokio[21ae2b6813c7d52d]::runtime::scheduler::current_thread::CoreGuard>::block_on<core[7c831bd917ebf35f]::pin::Pin<&mut core[7c831bd917ebf35f]::pin::Pin<&mut dyn core[7c831bd917ebf35f]::future::future::Future<Output = ()>>>>::{closure#0}, core[7c831bd917ebf35f]::option::Option<()>>::{closure#0}, (alloc[2fdc3f7464fcf288]::boxed::Box<tokio[21ae2b6813c7d52d]::runtime::scheduler::current_thread::Core>, core[7c831bd917ebf35f]::option::Option<()>)>
[INFO] [stdout]   16:     0x56e80e7a314f - <tokio[21ae2b6813c7d52d]::runtime::scheduler::current_thread::CurrentThread>::block_on::<core[7c831bd917ebf35f]::pin::Pin<&mut dyn core[7c831bd917ebf35f]::future::future::Future<Output = ()>>>
[INFO] [stdout]   17:     0x56e80e7cd772 - <tokio[21ae2b6813c7d52d]::runtime::runtime::Runtime>::block_on::<core[7c831bd917ebf35f]::pin::Pin<&mut dyn core[7c831bd917ebf35f]::future::future::Future<Output = ()>>>
[INFO] [stdout]   18:     0x56e80e7696ae - <integration[1e514139afca913c]::test_list_wallets::{closure#0} as core[7c831bd917ebf35f]::ops::function::FnOnce<()>>::call_once
[INFO] [stdout]   19:     0x56e80e7fc54b - test[73009c9f9aebf890]::__rust_begin_short_backtrace::<core[7c831bd917ebf35f]::result::Result<(), alloc[2fdc3f7464fcf288]::string::String>, fn() -> core[7c831bd917ebf35f]::result::Result<(), alloc[2fdc3f7464fcf288]::string::String>>
[INFO] [stdout]   20:     0x56e80e809bb5 - test[73009c9f9aebf890]::run_test::{closure#0}
[INFO] [stdout]   21:     0x56e80e802f74 - std[104cf6e2632825ea]::sys::backtrace::__rust_begin_short_backtrace::<test[73009c9f9aebf890]::run_test::{closure#1}, ()>
[INFO] [stdout]   22:     0x56e80e80cd12 - <std[104cf6e2632825ea]::thread::lifecycle::spawn_unchecked<test[73009c9f9aebf890]::run_test::{closure#1}, ()>::{closure#1} as core[7c831bd917ebf35f]::ops::function::FnOnce<()>>::call_once::{shim:vtable#0}
[INFO] [stdout]   23:     0x56e80ea855f9 - <std[104cf6e2632825ea]::sys::thread::unix::Thread>::new::thread_start
[INFO] [stdout]   24:     0x787a6339507a - <unknown>
[INFO] [stdout]   25:     0x787a63428534 - clone
[INFO] [stdout]   26:                0x0 - <unknown>
[INFO] [stdout] 
[INFO] [stdout] ---- test_wallet_e2e_flow stdout ----
[INFO] [stdout] 
[INFO] [stdout] thread 'test_wallet_e2e_flow' (5612) panicked at tests/utils.rs:54:10:
[INFO] [stdout] DATABASE_URL or TEST_DATABASE_URL must be set for tests: NotPresent
[INFO] [stdout] stack backtrace:
[INFO] [stdout]    0:     0x56e80ea863f1 - <<std[104cf6e2632825ea]::sys::backtrace::BacktraceLock>::print::DisplayBacktrace as core[7c831bd917ebf35f]::fmt::Display>::fmt
[INFO] [stdout]    1:     0x56e80ea9db4a - core[7c831bd917ebf35f]::fmt::write
[INFO] [stdout]    2:     0x56e80ea8aecc - <alloc[2fdc3f7464fcf288]::vec::Vec<u8> as core[7c831bd917ebf35f]::io::write::Write>::write_fmt
[INFO] [stdout]    3:     0x56e80ea610c6 - std[104cf6e2632825ea]::panicking::default_hook::{closure#0}
[INFO] [stdout]    4:     0x56e80ea7de99 - std[104cf6e2632825ea]::panicking::default_hook
[INFO] [stdout]    5:     0x56e80e809260 - test[73009c9f9aebf890]::test_main_inner::<test[73009c9f9aebf890]::test_main_static::{closure#0}>::{closure#0}
[INFO] [stdout]    6:     0x56e80ea7e1c2 - std[104cf6e2632825ea]::panicking::panic_with_hook
[INFO] [stdout]    7:     0x56e80ea61172 - std[104cf6e2632825ea]::panicking::panic_handler::{closure#0}
[INFO] [stdout]    8:     0x56e80ea592a9 - std[104cf6e2632825ea]::sys::backtrace::__rust_end_short_backtrace::<std[104cf6e2632825ea]::panicking::panic_handler::{closure#0}, !>
[INFO] [stdout]    9:     0x56e80ea61ffd - __rustc[b0d56fa5b193ad05]::rust_begin_unwind
[INFO] [stdout]   10:     0x56e80ea9e2ac - core[7c831bd917ebf35f]::panicking::panic_fmt
[INFO] [stdout]   11:     0x56e80ea9e082 - core[7c831bd917ebf35f]::result::unwrap_failed
[INFO] [stdout]   12:     0x56e80e7665c7 - integration[1e514139afca913c]::utils::create_test_app::{closure#0}
[INFO] [stdout]   13:     0x56e80e75dcb5 - integration[1e514139afca913c]::test_wallet_e2e_flow::{closure#0}
[INFO] [stdout]   14:     0x56e80e7a3463 - <tokio[21ae2b6813c7d52d]::runtime::scheduler::current_thread::Context>::enter::<core[7c831bd917ebf35f]::task::poll::Poll<()>, <tokio[21ae2b6813c7d52d]::runtime::scheduler::current_thread::CoreGuard>::block_on<core[7c831bd917ebf35f]::pin::Pin<&mut core[7c831bd917ebf35f]::pin::Pin<&mut dyn core[7c831bd917ebf35f]::future::future::Future<Output = ()>>>>::{closure#0}::{closure#0}>
[INFO] [stdout]   15:     0x56e80e7acbdc - <tokio[21ae2b6813c7d52d]::runtime::context::scoped::Scoped<tokio[21ae2b6813c7d52d]::runtime::scheduler::Context>>::set::<<tokio[21ae2b6813c7d52d]::runtime::scheduler::current_thread::CoreGuard>::enter<<tokio[21ae2b6813c7d52d]::runtime::scheduler::current_thread::CoreGuard>::block_on<core[7c831bd917ebf35f]::pin::Pin<&mut core[7c831bd917ebf35f]::pin::Pin<&mut dyn core[7c831bd917ebf35f]::future::future::Future<Output = ()>>>>::{closure#0}, core[7c831bd917ebf35f]::option::Option<()>>::{closure#0}, (alloc[2fdc3f7464fcf288]::boxed::Box<tokio[21ae2b6813c7d52d]::runtime::scheduler::current_thread::Core>, core[7c831bd917ebf35f]::option::Option<()>)>
[INFO] [stdout]   16:     0x56e80e7a314f - <tokio[21ae2b6813c7d52d]::runtime::scheduler::current_thread::CurrentThread>::block_on::<core[7c831bd917ebf35f]::pin::Pin<&mut dyn core[7c831bd917ebf35f]::future::future::Future<Output = ()>>>
[INFO] [stdout]   17:     0x56e80e7cd772 - <tokio[21ae2b6813c7d52d]::runtime::runtime::Runtime>::block_on::<core[7c831bd917ebf35f]::pin::Pin<&mut dyn core[7c831bd917ebf35f]::future::future::Future<Output = ()>>>
[INFO] [stdout]   18:     0x56e80e76996e - <integration[1e514139afca913c]::test_wallet_e2e_flow::{closure#0} as core[7c831bd917ebf35f]::ops::function::FnOnce<()>>::call_once
[INFO] [stdout]   19:     0x56e80e7fc54b - test[73009c9f9aebf890]::__rust_begin_short_backtrace::<core[7c831bd917ebf35f]::result::Result<(), alloc[2fdc3f7464fcf288]::string::String>, fn() -> core[7c831bd917ebf35f]::result::Result<(), alloc[2fdc3f7464fcf288]::string::String>>
[INFO] [stdout]   20:     0x56e80e809bb5 - test[73009c9f9aebf890]::run_test::{closure#0}
[INFO] [stdout]   21:     0x56e80e802f74 - std[104cf6e2632825ea]::sys::backtrace::__rust_begin_short_backtrace::<test[73009c9f9aebf890]::run_test::{closure#1}, ()>
[INFO] [stdout]   22:     0x56e80e80cd12 - <std[104cf6e2632825ea]::thread::lifecycle::spawn_unchecked<test[73009c9f9aebf890]::run_test::{closure#1}, ()>::{closure#1} as core[7c831bd917ebf35f]::ops::function::FnOnce<()>>::call_once::{shim:vtable#0}
[INFO] [stdout]   23:     0x56e80ea855f9 - <std[104cf6e2632825ea]::sys::thread::unix::Thread>::new::thread_start
[INFO] [stdout]   24:     0x787a6339507a - <unknown>
[INFO] [stdout]   25:     0x787a63428534 - clone
[INFO] [stdout]   26:                0x0 - <unknown>
[INFO] [stdout] 
[INFO] [stdout] ---- test_wallet_creation stdout ----
[INFO] [stdout] 
[INFO] [stdout] thread 'test_wallet_creation' (5611) panicked at tests/utils.rs:54:10:
[INFO] [stdout] DATABASE_URL or TEST_DATABASE_URL must be set for tests: NotPresent
[INFO] [stdout] stack backtrace:
[INFO] [stdout]    0:     0x56e80ea863f1 - <<std[104cf6e2632825ea]::sys::backtrace::BacktraceLock>::print::DisplayBacktrace as core[7c831bd917ebf35f]::fmt::Display>::fmt
[INFO] [stdout]    1:     0x56e80ea9db4a - core[7c831bd917ebf35f]::fmt::write
[INFO] [stdout]    2:     0x56e80ea8aecc - <alloc[2fdc3f7464fcf288]::vec::Vec<u8> as core[7c831bd917ebf35f]::io::write::Write>::write_fmt
[INFO] [stdout]    3:     0x56e80ea610c6 - std[104cf6e2632825ea]::panicking::default_hook::{closure#0}
[INFO] [stdout]    4:     0x56e80ea7de99 - std[104cf6e2632825ea]::panicking::default_hook
[INFO] [stdout]    5:     0x56e80e809260 - test[73009c9f9aebf890]::test_main_inner::<test[73009c9f9aebf890]::test_main_static::{closure#0}>::{closure#0}
[INFO] [stdout]    6:     0x56e80ea7e1c2 - std[104cf6e2632825ea]::panicking::panic_with_hook
[INFO] [stdout]    7:     0x56e80ea61172 - std[104cf6e2632825ea]::panicking::panic_handler::{closure#0}
[INFO] [stdout]    8:     0x56e80ea592a9 - std[104cf6e2632825ea]::sys::backtrace::__rust_end_short_backtrace::<std[104cf6e2632825ea]::panicking::panic_handler::{closure#0}, !>
[INFO] [stdout]    9:     0x56e80ea61ffd - __rustc[b0d56fa5b193ad05]::rust_begin_unwind
[INFO] [stdout]   10:     0x56e80ea9e2ac - core[7c831bd917ebf35f]::panicking::panic_fmt
[INFO] [stdout]   11:     0x56e80ea9e082 - core[7c831bd917ebf35f]::result::unwrap_failed
[INFO] [stdout]   12:     0x56e80e7665c7 - integration[1e514139afca913c]::utils::create_test_app::{closure#0}
[INFO] [stdout]   13:     0x56e80e75cfaf - integration[1e514139afca913c]::test_wallet_creation::{closure#0}
[INFO] [stdout]   14:     0x56e80e7a3463 - <tokio[21ae2b6813c7d52d]::runtime::scheduler::current_thread::Context>::enter::<core[7c831bd917ebf35f]::task::poll::Poll<()>, <tokio[21ae2b6813c7d52d]::runtime::scheduler::current_thread::CoreGuard>::block_on<core[7c831bd917ebf35f]::pin::Pin<&mut core[7c831bd917ebf35f]::pin::Pin<&mut dyn core[7c831bd917ebf35f]::future::future::Future<Output = ()>>>>::{closure#0}::{closure#0}>
[INFO] [stdout]   15:     0x56e80e7acbdc - <tokio[21ae2b6813c7d52d]::runtime::context::scoped::Scoped<tokio[21ae2b6813c7d52d]::runtime::scheduler::Context>>::set::<<tokio[21ae2b6813c7d52d]::runtime::scheduler::current_thread::CoreGuard>::enter<<tokio[21ae2b6813c7d52d]::runtime::scheduler::current_thread::CoreGuard>::block_on<core[7c831bd917ebf35f]::pin::Pin<&mut core[7c831bd917ebf35f]::pin::Pin<&mut dyn core[7c831bd917ebf35f]::future::future::Future<Output = ()>>>>::{closure#0}, core[7c831bd917ebf35f]::option::Option<()>>::{closure#0}, (alloc[2fdc3f7464fcf288]::boxed::Box<tokio[21ae2b6813c7d52d]::runtime::scheduler::current_thread::Core>, core[7c831bd917ebf35f]::option::Option<()>)>
[INFO] [stdout]   16:     0x56e80e7a314f - <tokio[21ae2b6813c7d52d]::runtime::scheduler::current_thread::CurrentThread>::block_on::<core[7c831bd917ebf35f]::pin::Pin<&mut dyn core[7c831bd917ebf35f]::future::future::Future<Output = ()>>>
[INFO] [stdout]   17:     0x56e80e7cd772 - <tokio[21ae2b6813c7d52d]::runtime::runtime::Runtime>::block_on::<core[7c831bd917ebf35f]::pin::Pin<&mut dyn core[7c831bd917ebf35f]::future::future::Future<Output = ()>>>
[INFO] [stdout]   18:     0x56e80e76980e - <integration[1e514139afca913c]::test_wallet_creation::{closure#0} as core[7c831bd917ebf35f]::ops::function::FnOnce<()>>::call_once
[INFO] [stdout]   19:     0x56e80e7fc54b - test[73009c9f9aebf890]::__rust_begin_short_backtrace::<core[7c831bd917ebf35f]::result::Result<(), alloc[2fdc3f7464fcf288]::string::String>, fn() -> core[7c831bd917ebf35f]::result::Result<(), alloc[2fdc3f7464fcf288]::string::String>>
[INFO] [stdout]   20:     0x56e80e809bb5 - test[73009c9f9aebf890]::run_test::{closure#0}
[INFO] [stdout]   21:     0x56e80e802f74 - std[104cf6e2632825ea]::sys::backtrace::__rust_begin_short_backtrace::<test[73009c9f9aebf890]::run_test::{closure#1}, ()>
[INFO] [stdout]   22:     0x56e80e80cd12 - <std[104cf6e2632825ea]::thread::lifecycle::spawn_unchecked<test[73009c9f9aebf890]::run_test::{closure#1}, ()>::{closure#1} as core[7c831bd917ebf35f]::ops::function::FnOnce<()>>::call_once::{shim:vtable#0}
[INFO] [stdout]   23:     0x56e80ea855f9 - <std[104cf6e2632825ea]::sys::thread::unix::Thread>::new::thread_start
[INFO] [stdout]   24:     0x787a6339507a - <unknown>
[INFO] [stdout]   25:     0x787a63428534 - clone
[INFO] [stdout]   26:                0x0 - <unknown>
[INFO] [stdout] 
[INFO] [stdout] ---- test_migrations stdout ----
[INFO] [stdout] 
[INFO] [stdout] thread 'test_migrations' (5610) panicked at tests/integration.rs:27:10:
[INFO] [stdout] DATABASE_URL must be set: NotPresent
[INFO] [stdout] stack backtrace:
[INFO] [stdout]    0:     0x56e80ea863f1 - <<std[104cf6e2632825ea]::sys::backtrace::BacktraceLock>::print::DisplayBacktrace as core[7c831bd917ebf35f]::fmt::Display>::fmt
[INFO] [stdout]    1:     0x56e80ea9db4a - core[7c831bd917ebf35f]::fmt::write
[INFO] [stdout]    2:     0x56e80ea8aecc - <alloc[2fdc3f7464fcf288]::vec::Vec<u8> as core[7c831bd917ebf35f]::io::write::Write>::write_fmt
[INFO] [stdout]    3:     0x56e80ea610c6 - std[104cf6e2632825ea]::panicking::default_hook::{closure#0}
[INFO] [stdout]    4:     0x56e80ea7de99 - std[104cf6e2632825ea]::panicking::default_hook
[INFO] [stdout]    5:     0x56e80e809260 - test[73009c9f9aebf890]::test_main_inner::<test[73009c9f9aebf890]::test_main_static::{closure#0}>::{closure#0}
[INFO] [stdout]    6:     0x56e80ea7e1c2 - std[104cf6e2632825ea]::panicking::panic_with_hook
[INFO] [stdout]    7:     0x56e80ea61172 - std[104cf6e2632825ea]::panicking::panic_handler::{closure#0}
[INFO] [stdout]    8:     0x56e80ea592a9 - std[104cf6e2632825ea]::sys::backtrace::__rust_end_short_backtrace::<std[104cf6e2632825ea]::panicking::panic_handler::{closure#0}, !>
[INFO] [stdout]    9:     0x56e80ea61ffd - __rustc[b0d56fa5b193ad05]::rust_begin_unwind
[INFO] [stdout]   10:     0x56e80ea9e2ac - core[7c831bd917ebf35f]::panicking::panic_fmt
[INFO] [stdout]   11:     0x56e80ea9e082 - core[7c831bd917ebf35f]::result::unwrap_failed
[INFO] [stdout]   12:     0x56e80e758345 - integration[1e514139afca913c]::test_migrations::{closure#0}
[INFO] [stdout]   13:     0x56e80e7a3463 - <tokio[21ae2b6813c7d52d]::runtime::scheduler::current_thread::Context>::enter::<core[7c831bd917ebf35f]::task::poll::Poll<()>, <tokio[21ae2b6813c7d52d]::runtime::scheduler::current_thread::CoreGuard>::block_on<core[7c831bd917ebf35f]::pin::Pin<&mut core[7c831bd917ebf35f]::pin::Pin<&mut dyn core[7c831bd917ebf35f]::future::future::Future<Output = ()>>>>::{closure#0}::{closure#0}>
[INFO] [stdout]   14:     0x56e80e7acbdc - <tokio[21ae2b6813c7d52d]::runtime::context::scoped::Scoped<tokio[21ae2b6813c7d52d]::runtime::scheduler::Context>>::set::<<tokio[21ae2b6813c7d52d]::runtime::scheduler::current_thread::CoreGuard>::enter<<tokio[21ae2b6813c7d52d]::runtime::scheduler::current_thread::CoreGuard>::block_on<core[7c831bd917ebf35f]::pin::Pin<&mut core[7c831bd917ebf35f]::pin::Pin<&mut dyn core[7c831bd917ebf35f]::future::future::Future<Output = ()>>>>::{closure#0}, core[7c831bd917ebf35f]::option::Option<()>>::{closure#0}, (alloc[2fdc3f7464fcf288]::boxed::Box<tokio[21ae2b6813c7d52d]::runtime::scheduler::current_thread::Core>, core[7c831bd917ebf35f]::option::Option<()>)>
[INFO] [stdout]   15:     0x56e80e7a314f - <tokio[21ae2b6813c7d52d]::runtime::scheduler::current_thread::CurrentThread>::block_on::<core[7c831bd917ebf35f]::pin::Pin<&mut dyn core[7c831bd917ebf35f]::future::future::Future<Output = ()>>>
[INFO] [stdout]   16:     0x56e80e7cd772 - <tokio[21ae2b6813c7d52d]::runtime::runtime::Runtime>::block_on::<core[7c831bd917ebf35f]::pin::Pin<&mut dyn core[7c831bd917ebf35f]::future::future::Future<Output = ()>>>
[INFO] [stdout]   17:     0x56e80e76954e - <integration[1e514139afca913c]::test_migrations::{closure#0} as core[7c831bd917ebf35f]::ops::function::FnOnce<()>>::call_once
[INFO] [stdout]   18:     0x56e80e7fc54b - test[73009c9f9aebf890]::__rust_begin_short_backtrace::<core[7c831bd917ebf35f]::result::Result<(), alloc[2fdc3f7464fcf288]::string::String>, fn() -> core[7c831bd917ebf35f]::result::Result<(), alloc[2fdc3f7464fcf288]::string::String>>
[INFO] [stdout]   19:     0x56e80e809bb5 - test[73009c9f9aebf890]::run_test::{closure#0}
[INFO] [stdout]   20:     0x56e80e802f74 - std[104cf6e2632825ea]::sys::backtrace::__rust_begin_short_backtrace::<test[73009c9f9aebf890]::run_test::{closure#1}, ()>
[INFO] [stdout]   21:     0x56e80e80cd12 - <std[104cf6e2632825ea]::thread::lifecycle::spawn_unchecked<test[73009c9f9aebf890]::run_test::{closure#1}, ()>::{closure#1} as core[7c831bd917ebf35f]::ops::function::FnOnce<()>>::call_once::{shim:vtable#0}
[INFO] [stdout]   22:     0x56e80ea855f9 - <std[104cf6e2632825ea]::sys::thread::unix::Thread>::new::thread_start
[INFO] [stdout]   23:     0x787a6339507a - <unknown>
[INFO] [stdout]   24:     0x787a63428534 - clone
[INFO] [stdout]   25:                0x0 - <unknown>
[INFO] [stdout] 
[INFO] [stdout] ---- test_get_wallet stdout ----
[INFO] [stdout] 
[INFO] [stdout] thread 'test_get_wallet' (5607) panicked at tests/utils.rs:54:10:
[INFO] [stdout] DATABASE_URL or TEST_DATABASE_URL must be set for tests: NotPresent
[INFO] [stdout] stack backtrace:
[INFO] [stdout]    0:     0x56e80ea863f1 - <<std[104cf6e2632825ea]::sys::backtrace::BacktraceLock>::print::DisplayBacktrace as core[7c831bd917ebf35f]::fmt::Display>::fmt
[INFO] [stdout]    1:     0x56e80ea9db4a - core[7c831bd917ebf35f]::fmt::write
[INFO] [stdout]    2:     0x56e80ea8aecc - <alloc[2fdc3f7464fcf288]::vec::Vec<u8> as core[7c831bd917ebf35f]::io::write::Write>::write_fmt
[INFO] [stdout]    3:     0x56e80ea610c6 - std[104cf6e2632825ea]::panicking::default_hook::{closure#0}
[INFO] [stdout]    4:     0x56e80ea7de99 - std[104cf6e2632825ea]::panicking::default_hook
[INFO] [stdout]    5:     0x56e80e809260 - test[73009c9f9aebf890]::test_main_inner::<test[73009c9f9aebf890]::test_main_static::{closure#0}>::{closure#0}
[INFO] [stdout]    6:     0x56e80ea7e1c2 - std[104cf6e2632825ea]::panicking::panic_with_hook
[INFO] [stdout]    7:     0x56e80ea61172 - std[104cf6e2632825ea]::panicking::panic_handler::{closure#0}
[INFO] [stdout]    8:     0x56e80ea592a9 - std[104cf6e2632825ea]::sys::backtrace::__rust_end_short_backtrace::<std[104cf6e2632825ea]::panicking::panic_handler::{closure#0}, !>
[INFO] [stdout]    9:     0x56e80ea61ffd - __rustc[b0d56fa5b193ad05]::rust_begin_unwind
[INFO] [stdout]   10:     0x56e80ea9e2ac - core[7c831bd917ebf35f]::panicking::panic_fmt
[INFO] [stdout]   11:     0x56e80ea9e082 - core[7c831bd917ebf35f]::result::unwrap_failed
[INFO] [stdout]   12:     0x56e80e7665c7 - integration[1e514139afca913c]::utils::create_test_app::{closure#0}
[INFO] [stdout]   13:     0x56e80e75719c - integration[1e514139afca913c]::test_get_wallet::{closure#0}
[INFO] [stdout]   14:     0x56e80e7a3463 - <tokio[21ae2b6813c7d52d]::runtime::scheduler::current_thread::Context>::enter::<core[7c831bd917ebf35f]::task::poll::Poll<()>, <tokio[21ae2b6813c7d52d]::runtime::scheduler::current_thread::CoreGuard>::block_on<core[7c831bd917ebf35f]::pin::Pin<&mut core[7c831bd917ebf35f]::pin::Pin<&mut dyn core[7c831bd917ebf35f]::future::future::Future<Output = ()>>>>::{closure#0}::{closure#0}>
[INFO] [stdout]   15:     0x56e80e7acbdc - <tokio[21ae2b6813c7d52d]::runtime::context::scoped::Scoped<tokio[21ae2b6813c7d52d]::runtime::scheduler::Context>>::set::<<tokio[21ae2b6813c7d52d]::runtime::scheduler::current_thread::CoreGuard>::enter<<tokio[21ae2b6813c7d52d]::runtime::scheduler::current_thread::CoreGuard>::block_on<core[7c831bd917ebf35f]::pin::Pin<&mut core[7c831bd917ebf35f]::pin::Pin<&mut dyn core[7c831bd917ebf35f]::future::future::Future<Output = ()>>>>::{closure#0}, core[7c831bd917ebf35f]::option::Option<()>>::{closure#0}, (alloc[2fdc3f7464fcf288]::boxed::Box<tokio[21ae2b6813c7d52d]::runtime::scheduler::current_thread::Core>, core[7c831bd917ebf35f]::option::Option<()>)>
[INFO] [stdout]   16:     0x56e80e7a314f - <tokio[21ae2b6813c7d52d]::runtime::scheduler::current_thread::CurrentThread>::block_on::<core[7c831bd917ebf35f]::pin::Pin<&mut dyn core[7c831bd917ebf35f]::future::future::Future<Output = ()>>>
[INFO] [stdout]   17:     0x56e80e7cd772 - <tokio[21ae2b6813c7d52d]::runtime::runtime::Runtime>::block_on::<core[7c831bd917ebf35f]::pin::Pin<&mut dyn core[7c831bd917ebf35f]::future::future::Future<Output = ()>>>
[INFO] [stdout]   18:     0x56e80e7693ee - <integration[1e514139afca913c]::test_get_wallet::{closure#0} as core[7c831bd917ebf35f]::ops::function::FnOnce<()>>::call_once
[INFO] [stdout]   19:     0x56e80e7fc54b - test[73009c9f9aebf890]::__rust_begin_short_backtrace::<core[7c831bd917ebf35f]::result::Result<(), alloc[2fdc3f7464fcf288]::string::String>, fn() -> core[7c831bd917ebf35f]::result::Result<(), alloc[2fdc3f7464fcf288]::string::String>>
[INFO] [stdout]   20:     0x56e80e809bb5 - test[73009c9f9aebf890]::run_test::{closure#0}
[INFO] [stdout]   21:     0x56e80e802f74 - std[104cf6e2632825ea]::sys::backtrace::__rust_begin_short_backtrace::<test[73009c9f9aebf890]::run_test::{closure#1}, ()>
[INFO] [stdout]   22:     0x56e80e80cd12 - <std[104cf6e2632825ea]::thread::lifecycle::spawn_unchecked<test[73009c9f9aebf890]::run_test::{closure#1}, ()>::{closure#1} as core[7c831bd917ebf35f]::ops::function::FnOnce<()>>::call_once::{shim:vtable#0}
[INFO] [stdout]   23:     0x56e80ea855f9 - <std[104cf6e2632825ea]::sys::thread::unix::Thread>::new::thread_start
[INFO] [stdout]   24:     0x787a6339507a - <unknown>
[INFO] [stdout]   25:     0x787a63428534 - clone
[INFO] [stdout]   26:                0x0 - <unknown>
[INFO] [stdout] 
[INFO] [stdout] 
[INFO] [stdout] failures:
[INFO] [stdout]     test_duplicate_wallet_address
[INFO] [stdout]     test_get_wallet
[INFO] [stdout]     test_invalid_wallet_creation
[INFO] [stdout]     test_list_wallets
[INFO] [stdout]     test_migrations
[INFO] [stdout]     test_wallet_creation
[INFO] [stdout]     test_wallet_e2e_flow
[INFO] [stdout] 
[INFO] [stdout] test result: FAILED. 0 passed; 7 failed; 0 ignored; 0 measured; 0 filtered out; finished in 0.00s
[INFO] [stdout] 
[INFO] running `Command { std: "docker" "inspect" "26de98c2389622fc5001cf38f7ca7e67acb2deb9d5ab98459cb9474bf58b742e", kill_on_drop: false }`
[INFO] running `Command { std: "docker" "rm" "-f" "26de98c2389622fc5001cf38f7ca7e67acb2deb9d5ab98459cb9474bf58b742e", kill_on_drop: false }`
[INFO] [stdout] 26de98c2389622fc5001cf38f7ca7e67acb2deb9d5ab98459cb9474bf58b742e
