[INFO] cloning repository https://github.com/kodedihp/self_param_lab
[INFO] running `Command { std: "git" "-c" "credential.helper=" "-c" "credential.helper=/workspace/cargo-home/bin/git-credential-null" "clone" "--bare" "https://github.com/kodedihp/self_param_lab" "/workspace/cache/git-repos/https%3A%2F%2Fgithub.com%2Fkodedihp%2Fself_param_lab", kill_on_drop: false }`
[INFO] [stderr] Cloning into bare repository '/workspace/cache/git-repos/https%3A%2F%2Fgithub.com%2Fkodedihp%2Fself_param_lab'...
[INFO] running `Command { std: "git" "rev-parse" "HEAD", kill_on_drop: false }`
[INFO] [stdout] 87d2b21075ea2ee05375c69e4eaebe170f7370cd
[INFO] testing kodedihp/self_param_lab against 1.98.0-beta.8+cargoflags=--release for beta-release-1.99-2
[INFO] running `Command { std: "git" "clone" "/workspace/cache/git-repos/https%3A%2F%2Fgithub.com%2Fkodedihp%2Fself_param_lab" "/workspace/builds/worker-1-tc1/source", kill_on_drop: false }`
[INFO] [stderr] Cloning into '/workspace/builds/worker-1-tc1/source'...
[INFO] [stderr] done.
[INFO] removed /workspace/builds/worker-1-tc1/source/.cargo/config.toml
[INFO] started tweaking git repo https://github.com/kodedihp/self_param_lab
[INFO] finished tweaking git repo https://github.com/kodedihp/self_param_lab
[INFO] tweaked toml for git repo https://github.com/kodedihp/self_param_lab written to /workspace/builds/worker-1-tc1/source/Cargo.toml
[INFO] validating manifest of git repo https://github.com/kodedihp/self_param_lab on toolchain 1.98.0-beta.8
[INFO] running `Command { std: CARGO_HOME="/workspace/cargo-home" RUSTUP_HOME="/workspace/rustup-home" "/workspace/cargo-home/bin/cargo" "+1.98.0-beta.8" "metadata" "--manifest-path" "Cargo.toml" "--no-deps", kill_on_drop: false }`
[INFO] crate git repo https://github.com/kodedihp/self_param_lab already has a lockfile, it will not be regenerated
[INFO] running `Command { std: CARGO_HOME="/workspace/cargo-home" RUSTUP_HOME="/workspace/rustup-home" "/workspace/cargo-home/bin/cargo" "+1.98.0-beta.8" "fetch" "--manifest-path" "Cargo.toml", kill_on_drop: false }`
[INFO] running `Command { std: "docker" "create" "-v" "/var/lib/crater-agent-workspace/builds/worker-1-tc1/source:/opt/rustwide/workdir:ro,Z" "-v" "/var/lib/crater-agent-workspace/builds/worker-1-tc1/target:/opt/rustwide/target:rw,Z" "-v" "/var/lib/crater-agent-workspace/cargo-home:/opt/rustwide/cargo-home:ro,Z" "-v" "/var/lib/crater-agent-workspace/rustup-home:/opt/rustwide/rustup-home:ro,Z" "-m" "1610612736" "--network" "none" "ghcr.io/rust-lang/crates-build-env/linux@sha256:8683fc1fc2eb5c9ac98e0d076ab094b2ffac7f99da555d2b6a2e27f346de2ec7" "sleep" "infinity", kill_on_drop: false }`
[INFO] [stdout] 7e397571adeb11bc9afb9648577a5e196a60bdc1d0f0b66bb283e1e70b87c18c
[INFO] running `Command { std: "docker" "start" "7e397571adeb11bc9afb9648577a5e196a60bdc1d0f0b66bb283e1e70b87c18c", kill_on_drop: false }`
[INFO] running `Command { std: "docker" "inspect" "7e397571adeb11bc9afb9648577a5e196a60bdc1d0f0b66bb283e1e70b87c18c", kill_on_drop: false }`
[INFO] running `Command { std: "docker" "exec" "-e" "SOURCE_DIR=/opt/rustwide/workdir" "-e" "CARGO_HOME=/opt/rustwide/cargo-home" "-e" "RUSTUP_HOME=/opt/rustwide/rustup-home" "-e" "CARGO_TARGET_DIR=/opt/rustwide/target" "-w" "/opt/rustwide/workdir" "--user" "0:0" "7e397571adeb11bc9afb9648577a5e196a60bdc1d0f0b66bb283e1e70b87c18c" "/opt/rustwide/cargo-home/bin/cargo" "+1.98.0-beta.8" "metadata" "--no-deps" "--format-version=1", kill_on_drop: false }`
[INFO] running `Command { std: "docker" "inspect" "7e397571adeb11bc9afb9648577a5e196a60bdc1d0f0b66bb283e1e70b87c18c", kill_on_drop: false }`
[INFO] running `Command { std: "docker" "exec" "-e" "SOURCE_DIR=/opt/rustwide/workdir" "-e" "CARGO_HOME=/opt/rustwide/cargo-home" "-e" "RUSTUP_HOME=/opt/rustwide/rustup-home" "-e" "CARGO_TARGET_DIR=/opt/rustwide/target" "-e" "CARGO_INCREMENTAL=0" "-e" "RUST_BACKTRACE=full" "-e" "RUSTFLAGS=--cap-lints=warn" "-e" "RUSTDOCFLAGS=--cap-lints=warn" "-w" "/opt/rustwide/workdir" "--user" "0:0" "7e397571adeb11bc9afb9648577a5e196a60bdc1d0f0b66bb283e1e70b87c18c" "/opt/rustwide/cargo-home/bin/cargo" "+1.98.0-beta.8" "build" "--frozen" "--message-format=json" "--release", kill_on_drop: false }`
[INFO] [stderr]    Compiling zerocopy v0.8.52
[INFO] [stderr]    Compiling serde_core v1.0.228
[INFO] [stderr]    Compiling utf8parse v0.2.2
[INFO] [stderr]    Compiling colorchoice v1.0.5
[INFO] [stderr]    Compiling memchr v2.8.2
[INFO] [stderr]    Compiling is_terminal_polyfill v1.70.2
[INFO] [stderr]    Compiling anstyle v1.0.14
[INFO] [stderr]    Compiling anstyle-query v1.1.5
[INFO] [stderr]    Compiling rayon-core v1.13.0
[INFO] [stderr]    Compiling clap_lex v1.1.0
[INFO] [stderr]    Compiling anyhow v1.0.102
[INFO] [stderr]    Compiling syn v2.0.117
[INFO] [stderr]    Compiling either v1.16.0
[INFO] [stderr]    Compiling anstyle-parse v1.0.0
[INFO] [stderr]    Compiling anstream v1.0.0
[INFO] [stderr]    Compiling clap_builder v4.6.0
[INFO] [stderr]    Compiling csv-core v0.1.13
[INFO] [stderr]    Compiling rayon v1.12.0
[INFO] [stderr]    Compiling serde_json v1.0.150
[INFO] [stderr]    Compiling csv v1.4.0
[INFO] [stderr]    Compiling clap_derive v4.6.1
[INFO] [stderr]    Compiling serde_derive v1.0.228
[INFO] [stderr]    Compiling ppv-lite86 v0.2.21
[INFO] [stderr]    Compiling rand_chacha v0.3.1
[INFO] [stderr]    Compiling rand v0.8.6
[INFO] [stderr]    Compiling clap v4.6.1
[INFO] [stderr]    Compiling serde v1.0.228
[INFO] [stderr]    Compiling self_param_engine v0.1.0 (/opt/rustwide/workdir/engine)
[INFO] [stderr]     Finished `release` profile [optimized] target(s) in 29.55s
[INFO] running `Command { std: "docker" "inspect" "7e397571adeb11bc9afb9648577a5e196a60bdc1d0f0b66bb283e1e70b87c18c", kill_on_drop: false }`
[INFO] running `Command { std: "docker" "exec" "-e" "SOURCE_DIR=/opt/rustwide/workdir" "-e" "CARGO_HOME=/opt/rustwide/cargo-home" "-e" "RUSTUP_HOME=/opt/rustwide/rustup-home" "-e" "CARGO_TARGET_DIR=/opt/rustwide/target" "-e" "CARGO_INCREMENTAL=0" "-e" "RUST_BACKTRACE=full" "-e" "RUSTFLAGS=--cap-lints=warn" "-e" "RUSTDOCFLAGS=--cap-lints=warn" "-w" "/opt/rustwide/workdir" "--user" "0:0" "7e397571adeb11bc9afb9648577a5e196a60bdc1d0f0b66bb283e1e70b87c18c" "/opt/rustwide/cargo-home/bin/cargo" "+1.98.0-beta.8" "test" "--frozen" "--no-run" "--message-format=json" "--release", kill_on_drop: false }`
[INFO] [stderr]    Compiling rustix v1.1.4
[INFO] [stderr]    Compiling bitflags v2.13.0
[INFO] [stderr]    Compiling once_cell v1.21.4
[INFO] [stderr]    Compiling fastrand v2.4.1
[INFO] [stderr]    Compiling getrandom v0.4.2
[INFO] [stderr]    Compiling tempfile v3.27.0
[INFO] [stderr]    Compiling self_param_engine v0.1.0 (/opt/rustwide/workdir/engine)
[INFO] [stderr]     Finished `release` profile [optimized] target(s) in 9.02s
[INFO] running `Command { std: "docker" "inspect" "7e397571adeb11bc9afb9648577a5e196a60bdc1d0f0b66bb283e1e70b87c18c", kill_on_drop: false }`
[INFO] running `Command { std: "docker" "exec" "-e" "SOURCE_DIR=/opt/rustwide/workdir" "-e" "CARGO_HOME=/opt/rustwide/cargo-home" "-e" "RUSTUP_HOME=/opt/rustwide/rustup-home" "-e" "CARGO_TARGET_DIR=/opt/rustwide/target" "-e" "CARGO_INCREMENTAL=0" "-e" "RUST_BACKTRACE=full" "-e" "RUSTFLAGS=--cap-lints=warn" "-e" "RUSTDOCFLAGS=--cap-lints=warn" "-w" "/opt/rustwide/workdir" "--user" "0:0" "7e397571adeb11bc9afb9648577a5e196a60bdc1d0f0b66bb283e1e70b87c18c" "/opt/rustwide/cargo-home/bin/cargo" "+1.98.0-beta.8" "test" "--frozen" "--release", kill_on_drop: false }`
[INFO] [stderr]     Finished `release` profile [optimized] target(s) in 0.10s
[INFO] [stderr]      Running unittests src/lib.rs (/opt/rustwide/target/release/deps/self_param_engine-cce4254fedcd65be)
[INFO] [stdout] 
[INFO] [stdout] running 0 tests
[INFO] [stdout] 
[INFO] [stdout] test result: ok. 0 passed; 0 failed; 0 ignored; 0 measured; 0 filtered out; finished in 0.00s
[INFO] [stdout] 
[INFO] [stderr]      Running unittests src/main.rs (/opt/rustwide/target/release/deps/engine-d16cb5d4c7a51164)
[INFO] [stdout] 
[INFO] [stdout] running 0 tests
[INFO] [stdout] 
[INFO] [stdout] test result: ok. 0 passed; 0 failed; 0 ignored; 0 measured; 0 filtered out; finished in 0.00s
[INFO] [stdout] 
[INFO] [stderr]      Running tests/pipeline.rs (/opt/rustwide/target/release/deps/pipeline-cc9ca597319f4804)
[INFO] [stdout] 
[INFO] [stdout] running 9 tests
[INFO] [stdout] test candidate_generation_is_seeded_and_profiled ... FAILED
[INFO] [stdout] test benchmark_reports_required_rates_and_targets ... FAILED
[INFO] [stdout] test split_gate_rejects_one_split_only_candidate ... ok
[INFO] [stdout] test loads_sample_csv_and_builds_ordered_splits ... FAILED
[INFO] [stdout] test loads_binance_open_time_csv_header ... ok
[INFO] [stderr] error: test failed, to rerun pass `--test pipeline`
[INFO] [stdout] test oos_benchmark_loads_champion_and_writes_reports ... FAILED
[INFO] [stdout] test training_writes_champion_and_report ... FAILED
[INFO] [stdout] test train_validation_workflow_does_not_score_oos_before_save ... FAILED
[INFO] [stdout] test weighted_evaluation_records_required_components ... FAILED
[INFO] [stdout] 
[INFO] [stdout] failures:
[INFO] [stdout] 
[INFO] [stdout] ---- candidate_generation_is_seeded_and_profiled stdout ----
[INFO] [stdout] 
[INFO] [stdout] thread 'candidate_generation_is_seeded_and_profiled' (948) panicked at engine/tests/pipeline.rs:33:81:
[INFO] [stdout] called `Result::unwrap()` on an `Err` value: failed to open CSV data/raw/sample_history.csv
[INFO] [stdout] 
[INFO] [stdout] Caused by:
[INFO] [stdout]     No such file or directory (os error 2)
[INFO] [stdout] 
[INFO] [stdout] Stack backtrace:
[INFO] [stdout]    0: <csv::error::Error as anyhow::context::ext::StdError>::ext_context::<alloc::string::String>
[INFO] [stdout]    1: self_param_engine::data::load_csv::<&std::path::Path>
[INFO] [stdout]    2: <pipeline::candidate_generation_is_seeded_and_profiled::{closure#0} as core::ops::function::FnOnce<()>>::call_once
[INFO] [stdout]    3: test::__rust_begin_short_backtrace::<core::result::Result<(), alloc::string::String>, fn() -> core::result::Result<(), alloc::string::String>>
[INFO] [stdout]    4: test::run_test::{closure#0}
[INFO] [stdout]    5: std::sys::backtrace::__rust_begin_short_backtrace::<test::run_test::{closure#1}, ()>
[INFO] [stdout]    6: <std::thread::lifecycle::spawn_unchecked<test::run_test::{closure#1}, ()>::{closure#1} as core::ops::function::FnOnce<()>>::call_once::{shim:vtable#0}
[INFO] [stdout]    7: <std::sys::thread::unix::Thread>::new::thread_start
[INFO] [stdout]    8: <unknown>
[INFO] [stdout]    9: clone
[INFO] [stdout] stack backtrace:
[INFO] [stdout]    0:     0x592265b695b1 - <<std[97b98282bc616a66]::sys::backtrace::BacktraceLock>::print::DisplayBacktrace as core[832e9a552fc17241]::fmt::Display>::fmt
[INFO] [stdout]    1:     0x592265b7fd9a - core[832e9a552fc17241]::fmt::write
[INFO] [stdout]    2:     0x592265b6e23c - <alloc[3ecab9f82c41dc7d]::vec::Vec<u8> as std[97b98282bc616a66]::io::Write>::write_fmt
[INFO] [stdout]    3:     0x592265b45a56 - std[97b98282bc616a66]::panicking::default_hook::{closure#0}
[INFO] [stdout]    4:     0x592265b609a9 - std[97b98282bc616a66]::panicking::default_hook
[INFO] [stdout]    5:     0x592265af9710 - test[39766f3d73431624]::test_main_inner::<test[39766f3d73431624]::test_main_static::{closure#0}>::{closure#0}
[INFO] [stdout]    6:     0x592265b60cd2 - std[97b98282bc616a66]::panicking::panic_with_hook
[INFO] [stdout]    7:     0x592265b45b02 - std[97b98282bc616a66]::panicking::panic_handler::{closure#0}
[INFO] [stdout]    8:     0x592265b3cc09 - std[97b98282bc616a66]::sys::backtrace::__rust_end_short_backtrace::<std[97b98282bc616a66]::panicking::panic_handler::{closure#0}, !>
[INFO] [stdout]    9:     0x592265b4680d - __rustc[e3d8617bb01b7f69]::rust_begin_unwind
[INFO] [stdout]   10:     0x592265b804cc - core[832e9a552fc17241]::panicking::panic_fmt
[INFO] [stdout]   11:     0x592265b802a2 - core[832e9a552fc17241]::result::unwrap_failed
[INFO] [stdout]   12:     0x592265ab75e4 - <pipeline[63ce2455b430e6ea]::candidate_generation_is_seeded_and_profiled::{closure#0} as core[832e9a552fc17241]::ops::function::FnOnce<()>>::call_once
[INFO] [stdout]   13:     0x592265aeca4b - test[39766f3d73431624]::__rust_begin_short_backtrace::<core[832e9a552fc17241]::result::Result<(), alloc[3ecab9f82c41dc7d]::string::String>, fn() -> core[832e9a552fc17241]::result::Result<(), alloc[3ecab9f82c41dc7d]::string::String>>
[INFO] [stdout]   14:     0x592265afa095 - test[39766f3d73431624]::run_test::{closure#0}
[INFO] [stdout]   15:     0x592265af4b44 - std[97b98282bc616a66]::sys::backtrace::__rust_begin_short_backtrace::<test[39766f3d73431624]::run_test::{closure#1}, ()>
[INFO] [stdout]   16:     0x592265afd1e2 - <std[97b98282bc616a66]::thread::lifecycle::spawn_unchecked<test[39766f3d73431624]::run_test::{closure#1}, ()>::{closure#1} as core[832e9a552fc17241]::ops::function::FnOnce<()>>::call_once::{shim:vtable#0}
[INFO] [stdout]   17:     0x592265b688bf - <std[97b98282bc616a66]::sys::thread::unix::Thread>::new::thread_start
[INFO] [stdout]   18:     0x7561d24a307a - <unknown>
[INFO] [stdout]   19:     0x7561d2536534 - clone
[INFO] [stdout]   20:                0x0 - <unknown>
[INFO] [stdout] 
[INFO] [stdout] ---- benchmark_reports_required_rates_and_targets stdout ----
[INFO] [stdout] 
[INFO] [stdout] thread 'benchmark_reports_required_rates_and_targets' (947) panicked at engine/tests/pipeline.rs:160:14:
[INFO] [stdout] called `Result::unwrap()` on an `Err` value: failed to open CSV data/raw/sample_history.csv
[INFO] [stdout] 
[INFO] [stdout] Caused by:
[INFO] [stdout]     No such file or directory (os error 2)
[INFO] [stdout] 
[INFO] [stdout] Stack backtrace:
[INFO] [stdout]    0: <csv::error::Error as anyhow::context::ext::StdError>::ext_context::<alloc::string::String>
[INFO] [stdout]    1: self_param_engine::data::load_csv::<&std::path::Path>
[INFO] [stdout]    2: self_param_engine::benchmark::run_benchmark::<&str>
[INFO] [stdout]    3: <pipeline::benchmark_reports_required_rates_and_targets::{closure#0} as core::ops::function::FnOnce<()>>::call_once
[INFO] [stdout]    4: test::__rust_begin_short_backtrace::<core::result::Result<(), alloc::string::String>, fn() -> core::result::Result<(), alloc::string::String>>
[INFO] [stdout]    5: test::run_test::{closure#0}
[INFO] [stdout]    6: std::sys::backtrace::__rust_begin_short_backtrace::<test::run_test::{closure#1}, ()>
[INFO] [stdout]    7: <std::thread::lifecycle::spawn_unchecked<test::run_test::{closure#1}, ()>::{closure#1} as core::ops::function::FnOnce<()>>::call_once::{shim:vtable#0}
[INFO] [stdout]    8: <std::sys::thread::unix::Thread>::new::thread_start
[INFO] [stdout]    9: <unknown>
[INFO] [stdout]   10: clone
[INFO] [stdout] stack backtrace:
[INFO] [stdout]    0:     0x592265b695b1 - <<std[97b98282bc616a66]::sys::backtrace::BacktraceLock>::print::DisplayBacktrace as core[832e9a552fc17241]::fmt::Display>::fmt
[INFO] [stdout]    1:     0x592265b7fd9a - core[832e9a552fc17241]::fmt::write
[INFO] [stdout]    2:     0x592265b6e23c - <alloc[3ecab9f82c41dc7d]::vec::Vec<u8> as std[97b98282bc616a66]::io::Write>::write_fmt
[INFO] [stdout]    3:     0x592265b45a56 - std[97b98282bc616a66]::panicking::default_hook::{closure#0}
[INFO] [stdout]    4:     0x592265b609a9 - std[97b98282bc616a66]::panicking::default_hook
[INFO] [stdout]    5:     0x592265af9710 - test[39766f3d73431624]::test_main_inner::<test[39766f3d73431624]::test_main_static::{closure#0}>::{closure#0}
[INFO] [stdout]    6:     0x592265b60cd2 - std[97b98282bc616a66]::panicking::panic_with_hook
[INFO] [stdout]    7:     0x592265b45b02 - std[97b98282bc616a66]::panicking::panic_handler::{closure#0}
[INFO] [stdout]    8:     0x592265b3cc09 - std[97b98282bc616a66]::sys::backtrace::__rust_end_short_backtrace::<std[97b98282bc616a66]::panicking::panic_handler::{closure#0}, !>
[INFO] [stdout]    9:     0x592265b4680d - __rustc[e3d8617bb01b7f69]::rust_begin_unwind
[INFO] [stdout]   10:     0x592265b804cc - core[832e9a552fc17241]::panicking::panic_fmt
[INFO] [stdout]   11:     0x592265b802a2 - core[832e9a552fc17241]::result::unwrap_failed
[INFO] [stdout]   12:     0x592265ab794a - <pipeline[63ce2455b430e6ea]::benchmark_reports_required_rates_and_targets::{closure#0} as core[832e9a552fc17241]::ops::function::FnOnce<()>>::call_once
[INFO] [stdout]   13:     0x592265aeca4b - test[39766f3d73431624]::__rust_begin_short_backtrace::<core[832e9a552fc17241]::result::Result<(), alloc[3ecab9f82c41dc7d]::string::String>, fn() -> core[832e9a552fc17241]::result::Result<(), alloc[3ecab9f82c41dc7d]::string::String>>
[INFO] [stdout]   14:     0x592265afa095 - test[39766f3d73431624]::run_test::{closure#0}
[INFO] [stdout]   15:     0x592265af4b44 - std[97b98282bc616a66]::sys::backtrace::__rust_begin_short_backtrace::<test[39766f3d73431624]::run_test::{closure#1}, ()>
[INFO] [stdout]   16:     0x592265afd1e2 - <std[97b98282bc616a66]::thread::lifecycle::spawn_unchecked<test[39766f3d73431624]::run_test::{closure#1}, ()>::{closure#1} as core[832e9a552fc17241]::ops::function::FnOnce<()>>::call_once::{shim:vtable#0}
[INFO] [stdout]   17:     0x592265b688bf - <std[97b98282bc616a66]::sys::thread::unix::Thread>::new::thread_start
[INFO] [stdout]   18:     0x7561d24a307a - <unknown>
[INFO] [stdout]   19:     0x7561d2536534 - clone
[INFO] [stdout]   20:                0x0 - <unknown>
[INFO] [stdout] 
[INFO] [stdout] ---- loads_sample_csv_and_builds_ordered_splits stdout ----
[INFO] [stdout] 
[INFO] [stdout] thread 'loads_sample_csv_and_builds_ordered_splits' (950) panicked at engine/tests/pipeline.rs:3:81:
[INFO] [stdout] called `Result::unwrap()` on an `Err` value: failed to open CSV data/raw/sample_history.csv
[INFO] [stdout] 
[INFO] [stdout] Caused by:
[INFO] [stdout]     No such file or directory (os error 2)
[INFO] [stdout] 
[INFO] [stdout] Stack backtrace:
[INFO] [stdout]    0: <csv::error::Error as anyhow::context::ext::StdError>::ext_context::<alloc::string::String>
[INFO] [stdout]    1: self_param_engine::data::load_csv::<&std::path::Path>
[INFO] [stdout]    2: <pipeline::loads_sample_csv_and_builds_ordered_splits::{closure#0} as core::ops::function::FnOnce<()>>::call_once
[INFO] [stdout]    3: test::__rust_begin_short_backtrace::<core::result::Result<(), alloc::string::String>, fn() -> core::result::Result<(), alloc::string::String>>
[INFO] [stdout]    4: test::run_test::{closure#0}
[INFO] [stdout]    5: std::sys::backtrace::__rust_begin_short_backtrace::<test::run_test::{closure#1}, ()>
[INFO] [stdout]    6: <std::thread::lifecycle::spawn_unchecked<test::run_test::{closure#1}, ()>::{closure#1} as core::ops::function::FnOnce<()>>::call_once::{shim:vtable#0}
[INFO] [stdout]    7: <std::sys::thread::unix::Thread>::new::thread_start
[INFO] [stdout]    8: <unknown>
[INFO] [stdout]    9: clone
[INFO] [stdout] stack backtrace:
[INFO] [stdout]    0:     0x592265b695b1 - <<std[97b98282bc616a66]::sys::backtrace::BacktraceLock>::print::DisplayBacktrace as core[832e9a552fc17241]::fmt::Display>::fmt
[INFO] [stdout]    1:     0x592265b7fd9a - core[832e9a552fc17241]::fmt::write
[INFO] [stdout]    2:     0x592265b6e23c - <alloc[3ecab9f82c41dc7d]::vec::Vec<u8> as std[97b98282bc616a66]::io::Write>::write_fmt
[INFO] [stdout]    3:     0x592265b45a56 - std[97b98282bc616a66]::panicking::default_hook::{closure#0}
[INFO] [stdout]    4:     0x592265b609a9 - std[97b98282bc616a66]::panicking::default_hook
[INFO] [stdout]    5:     0x592265af9710 - test[39766f3d73431624]::test_main_inner::<test[39766f3d73431624]::test_main_static::{closure#0}>::{closure#0}
[INFO] [stdout]    6:     0x592265b60cd2 - std[97b98282bc616a66]::panicking::panic_with_hook
[INFO] [stdout]    7:     0x592265b45b02 - std[97b98282bc616a66]::panicking::panic_handler::{closure#0}
[INFO] [stdout]    8:     0x592265b3cc09 - std[97b98282bc616a66]::sys::backtrace::__rust_end_short_backtrace::<std[97b98282bc616a66]::panicking::panic_handler::{closure#0}, !>
[INFO] [stdout]    9:     0x592265b4680d - __rustc[e3d8617bb01b7f69]::rust_begin_unwind
[INFO] [stdout]   10:     0x592265b804cc - core[832e9a552fc17241]::panicking::panic_fmt
[INFO] [stdout]   11:     0x592265b802a2 - core[832e9a552fc17241]::result::unwrap_failed
[INFO] [stdout]   12:     0x592265ab6e8c - <pipeline[63ce2455b430e6ea]::loads_sample_csv_and_builds_ordered_splits::{closure#0} as core[832e9a552fc17241]::ops::function::FnOnce<()>>::call_once
[INFO] [stdout]   13:     0x592265aeca4b - test[39766f3d73431624]::__rust_begin_short_backtrace::<core[832e9a552fc17241]::result::Result<(), alloc[3ecab9f82c41dc7d]::string::String>, fn() -> core[832e9a552fc17241]::result::Result<(), alloc[3ecab9f82c41dc7d]::string::String>>
[INFO] [stdout]   14:     0x592265afa095 - test[39766f3d73431624]::run_test::{closure#0}
[INFO] [stdout]   15:     0x592265af4b44 - std[97b98282bc616a66]::sys::backtrace::__rust_begin_short_backtrace::<test[39766f3d73431624]::run_test::{closure#1}, ()>
[INFO] [stdout]   16:     0x592265afd1e2 - <std[97b98282bc616a66]::thread::lifecycle::spawn_unchecked<test[39766f3d73431624]::run_test::{closure#1}, ()>::{closure#1} as core[832e9a552fc17241]::ops::function::FnOnce<()>>::call_once::{shim:vtable#0}
[INFO] [stdout]   17:     0x592265b688bf - <std[97b98282bc616a66]::sys::thread::unix::Thread>::new::thread_start
[INFO] [stdout]   18:     0x7561d24a307a - <unknown>
[INFO] [stdout]   19:     0x7561d2536534 - clone
[INFO] [stdout]   20:                0x0 - <unknown>
[INFO] [stdout] 
[INFO] [stdout] ---- oos_benchmark_loads_champion_and_writes_reports stdout ----
[INFO] [stdout] 
[INFO] [stdout] thread 'oos_benchmark_loads_champion_and_writes_reports' (951) panicked at engine/tests/pipeline.rs:141:6:
[INFO] [stdout] called `Result::unwrap()` on an `Err` value: failed to open CSV data/raw/sample_history.csv
[INFO] [stdout] 
[INFO] [stdout] Caused by:
[INFO] [stdout]     No such file or directory (os error 2)
[INFO] [stdout] 
[INFO] [stdout] Stack backtrace:
[INFO] [stdout]    0: <csv::error::Error as anyhow::context::ext::StdError>::ext_context::<alloc::string::String>
[INFO] [stdout]    1: self_param_engine::data::load_csv::<&std::path::Path>
[INFO] [stdout]    2: self_param_engine::report::run_train_validation::<&str, &std::path::PathBuf, &std::path::PathBuf>
[INFO] [stdout]    3: <pipeline::oos_benchmark_loads_champion_and_writes_reports::{closure#0} as core::ops::function::FnOnce<()>>::call_once
[INFO] [stdout]    4: test::__rust_begin_short_backtrace::<core::result::Result<(), alloc::string::String>, fn() -> core::result::Result<(), alloc::string::String>>
[INFO] [stdout]    5: test::run_test::{closure#0}
[INFO] [stdout]    6: std::sys::backtrace::__rust_begin_short_backtrace::<test::run_test::{closure#1}, ()>
[INFO] [stdout]    7: <std::thread::lifecycle::spawn_unchecked<test::run_test::{closure#1}, ()>::{closure#1} as core::ops::function::FnOnce<()>>::call_once::{shim:vtable#0}
[INFO] [stdout]    8: <std::sys::thread::unix::Thread>::new::thread_start
[INFO] [stdout]    9: <unknown>
[INFO] [stdout]   10: clone
[INFO] [stdout] stack backtrace:
[INFO] [stdout]    0:     0x592265b695b1 - <<std[97b98282bc616a66]::sys::backtrace::BacktraceLock>::print::DisplayBacktrace as core[832e9a552fc17241]::fmt::Display>::fmt
[INFO] [stdout]    1:     0x592265b7fd9a - core[832e9a552fc17241]::fmt::write
[INFO] [stdout]    2:     0x592265b6e23c - <alloc[3ecab9f82c41dc7d]::vec::Vec<u8> as std[97b98282bc616a66]::io::Write>::write_fmt
[INFO] [stdout]    3:     0x592265b45a56 - std[97b98282bc616a66]::panicking::default_hook::{closure#0}
[INFO] [stdout]    4:     0x592265b609a9 - std[97b98282bc616a66]::panicking::default_hook
[INFO] [stdout]    5:     0x592265af9710 - test[39766f3d73431624]::test_main_inner::<test[39766f3d73431624]::test_main_static::{closure#0}>::{closure#0}
[INFO] [stdout]    6:     0x592265b60cd2 - std[97b98282bc616a66]::panicking::panic_with_hook
[INFO] [stdout]    7:     0x592265b45b02 - std[97b98282bc616a66]::panicking::panic_handler::{closure#0}
[INFO] [stdout]    8:     0x592265b3cc09 - std[97b98282bc616a66]::sys::backtrace::__rust_end_short_backtrace::<std[97b98282bc616a66]::panicking::panic_handler::{closure#0}, !>
[INFO] [stdout]    9:     0x592265b4680d - __rustc[e3d8617bb01b7f69]::rust_begin_unwind
[INFO] [stdout]   10:     0x592265b804cc - core[832e9a552fc17241]::panicking::panic_fmt
[INFO] [stdout]   11:     0x592265b802a2 - core[832e9a552fc17241]::result::unwrap_failed
[INFO] [stdout]   12:     0x592265ab7dd5 - <pipeline[63ce2455b430e6ea]::oos_benchmark_loads_champion_and_writes_reports::{closure#0} as core[832e9a552fc17241]::ops::function::FnOnce<()>>::call_once
[INFO] [stdout]   13:     0x592265aeca4b - test[39766f3d73431624]::__rust_begin_short_backtrace::<core[832e9a552fc17241]::result::Result<(), alloc[3ecab9f82c41dc7d]::string::String>, fn() -> core[832e9a552fc17241]::result::Result<(), alloc[3ecab9f82c41dc7d]::string::String>>
[INFO] [stdout]   14:     0x592265afa095 - test[39766f3d73431624]::run_test::{closure#0}
[INFO] [stdout]   15:     0x592265af4b44 - std[97b98282bc616a66]::sys::backtrace::__rust_begin_short_backtrace::<test[39766f3d73431624]::run_test::{closure#1}, ()>
[INFO] [stdout]   16:     0x592265afd1e2 - <std[97b98282bc616a66]::thread::lifecycle::spawn_unchecked<test[39766f3d73431624]::run_test::{closure#1}, ()>::{closure#1} as core[832e9a552fc17241]::ops::function::FnOnce<()>>::call_once::{shim:vtable#0}
[INFO] [stdout]   17:     0x592265b688bf - <std[97b98282bc616a66]::sys::thread::unix::Thread>::new::thread_start
[INFO] [stdout]   18:     0x7561d24a307a - <unknown>
[INFO] [stdout]   19:     0x7561d2536534 - clone
[INFO] [stdout]   20:                0x0 - <unknown>
[INFO] [stdout] 
[INFO] [stdout] ---- training_writes_champion_and_report stdout ----
[INFO] [stdout] 
[INFO] [stdout] thread 'training_writes_champion_and_report' (954) panicked at engine/tests/pipeline.rs:91:6:
[INFO] [stdout] called `Result::unwrap()` on an `Err` value: failed to open CSV data/raw/sample_history.csv
[INFO] [stdout] 
[INFO] [stdout] Caused by:
[INFO] [stdout]     No such file or directory (os error 2)
[INFO] [stdout] 
[INFO] [stdout] Stack backtrace:
[INFO] [stdout]    0: <csv::error::Error as anyhow::context::ext::StdError>::ext_context::<alloc::string::String>
[INFO] [stdout]    1: self_param_engine::data::load_csv::<&std::path::Path>
[INFO] [stdout]    2: self_param_engine::report::run_training::<&str, &std::path::PathBuf, &std::path::PathBuf>
[INFO] [stdout]    3: <pipeline::training_writes_champion_and_report::{closure#0} as core::ops::function::FnOnce<()>>::call_once
[INFO] [stdout]    4: test::__rust_begin_short_backtrace::<core::result::Result<(), alloc::string::String>, fn() -> core::result::Result<(), alloc::string::String>>
[INFO] [stdout]    5: test::run_test::{closure#0}
[INFO] [stdout]    6: std::sys::backtrace::__rust_begin_short_backtrace::<test::run_test::{closure#1}, ()>
[INFO] [stdout]    7: <std::thread::lifecycle::spawn_unchecked<test::run_test::{closure#1}, ()>::{closure#1} as core::ops::function::FnOnce<()>>::call_once::{shim:vtable#0}
[INFO] [stdout]    8: <std::sys::thread::unix::Thread>::new::thread_start
[INFO] [stdout]    9: <unknown>
[INFO] [stdout]   10: clone
[INFO] [stdout] stack backtrace:
[INFO] [stdout]    0:     0x592265b695b1 - <<std[97b98282bc616a66]::sys::backtrace::BacktraceLock>::print::DisplayBacktrace as core[832e9a552fc17241]::fmt::Display>::fmt
[INFO] [stdout]    1:     0x592265b7fd9a - core[832e9a552fc17241]::fmt::write
[INFO] [stdout]    2:     0x592265b6e23c - <alloc[3ecab9f82c41dc7d]::vec::Vec<u8> as std[97b98282bc616a66]::io::Write>::write_fmt
[INFO] [stdout]    3:     0x592265b45a56 - std[97b98282bc616a66]::panicking::default_hook::{closure#0}
[INFO] [stdout]    4:     0x592265b609a9 - std[97b98282bc616a66]::panicking::default_hook
[INFO] [stdout]    5:     0x592265af9710 - test[39766f3d73431624]::test_main_inner::<test[39766f3d73431624]::test_main_static::{closure#0}>::{closure#0}
[INFO] [stdout]    6:     0x592265b60cd2 - std[97b98282bc616a66]::panicking::panic_with_hook
[INFO] [stdout]    7:     0x592265b45b02 - std[97b98282bc616a66]::panicking::panic_handler::{closure#0}
[INFO] [stdout]    8:     0x592265b3cc09 - std[97b98282bc616a66]::sys::backtrace::__rust_end_short_backtrace::<std[97b98282bc616a66]::panicking::panic_handler::{closure#0}, !>
[INFO] [stdout]    9:     0x592265b4680d - __rustc[e3d8617bb01b7f69]::rust_begin_unwind
[INFO] [stdout]   10:     0x592265b804cc - core[832e9a552fc17241]::panicking::panic_fmt
[INFO] [stdout]   11:     0x592265b802a2 - core[832e9a552fc17241]::result::unwrap_failed
[INFO] [stdout]   12:     0x592265ab6b53 - <pipeline[63ce2455b430e6ea]::training_writes_champion_and_report::{closure#0} as core[832e9a552fc17241]::ops::function::FnOnce<()>>::call_once
[INFO] [stdout]   13:     0x592265aeca4b - test[39766f3d73431624]::__rust_begin_short_backtrace::<core[832e9a552fc17241]::result::Result<(), alloc[3ecab9f82c41dc7d]::string::String>, fn() -> core[832e9a552fc17241]::result::Result<(), alloc[3ecab9f82c41dc7d]::string::String>>
[INFO] [stdout]   14:     0x592265afa095 - test[39766f3d73431624]::run_test::{closure#0}
[INFO] [stdout]   15:     0x592265af4b44 - std[97b98282bc616a66]::sys::backtrace::__rust_begin_short_backtrace::<test[39766f3d73431624]::run_test::{closure#1}, ()>
[INFO] [stdout]   16:     0x592265afd1e2 - <std[97b98282bc616a66]::thread::lifecycle::spawn_unchecked<test[39766f3d73431624]::run_test::{closure#1}, ()>::{closure#1} as core[832e9a552fc17241]::ops::function::FnOnce<()>>::call_once::{shim:vtable#0}
[INFO] [stdout]   17:     0x592265b688bf - <std[97b98282bc616a66]::sys::thread::unix::Thread>::new::thread_start
[INFO] [stdout]   18:     0x7561d24a307a - <unknown>
[INFO] [stdout]   19:     0x7561d2536534 - clone
[INFO] [stdout]   20:                0x0 - <unknown>
[INFO] [stdout] 
[INFO] [stdout] ---- train_validation_workflow_does_not_score_oos_before_save stdout ----
[INFO] [stdout] 
[INFO] [stdout] thread 'train_validation_workflow_does_not_score_oos_before_save' (953) panicked at engine/tests/pipeline.rs:115:6:
[INFO] [stdout] called `Result::unwrap()` on an `Err` value: failed to open CSV data/raw/sample_history.csv
[INFO] [stdout] 
[INFO] [stdout] Caused by:
[INFO] [stdout]     No such file or directory (os error 2)
[INFO] [stdout] 
[INFO] [stdout] Stack backtrace:
[INFO] [stdout]    0: <csv::error::Error as anyhow::context::ext::StdError>::ext_context::<alloc::string::String>
[INFO] [stdout]    1: self_param_engine::data::load_csv::<&std::path::Path>
[INFO] [stdout]    2: self_param_engine::report::run_train_validation::<&str, &std::path::PathBuf, &std::path::PathBuf>
[INFO] [stdout]    3: <pipeline::train_validation_workflow_does_not_score_oos_before_save::{closure#0} as core::ops::function::FnOnce<()>>::call_once
[INFO] [stdout]    4: test::__rust_begin_short_backtrace::<core::result::Result<(), alloc::string::String>, fn() -> core::result::Result<(), alloc::string::String>>
[INFO] [stdout]    5: test::run_test::{closure#0}
[INFO] [stdout]    6: std::sys::backtrace::__rust_begin_short_backtrace::<test::run_test::{closure#1}, ()>
[INFO] [stdout]    7: <std::thread::lifecycle::spawn_unchecked<test::run_test::{closure#1}, ()>::{closure#1} as core::ops::function::FnOnce<()>>::call_once::{shim:vtable#0}
[INFO] [stdout]    8: <std::sys::thread::unix::Thread>::new::thread_start
[INFO] [stdout]    9: <unknown>
[INFO] [stdout]   10: clone
[INFO] [stdout] stack backtrace:
[INFO] [stdout]    0:     0x592265b695b1 - <<std[97b98282bc616a66]::sys::backtrace::BacktraceLock>::print::DisplayBacktrace as core[832e9a552fc17241]::fmt::Display>::fmt
[INFO] [stdout]    1:     0x592265b7fd9a - core[832e9a552fc17241]::fmt::write
[INFO] [stdout]    2:     0x592265b6e23c - <alloc[3ecab9f82c41dc7d]::vec::Vec<u8> as std[97b98282bc616a66]::io::Write>::write_fmt
[INFO] [stdout]    3:     0x592265b45a56 - std[97b98282bc616a66]::panicking::default_hook::{closure#0}
[INFO] [stdout]    4:     0x592265b609a9 - std[97b98282bc616a66]::panicking::default_hook
[INFO] [stdout]    5:     0x592265af9710 - test[39766f3d73431624]::test_main_inner::<test[39766f3d73431624]::test_main_static::{closure#0}>::{closure#0}
[INFO] [stdout]    6:     0x592265b60cd2 - std[97b98282bc616a66]::panicking::panic_with_hook
[INFO] [stdout]    7:     0x592265b45b02 - std[97b98282bc616a66]::panicking::panic_handler::{closure#0}
[INFO] [stdout]    8:     0x592265b3cc09 - std[97b98282bc616a66]::sys::backtrace::__rust_end_short_backtrace::<std[97b98282bc616a66]::panicking::panic_handler::{closure#0}, !>
[INFO] [stdout]    9:     0x592265b4680d - __rustc[e3d8617bb01b7f69]::rust_begin_unwind
[INFO] [stdout]   10:     0x592265b804cc - core[832e9a552fc17241]::panicking::panic_fmt
[INFO] [stdout]   11:     0x592265b802a2 - core[832e9a552fc17241]::result::unwrap_failed
[INFO] [stdout]   12:     0x592265ab8a83 - <pipeline[63ce2455b430e6ea]::train_validation_workflow_does_not_score_oos_before_save::{closure#0} as core[832e9a552fc17241]::ops::function::FnOnce<()>>::call_once
[INFO] [stdout]   13:     0x592265aeca4b - test[39766f3d73431624]::__rust_begin_short_backtrace::<core[832e9a552fc17241]::result::Result<(), alloc[3ecab9f82c41dc7d]::string::String>, fn() -> core[832e9a552fc17241]::result::Result<(), alloc[3ecab9f82c41dc7d]::string::String>>
[INFO] [stdout]   14:     0x592265afa095 - test[39766f3d73431624]::run_test::{closure#0}
[INFO] [stdout]   15:     0x592265af4b44 - std[97b98282bc616a66]::sys::backtrace::__rust_begin_short_backtrace::<test[39766f3d73431624]::run_test::{closure#1}, ()>
[INFO] [stdout]   16:     0x592265afd1e2 - <std[97b98282bc616a66]::thread::lifecycle::spawn_unchecked<test[39766f3d73431624]::run_test::{closure#1}, ()>::{closure#1} as core[832e9a552fc17241]::ops::function::FnOnce<()>>::call_once::{shim:vtable#0}
[INFO] [stdout]   17:     0x592265b688bf - <std[97b98282bc616a66]::sys::thread::unix::Thread>::new::thread_start
[INFO] [stdout]   18:     0x7561d24a307a - <unknown>
[INFO] [stdout]   19:     0x7561d2536534 - clone
[INFO] [stdout]   20:                0x0 - <unknown>
[INFO] [stdout] 
[INFO] [stdout] ---- weighted_evaluation_records_required_components stdout ----
[INFO] [stdout] 
[INFO] [stdout] thread 'weighted_evaluation_records_required_components' (955) panicked at engine/tests/pipeline.rs:49:81:
[INFO] [stdout] called `Result::unwrap()` on an `Err` value: failed to open CSV data/raw/sample_history.csv
[INFO] [stdout] 
[INFO] [stdout] Caused by:
[INFO] [stdout]     No such file or directory (os error 2)
[INFO] [stdout] 
[INFO] [stdout] Stack backtrace:
[INFO] [stdout]    0: <csv::error::Error as anyhow::context::ext::StdError>::ext_context::<alloc::string::String>
[INFO] [stdout]    1: self_param_engine::data::load_csv::<&std::path::Path>
[INFO] [stdout]    2: <pipeline::weighted_evaluation_records_required_components::{closure#0} as core::ops::function::FnOnce<()>>::call_once
[INFO] [stdout]    3: test::__rust_begin_short_backtrace::<core::result::Result<(), alloc::string::String>, fn() -> core::result::Result<(), alloc::string::String>>
[INFO] [stdout]    4: test::run_test::{closure#0}
[INFO] [stdout]    5: std::sys::backtrace::__rust_begin_short_backtrace::<test::run_test::{closure#1}, ()>
[INFO] [stdout]    6: <std::thread::lifecycle::spawn_unchecked<test::run_test::{closure#1}, ()>::{closure#1} as core::ops::function::FnOnce<()>>::call_once::{shim:vtable#0}
[INFO] [stdout]    7: <std::sys::thread::unix::Thread>::new::thread_start
[INFO] [stdout]    8: <unknown>
[INFO] [stdout]    9: clone
[INFO] [stdout] stack backtrace:
[INFO] [stdout]    0:     0x592265b695b1 - <<std[97b98282bc616a66]::sys::backtrace::BacktraceLock>::print::DisplayBacktrace as core[832e9a552fc17241]::fmt::Display>::fmt
[INFO] [stdout]    1:     0x592265b7fd9a - core[832e9a552fc17241]::fmt::write
[INFO] [stdout]    2:     0x592265b6e23c - <alloc[3ecab9f82c41dc7d]::vec::Vec<u8> as std[97b98282bc616a66]::io::Write>::write_fmt
[INFO] [stdout]    3:     0x592265b45a56 - std[97b98282bc616a66]::panicking::default_hook::{closure#0}
[INFO] [stdout]    4:     0x592265b609a9 - std[97b98282bc616a66]::panicking::default_hook
[INFO] [stdout]    5:     0x592265af9710 - test[39766f3d73431624]::test_main_inner::<test[39766f3d73431624]::test_main_static::{closure#0}>::{closure#0}
[INFO] [stdout]    6:     0x592265b60cd2 - std[97b98282bc616a66]::panicking::panic_with_hook
[INFO] [stdout]    7:     0x592265b45b02 - std[97b98282bc616a66]::panicking::panic_handler::{closure#0}
[INFO] [stdout]    8:     0x592265b3cc09 - std[97b98282bc616a66]::sys::backtrace::__rust_end_short_backtrace::<std[97b98282bc616a66]::panicking::panic_handler::{closure#0}, !>
[INFO] [stdout]    9:     0x592265b4680d - __rustc[e3d8617bb01b7f69]::rust_begin_unwind
[INFO] [stdout]   10:     0x592265b804cc - core[832e9a552fc17241]::panicking::panic_fmt
[INFO] [stdout]   11:     0x592265b802a2 - core[832e9a552fc17241]::result::unwrap_failed
[INFO] [stdout]   12:     0x592265ab83f8 - <pipeline[63ce2455b430e6ea]::weighted_evaluation_records_required_components::{closure#0} as core[832e9a552fc17241]::ops::function::FnOnce<()>>::call_once
[INFO] [stdout]   13:     0x592265aeca4b - test[39766f3d73431624]::__rust_begin_short_backtrace::<core[832e9a552fc17241]::result::Result<(), alloc[3ecab9f82c41dc7d]::string::String>, fn() -> core[832e9a552fc17241]::result::Result<(), alloc[3ecab9f82c41dc7d]::string::String>>
[INFO] [stdout]   14:     0x592265afa095 - test[39766f3d73431624]::run_test::{closure#0}
[INFO] [stdout]   15:     0x592265af4b44 - std[97b98282bc616a66]::sys::backtrace::__rust_begin_short_backtrace::<test[39766f3d73431624]::run_test::{closure#1}, ()>
[INFO] [stdout]   16:     0x592265afd1e2 - <std[97b98282bc616a66]::thread::lifecycle::spawn_unchecked<test[39766f3d73431624]::run_test::{closure#1}, ()>::{closure#1} as core[832e9a552fc17241]::ops::function::FnOnce<()>>::call_once::{shim:vtable#0}
[INFO] [stdout]   17:     0x592265b688bf - <std[97b98282bc616a66]::sys::thread::unix::Thread>::new::thread_start
[INFO] [stdout]   18:     0x7561d24a307a - <unknown>
[INFO] [stdout]   19:     0x7561d2536534 - clone
[INFO] [stdout]   20:                0x0 - <unknown>
[INFO] [stdout] 
[INFO] [stdout] 
[INFO] [stdout] failures:
[INFO] [stdout]     benchmark_reports_required_rates_and_targets
[INFO] [stdout]     candidate_generation_is_seeded_and_profiled
[INFO] [stdout]     loads_sample_csv_and_builds_ordered_splits
[INFO] [stdout]     oos_benchmark_loads_champion_and_writes_reports
[INFO] [stdout]     train_validation_workflow_does_not_score_oos_before_save
[INFO] [stdout]     training_writes_champion_and_report
[INFO] [stdout]     weighted_evaluation_records_required_components
[INFO] [stdout] 
[INFO] [stdout] test result: FAILED. 2 passed; 7 failed; 0 ignored; 0 measured; 0 filtered out; finished in 0.01s
[INFO] [stdout] 
[INFO] running `Command { std: "docker" "inspect" "7e397571adeb11bc9afb9648577a5e196a60bdc1d0f0b66bb283e1e70b87c18c", kill_on_drop: false }`
[INFO] running `Command { std: "docker" "rm" "-f" "7e397571adeb11bc9afb9648577a5e196a60bdc1d0f0b66bb283e1e70b87c18c", kill_on_drop: false }`
[INFO] [stdout] 7e397571adeb11bc9afb9648577a5e196a60bdc1d0f0b66bb283e1e70b87c18c
