[INFO] cloning repository https://github.com/knottjason/pool_controller
[INFO] running `Command { std: "git" "-c" "credential.helper=" "-c" "credential.helper=/workspace/cargo-home/bin/git-credential-null" "clone" "--bare" "https://github.com/knottjason/pool_controller" "/workspace/cache/git-repos/https%3A%2F%2Fgithub.com%2Fknottjason%2Fpool_controller", kill_on_drop: false }`
[INFO] [stderr] Cloning into bare repository '/workspace/cache/git-repos/https%3A%2F%2Fgithub.com%2Fknottjason%2Fpool_controller'...
[INFO] running `Command { std: "git" "rev-parse" "HEAD", kill_on_drop: false }`
[INFO] [stdout] caf4c87f58d2911716b693763f9ec0c69b18d156
[INFO] testing knottjason/pool_controller against 1.99.0-beta.1+cargoflags=--release for beta-release-1.99-2
[INFO] running `Command { std: "git" "clone" "/workspace/cache/git-repos/https%3A%2F%2Fgithub.com%2Fknottjason%2Fpool_controller" "/workspace/builds/worker-3-tc2/source", kill_on_drop: false }`
[INFO] [stderr] Cloning into '/workspace/builds/worker-3-tc2/source'...
[INFO] [stderr] done.
[INFO] removed /workspace/builds/worker-3-tc2/source/.cargo/config.toml
[INFO] removed /workspace/builds/worker-3-tc2/source/rust-toolchain.toml
[INFO] started tweaking git repo https://github.com/knottjason/pool_controller
[INFO] finished tweaking git repo https://github.com/knottjason/pool_controller
[INFO] tweaked toml for git repo https://github.com/knottjason/pool_controller written to /workspace/builds/worker-3-tc2/source/Cargo.toml
[INFO] validating manifest of git repo https://github.com/knottjason/pool_controller on toolchain 1.99.0-beta.1
[INFO] running `Command { std: CARGO_HOME="/workspace/cargo-home" RUSTUP_HOME="/workspace/rustup-home" "/workspace/cargo-home/bin/cargo" "+1.99.0-beta.1" "metadata" "--manifest-path" "Cargo.toml" "--no-deps", kill_on_drop: false }`
[INFO] crate git repo https://github.com/knottjason/pool_controller already has a lockfile, it will not be regenerated
[INFO] running `Command { std: CARGO_HOME="/workspace/cargo-home" RUSTUP_HOME="/workspace/rustup-home" "/workspace/cargo-home/bin/cargo" "+1.99.0-beta.1" "fetch" "--manifest-path" "Cargo.toml", kill_on_drop: false }`
[INFO] running `Command { std: "docker" "create" "-v" "/var/lib/crater-agent-workspace/builds/worker-3-tc2/source:/opt/rustwide/workdir:ro,Z" "-v" "/var/lib/crater-agent-workspace/builds/worker-3-tc2/target:/opt/rustwide/target:rw,Z" "-v" "/var/lib/crater-agent-workspace/cargo-home:/opt/rustwide/cargo-home:ro,Z" "-v" "/var/lib/crater-agent-workspace/rustup-home:/opt/rustwide/rustup-home:ro,Z" "-m" "1610612736" "--network" "none" "ghcr.io/rust-lang/crates-build-env/linux@sha256:8683fc1fc2eb5c9ac98e0d076ab094b2ffac7f99da555d2b6a2e27f346de2ec7" "sleep" "infinity", kill_on_drop: false }`
[INFO] [stdout] 1af62c71546a70f91493a2468948253233de83bf0c418a28342dfc70fd80dc19
[INFO] running `Command { std: "docker" "start" "1af62c71546a70f91493a2468948253233de83bf0c418a28342dfc70fd80dc19", kill_on_drop: false }`
[INFO] running `Command { std: "docker" "inspect" "1af62c71546a70f91493a2468948253233de83bf0c418a28342dfc70fd80dc19", kill_on_drop: false }`
[INFO] running `Command { std: "docker" "exec" "-e" "SOURCE_DIR=/opt/rustwide/workdir" "-e" "CARGO_HOME=/opt/rustwide/cargo-home" "-e" "RUSTUP_HOME=/opt/rustwide/rustup-home" "-e" "CARGO_TARGET_DIR=/opt/rustwide/target" "-w" "/opt/rustwide/workdir" "--user" "0:0" "1af62c71546a70f91493a2468948253233de83bf0c418a28342dfc70fd80dc19" "/opt/rustwide/cargo-home/bin/cargo" "+1.99.0-beta.1" "metadata" "--no-deps" "--format-version=1", kill_on_drop: false }`
[INFO] running `Command { std: "docker" "inspect" "1af62c71546a70f91493a2468948253233de83bf0c418a28342dfc70fd80dc19", kill_on_drop: false }`
[INFO] running `Command { std: "docker" "exec" "-e" "SOURCE_DIR=/opt/rustwide/workdir" "-e" "CARGO_HOME=/opt/rustwide/cargo-home" "-e" "RUSTUP_HOME=/opt/rustwide/rustup-home" "-e" "CARGO_TARGET_DIR=/opt/rustwide/target" "-e" "CARGO_INCREMENTAL=0" "-e" "RUST_BACKTRACE=full" "-e" "RUSTFLAGS=--cap-lints=warn" "-e" "RUSTDOCFLAGS=--cap-lints=warn" "-w" "/opt/rustwide/workdir" "--user" "0:0" "1af62c71546a70f91493a2468948253233de83bf0c418a28342dfc70fd80dc19" "/opt/rustwide/cargo-home/bin/cargo" "+1.99.0-beta.1" "build" "--frozen" "--message-format=json" "--release", kill_on_drop: false }`
[INFO] [stderr]    Compiling quote v1.0.46
[INFO] [stderr]    Compiling libc v0.2.186
[INFO] [stderr]    Compiling pin-project-lite v0.2.17
[INFO] [stderr]    Compiling bytes v1.12.1
[INFO] [stderr]    Compiling futures-core v0.3.32
[INFO] [stderr]    Compiling once_cell v1.21.4
[INFO] [stderr]    Compiling log v0.4.33
[INFO] [stderr]    Compiling itoa v1.0.18
[INFO] [stderr]    Compiling futures-sink v0.3.32
[INFO] [stderr]    Compiling pkg-config v0.3.33
[INFO] [stderr]    Compiling dunce v1.0.5
[INFO] [stderr]    Compiling serde_core v1.0.228
[INFO] [stderr]    Compiling fs_extra v1.3.0
[INFO] [stderr]    Compiling cfg-if v1.0.4
[INFO] [stderr]    Compiling slab v0.4.12
[INFO] [stderr]    Compiling zeroize v1.9.0
[INFO] [stderr]    Compiling aws-lc-rs v1.17.1
[INFO] [stderr]    Compiling scopeguard v1.2.0
[INFO] [stderr]    Compiling typenum v1.20.1
[INFO] [stderr]    Compiling hashbrown v0.17.1
[INFO] [stderr]    Compiling equivalent v1.0.2
[INFO] [stderr]    Compiling thiserror v2.0.18
[INFO] [stderr]    Compiling smallvec v1.15.2
[INFO] [stderr]    Compiling fnv v1.0.7
[INFO] [stderr]    Compiling tower-service v0.3.3
[INFO] [stderr]    Compiling atomic-waker v1.1.2
[INFO] [stderr]    Compiling httparse v1.10.1
[INFO] [stderr]    Compiling rustls-pki-types v1.15.0
[INFO] [stderr]    Compiling tracing-core v0.1.36
[INFO] [stderr]    Compiling futures-channel v0.3.32
[INFO] [stderr]    Compiling futures-task v0.3.32
[INFO] [stderr]    Compiling subtle v2.6.1
[INFO] [stderr]    Compiling http v1.4.2
[INFO] [stderr]    Compiling bitflags v2.13.0
[INFO] [stderr]    Compiling syn v2.0.118
[INFO] [stderr]    Compiling byteorder v1.5.0
[INFO] [stderr]    Compiling rustls v0.23.41
[INFO] [stderr]    Compiling indexmap v2.14.0
[INFO] [stderr]    Compiling bitflags v1.3.2
[INFO] [stderr]    Compiling rustversion v1.0.22
[INFO] [stderr]    Compiling untrusted v0.9.0
[INFO] [stderr]    Compiling autocfg v1.5.1
[INFO] [stderr]    Compiling httpdate v1.0.3
[INFO] [stderr]    Compiling zmij v1.0.21
[INFO] [stderr]    Compiling futures-util v0.3.32
[INFO] [stderr]    Compiling lock_api v0.4.14
[INFO] [stderr]    Compiling percent-encoding v2.3.2
[INFO] [stderr]    Compiling http-body v1.0.1
[INFO] [stderr]    Compiling nb v1.1.0
[INFO] [stderr]    Compiling regex-syntax v0.8.11
[INFO] [stderr]    Compiling getrandom v0.4.3
[INFO] [stderr]    Compiling embedded-hal v1.0.0
[INFO] [stderr]    Compiling serde_json v1.0.150
[INFO] [stderr]    Compiling sync_wrapper v1.0.2
[INFO] [stderr]    Compiling tower-layer v0.3.3
[INFO] [stderr]    Compiling form_urlencoded v1.2.2
[INFO] [stderr]    Compiling http-body-util v0.1.3
[INFO] [stderr]    Compiling spin v0.9.8
[INFO] [stderr]    Compiling fs-err v3.3.1
[INFO] [stderr]    Compiling memchr v2.8.3
[INFO] [stderr]    Compiling ryu v1.0.23
[INFO] [stderr]    Compiling mime v0.3.17
[INFO] [stderr]    Compiling jobserver v0.1.35
[INFO] [stderr]    Compiling winnow v1.0.3
[INFO] [stderr]    Compiling anyhow v1.0.103
[INFO] [stderr]    Compiling hybrid-array v0.4.13
[INFO] [stderr]    Compiling lazy_static v1.5.0
[INFO] [stderr]    Compiling flume v0.11.1
[INFO] [stderr]    Compiling arc-swap v1.9.1
[INFO] [stderr]    Compiling sharded-slab v0.1.7
[INFO] [stderr]    Compiling tracing-log v0.2.0
[INFO] [stderr]    Compiling embedded-hal-nb v1.0.0
[INFO] [stderr]    Compiling toml_parser v1.1.2+spec-1.1.0
[INFO] [stderr]    Compiling cc v1.2.66
[INFO] [stderr]    Compiling thread_local v1.1.10
[INFO] [stderr]    Compiling toml_writer v1.1.1+spec-1.1.0
[INFO] [stderr]    Compiling either v1.16.0
[INFO] [stderr]    Compiling base64 v0.22.1
[INFO] [stderr]    Compiling matchit v0.8.4
[INFO] [stderr]    Compiling fixedbitset v0.5.7
[INFO] [stderr]    Compiling inout v0.2.2
[INFO] [stderr]    Compiling crypto-common v0.2.2
[INFO] [stderr]    Compiling cast v0.3.0
[INFO] [stderr]    Compiling nu-ansi-term v0.50.3
[INFO] [stderr]    Compiling ads1x1x v0.3.0
[INFO] [stderr]    Compiling regex-automata v0.4.15
[INFO] [stderr]    Compiling cmake v0.1.58
[INFO] [stderr]    Compiling cipher v0.5.2
[INFO] [stderr]    Compiling blowfish v0.10.0
[INFO] [stderr]    Compiling aws-lc-sys v0.42.0
[INFO] [stderr]    Compiling errno v0.3.14
[INFO] [stderr]    Compiling mio v1.2.1
[INFO] [stderr]    Compiling socket2 v0.6.4
[INFO] [stderr]    Compiling nix v0.26.4
[INFO] [stderr]    Compiling nix v0.27.1
[INFO] [stderr]    Compiling signal-hook-registry v1.4.8
[INFO] [stderr]    Compiling bcrypt v0.19.2
[INFO] [stderr]    Compiling serde_path_to_error v0.1.20
[INFO] [stderr]    Compiling serde_spanned v1.1.1
[INFO] [stderr]    Compiling toml_datetime v1.1.1+spec-1.1.0
[INFO] [stderr]    Compiling toml v1.1.2+spec-1.1.0
[INFO] [stderr]    Compiling tokio-macros v2.7.0
[INFO] [stderr]    Compiling tracing-attributes v0.1.31
[INFO] [stderr]    Compiling thiserror-impl v2.0.18
[INFO] [stderr]    Compiling serde_derive v1.0.228
[INFO] [stderr]    Compiling tokio v1.52.3
[INFO] [stderr]    Compiling i2cdev v0.6.2
[INFO] [stderr]    Compiling unescaper v0.1.10
[INFO] [stderr]    Compiling matchers v0.2.0
[INFO] [stderr]    Compiling serialport v4.9.0
[INFO] [stderr]    Compiling tracing v0.1.44
[INFO] [stderr]    Compiling linux-embedded-hal v0.4.1
[INFO] [stderr]    Compiling axum-core v0.5.6
[INFO] [stderr]    Compiling tracing-subscriber v0.3.23
[INFO] [stderr]    Compiling serde v1.0.228
[INFO] [stderr]    Compiling serde_urlencoded v0.7.1
[INFO] [stderr]    Compiling tokio-util v0.7.18
[INFO] [stderr]    Compiling tower v0.5.3
[INFO] [stderr]    Compiling tokio-stream v0.1.18
[INFO] [stderr]    Compiling h2 v0.4.15
[INFO] [stderr]    Compiling rumqttc v0.25.1
[INFO] [stderr]    Compiling hyper v1.10.1
[INFO] [stderr]    Compiling hyper-util v0.1.20
[INFO] [stderr]    Compiling axum v0.8.9
[INFO] [stderr]    Compiling rustls-webpki v0.103.13
[INFO] [stderr]    Compiling tokio-rustls v0.26.4
[INFO] [stderr]    Compiling axum-server v0.8.0
[INFO] [stderr]    Compiling rs_pool v0.1.0 (/opt/rustwide/workdir)
[INFO] [stderr]     Finished `release` profile [optimized] target(s) in 2m 40s
[INFO] running `Command { std: "docker" "inspect" "1af62c71546a70f91493a2468948253233de83bf0c418a28342dfc70fd80dc19", kill_on_drop: false }`
[INFO] running `Command { std: "docker" "exec" "-e" "SOURCE_DIR=/opt/rustwide/workdir" "-e" "CARGO_HOME=/opt/rustwide/cargo-home" "-e" "RUSTUP_HOME=/opt/rustwide/rustup-home" "-e" "CARGO_TARGET_DIR=/opt/rustwide/target" "-e" "CARGO_INCREMENTAL=0" "-e" "RUST_BACKTRACE=full" "-e" "RUSTFLAGS=--cap-lints=warn" "-e" "RUSTDOCFLAGS=--cap-lints=warn" "-w" "/opt/rustwide/workdir" "--user" "0:0" "1af62c71546a70f91493a2468948253233de83bf0c418a28342dfc70fd80dc19" "/opt/rustwide/cargo-home/bin/cargo" "+1.99.0-beta.1" "test" "--frozen" "--no-run" "--message-format=json" "--release", kill_on_drop: false }`
[INFO] [stderr]    Compiling rs_pool v0.1.0 (/opt/rustwide/workdir)
[INFO] [stderr]     Finished `release` profile [optimized] target(s) in 28.55s
[INFO] running `Command { std: "docker" "inspect" "1af62c71546a70f91493a2468948253233de83bf0c418a28342dfc70fd80dc19", kill_on_drop: false }`
[INFO] running `Command { std: "docker" "exec" "-e" "SOURCE_DIR=/opt/rustwide/workdir" "-e" "CARGO_HOME=/opt/rustwide/cargo-home" "-e" "RUSTUP_HOME=/opt/rustwide/rustup-home" "-e" "CARGO_TARGET_DIR=/opt/rustwide/target" "-e" "CARGO_INCREMENTAL=0" "-e" "RUST_BACKTRACE=full" "-e" "RUSTFLAGS=--cap-lints=warn" "-e" "RUSTDOCFLAGS=--cap-lints=warn" "-w" "/opt/rustwide/workdir" "--user" "0:0" "1af62c71546a70f91493a2468948253233de83bf0c418a28342dfc70fd80dc19" "/opt/rustwide/cargo-home/bin/cargo" "+1.99.0-beta.1" "test" "--frozen" "--release", kill_on_drop: false }`
[INFO] [stderr]     Finished `release` profile [optimized] target(s) in 0.17s
[INFO] [stderr]      Running unittests src/main.rs (/opt/rustwide/target/release/deps/rs_pool-62509b330304e19b)
[INFO] [stdout] 
[INFO] [stdout] running 56 tests
[INFO] [stdout] test config::tests::missing_temp_section_uses_defaults ... ok
[INFO] [stdout] test modbus::pump::tests::ack_mismatch_rejected ... ok
[INFO] [stdout] test modbus::pump::tests::demand_frame_le_spd_10 ... ok
[INFO] [stdout] test modbus::pump::tests::demand_frame_spd_35 ... ok
[INFO] [stdout] test modbus::pump::tests::demand_from_spd_maps_rpm_times_four ... ok
[INFO] [stdout] test modbus::pump::tests::rpm_from_sensor_divides_by_four ... ok
[INFO] [stdout] test modbus::pump::tests::sensor_le_parse_fixes_esp_bug ... ok
[INFO] [stdout] test modbus::pump::tests::status_and_sensor_request_frames ... ok
[INFO] [stdout] test modbus::pump::tests::status_parse ... ok
[INFO] [stdout] test modbus::pump::tests::stop_and_go_frames ... ok
[INFO] [stdout] test modbus::relay::tests::parse_coil_status_ok ... ok
[INFO] [stdout] test modbus::relay::tests::read_frame_esp_style ... ok
[INFO] [stdout] test modbus::relay::tests::write_single_coil_off ... ok
[INFO] [stdout] test modbus::relay::tests::write_single_coil_r4_on ... ok
[INFO] [stdout] test modbus::rtu::tests::build_request_appends_crc_le ... ok
[INFO] [stdout] test modbus::tests::divert_prefers_measured ... ok
[INFO] [stdout] test modbus::tests::reexports_frame_builders ... ok
[INFO] [stdout] test mqtt::tests::handle_command_noop_still_succeeds ... ok
[INFO] [stdout] test mqtt::tests::parse_command_partial_json ... ok
[INFO] [stdout] test mqtt::tests::parse_command_rejects_non_object ... ok
[INFO] [stdout] test mqtt::tests::parse_command_rejects_oversized_payload ... ok
[INFO] [stdout] test http::tests::status_json_includes_relays_and_temps ... ok
[INFO] [stdout] test mqtt::tests::handle_command_persist_failure_leaves_state_unchanged ... ok
[INFO] [stdout] test mqtt::tests::status_payload_includes_encoded_spd ... ok
[INFO] [stdout] test state::tests::apply_command_noop_when_unchanged ... ok
[INFO] [stdout] test state::tests::mid_object_failure_leaves_state_unchanged ... ok
[INFO] [stdout] test state::tests::partial_command_only_present_keys ... ok
[INFO] [stdout] test state::tests::partial_command_spd_sets_update_pump ... ok
[INFO] [stdout] test state::tests::apply_command_never_clears_dirty_flags ... ok
[INFO] [stdout] test modbus::crc::tests::crc_known_read_coils_request ... ok
[INFO] [stdout] test modbus::crc::tests::crc_rejects_corrupt ... ok
[INFO] [stdout] test persist::tests::load_missing_keeps_defaults ... ok
[INFO] [stdout] test state::tests::migrate_spd_divides_legacy_words ... ok
[INFO] [stdout] test state::tests::r7_switch_clears_active_retains_inactive ... ok
[INFO] [stdout] test state::tests::settle_blocks_writes_then_allows ... ok
[INFO] [stdout] test state::tests::publish_hysteresis_and_clear ... ok
[INFO] [stdout] test state::tests::spd_decode_roundtrip ... ok
[INFO] [stdout] test state::tests::spd_encode_boundaries ... ok
[INFO] [stdout] test state::tests::status_json_relays_from_measured_only ... ok
[INFO] [stdout] test state::tests::status_json_shape_and_keys ... ok
[INFO] [stdout] test temp::convert::tests::reject_celsius_out_of_band ... ok
[INFO] [stdout] test temp::convert::tests::reject_raw_out_of_range ... ok
[INFO] [stdout] test temp::convert::tests::resistance_at_nominal_gives_about_25c ... ok
[INFO] [stdout] test persist::tests::load_migrates_legacy_spd_and_rewrites ... ok
[INFO] [stdout] test state::tests::relay_pack_unpack ... ok
[INFO] [stdout] test state::tests::spd_noop_does_not_set_dirty ... ok
[INFO] [stdout] test state::tests::publish_hint_rpm_is_silent ... ok
[INFO] [stdout] test temp::convert::tests::celsius_to_fahrenheit_25c ... ok
[INFO] [stdout] test state::tests::relay_key_sets_dirty_even_if_unchanged ... ok
[INFO] [stdout] test temp::convert::tests::midrange_raw_converts ... ok
[INFO] [stdout] test temp::ads::tests::mock_average_and_fault ... FAILED
[INFO] [stdout] test temp::convert::tests::average_raw_samples ... ok
[INFO] [stdout] test persist::tests::persistence_roundtrip ... ok
[INFO] [stdout] test http::tests::load_password_hash_parses_web_line ... ok
[INFO] [stdout] test state::tests::active_loop_follows_measured_r7_when_present ... ok
[INFO] [stdout] test state::tests::apply_publish_hint_immediate_vs_silent ... ok
[INFO] [stdout] 
[INFO] [stdout] failures:
[INFO] [stdout] 
[INFO] [stdout] ---- temp::ads::tests::mock_average_and_fault stdout ----
[INFO] [stdout] 
[INFO] [stdout] thread 'temp::ads::tests::mock_average_and_fault' (2838) panicked at src/temp/ads.rs:237:9:
[INFO] [stdout] assertion `left == right` failed
[INFO] [stdout]   left: Open
[INFO] [stdout]  right: Config
[INFO] [stdout] stack backtrace:
[INFO] [stdout]    0:     0x582c07f00565 - <unknown>
[INFO] [stdout]    1:     0x582c07edf78a - <unknown>
[INFO] [stdout]    2:     0x582c07effbfb - <unknown>
[INFO] [stdout]    3:     0x582c07eff6df - <unknown>
[INFO] [stdout]    4:     0x582c07eff30a - <unknown>
[INFO] [stdout]    5:     0x582c07efee42 - <unknown>
[INFO] [stdout]    6:     0x582c07f25ef1 - <unknown>
[INFO] [stdout]    7:     0x582c07f25ea9 - <unknown>
[INFO] [stdout]    8:     0x582c07f263bc - <unknown>
[INFO] [stdout]    9:     0x582c07edf61b - <unknown>
[INFO] [stdout]   10:     0x582c07edf535 - <unknown>
[INFO] [stdout]   11:     0x582c07e98d02 - <unknown>
[INFO] [stdout]   12:     0x582c07ed8da2 - <unknown>
[INFO] [stdout]   13:     0x582c07f43b6b - <unknown>
[INFO] [stdout]   14:     0x582c07f3f17f - <unknown>
[INFO] [stdout]   15:     0x582c07f3ebfc - <unknown>
[INFO] [stdout]   16:     0x582c07f59bec - <unknown>
[INFO] [stdout]   17:     0x582c07f27b42 - <unknown>
[INFO] [stdout]   18:     0x723b685a307a - <unknown>
[INFO] [stdout]   19:     0x723b68636534 - clone
[INFO] [stdout]   20:                0x0 - <unknown>
[INFO] [stdout] 
[INFO] [stdout] 
[INFO] [stdout] failures:
[INFO] [stdout]     temp::ads::tests::mock_average_and_fault
[INFO] [stdout] 
[INFO] [stdout] test result: FAILED. 55 passed; 1 failed; 0 ignored; 0 measured; 0 filtered out; finished in 0.04s
[INFO] [stdout] 
[INFO] [stderr] error: test failed, to rerun pass `--bin rs_pool`
[INFO] running `Command { std: "docker" "inspect" "1af62c71546a70f91493a2468948253233de83bf0c418a28342dfc70fd80dc19", kill_on_drop: false }`
[INFO] running `Command { std: "docker" "rm" "-f" "1af62c71546a70f91493a2468948253233de83bf0c418a28342dfc70fd80dc19", kill_on_drop: false }`
[INFO] [stdout] 1af62c71546a70f91493a2468948253233de83bf0c418a28342dfc70fd80dc19
