[INFO] cloning repository https://github.com/kmnr84/rust-todo
[INFO] running `Command { std: "git" "-c" "credential.helper=" "-c" "credential.helper=/workspace/cargo-home/bin/git-credential-null" "clone" "--bare" "https://github.com/kmnr84/rust-todo" "/workspace/cache/git-repos/https%3A%2F%2Fgithub.com%2Fkmnr84%2Frust-todo", kill_on_drop: false }`
[INFO] [stderr] Cloning into bare repository '/workspace/cache/git-repos/https%3A%2F%2Fgithub.com%2Fkmnr84%2Frust-todo'...
[INFO] running `Command { std: "git" "rev-parse" "HEAD", kill_on_drop: false }`
[INFO] [stdout] 9e304b6a44872be7f12f9a2077241bdca39a7092
[INFO] testing kmnr84/rust-todo against 1.98.0-beta.8+cargoflags=--release for beta-release-1.99-2
[INFO] running `Command { std: "git" "clone" "/workspace/cache/git-repos/https%3A%2F%2Fgithub.com%2Fkmnr84%2Frust-todo" "/workspace/builds/worker-4-tc1/source", kill_on_drop: false }`
[INFO] [stderr] Cloning into '/workspace/builds/worker-4-tc1/source'...
[INFO] [stderr] done.
[INFO] started tweaking git repo https://github.com/kmnr84/rust-todo
[INFO] finished tweaking git repo https://github.com/kmnr84/rust-todo
[INFO] tweaked toml for git repo https://github.com/kmnr84/rust-todo written to /workspace/builds/worker-4-tc1/source/Cargo.toml
[INFO] validating manifest of git repo https://github.com/kmnr84/rust-todo on toolchain 1.98.0-beta.8
[INFO] running `Command { std: CARGO_HOME="/workspace/cargo-home" RUSTUP_HOME="/workspace/rustup-home" "/workspace/cargo-home/bin/cargo" "+1.98.0-beta.8" "metadata" "--manifest-path" "Cargo.toml" "--no-deps", kill_on_drop: false }`
[INFO] crate git repo https://github.com/kmnr84/rust-todo already has a lockfile, it will not be regenerated
[INFO] running `Command { std: CARGO_HOME="/workspace/cargo-home" RUSTUP_HOME="/workspace/rustup-home" "/workspace/cargo-home/bin/cargo" "+1.98.0-beta.8" "fetch" "--manifest-path" "Cargo.toml", kill_on_drop: false }`
[INFO] running `Command { std: "docker" "create" "-v" "/var/lib/crater-agent-workspace/builds/worker-4-tc1/source:/opt/rustwide/workdir:ro,Z" "-v" "/var/lib/crater-agent-workspace/builds/worker-4-tc1/target:/opt/rustwide/target:rw,Z" "-v" "/var/lib/crater-agent-workspace/cargo-home:/opt/rustwide/cargo-home:ro,Z" "-v" "/var/lib/crater-agent-workspace/rustup-home:/opt/rustwide/rustup-home:ro,Z" "-m" "1610612736" "--network" "none" "ghcr.io/rust-lang/crates-build-env/linux@sha256:8683fc1fc2eb5c9ac98e0d076ab094b2ffac7f99da555d2b6a2e27f346de2ec7" "sleep" "infinity", kill_on_drop: false }`
[INFO] [stdout] b79433db95d5f9f71949de55cd0c908ef156400a863134abcb30c4a83514c320
[INFO] running `Command { std: "docker" "start" "b79433db95d5f9f71949de55cd0c908ef156400a863134abcb30c4a83514c320", kill_on_drop: false }`
[INFO] running `Command { std: "docker" "inspect" "b79433db95d5f9f71949de55cd0c908ef156400a863134abcb30c4a83514c320", kill_on_drop: false }`
[INFO] running `Command { std: "docker" "exec" "-e" "SOURCE_DIR=/opt/rustwide/workdir" "-e" "CARGO_HOME=/opt/rustwide/cargo-home" "-e" "RUSTUP_HOME=/opt/rustwide/rustup-home" "-e" "CARGO_TARGET_DIR=/opt/rustwide/target" "-w" "/opt/rustwide/workdir" "--user" "0:0" "b79433db95d5f9f71949de55cd0c908ef156400a863134abcb30c4a83514c320" "/opt/rustwide/cargo-home/bin/cargo" "+1.98.0-beta.8" "metadata" "--no-deps" "--format-version=1", kill_on_drop: false }`
[INFO] running `Command { std: "docker" "inspect" "b79433db95d5f9f71949de55cd0c908ef156400a863134abcb30c4a83514c320", kill_on_drop: false }`
[INFO] running `Command { std: "docker" "exec" "-e" "SOURCE_DIR=/opt/rustwide/workdir" "-e" "CARGO_HOME=/opt/rustwide/cargo-home" "-e" "RUSTUP_HOME=/opt/rustwide/rustup-home" "-e" "CARGO_TARGET_DIR=/opt/rustwide/target" "-e" "CARGO_INCREMENTAL=0" "-e" "RUST_BACKTRACE=full" "-e" "RUSTFLAGS=--cap-lints=warn" "-e" "RUSTDOCFLAGS=--cap-lints=warn" "-w" "/opt/rustwide/workdir" "--user" "0:0" "b79433db95d5f9f71949de55cd0c908ef156400a863134abcb30c4a83514c320" "/opt/rustwide/cargo-home/bin/cargo" "+1.98.0-beta.8" "build" "--frozen" "--message-format=json" "--release", kill_on_drop: false }`
[INFO] [stderr]    Compiling rust-todo v0.1.0 (/opt/rustwide/workdir)
[INFO] [stderr]     Finished `release` profile [optimized] target(s) in 0.62s
[INFO] running `Command { std: "docker" "inspect" "b79433db95d5f9f71949de55cd0c908ef156400a863134abcb30c4a83514c320", kill_on_drop: false }`
[INFO] running `Command { std: "docker" "exec" "-e" "SOURCE_DIR=/opt/rustwide/workdir" "-e" "CARGO_HOME=/opt/rustwide/cargo-home" "-e" "RUSTUP_HOME=/opt/rustwide/rustup-home" "-e" "CARGO_TARGET_DIR=/opt/rustwide/target" "-e" "CARGO_INCREMENTAL=0" "-e" "RUST_BACKTRACE=full" "-e" "RUSTFLAGS=--cap-lints=warn" "-e" "RUSTDOCFLAGS=--cap-lints=warn" "-w" "/opt/rustwide/workdir" "--user" "0:0" "b79433db95d5f9f71949de55cd0c908ef156400a863134abcb30c4a83514c320" "/opt/rustwide/cargo-home/bin/cargo" "+1.98.0-beta.8" "test" "--frozen" "--no-run" "--message-format=json" "--release", kill_on_drop: false }`
[INFO] [stderr]    Compiling rust-todo v0.1.0 (/opt/rustwide/workdir)
[INFO] [stderr]     Finished `release` profile [optimized] target(s) in 0.47s
[INFO] running `Command { std: "docker" "inspect" "b79433db95d5f9f71949de55cd0c908ef156400a863134abcb30c4a83514c320", kill_on_drop: false }`
[INFO] running `Command { std: "docker" "exec" "-e" "SOURCE_DIR=/opt/rustwide/workdir" "-e" "CARGO_HOME=/opt/rustwide/cargo-home" "-e" "RUSTUP_HOME=/opt/rustwide/rustup-home" "-e" "CARGO_TARGET_DIR=/opt/rustwide/target" "-e" "CARGO_INCREMENTAL=0" "-e" "RUST_BACKTRACE=full" "-e" "RUSTFLAGS=--cap-lints=warn" "-e" "RUSTDOCFLAGS=--cap-lints=warn" "-w" "/opt/rustwide/workdir" "--user" "0:0" "b79433db95d5f9f71949de55cd0c908ef156400a863134abcb30c4a83514c320" "/opt/rustwide/cargo-home/bin/cargo" "+1.98.0-beta.8" "test" "--frozen" "--release", kill_on_drop: false }`
[INFO] [stderr]     Finished `release` profile [optimized] target(s) in 0.03s
[INFO] [stderr]      Running unittests src/main.rs (/opt/rustwide/target/release/deps/rust_todo-ac203fe81e3d0bad)
[INFO] [stdout] 
[INFO] [stdout] running 3 tests
[INFO] [stdout] test tests::test_execute_command_add_task ... FAILED
[INFO] [stdout] test tests::test_execute_command_list ... ok
[INFO] [stdout] test tests::test_execute_command_remove_tesk ... FAILED
[INFO] [stdout] 
[INFO] [stdout] failures:
[INFO] [stdout] 
[INFO] [stdout] ---- tests::test_execute_command_add_task stdout ----
[INFO] [stdout] 
[INFO] [stdout] thread 'tests::test_execute_command_add_task' (176) panicked at src/main.rs:116:9:
[INFO] [stdout] assertion failed: execute_command(&args, test_file).is_ok()
[INFO] [stdout] stack backtrace:
[INFO] [stdout]    0:     0x618b62670e21 - <<std[97b98282bc616a66]::sys::backtrace::BacktraceLock>::print::DisplayBacktrace as core[832e9a552fc17241]::fmt::Display>::fmt
[INFO] [stdout]    1:     0x618b62684bca - core[832e9a552fc17241]::fmt::write
[INFO] [stdout]    2:     0x618b626752dc - <alloc[3ecab9f82c41dc7d]::vec::Vec<u8> as std[97b98282bc616a66]::io::Write>::write_fmt
[INFO] [stdout]    3:     0x618b6264f466 - std[97b98282bc616a66]::panicking::default_hook::{closure#0}
[INFO] [stdout]    4:     0x618b62668f69 - std[97b98282bc616a66]::panicking::default_hook
[INFO] [stdout]    5:     0x618b62603ee0 - test[39766f3d73431624]::test_main_inner::<test[39766f3d73431624]::test_main_static::{closure#0}>::{closure#0}
[INFO] [stdout]    6:     0x618b62669122 - std[97b98282bc616a66]::panicking::panic_with_hook
[INFO] [stdout]    7:     0x618b6264f544 - std[97b98282bc616a66]::panicking::panic_handler::{closure#0}
[INFO] [stdout]    8:     0x618b62646db9 - std[97b98282bc616a66]::sys::backtrace::__rust_end_short_backtrace::<std[97b98282bc616a66]::panicking::panic_handler::{closure#0}, !>
[INFO] [stdout]    9:     0x618b6265010d - __rustc[e3d8617bb01b7f69]::rust_begin_unwind
[INFO] [stdout]   10:     0x618b626852fc - core[832e9a552fc17241]::panicking::panic_fmt
[INFO] [stdout]   11:     0x618b626852c2 - core[832e9a552fc17241]::panicking::panic
[INFO] [stdout]   12:     0x618b625f4aed - rust_todo[d14fa62777ab5c81]::tests::test_execute_command_add_task
[INFO] [stdout]   13:     0x618b625f7129 - <rust_todo[d14fa62777ab5c81]::tests::test_execute_command_add_task::{closure#0} as core[832e9a552fc17241]::ops::function::FnOnce<()>>::call_once
[INFO] [stdout]   14:     0x618b625f721b - test[39766f3d73431624]::__rust_begin_short_backtrace::<core[832e9a552fc17241]::result::Result<(), alloc[3ecab9f82c41dc7d]::string::String>, fn() -> core[832e9a552fc17241]::result::Result<(), alloc[3ecab9f82c41dc7d]::string::String>>
[INFO] [stdout]   15:     0x618b62604865 - test[39766f3d73431624]::run_test::{closure#0}
[INFO] [stdout]   16:     0x618b625ff314 - std[97b98282bc616a66]::sys::backtrace::__rust_begin_short_backtrace::<test[39766f3d73431624]::run_test::{closure#1}, ()>
[INFO] [stdout]   17:     0x618b626079b2 - <std[97b98282bc616a66]::thread::lifecycle::spawn_unchecked<test[39766f3d73431624]::run_test::{closure#1}, ()>::{closure#1} as core[832e9a552fc17241]::ops::function::FnOnce<()>>::call_once::{shim:vtable#0}
[INFO] [stdout]   18:     0x618b626706af - <std[97b98282bc616a66]::sys::thread::unix::Thread>::new::thread_start
[INFO] [stdout]   19:     0x735af4eda07a - <unknown>
[INFO] [stdout]   20:     0x735af4f6d534 - clone
[INFO] [stdout]   21:                0x0 - <unknown>
[INFO] [stdout] 
[INFO] [stdout] ---- tests::test_execute_command_remove_tesk stdout ----
[INFO] [stdout] 
[INFO] [stdout] thread 'tests::test_execute_command_remove_tesk' (178) panicked at src/main.rs:145:9:
[INFO] [stdout] assertion failed: execute_command(&add_args_1, test_file).is_ok()
[INFO] [stdout] stack backtrace:
[INFO] [stdout]    0:     0x618b62670e21 - <<std[97b98282bc616a66]::sys::backtrace::BacktraceLock>::print::DisplayBacktrace as core[832e9a552fc17241]::fmt::Display>::fmt
[INFO] [stdout]    1:     0x618b62684bca - core[832e9a552fc17241]::fmt::write
[INFO] [stdout]    2:     0x618b626752dc - <alloc[3ecab9f82c41dc7d]::vec::Vec<u8> as std[97b98282bc616a66]::io::Write>::write_fmt
[INFO] [stdout]    3:     0x618b6264f466 - std[97b98282bc616a66]::panicking::default_hook::{closure#0}
[INFO] [stdout]    4:     0x618b62668f69 - std[97b98282bc616a66]::panicking::default_hook
[INFO] [stdout]    5:     0x618b62603ee0 - test[39766f3d73431624]::test_main_inner::<test[39766f3d73431624]::test_main_static::{closure#0}>::{closure#0}
[INFO] [stdout]    6:     0x618b62669122 - std[97b98282bc616a66]::panicking::panic_with_hook
[INFO] [stdout]    7:     0x618b6264f544 - std[97b98282bc616a66]::panicking::panic_handler::{closure#0}
[INFO] [stdout]    8:     0x618b62646db9 - std[97b98282bc616a66]::sys::backtrace::__rust_end_short_backtrace::<std[97b98282bc616a66]::panicking::panic_handler::{closure#0}, !>
[INFO] [stdout]    9:     0x618b6265010d - __rustc[e3d8617bb01b7f69]::rust_begin_unwind
[INFO] [stdout]   10:     0x618b626852fc - core[832e9a552fc17241]::panicking::panic_fmt
[INFO] [stdout]   11:     0x618b626852c2 - core[832e9a552fc17241]::panicking::panic
[INFO] [stdout]   12:     0x618b625f553f - rust_todo[d14fa62777ab5c81]::tests::test_execute_command_remove_tesk
[INFO] [stdout]   13:     0x618b625f7149 - <rust_todo[d14fa62777ab5c81]::tests::test_execute_command_remove_tesk::{closure#0} as core[832e9a552fc17241]::ops::function::FnOnce<()>>::call_once
[INFO] [stdout]   14:     0x618b625f721b - test[39766f3d73431624]::__rust_begin_short_backtrace::<core[832e9a552fc17241]::result::Result<(), alloc[3ecab9f82c41dc7d]::string::String>, fn() -> core[832e9a552fc17241]::result::Result<(), alloc[3ecab9f82c41dc7d]::string::String>>
[INFO] [stdout]   15:     0x618b62604865 - test[39766f3d73431624]::run_test::{closure#0}
[INFO] [stdout]   16:     0x618b625ff314 - std[97b98282bc616a66]::sys::backtrace::__rust_begin_short_backtrace::<test[39766f3d73431624]::run_test::{closure#1}, ()>
[INFO] [stdout]   17:     0x618b626079b2 - <std[97b98282bc616a66]::thread::lifecycle::spawn_unchecked<test[39766f3d73431624]::run_test::{closure#1}, ()>::{closure#1} as core[832e9a552fc17241]::ops::function::FnOnce<()>>::call_once::{shim:vtable#0}
[INFO] [stdout]   18:     0x618b626706af - <std[97b98282bc616a66]::sys::thread::unix::Thread>::new::thread_start
[INFO] [stderr] error: test failed, to rerun pass `--bin rust-todo`
[INFO] [stdout]   19:     0x735af4eda07a - <unknown>
[INFO] [stdout]   20:     0x735af4f6d534 - clone
[INFO] [stdout]   21:                0x0 - <unknown>
[INFO] [stdout] 
[INFO] [stdout] 
[INFO] [stdout] failures:
[INFO] [stdout]     tests::test_execute_command_add_task
[INFO] [stdout]     tests::test_execute_command_remove_tesk
[INFO] [stdout] 
[INFO] [stdout] test result: FAILED. 1 passed; 2 failed; 0 ignored; 0 measured; 0 filtered out; finished in 0.00s
[INFO] [stdout] 
[INFO] running `Command { std: "docker" "inspect" "b79433db95d5f9f71949de55cd0c908ef156400a863134abcb30c4a83514c320", kill_on_drop: false }`
[INFO] running `Command { std: "docker" "rm" "-f" "b79433db95d5f9f71949de55cd0c908ef156400a863134abcb30c4a83514c320", kill_on_drop: false }`
[INFO] [stdout] b79433db95d5f9f71949de55cd0c908ef156400a863134abcb30c4a83514c320
