[INFO] cloning repository https://github.com/kjuulh/dagger-sdk
[INFO] running `Command { std: "git" "-c" "credential.helper=" "-c" "credential.helper=/workspace/cargo-home/bin/git-credential-null" "clone" "--bare" "https://github.com/kjuulh/dagger-sdk" "/workspace/cache/git-repos/https%3A%2F%2Fgithub.com%2Fkjuulh%2Fdagger-sdk", kill_on_drop: false }`
[INFO] [stderr] Cloning into bare repository '/workspace/cache/git-repos/https%3A%2F%2Fgithub.com%2Fkjuulh%2Fdagger-sdk'...
[INFO] running `Command { std: "git" "rev-parse" "HEAD", kill_on_drop: false }`
[INFO] [stdout] 39693774e3336683f10977e210d58197f003368c
[INFO] testing kjuulh/dagger-sdk against 1.99.0-beta.1+cargoflags=--release for beta-release-1.99-2
[INFO] running `Command { std: "git" "clone" "/workspace/cache/git-repos/https%3A%2F%2Fgithub.com%2Fkjuulh%2Fdagger-sdk" "/workspace/builds/worker-3-tc2/source", kill_on_drop: false }`
[INFO] [stderr] Cloning into '/workspace/builds/worker-3-tc2/source'...
[INFO] [stderr] done.
[INFO] started tweaking git repo https://github.com/kjuulh/dagger-sdk
[INFO] finished tweaking git repo https://github.com/kjuulh/dagger-sdk
[INFO] tweaked toml for git repo https://github.com/kjuulh/dagger-sdk written to /workspace/builds/worker-3-tc2/source/Cargo.toml
[INFO] validating manifest of git repo https://github.com/kjuulh/dagger-sdk on toolchain 1.99.0-beta.1
[INFO] running `Command { std: CARGO_HOME="/workspace/cargo-home" RUSTUP_HOME="/workspace/rustup-home" "/workspace/cargo-home/bin/cargo" "+1.99.0-beta.1" "metadata" "--manifest-path" "Cargo.toml" "--no-deps", kill_on_drop: false }`
[INFO] crate git repo https://github.com/kjuulh/dagger-sdk already has a lockfile, it will not be regenerated
[INFO] running `Command { std: CARGO_HOME="/workspace/cargo-home" RUSTUP_HOME="/workspace/rustup-home" "/workspace/cargo-home/bin/cargo" "+1.99.0-beta.1" "fetch" "--manifest-path" "Cargo.toml", kill_on_drop: false }`
[INFO] [stderr] warning: virtual workspace defaulting to `resolver = "1"` despite one or more workspace members being on edition 2021 which implies `resolver = "2"`
[INFO] [stderr]   |
[INFO] [stderr]   = note: to keep the current resolver, specify `workspace.resolver = "1"` in the workspace root's manifest
[INFO] [stderr]   = note: to use the edition 2021 resolver, specify `workspace.resolver = "2"` in the workspace root's manifest
[INFO] [stderr]   = note: for more details see https://doc.rust-lang.org/cargo/reference/resolver.html#resolver-versions
[INFO] [stderr] warning: crates/dagger-sdk/Cargo.toml: unused manifest key: dependencies.dagger-core.version
[INFO] [stderr] warning: `dagger-sdk` (manifest) generated 1 warning
[INFO] running `Command { std: "docker" "create" "-v" "/var/lib/crater-agent-workspace/builds/worker-3-tc2/source:/opt/rustwide/workdir:ro,Z" "-v" "/var/lib/crater-agent-workspace/builds/worker-3-tc2/target:/opt/rustwide/target:rw,Z" "-v" "/var/lib/crater-agent-workspace/cargo-home:/opt/rustwide/cargo-home:ro,Z" "-v" "/var/lib/crater-agent-workspace/rustup-home:/opt/rustwide/rustup-home:ro,Z" "-m" "1610612736" "--network" "none" "ghcr.io/rust-lang/crates-build-env/linux@sha256:8683fc1fc2eb5c9ac98e0d076ab094b2ffac7f99da555d2b6a2e27f346de2ec7" "sleep" "infinity", kill_on_drop: false }`
[INFO] [stdout] 77750ec44ab0e7d4f27b41c2c769e671089e36b7aa80a57f6d39aba8157fe74b
[INFO] running `Command { std: "docker" "start" "77750ec44ab0e7d4f27b41c2c769e671089e36b7aa80a57f6d39aba8157fe74b", kill_on_drop: false }`
[INFO] running `Command { std: "docker" "inspect" "77750ec44ab0e7d4f27b41c2c769e671089e36b7aa80a57f6d39aba8157fe74b", kill_on_drop: false }`
[INFO] running `Command { std: "docker" "exec" "-e" "SOURCE_DIR=/opt/rustwide/workdir" "-e" "CARGO_HOME=/opt/rustwide/cargo-home" "-e" "RUSTUP_HOME=/opt/rustwide/rustup-home" "-e" "CARGO_TARGET_DIR=/opt/rustwide/target" "-w" "/opt/rustwide/workdir" "--user" "0:0" "77750ec44ab0e7d4f27b41c2c769e671089e36b7aa80a57f6d39aba8157fe74b" "/opt/rustwide/cargo-home/bin/cargo" "+1.99.0-beta.1" "metadata" "--no-deps" "--format-version=1", kill_on_drop: false }`
[INFO] running `Command { std: "docker" "inspect" "77750ec44ab0e7d4f27b41c2c769e671089e36b7aa80a57f6d39aba8157fe74b", kill_on_drop: false }`
[INFO] running `Command { std: "docker" "exec" "-e" "SOURCE_DIR=/opt/rustwide/workdir" "-e" "CARGO_HOME=/opt/rustwide/cargo-home" "-e" "RUSTUP_HOME=/opt/rustwide/rustup-home" "-e" "CARGO_TARGET_DIR=/opt/rustwide/target" "-e" "CARGO_INCREMENTAL=0" "-e" "RUST_BACKTRACE=full" "-e" "RUSTFLAGS=--cap-lints=warn" "-e" "RUSTDOCFLAGS=--cap-lints=warn" "-w" "/opt/rustwide/workdir" "--user" "0:0" "77750ec44ab0e7d4f27b41c2c769e671089e36b7aa80a57f6d39aba8157fe74b" "/opt/rustwide/cargo-home/bin/cargo" "+1.99.0-beta.1" "build" "--frozen" "--message-format=json" "--release", kill_on_drop: false }`
[INFO] [stderr] warning: virtual workspace defaulting to `resolver = "1"` despite one or more workspace members being on edition 2021 which implies `resolver = "2"`
[INFO] [stderr]   |
[INFO] [stderr]   = note: to keep the current resolver, specify `workspace.resolver = "1"` in the workspace root's manifest
[INFO] [stderr]   = note: to use the edition 2021 resolver, specify `workspace.resolver = "2"` in the workspace root's manifest
[INFO] [stderr]   = note: for more details see https://doc.rust-lang.org/cargo/reference/resolver.html#resolver-versions
[INFO] [stderr] warning: crates/dagger-sdk/Cargo.toml: unused manifest key: dependencies.dagger-core.version
[INFO] [stderr] warning: `dagger-sdk` (manifest) generated 1 warning
[INFO] [stderr]    Compiling proc-macro2 v1.0.56
[INFO] [stderr]    Compiling unicode-ident v1.0.8
[INFO] [stderr]    Compiling quote v1.0.26
[INFO] [stderr]    Compiling libc v0.2.142
[INFO] [stderr]    Compiling cfg-if v1.0.0
[INFO] [stderr]    Compiling once_cell v1.17.1
[INFO] [stderr]    Compiling log v0.4.17
[INFO] [stderr]    Compiling memchr v2.5.0
[INFO] [stderr]    Compiling pin-project-lite v0.2.9
[INFO] [stderr]    Compiling cc v1.0.79
[INFO] [stderr]    Compiling smallvec v1.10.0
[INFO] [stderr]    Compiling syn v1.0.109
[INFO] [stderr]    Compiling serde v1.0.160
[INFO] [stderr]    Compiling tracing-core v0.1.30
[INFO] [stderr]    Compiling serde_derive v1.0.160
[INFO] [stderr]    Compiling futures-core v0.3.28
[INFO] [stderr]    Compiling lock_api v0.4.9
[INFO] [stderr]    Compiling parking_lot_core v0.9.7
[INFO] [stderr]    Compiling slab v0.4.8
[INFO] [stderr]    Compiling futures-task v0.3.28
[INFO] [stderr]    Compiling bytes v1.4.0
[INFO] [stderr]    Compiling futures-sink v0.3.28
[INFO] [stderr]    Compiling scopeguard v1.1.0
[INFO] [stderr]    Compiling futures-channel v0.3.28
[INFO] [stderr]    Compiling tokio v1.27.0
[INFO] [stderr]    Compiling ring v0.16.20
[INFO] [stderr]    Compiling untrusted v0.7.1
[INFO] [stderr]    Compiling futures-util v0.3.28
[INFO] [stderr]    Compiling syn v2.0.15
[INFO] [stderr]    Compiling itoa v1.0.6
[INFO] [stderr]    Compiling spin v0.5.2
[INFO] [stderr]    Compiling socket2 v0.4.9
[INFO] [stderr]    Compiling num_cpus v1.15.0
[INFO] [stderr]    Compiling parking_lot v0.12.1
[INFO] [stderr]    Compiling mio v0.8.6
[INFO] [stderr]    Compiling signal-hook-registry v1.4.1
[INFO] [stderr]    Compiling pin-utils v0.1.0
[INFO] [stderr]    Compiling futures-io v0.3.28
[INFO] [stderr]    Compiling serde_json v1.0.96
[INFO] [stderr]    Compiling io-lifetimes v1.0.10
[INFO] [stderr]    Compiling thiserror v1.0.40
[INFO] [stderr]    Compiling indexmap v1.9.3
[INFO] [stderr]    Compiling version_check v0.9.4
[INFO] [stderr]    Compiling fnv v1.0.7
[INFO] [stderr]    Compiling typenum v1.16.0
[INFO] [stderr]    Compiling rustix v0.37.14
[INFO] [stderr]    Compiling http v0.2.9
[INFO] [stderr]    Compiling generic-array v0.14.7
[INFO] [stderr]    Compiling tinyvec_macros v0.1.1
[INFO] [stderr]    Compiling linux-raw-sys v0.3.4
[INFO] [stderr]    Compiling httparse v1.8.0
[INFO] [stderr]    Compiling void v1.0.2
[INFO] [stderr]    Compiling bitflags v1.3.2
[INFO] [stderr]    Compiling regex-syntax v0.6.29
[INFO] [stderr]    Compiling rustls v0.20.8
[INFO] [stderr]    Compiling hashbrown v0.12.3
[INFO] [stderr]    Compiling unreachable v1.0.0
[INFO] [stderr]    Compiling tinyvec v1.6.0
[INFO] [stderr]    Compiling percent-encoding v2.2.0
[INFO] [stderr]    Compiling ascii v0.9.3
[INFO] [stderr]    Compiling either v1.8.1
[INFO] [stderr]    Compiling regex-automata v0.1.10
[INFO] [stderr]    Compiling try-lock v0.2.4
[INFO] [stderr]    Compiling overload v0.1.1
[INFO] [stderr]    Compiling byteorder v1.4.3
[INFO] [stderr]    Compiling regex-syntax v0.7.1
[INFO] [stderr]    Compiling combine v3.8.1
[INFO] [stderr]    Compiling nu-ansi-term v0.46.0
[INFO] [stderr]    Compiling matchers v0.1.0
[INFO] [stderr]    Compiling want v0.3.0
[INFO] [stderr]    Compiling form_urlencoded v1.1.0
[INFO] [stderr]    Compiling tracing-attributes v0.1.24
[INFO] [stderr]    Compiling futures-macro v0.3.28
[INFO] [stderr]    Compiling tokio-macros v2.0.0
[INFO] [stderr]    Compiling tracing v0.1.37
[INFO] [stderr]    Compiling webpki v0.22.0
[INFO] [stderr]    Compiling thiserror-impl v1.0.40
[INFO] [stderr]    Compiling sct v0.7.0
[INFO] [stderr]    Compiling regex v1.8.1
[INFO] [stderr]    Compiling unicode-normalization v0.1.22
[INFO] [stderr]    Compiling http-body v0.4.5
[INFO] [stderr]    Compiling sharded-slab v0.1.4
[INFO] [stderr]    Compiling tracing-log v0.1.3
[INFO] [stderr]    Compiling thread_local v1.1.7
[INFO] [stderr]    Compiling ryu v1.0.13
[INFO] [stderr]    Compiling tokio-util v0.7.7
[INFO] [stderr]    Compiling adler v1.0.2
[INFO] [stderr]    Compiling httpdate v1.0.2
[INFO] [stderr]    Compiling unicode-bidi v0.3.13
[INFO] [stderr]    Compiling tower-service v0.3.2
[INFO] [stderr]    Compiling graphql-introspection-query v0.2.0
[INFO] [stderr]    Compiling h2 v0.3.18
[INFO] [stderr]    Compiling idna v0.3.0
[INFO] [stderr]    Compiling miniz_oxide v0.6.2
[INFO] [stderr]    Compiling tokio-rustls v0.23.4
[INFO] [stderr]    Compiling tracing-subscriber v0.3.17
[INFO] [stderr]    Compiling graphql-parser v0.4.0
[INFO] [stderr]    Compiling base64 v0.21.0
[INFO] [stderr]    Compiling heck v0.4.1
[INFO] [stderr]    Compiling strsim v0.10.0
[INFO] [stderr]    Compiling ident_case v1.0.1
[INFO] [stderr]    Compiling lazy_static v1.4.0
[INFO] [stderr]    Compiling eyre v0.6.8
[INFO] [stderr]    Compiling crc32fast v1.3.2
[INFO] [stderr]    Compiling darling_core v0.14.4
[INFO] [stderr]    Compiling rustls-pemfile v1.0.2
[INFO] [stderr]    Compiling url v2.3.1
[INFO] [stderr]    Compiling graphql_client_codegen v0.12.0
[INFO] [stderr]    Compiling serde_urlencoded v0.7.1
[INFO] [stderr]    Compiling block-buffer v0.10.4
[INFO] [stderr]    Compiling crypto-common v0.1.6
[INFO] [stderr]    Compiling webpki-roots v0.22.6
[INFO] [stderr]    Compiling encoding_rs v0.8.32
[INFO] [stderr]    Compiling ipnet v2.7.2
[INFO] [stderr]    Compiling indenter v0.3.3
[INFO] [stderr]    Compiling hyper v0.14.26
[INFO] [stderr]    Compiling async-trait v0.1.68
[INFO] [stderr]    Compiling mime v0.3.17
[INFO] [stderr]    Compiling digest v0.10.6
[INFO] [stderr]    Compiling darling_macro v0.14.4
[INFO] [stderr]    Compiling filetime v0.2.21
[INFO] [stderr]    Compiling xattr v0.2.3
[INFO] [stderr]    Compiling dirs-sys v0.3.7
[INFO] [stderr]    Compiling fastrand v1.9.0
[INFO] [stderr]    Compiling cpufeatures v0.2.7
[INFO] [stderr]    Compiling utf8parse v0.2.1
[INFO] [stderr]    Compiling anstyle-parse v0.2.0
[INFO] [stderr]    Compiling tempfile v3.5.0
[INFO] [stderr]    Compiling dirs v4.0.0
[INFO] [stderr]    Compiling sha2 v0.10.6
[INFO] [stderr]    Compiling tar v0.4.38
[INFO] [stderr]    Compiling flate2 v1.0.25
[INFO] [stderr]    Compiling hyper-rustls v0.23.2
[INFO] [stderr]    Compiling graphql_query_derive v0.12.0
[INFO] [stderr]    Compiling reqwest v0.11.16
[INFO] [stderr]    Compiling darling v0.14.4
[INFO] [stderr]    Compiling is-terminal v0.4.7
[INFO] [stderr]    Compiling platform-info v1.0.2
[INFO] [stderr]    Compiling backtrace v0.3.67
[INFO] [stderr]    Compiling gimli v0.27.2
[INFO] [stderr]    Compiling hex v0.4.3
[INFO] [stderr]    Compiling hex-literal v0.3.4
[INFO] [stderr]    Compiling colorchoice v1.0.0
[INFO] [stderr]    Compiling anstyle v1.0.0
[INFO] [stderr]    Compiling anstyle-query v1.0.0
[INFO] [stderr]    Compiling derive_builder_core v0.12.0
[INFO] [stderr]    Compiling tracing-error v0.2.0
[INFO] [stderr]    Compiling anstream v0.3.1
[INFO] [stderr]    Compiling object v0.30.3
[INFO] [stderr]    Compiling owo-colors v3.5.0
[INFO] [stderr]    Compiling clap_lex v0.4.1
[INFO] [stderr]    Compiling rustc-demangle v0.1.23
[INFO] [stderr]    Compiling derive_builder_macro v0.12.0
[INFO] [stderr]    Compiling graphql_client v0.12.0
[INFO] [stderr]    Compiling clap_builder v4.2.4
[INFO] [stderr]    Compiling dagger-core v0.2.11 (/opt/rustwide/workdir/crates/dagger-core)
[INFO] [stderr]    Compiling color-spantrace v0.2.0
[INFO] [stdout] warning: trailing semicolon in macro used in expression position
[INFO] [stdout]    --> crates/dagger-core/src/downloader.rs:148:13
[INFO] [stdout]     |
[INFO] [stdout] 148 |             eyre::bail!("downloaded CLI binary checksum doesn't match checksum from checksums.txt")
[INFO] [stdout]     |             ^^^^^^^^^^^^^^^^^^^^^^^^^^^^^^^^^^^^^^^^^^^^^^^^^^^^^^^^^^^^^^^^^^^^^^^^^^^^^^^^^^^^^^^
[INFO] [stdout]     |
[INFO] [stdout]     = note: macro invocations at the end of a block are treated as expressions
[INFO] [stdout]     = note: to ignore the value produced by the macro, add a semicolon after the invocation of `bail`
[INFO] [stdout]     = warning: this was previously accepted by the compiler but is being phased out; it will become a hard error in a future release!
[INFO] [stdout]     = note: for more information, see issue #79813 <https://github.com/rust-lang/rust/issues/79813>
[INFO] [stdout] note: the lint level is defined here
[INFO] [stdout]    --> crates/dagger-core/src/lib.rs:1:9
[INFO] [stdout]     |
[INFO] [stdout]   1 | #![deny(warnings)]
[INFO] [stdout]     |         ^^^^^^^^
[INFO] [stdout]     = note: `#[warn(semicolon_in_expressions_from_non_local_macros)]` implied by `#[warn(warnings)]`
[INFO] [stdout]     = note: this warning originates in the macro `eyre::bail` (in Nightly builds, run with -Z macro-backtrace for more info)
[INFO] [stdout] 
[INFO] [stdout] 
[INFO] [stdout] warning: trailing semicolon in macro used in expression position
[INFO] [stdout]    --> crates/dagger-core/src/downloader.rs:183:9
[INFO] [stdout]     |
[INFO] [stdout] 183 |         eyre::bail!("could not find a matching version or binary in checksums.txt")
[INFO] [stdout]     |         ^^^^^^^^^^^^^^^^^^^^^^^^^^^^^^^^^^^^^^^^^^^^^^^^^^^^^^^^^^^^^^^^^^^^^^^^^^^
[INFO] [stdout]     |
[INFO] [stdout]     = note: macro invocations at the end of a block are treated as expressions
[INFO] [stdout]     = note: to ignore the value produced by the macro, add a semicolon after the invocation of `bail`
[INFO] [stdout]     = warning: this was previously accepted by the compiler but is being phased out; it will become a hard error in a future release!
[INFO] [stdout]     = note: for more information, see issue #79813 <https://github.com/rust-lang/rust/issues/79813>
[INFO] [stdout]     = note: this warning originates in the macro `eyre::bail` (in Nightly builds, run with -Z macro-backtrace for more info)
[INFO] [stdout] 
[INFO] [stdout] 
[INFO] [stdout] warning: trailing semicolon in macro used in expression position
[INFO] [stdout]    --> crates/dagger-core/src/downloader.rs:220:9
[INFO] [stdout]     |
[INFO] [stdout] 220 |         eyre::bail!("could not find a matching file")
[INFO] [stdout]     |         ^^^^^^^^^^^^^^^^^^^^^^^^^^^^^^^^^^^^^^^^^^^^^
[INFO] [stdout]     |
[INFO] [stdout]     = note: macro invocations at the end of a block are treated as expressions
[INFO] [stdout]     = note: to ignore the value produced by the macro, add a semicolon after the invocation of `bail`
[INFO] [stdout]     = warning: this was previously accepted by the compiler but is being phased out; it will become a hard error in a future release!
[INFO] [stdout]     = note: for more information, see issue #79813 <https://github.com/rust-lang/rust/issues/79813>
[INFO] [stdout]     = note: this warning originates in the macro `eyre::bail` (in Nightly builds, run with -Z macro-backtrace for more info)
[INFO] [stdout] 
[INFO] [stdout] 
[INFO] [stderr]    Compiling futures-executor v0.3.28
[INFO] [stderr]    Compiling genco-macros v0.17.5
[INFO] [stderr]    Compiling relative-path v1.8.0
[INFO] [stderr]    Compiling addr2line v0.19.0
[INFO] [stderr]    Compiling unicode-segmentation v1.10.1
[INFO] [stdout] warning: field `0` is never read
[INFO] [stdout]   --> crates/dagger-core/src/lib.rs:17:19
[INFO] [stdout]    |
[INFO] [stdout] 17 | pub struct Scalar(String);
[INFO] [stdout]    |            ------ ^^^^^^
[INFO] [stdout]    |            |
[INFO] [stdout]    |            field in this struct
[INFO] [stdout]    |
[INFO] [stdout]    = help: consider removing this field
[INFO] [stdout]    = note: `#[warn(dead_code)]` implied by `#[warn(warnings)]`
[INFO] [stdout] 
[INFO] [stdout] 
[INFO] [stdout] warning: field `0` is never read
[INFO] [stdout]   --> crates/dagger-core/src/lib.rs:19:20
[INFO] [stdout]    |
[INFO] [stdout] 19 | pub struct Boolean(bool);
[INFO] [stdout]    |            ------- ^^^^
[INFO] [stdout]    |            |
[INFO] [stdout]    |            field in this struct
[INFO] [stdout]    |
[INFO] [stdout]    = help: consider removing this field
[INFO] [stdout] 
[INFO] [stdout] 
[INFO] [stdout] warning: field `0` is never read
[INFO] [stdout]   --> crates/dagger-core/src/lib.rs:21:16
[INFO] [stdout]    |
[INFO] [stdout] 21 | pub struct Int(isize);
[INFO] [stdout]    |            --- ^^^^^
[INFO] [stdout]    |            |
[INFO] [stdout]    |            field in this struct
[INFO] [stdout]    |
[INFO] [stdout]    = help: consider removing this field
[INFO] [stdout] 
[INFO] [stdout] 
[INFO] [stdout] warning: struct `IntrospectionQuery` is never constructed
[INFO] [stdout]   --> crates/dagger-core/src/session.rs:16:8
[INFO] [stdout]    |
[INFO] [stdout] 16 | struct IntrospectionQuery;
[INFO] [stdout]    |        ^^^^^^^^^^^^^^^^^^
[INFO] [stdout] 
[INFO] [stdout] 
[INFO] [stderr]    Compiling genco v0.17.5
[INFO] [stderr]    Compiling itertools v0.10.5
[INFO] [stderr]    Compiling convert_case v0.6.0
[INFO] [stderr]    Compiling futures v0.3.28
[INFO] [stderr]    Compiling derive_builder v0.12.0
[INFO] [stderr]    Compiling clap v4.2.4
[INFO] [stderr]    Compiling dagger-sdk v0.2.22 (/opt/rustwide/workdir/crates/dagger-sdk)
[INFO] [stderr]    Compiling color-eyre v0.6.2
[INFO] [stderr]    Compiling dagger-codegen v0.2.8 (/opt/rustwide/workdir/crates/dagger-codegen)
[INFO] [stdout] warning: trait `FormatTypeRefs` is never used
[INFO] [stdout]   --> crates/dagger-codegen/src/generator.rs:11:11
[INFO] [stdout]    |
[INFO] [stdout] 11 | pub trait FormatTypeRefs {
[INFO] [stdout]    |           ^^^^^^^^^^^^^^
[INFO] [stdout]    |
[INFO] [stdout] note: the lint level is defined here
[INFO] [stdout]   --> crates/dagger-codegen/src/lib.rs:1:9
[INFO] [stdout]    |
[INFO] [stdout]  1 | #![deny(warnings)]
[INFO] [stdout]    |         ^^^^^^^^
[INFO] [stdout]    = note: `#[warn(dead_code)]` implied by `#[warn(warnings)]`
[INFO] [stdout] 
[INFO] [stdout] 
[INFO] [stderr]    Compiling dagger-bootstrap v0.2.10 (/opt/rustwide/workdir/crates/dagger-bootstrap)
[INFO] [stderr]    Compiling ci v0.1.0 (/opt/rustwide/workdir/ci)
[INFO] [stdout] warning: trailing semicolon in macro used in expression position
[INFO] [stdout]   --> crates/dagger-bootstrap/src/cli.rs:21:18
[INFO] [stdout]    |
[INFO] [stdout] 21 |             _ => eyre::bail!("command missing"),
[INFO] [stdout]    |                  ^^^^^^^^^^^^^^^^^^^^^^^^^^^^^^
[INFO] [stdout]    |
[INFO] [stdout]    = warning: this was previously accepted by the compiler but is being phased out; it will become a hard error in a future release!
[INFO] [stdout]    = note: for more information, see issue #79813 <https://github.com/rust-lang/rust/issues/79813>
[INFO] [stdout]    = note: `#[warn(semicolon_in_expressions_from_non_local_macros)]` (part of `#[warn(future_incompatible)]`) on by default
[INFO] [stdout]    = note: this warning originates in the macro `eyre::bail` (in Nightly builds, run with -Z macro-backtrace for more info)
[INFO] [stdout] 
[INFO] [stdout] 
[INFO] [stderr]     Finished `release` profile [optimized] target(s) in 5m 00s
[INFO] [stderr] warning: the following packages contain code that will be rejected by a future version of Rust: dagger-bootstrap v0.2.10 (/opt/rustwide/workdir/crates/dagger-bootstrap), dagger-core v0.2.11 (/opt/rustwide/workdir/crates/dagger-core)
[INFO] [stderr] note: to see what the problems were, use the option `--future-incompat-report`, or run `cargo report future-incompatibilities --id 1`
[INFO] running `Command { std: "docker" "inspect" "77750ec44ab0e7d4f27b41c2c769e671089e36b7aa80a57f6d39aba8157fe74b", kill_on_drop: false }`
[INFO] running `Command { std: "docker" "exec" "-e" "SOURCE_DIR=/opt/rustwide/workdir" "-e" "CARGO_HOME=/opt/rustwide/cargo-home" "-e" "RUSTUP_HOME=/opt/rustwide/rustup-home" "-e" "CARGO_TARGET_DIR=/opt/rustwide/target" "-e" "CARGO_INCREMENTAL=0" "-e" "RUST_BACKTRACE=full" "-e" "RUSTFLAGS=--cap-lints=warn" "-e" "RUSTDOCFLAGS=--cap-lints=warn" "-w" "/opt/rustwide/workdir" "--user" "0:0" "77750ec44ab0e7d4f27b41c2c769e671089e36b7aa80a57f6d39aba8157fe74b" "/opt/rustwide/cargo-home/bin/cargo" "+1.99.0-beta.1" "test" "--frozen" "--no-run" "--message-format=json" "--release", kill_on_drop: false }`
[INFO] [stderr] warning: virtual workspace defaulting to `resolver = "1"` despite one or more workspace members being on edition 2021 which implies `resolver = "2"`
[INFO] [stderr]   |
[INFO] [stderr]   = note: to keep the current resolver, specify `workspace.resolver = "1"` in the workspace root's manifest
[INFO] [stderr]   = note: to use the edition 2021 resolver, specify `workspace.resolver = "2"` in the workspace root's manifest
[INFO] [stderr]   = note: for more details see https://doc.rust-lang.org/cargo/reference/resolver.html#resolver-versions
[INFO] [stderr] warning: crates/dagger-sdk/Cargo.toml: unused manifest key: dependencies.dagger-core.version
[INFO] [stderr] warning: `dagger-sdk` (manifest) generated 1 warning
[INFO] [stdout] warning: trailing semicolon in macro used in expression position
[INFO] [stdout]    --> crates/dagger-core/src/downloader.rs:148:13
[INFO] [stdout]     |
[INFO] [stdout] 148 |             eyre::bail!("downloaded CLI binary checksum doesn't match checksum from checksums.txt")
[INFO] [stdout]     |             ^^^^^^^^^^^^^^^^^^^^^^^^^^^^^^^^^^^^^^^^^^^^^^^^^^^^^^^^^^^^^^^^^^^^^^^^^^^^^^^^^^^^^^^
[INFO] [stdout]     |
[INFO] [stdout]     = note: macro invocations at the end of a block are treated as expressions
[INFO] [stdout]     = note: to ignore the value produced by the macro, add a semicolon after the invocation of `bail`
[INFO] [stdout]     = warning: this was previously accepted by the compiler but is being phased out; it will become a hard error in a future release!
[INFO] [stdout]     = note: for more information, see issue #79813 <https://github.com/rust-lang/rust/issues/79813>
[INFO] [stdout] note: the lint level is defined here
[INFO] [stdout]    --> crates/dagger-core/src/lib.rs:1:9
[INFO] [stdout]     |
[INFO] [stdout]   1 | #![deny(warnings)]
[INFO] [stdout]     |         ^^^^^^^^
[INFO] [stdout]     = note: `#[warn(semicolon_in_expressions_from_non_local_macros)]` implied by `#[warn(warnings)]`
[INFO] [stdout]     = note: this warning originates in the macro `eyre::bail` (in Nightly builds, run with -Z macro-backtrace for more info)
[INFO] [stdout] 
[INFO] [stdout] 
[INFO] [stdout] warning: trailing semicolon in macro used in expression position
[INFO] [stdout]    --> crates/dagger-core/src/downloader.rs:183:9
[INFO] [stdout]     |
[INFO] [stdout] 183 |         eyre::bail!("could not find a matching version or binary in checksums.txt")
[INFO] [stdout]     |         ^^^^^^^^^^^^^^^^^^^^^^^^^^^^^^^^^^^^^^^^^^^^^^^^^^^^^^^^^^^^^^^^^^^^^^^^^^^
[INFO] [stdout]     |
[INFO] [stdout]     = note: macro invocations at the end of a block are treated as expressions
[INFO] [stdout]     = note: to ignore the value produced by the macro, add a semicolon after the invocation of `bail`
[INFO] [stdout]     = warning: this was previously accepted by the compiler but is being phased out; it will become a hard error in a future release!
[INFO] [stdout]     = note: for more information, see issue #79813 <https://github.com/rust-lang/rust/issues/79813>
[INFO] [stdout]     = note: this warning originates in the macro `eyre::bail` (in Nightly builds, run with -Z macro-backtrace for more info)
[INFO] [stdout] 
[INFO] [stdout] 
[INFO] [stdout] warning: trailing semicolon in macro used in expression position
[INFO] [stdout]    --> crates/dagger-core/src/downloader.rs:220:9
[INFO] [stdout]     |
[INFO] [stdout] 220 |         eyre::bail!("could not find a matching file")
[INFO] [stdout]     |         ^^^^^^^^^^^^^^^^^^^^^^^^^^^^^^^^^^^^^^^^^^^^^
[INFO] [stdout]     |
[INFO] [stdout]     = note: macro invocations at the end of a block are treated as expressions
[INFO] [stdout]     = note: to ignore the value produced by the macro, add a semicolon after the invocation of `bail`
[INFO] [stdout]     = warning: this was previously accepted by the compiler but is being phased out; it will become a hard error in a future release!
[INFO] [stdout]     = note: for more information, see issue #79813 <https://github.com/rust-lang/rust/issues/79813>
[INFO] [stdout]     = note: this warning originates in the macro `eyre::bail` (in Nightly builds, run with -Z macro-backtrace for more info)
[INFO] [stdout] 
[INFO] [stdout] 
[INFO] [stdout] warning: field `0` is never read
[INFO] [stdout]   --> crates/dagger-core/src/lib.rs:17:19
[INFO] [stdout]    |
[INFO] [stdout] 17 | pub struct Scalar(String);
[INFO] [stdout]    |            ------ ^^^^^^
[INFO] [stdout]    |            |
[INFO] [stdout]    |            field in this struct
[INFO] [stdout]    |
[INFO] [stdout]    = help: consider removing this field
[INFO] [stdout]    = note: `#[warn(dead_code)]` implied by `#[warn(warnings)]`
[INFO] [stdout] 
[INFO] [stdout] 
[INFO] [stdout] warning: field `0` is never read
[INFO] [stdout]   --> crates/dagger-core/src/lib.rs:19:20
[INFO] [stdout]    |
[INFO] [stdout] 19 | pub struct Boolean(bool);
[INFO] [stdout]    |            ------- ^^^^
[INFO] [stdout]    |            |
[INFO] [stdout]    |            field in this struct
[INFO] [stdout]    |
[INFO] [stdout]    = help: consider removing this field
[INFO] [stdout] 
[INFO] [stdout] 
[INFO] [stdout] warning: field `0` is never read
[INFO] [stdout]   --> crates/dagger-core/src/lib.rs:21:16
[INFO] [stdout]    |
[INFO] [stdout] 21 | pub struct Int(isize);
[INFO] [stdout]    |            --- ^^^^^
[INFO] [stdout]    |            |
[INFO] [stdout]    |            field in this struct
[INFO] [stdout]    |
[INFO] [stdout]    = help: consider removing this field
[INFO] [stdout] 
[INFO] [stdout] 
[INFO] [stderr]    Compiling getrandom v0.2.9
[INFO] [stdout] warning: struct `IntrospectionQuery` is never constructed
[INFO] [stdout]   --> crates/dagger-core/src/session.rs:16:8
[INFO] [stdout]    |
[INFO] [stdout] 16 | struct IntrospectionQuery;
[INFO] [stdout]    |        ^^^^^^^^^^^^^^^^^^
[INFO] [stdout] 
[INFO] [stdout] 
[INFO] [stderr]    Compiling diff v0.1.13
[INFO] [stderr]    Compiling yansi v0.5.1
[INFO] [stderr]    Compiling ppv-lite86 v0.2.17
[INFO] [stderr]    Compiling tracing-test-macro v0.2.4
[INFO] [stdout] warning: trait `FormatTypeRefs` is never used
[INFO] [stdout]   --> crates/dagger-codegen/src/generator.rs:11:11
[INFO] [stdout]    |
[INFO] [stdout] 11 | pub trait FormatTypeRefs {
[INFO] [stdout]    |           ^^^^^^^^^^^^^^
[INFO] [stdout]    |
[INFO] [stdout] note: the lint level is defined here
[INFO] [stdout]   --> crates/dagger-codegen/src/lib.rs:1:9
[INFO] [stdout]    |
[INFO] [stdout]  1 | #![deny(warnings)]
[INFO] [stdout]    |         ^^^^^^^^
[INFO] [stdout]    = note: `#[warn(dead_code)]` implied by `#[warn(warnings)]`
[INFO] [stdout] 
[INFO] [stdout] 
[INFO] [stderr]    Compiling ci v0.1.0 (/opt/rustwide/workdir/ci)
[INFO] [stderr]    Compiling dagger-bootstrap v0.2.10 (/opt/rustwide/workdir/crates/dagger-bootstrap)
[INFO] [stderr]    Compiling dagger-core v0.2.11 (/opt/rustwide/workdir/crates/dagger-core)
[INFO] [stdout] warning: trailing semicolon in macro used in expression position
[INFO] [stdout]   --> crates/dagger-bootstrap/src/cli.rs:21:18
[INFO] [stdout]    |
[INFO] [stdout] 21 |             _ => eyre::bail!("command missing"),
[INFO] [stdout]    |                  ^^^^^^^^^^^^^^^^^^^^^^^^^^^^^^
[INFO] [stdout]    |
[INFO] [stdout]    = warning: this was previously accepted by the compiler but is being phased out; it will become a hard error in a future release!
[INFO] [stdout]    = note: for more information, see issue #79813 <https://github.com/rust-lang/rust/issues/79813>
[INFO] [stdout]    = note: `#[warn(semicolon_in_expressions_from_non_local_macros)]` (part of `#[warn(future_incompatible)]`) on by default
[INFO] [stdout]    = note: this warning originates in the macro `eyre::bail` (in Nightly builds, run with -Z macro-backtrace for more info)
[INFO] [stdout] 
[INFO] [stdout] 
[INFO] [stderr]    Compiling rand_core v0.6.4
[INFO] [stderr]    Compiling pretty_assertions v1.3.0
[INFO] [stdout] warning: trailing semicolon in macro used in expression position
[INFO] [stdout]    --> crates/dagger-core/src/downloader.rs:148:13
[INFO] [stdout]     |
[INFO] [stdout] 148 |             eyre::bail!("downloaded CLI binary checksum doesn't match checksum from checksums.txt")
[INFO] [stdout]     |             ^^^^^^^^^^^^^^^^^^^^^^^^^^^^^^^^^^^^^^^^^^^^^^^^^^^^^^^^^^^^^^^^^^^^^^^^^^^^^^^^^^^^^^^
[INFO] [stdout]     |
[INFO] [stdout]     = note: macro invocations at the end of a block are treated as expressions
[INFO] [stdout]     = note: to ignore the value produced by the macro, add a semicolon after the invocation of `bail`
[INFO] [stdout]     = warning: this was previously accepted by the compiler but is being phased out; it will become a hard error in a future release!
[INFO] [stdout]     = note: for more information, see issue #79813 <https://github.com/rust-lang/rust/issues/79813>
[INFO] [stdout] note: the lint level is defined here
[INFO] [stdout]    --> crates/dagger-core/src/lib.rs:1:9
[INFO] [stdout]     |
[INFO] [stdout]   1 | #![deny(warnings)]
[INFO] [stdout]     |         ^^^^^^^^
[INFO] [stdout]     = note: `#[warn(semicolon_in_expressions_from_non_local_macros)]` implied by `#[warn(warnings)]`
[INFO] [stdout]     = note: this warning originates in the macro `eyre::bail` (in Nightly builds, run with -Z macro-backtrace for more info)
[INFO] [stdout] 
[INFO] [stdout] 
[INFO] [stdout] warning: trailing semicolon in macro used in expression position
[INFO] [stdout]    --> crates/dagger-core/src/downloader.rs:183:9
[INFO] [stdout]     |
[INFO] [stdout] 183 |         eyre::bail!("could not find a matching version or binary in checksums.txt")
[INFO] [stdout]     |         ^^^^^^^^^^^^^^^^^^^^^^^^^^^^^^^^^^^^^^^^^^^^^^^^^^^^^^^^^^^^^^^^^^^^^^^^^^^
[INFO] [stdout]     |
[INFO] [stdout]     = note: macro invocations at the end of a block are treated as expressions
[INFO] [stdout]     = note: to ignore the value produced by the macro, add a semicolon after the invocation of `bail`
[INFO] [stdout]     = warning: this was previously accepted by the compiler but is being phased out; it will become a hard error in a future release!
[INFO] [stdout]     = note: for more information, see issue #79813 <https://github.com/rust-lang/rust/issues/79813>
[INFO] [stdout]     = note: this warning originates in the macro `eyre::bail` (in Nightly builds, run with -Z macro-backtrace for more info)
[INFO] [stdout] 
[INFO] [stdout] 
[INFO] [stdout] warning: trailing semicolon in macro used in expression position
[INFO] [stdout]    --> crates/dagger-core/src/downloader.rs:220:9
[INFO] [stdout]     |
[INFO] [stdout] 220 |         eyre::bail!("could not find a matching file")
[INFO] [stdout]     |         ^^^^^^^^^^^^^^^^^^^^^^^^^^^^^^^^^^^^^^^^^^^^^
[INFO] [stdout]     |
[INFO] [stdout]     = note: macro invocations at the end of a block are treated as expressions
[INFO] [stdout]     = note: to ignore the value produced by the macro, add a semicolon after the invocation of `bail`
[INFO] [stdout]     = warning: this was previously accepted by the compiler but is being phased out; it will become a hard error in a future release!
[INFO] [stdout]     = note: for more information, see issue #79813 <https://github.com/rust-lang/rust/issues/79813>
[INFO] [stdout]     = note: this warning originates in the macro `eyre::bail` (in Nightly builds, run with -Z macro-backtrace for more info)
[INFO] [stdout] 
[INFO] [stdout] 
[INFO] [stderr]    Compiling tracing-test v0.2.4
[INFO] [stderr]    Compiling rand_chacha v0.3.1
[INFO] [stderr]    Compiling dagger-codegen v0.2.8 (/opt/rustwide/workdir/crates/dagger-codegen)
[INFO] [stdout] warning: trait `FormatTypeRefs` is never used
[INFO] [stdout]   --> crates/dagger-codegen/src/generator.rs:11:11
[INFO] [stdout]    |
[INFO] [stdout] 11 | pub trait FormatTypeRefs {
[INFO] [stdout]    |           ^^^^^^^^^^^^^^
[INFO] [stdout]    |
[INFO] [stdout] note: the lint level is defined here
[INFO] [stdout]   --> crates/dagger-codegen/src/lib.rs:1:9
[INFO] [stdout]    |
[INFO] [stdout]  1 | #![deny(warnings)]
[INFO] [stdout]    |         ^^^^^^^^
[INFO] [stdout]    = note: `#[warn(dead_code)]` implied by `#[warn(warnings)]`
[INFO] [stdout] 
[INFO] [stdout] 
[INFO] [stderr]    Compiling rand v0.8.5
[INFO] [stdout] warning: field `0` is never read
[INFO] [stdout]   --> crates/dagger-core/src/lib.rs:17:19
[INFO] [stdout]    |
[INFO] [stdout] 17 | pub struct Scalar(String);
[INFO] [stdout]    |            ------ ^^^^^^
[INFO] [stdout]    |            |
[INFO] [stdout]    |            field in this struct
[INFO] [stdout]    |
[INFO] [stdout]    = help: consider removing this field
[INFO] [stdout]    = note: `#[warn(dead_code)]` implied by `#[warn(warnings)]`
[INFO] [stdout] 
[INFO] [stdout] 
[INFO] [stdout] warning: field `0` is never read
[INFO] [stdout]   --> crates/dagger-core/src/lib.rs:19:20
[INFO] [stdout]    |
[INFO] [stdout] 19 | pub struct Boolean(bool);
[INFO] [stdout]    |            ------- ^^^^
[INFO] [stdout]    |            |
[INFO] [stdout]    |            field in this struct
[INFO] [stdout]    |
[INFO] [stdout]    = help: consider removing this field
[INFO] [stdout] 
[INFO] [stdout] 
[INFO] [stdout] warning: field `0` is never read
[INFO] [stdout]   --> crates/dagger-core/src/lib.rs:21:16
[INFO] [stdout]    |
[INFO] [stdout] 21 | pub struct Int(isize);
[INFO] [stdout]    |            --- ^^^^^
[INFO] [stdout]    |            |
[INFO] [stdout]    |            field in this struct
[INFO] [stdout]    |
[INFO] [stdout]    = help: consider removing this field
[INFO] [stdout] 
[INFO] [stdout] 
[INFO] [stdout] warning: struct `IntrospectionQuery` is never constructed
[INFO] [stdout]   --> crates/dagger-core/src/session.rs:16:8
[INFO] [stdout]    |
[INFO] [stdout] 16 | struct IntrospectionQuery;
[INFO] [stdout]    |        ^^^^^^^^^^^^^^^^^^
[INFO] [stdout] 
[INFO] [stdout] 
[INFO] [stderr]    Compiling dagger-sdk v0.2.22 (/opt/rustwide/workdir/crates/dagger-sdk)
[INFO] [stderr]     Finished `release` profile [optimized] target(s) in 1m 28s
[INFO] [stderr] warning: the following packages contain code that will be rejected by a future version of Rust: dagger-bootstrap v0.2.10 (/opt/rustwide/workdir/crates/dagger-bootstrap), dagger-core v0.2.11 (/opt/rustwide/workdir/crates/dagger-core)
[INFO] [stderr] note: to see what the problems were, use the option `--future-incompat-report`, or run `cargo report future-incompatibilities --id 2`
[INFO] running `Command { std: "docker" "inspect" "77750ec44ab0e7d4f27b41c2c769e671089e36b7aa80a57f6d39aba8157fe74b", kill_on_drop: false }`
[INFO] running `Command { std: "docker" "exec" "-e" "SOURCE_DIR=/opt/rustwide/workdir" "-e" "CARGO_HOME=/opt/rustwide/cargo-home" "-e" "RUSTUP_HOME=/opt/rustwide/rustup-home" "-e" "CARGO_TARGET_DIR=/opt/rustwide/target" "-e" "CARGO_INCREMENTAL=0" "-e" "RUST_BACKTRACE=full" "-e" "RUSTFLAGS=--cap-lints=warn" "-e" "RUSTDOCFLAGS=--cap-lints=warn" "-w" "/opt/rustwide/workdir" "--user" "0:0" "77750ec44ab0e7d4f27b41c2c769e671089e36b7aa80a57f6d39aba8157fe74b" "/opt/rustwide/cargo-home/bin/cargo" "+1.99.0-beta.1" "test" "--frozen" "--release", kill_on_drop: false }`
[INFO] [stderr] warning: virtual workspace defaulting to `resolver = "1"` despite one or more workspace members being on edition 2021 which implies `resolver = "2"`
[INFO] [stderr]   |
[INFO] [stderr]   = note: to keep the current resolver, specify `workspace.resolver = "1"` in the workspace root's manifest
[INFO] [stderr]   = note: to use the edition 2021 resolver, specify `workspace.resolver = "2"` in the workspace root's manifest
[INFO] [stderr]   = note: for more details see https://doc.rust-lang.org/cargo/reference/resolver.html#resolver-versions
[INFO] [stderr] warning: crates/dagger-sdk/Cargo.toml: unused manifest key: dependencies.dagger-core.version
[INFO] [stderr] warning: `dagger-sdk` (manifest) generated 1 warning
[INFO] [stderr] warning: trailing semicolon in macro used in expression position
[INFO] [stderr]    --> crates/dagger-core/src/downloader.rs:148:13
[INFO] [stderr]     |
[INFO] [stderr] 148 |             eyre::bail!("downloaded CLI binary checksum doesn't match checksum from checksums.txt")
[INFO] [stderr]     |             ^^^^^^^^^^^^^^^^^^^^^^^^^^^^^^^^^^^^^^^^^^^^^^^^^^^^^^^^^^^^^^^^^^^^^^^^^^^^^^^^^^^^^^^
[INFO] [stderr]     |
[INFO] [stderr]     = note: macro invocations at the end of a block are treated as expressions
[INFO] [stderr]     = note: to ignore the value produced by the macro, add a semicolon after the invocation of `bail`
[INFO] [stderr]     = warning: this was previously accepted by the compiler but is being phased out; it will become a hard error in a future release!
[INFO] [stderr]     = note: for more information, see issue #79813 <https://github.com/rust-lang/rust/issues/79813>
[INFO] [stderr] note: the lint level is defined here
[INFO] [stderr]    --> crates/dagger-core/src/lib.rs:1:9
[INFO] [stderr]     |
[INFO] [stderr]   1 | #![deny(warnings)]
[INFO] [stderr]     |         ^^^^^^^^
[INFO] [stderr]     = note: `#[warn(semicolon_in_expressions_from_non_local_macros)]` implied by `#[warn(warnings)]`
[INFO] [stderr]     = note: this warning originates in the macro `eyre::bail` (in Nightly builds, run with -Z macro-backtrace for more info)
[INFO] [stderr] 
[INFO] [stderr] warning: trailing semicolon in macro used in expression position
[INFO] [stderr]    --> crates/dagger-core/src/downloader.rs:183:9
[INFO] [stderr]     |
[INFO] [stderr] 183 |         eyre::bail!("could not find a matching version or binary in checksums.txt")
[INFO] [stderr]     |         ^^^^^^^^^^^^^^^^^^^^^^^^^^^^^^^^^^^^^^^^^^^^^^^^^^^^^^^^^^^^^^^^^^^^^^^^^^^
[INFO] [stderr]     |
[INFO] [stderr]     = note: macro invocations at the end of a block are treated as expressions
[INFO] [stderr]     = note: to ignore the value produced by the macro, add a semicolon after the invocation of `bail`
[INFO] [stderr]     = warning: this was previously accepted by the compiler but is being phased out; it will become a hard error in a future release!
[INFO] [stderr]     = note: for more information, see issue #79813 <https://github.com/rust-lang/rust/issues/79813>
[INFO] [stderr]     = note: this warning originates in the macro `eyre::bail` (in Nightly builds, run with -Z macro-backtrace for more info)
[INFO] [stderr] 
[INFO] [stderr] warning: trailing semicolon in macro used in expression position
[INFO] [stderr]    --> crates/dagger-core/src/downloader.rs:220:9
[INFO] [stderr]     |
[INFO] [stderr] 220 |         eyre::bail!("could not find a matching file")
[INFO] [stderr]     |         ^^^^^^^^^^^^^^^^^^^^^^^^^^^^^^^^^^^^^^^^^^^^^
[INFO] [stderr]     |
[INFO] [stderr]     = note: macro invocations at the end of a block are treated as expressions
[INFO] [stderr]     = note: to ignore the value produced by the macro, add a semicolon after the invocation of `bail`
[INFO] [stderr]     = warning: this was previously accepted by the compiler but is being phased out; it will become a hard error in a future release!
[INFO] [stderr]     = note: for more information, see issue #79813 <https://github.com/rust-lang/rust/issues/79813>
[INFO] [stderr]     = note: this warning originates in the macro `eyre::bail` (in Nightly builds, run with -Z macro-backtrace for more info)
[INFO] [stderr] 
[INFO] [stderr] warning: field `0` is never read
[INFO] [stderr]   --> crates/dagger-core/src/lib.rs:17:19
[INFO] [stderr]    |
[INFO] [stderr] 17 | pub struct Scalar(String);
[INFO] [stderr]    |            ------ ^^^^^^
[INFO] [stderr]    |            |
[INFO] [stderr]    |            field in this struct
[INFO] [stderr]    |
[INFO] [stderr]    = help: consider removing this field
[INFO] [stderr]    = note: `#[warn(dead_code)]` implied by `#[warn(warnings)]`
[INFO] [stderr] 
[INFO] [stderr] warning: field `0` is never read
[INFO] [stderr]   --> crates/dagger-core/src/lib.rs:19:20
[INFO] [stderr]    |
[INFO] [stderr] 19 | pub struct Boolean(bool);
[INFO] [stderr]    |            ------- ^^^^
[INFO] [stderr]    |            |
[INFO] [stderr]    |            field in this struct
[INFO] [stderr]    |
[INFO] [stderr]    = help: consider removing this field
[INFO] [stderr] 
[INFO] [stderr] warning: field `0` is never read
[INFO] [stderr]   --> crates/dagger-core/src/lib.rs:21:16
[INFO] [stderr]    |
[INFO] [stderr] 21 | pub struct Int(isize);
[INFO] [stderr]    |            --- ^^^^^
[INFO] [stderr]    |            |
[INFO] [stderr]    |            field in this struct
[INFO] [stderr]    |
[INFO] [stderr]    = help: consider removing this field
[INFO] [stderr] 
[INFO] [stderr] warning: struct `IntrospectionQuery` is never constructed
[INFO] [stderr]   --> crates/dagger-core/src/session.rs:16:8
[INFO] [stderr]    |
[INFO] [stderr] 16 | struct IntrospectionQuery;
[INFO] [stderr]    |        ^^^^^^^^^^^^^^^^^^
[INFO] [stderr] 
[INFO] [stderr] warning: `dagger-core` (lib) generated 7 warnings
[INFO] [stderr] warning: trait `FormatTypeRefs` is never used
[INFO] [stderr]   --> crates/dagger-codegen/src/generator.rs:11:11
[INFO] [stderr]    |
[INFO] [stderr] 11 | pub trait FormatTypeRefs {
[INFO] [stderr]    |           ^^^^^^^^^^^^^^
[INFO] [stderr]    |
[INFO] [stderr] note: the lint level is defined here
[INFO] [stderr]   --> crates/dagger-codegen/src/lib.rs:1:9
[INFO] [stderr]    |
[INFO] [stderr]  1 | #![deny(warnings)]
[INFO] [stderr]    |         ^^^^^^^^
[INFO] [stderr]    = note: `#[warn(dead_code)]` implied by `#[warn(warnings)]`
[INFO] [stderr] 
[INFO] [stderr] warning: `dagger-codegen` (lib) generated 1 warning
[INFO] [stderr] warning: `dagger-codegen` (lib test) generated 1 warning (1 duplicate)
[INFO] [stderr] warning: `dagger-core` (lib test) generated 7 warnings (7 duplicates)
[INFO] [stderr] warning: trailing semicolon in macro used in expression position
[INFO] [stderr]   --> crates/dagger-bootstrap/src/cli.rs:21:18
[INFO] [stderr]    |
[INFO] [stderr] 21 |             _ => eyre::bail!("command missing"),
[INFO] [stderr]    |                  ^^^^^^^^^^^^^^^^^^^^^^^^^^^^^^
[INFO] [stderr]    |
[INFO] [stderr]    = warning: this was previously accepted by the compiler but is being phased out; it will become a hard error in a future release!
[INFO] [stderr]    = note: for more information, see issue #79813 <https://github.com/rust-lang/rust/issues/79813>
[INFO] [stderr]    = note: `#[warn(semicolon_in_expressions_from_non_local_macros)]` (part of `#[warn(future_incompatible)]`) on by default
[INFO] [stderr]    = note: this warning originates in the macro `eyre::bail` (in Nightly builds, run with -Z macro-backtrace for more info)
[INFO] [stderr] 
[INFO] [stderr] warning: `dagger-bootstrap` (bin "dagger-bootstrap" test) generated 1 warning
[INFO] [stderr]     Finished `release` profile [optimized] target(s) in 0.26s
[INFO] [stderr] warning: the following packages contain code that will be rejected by a future version of Rust: dagger-bootstrap v0.2.10 (/opt/rustwide/workdir/crates/dagger-bootstrap), dagger-core v0.2.11 (/opt/rustwide/workdir/crates/dagger-core)
[INFO] [stderr] note: to see what the problems were, use the option `--future-incompat-report`, or run `cargo report future-incompatibilities --id 2`
[INFO] [stderr]      Running unittests src/main.rs (/opt/rustwide/target/release/deps/ci-8f3965d78f491eb3)
[INFO] [stdout] 
[INFO] [stdout] running 0 tests
[INFO] [stdout] 
[INFO] [stderr]      Running unittests src/main.rs (/opt/rustwide/target/release/deps/dagger_bootstrap-2734d750b41eb1c7)
[INFO] [stdout] test result: ok. 0 passed; 0 failed; 0 ignored; 0 measured; 0 filtered out; finished in 0.00s
[INFO] [stdout] 
[INFO] [stdout] 
[INFO] [stdout] running 0 tests
[INFO] [stdout] 
[INFO] [stdout] test result: ok. 0 passed; 0 failed; 0 ignored; 0 measured; 0 filtered out; finished in 0.00s
[INFO] [stdout] 
[INFO] [stderr]      Running unittests src/lib.rs (/opt/rustwide/target/release/deps/dagger_codegen-f8a3e3948edbd8be)
[INFO] [stdout] 
[INFO] [stdout] running 9 tests
[INFO] [stdout] test functions::test::get_type_from_name_has_no_item ... ok
[INFO] [stdout] test functions::test::get_type_from_name_has_item ... ok
[INFO] [stdout] test functions::test::get_type_from_name_has_item_multiple_entries ... ok
[INFO] [stdout] test functions::test::input_values_has_optionals_is_required ... ok
[INFO] [stdout] test functions::test::input_values_has_optionals_has_optional ... ok
[INFO] [stdout] test functions::test::input_values_has_optionals_none ... ok
[INFO] [stdout] test functions::test::type_ref_is_optional_has_none ... ok
[INFO] [stdout] test functions::test::type_ref_is_optional_is_optional ... ok
[INFO] [stderr]      Running unittests src/lib.rs (/opt/rustwide/target/release/deps/dagger_core-61bfd2e41d40edf8)
[INFO] [stdout] test functions::test::type_ref_is_optional_is_required ... ok
[INFO] [stdout] 
[INFO] [stdout] test result: ok. 9 passed; 0 failed; 0 ignored; 0 measured; 0 filtered out; finished in 0.00s
[INFO] [stdout] 
[INFO] [stdout] 
[INFO] [stdout] running 1 test
[INFO] [stdout] test downloader::test::download ... FAILED
[INFO] [stdout] 
[INFO] [stdout] failures:
[INFO] [stdout] 
[INFO] [stdout] ---- downloader::test::download stdout ----
[INFO] [stdout] 
[INFO] [stdout] thread 'downloader::test::download' (4146) panicked at crates/dagger-core/src/downloader.rs:234:14:
[INFO] [stdout] called `Result::unwrap()` on an `Err` value: failed to download CLI from archive
[INFO] [stdout] 
[INFO] [stdout] Caused by:
[INFO] [stdout]    0: error sending request for url (https://dl.dagger.io/dagger/releases/0.3.10/checksums.txt): error trying to connect: dns error: failed to lookup address information: Temporary failure in name resolution
[INFO] [stdout]    1: error trying to connect: dns error: failed to lookup address information: Temporary failure in name resolution
[INFO] [stdout]    2: dns error: failed to lookup address information: Temporary failure in name resolution
[INFO] [stdout]    3: failed to lookup address information: Temporary failure in name resolution
[INFO] [stdout] 
[INFO] [stdout] Location:
[INFO] [stdout]     crates/dagger-core/src/downloader.rs:167:20
[INFO] [stdout] stack backtrace:
[INFO] [stdout]    0:     0x5e5fb3e7bf01 - <<std[104cf6e2632825ea]::sys::backtrace::BacktraceLock>::print::DisplayBacktrace as core[7c831bd917ebf35f]::fmt::Display>::fmt
[INFO] [stdout]    1:     0x5e5fb3e934da - core[7c831bd917ebf35f]::fmt::write
[INFO] [stdout]    2:     0x5e5fb3e80a5c - <alloc[2fdc3f7464fcf288]::vec::Vec<u8> as core[7c831bd917ebf35f]::io::write::Write>::write_fmt
[INFO] [stdout]    3:     0x5e5fb3e56386 - std[104cf6e2632825ea]::panicking::default_hook::{closure#0}
[INFO] [stdout]    4:     0x5e5fb3e73ef9 - std[104cf6e2632825ea]::panicking::default_hook
[INFO] [stdout]    5:     0x5e5fb3bf1640 - test[73009c9f9aebf890]::test_main_inner::<test[73009c9f9aebf890]::test_main_static::{closure#0}>::{closure#0}
[INFO] [stdout]    6:     0x5e5fb3e74222 - std[104cf6e2632825ea]::panicking::panic_with_hook
[INFO] [stdout]    7:     0x5e5fb3e56432 - std[104cf6e2632825ea]::panicking::panic_handler::{closure#0}
[INFO] [stdout]    8:     0x5e5fb3e4ebd9 - std[104cf6e2632825ea]::sys::backtrace::__rust_end_short_backtrace::<std[104cf6e2632825ea]::panicking::panic_handler::{closure#0}, !>
[INFO] [stdout]    9:     0x5e5fb3e5721d - __rustc[b0d56fa5b193ad05]::rust_begin_unwind
[INFO] [stdout]   10:     0x5e5fb3e93c3c - core[7c831bd917ebf35f]::panicking::panic_fmt
[INFO] [stdout]   11:     0x5e5fb3e93a12 - core[7c831bd917ebf35f]::result::unwrap_failed
[INFO] [stdout]   12:     0x5e5fb3bda989 - dagger_core[aab776121bfcf5bc]::downloader::test::download::{closure#0}
[INFO] [stdout]   13:     0x5e5fb3bddaf3 - <tokio[a58eec69a8beb58b]::runtime::scheduler::current_thread::Context>::enter::<core[7c831bd917ebf35f]::task::poll::Poll<()>, <tokio[a58eec69a8beb58b]::runtime::scheduler::current_thread::CoreGuard>::block_on<core[7c831bd917ebf35f]::pin::Pin<&mut core[7c831bd917ebf35f]::pin::Pin<&mut dyn core[7c831bd917ebf35f]::future::future::Future<Output = ()>>>>::{closure#0}::{closure#0}>
[INFO] [stdout]   14:     0x5e5fb3be2a2e - <tokio[a58eec69a8beb58b]::macros::scoped_tls::ScopedKey<tokio[a58eec69a8beb58b]::runtime::scheduler::current_thread::Context>>::set::<<tokio[a58eec69a8beb58b]::runtime::scheduler::current_thread::CoreGuard>::enter<<tokio[a58eec69a8beb58b]::runtime::scheduler::current_thread::CoreGuard>::block_on<core[7c831bd917ebf35f]::pin::Pin<&mut core[7c831bd917ebf35f]::pin::Pin<&mut dyn core[7c831bd917ebf35f]::future::future::Future<Output = ()>>>>::{closure#0}, core[7c831bd917ebf35f]::option::Option<()>>::{closure#0}, (alloc[2fdc3f7464fcf288]::boxed::Box<tokio[a58eec69a8beb58b]::runtime::scheduler::current_thread::Core>, core[7c831bd917ebf35f]::option::Option<()>)>
[INFO] [stdout]   15:     0x5e5fb3bdd82b - <tokio[a58eec69a8beb58b]::runtime::scheduler::current_thread::CurrentThread>::block_on::<core[7c831bd917ebf35f]::pin::Pin<&mut dyn core[7c831bd917ebf35f]::future::future::Future<Output = ()>>>
[INFO] [stdout]   16:     0x5e5fb3bdd4c2 - <tokio[a58eec69a8beb58b]::runtime::runtime::Runtime>::block_on::<core[7c831bd917ebf35f]::pin::Pin<&mut dyn core[7c831bd917ebf35f]::future::future::Future<Output = ()>>>
[INFO] [stdout]   17:     0x5e5fb3bdb2db - dagger_core[aab776121bfcf5bc]::downloader::test::download
[INFO] [stdout]   18:     0x5e5fb3be2749 - <dagger_core[aab776121bfcf5bc]::downloader::test::download::{closure#0} as core[7c831bd917ebf35f]::ops::function::FnOnce<()>>::call_once
[INFO] [stdout]   19:     0x5e5fb3be492b - test[73009c9f9aebf890]::__rust_begin_short_backtrace::<core[7c831bd917ebf35f]::result::Result<(), alloc[2fdc3f7464fcf288]::string::String>, fn() -> core[7c831bd917ebf35f]::result::Result<(), alloc[2fdc3f7464fcf288]::string::String>>
[INFO] [stdout]   20:     0x5e5fb3bf1f95 - test[73009c9f9aebf890]::run_test::{closure#0}
[INFO] [stdout]   21:     0x5e5fb3beb354 - std[104cf6e2632825ea]::sys::backtrace::__rust_begin_short_backtrace::<test[73009c9f9aebf890]::run_test::{closure#1}, ()>
[INFO] [stdout]   22:     0x5e5fb3bf50f2 - <std[104cf6e2632825ea]::thread::lifecycle::spawn_unchecked<test[73009c9f9aebf890]::run_test::{closure#1}, ()>::{closure#1} as core[7c831bd917ebf35f]::ops::function::FnOnce<()>>::call_once::{shim:vtable#0}
[INFO] [stdout]   23:     0x5e5fb3e7b429 - <std[104cf6e2632825ea]::sys::thread::unix::Thread>::new::thread_start
[INFO] [stdout]   24:     0x71137da9207a - <unknown>
[INFO] [stdout]   25:     0x71137db25534 - clone
[INFO] [stdout]   26:                0x0 - <unknown>
[INFO] [stdout] 
[INFO] [stdout] 
[INFO] [stdout] failures:
[INFO] [stdout]     downloader::test::download
[INFO] [stdout] 
[INFO] [stdout] test result: FAILED. 0 passed; 1 failed; 0 ignored; 0 measured; 0 filtered out; finished in 0.01s
[INFO] [stdout] 
[INFO] [stderr] error: test failed, to rerun pass `-p dagger-core --lib`
[INFO] running `Command { std: "docker" "inspect" "77750ec44ab0e7d4f27b41c2c769e671089e36b7aa80a57f6d39aba8157fe74b", kill_on_drop: false }`
[INFO] running `Command { std: "docker" "rm" "-f" "77750ec44ab0e7d4f27b41c2c769e671089e36b7aa80a57f6d39aba8157fe74b", kill_on_drop: false }`
[INFO] [stdout] 77750ec44ab0e7d4f27b41c2c769e671089e36b7aa80a57f6d39aba8157fe74b
