[INFO] cloning repository https://github.com/kit494way/sudachi_tantivy
[INFO] running `Command { std: "git" "-c" "credential.helper=" "-c" "credential.helper=/workspace/cargo-home/bin/git-credential-null" "clone" "--bare" "https://github.com/kit494way/sudachi_tantivy" "/workspace/cache/git-repos/https%3A%2F%2Fgithub.com%2Fkit494way%2Fsudachi_tantivy", kill_on_drop: false }`
[INFO] [stderr] Cloning into bare repository '/workspace/cache/git-repos/https%3A%2F%2Fgithub.com%2Fkit494way%2Fsudachi_tantivy'...
[INFO] running `Command { std: "git" "rev-parse" "HEAD", kill_on_drop: false }`
[INFO] [stdout] fb423712c219f546d4517e5e709bc92bb01dcf31
[INFO] testing kit494way/sudachi_tantivy against 1.98.0-beta.8+cargoflags=--release for beta-release-1.99-2
[INFO] running `Command { std: "git" "clone" "/workspace/cache/git-repos/https%3A%2F%2Fgithub.com%2Fkit494way%2Fsudachi_tantivy" "/workspace/builds/worker-0-tc1/source", kill_on_drop: false }`
[INFO] [stderr] Cloning into '/workspace/builds/worker-0-tc1/source'...
[INFO] [stderr] done.
[INFO] started tweaking git repo https://github.com/kit494way/sudachi_tantivy
[INFO] finished tweaking git repo https://github.com/kit494way/sudachi_tantivy
[INFO] tweaked toml for git repo https://github.com/kit494way/sudachi_tantivy written to /workspace/builds/worker-0-tc1/source/Cargo.toml
[INFO] validating manifest of git repo https://github.com/kit494way/sudachi_tantivy on toolchain 1.98.0-beta.8
[INFO] running `Command { std: CARGO_HOME="/workspace/cargo-home" RUSTUP_HOME="/workspace/rustup-home" "/workspace/cargo-home/bin/cargo" "+1.98.0-beta.8" "metadata" "--manifest-path" "Cargo.toml" "--no-deps", kill_on_drop: false }`
[INFO] crate git repo https://github.com/kit494way/sudachi_tantivy already has a lockfile, it will not be regenerated
[INFO] running `Command { std: CARGO_HOME="/workspace/cargo-home" RUSTUP_HOME="/workspace/rustup-home" "/workspace/cargo-home/bin/cargo" "+1.98.0-beta.8" "fetch" "--manifest-path" "Cargo.toml", kill_on_drop: false }`
[INFO] [stderr]     Updating git repository `https://github.com/WorksApplications/sudachi.rs.git`
[INFO] [stderr]     Updating crates.io index
[INFO] [stderr]  Downloading crates ...
[INFO] [stderr]   Downloaded tantivy-stacker v0.6.0
[INFO] [stderr]   Downloaded tantivy-tokenizer-api v0.6.0
[INFO] [stderr]   Downloaded tantivy-common v0.10.0
[INFO] [stderr]   Downloaded deranged v0.5.4
[INFO] [stderr]   Downloaded yada v0.5.1
[INFO] [stderr]   Downloaded tantivy-bitpacker v0.9.0
[INFO] [stderr]   Downloaded levenshtein_automata v0.2.1
[INFO] [stderr]   Downloaded census v0.4.2
[INFO] [stderr]   Downloaded downcast-rs v2.0.2
[INFO] [stderr]   Downloaded murmurhash32 v0.3.1
[INFO] [stderr]   Downloaded fastdivide v0.4.2
[INFO] [stderr]   Downloaded measure_time v0.9.0
[INFO] [stderr]   Downloaded bitpacking v0.9.2
[INFO] [stderr]   Downloaded csv-core v0.1.12
[INFO] [stderr]   Downloaded ownedbytes v0.9.0
[INFO] [stderr]   Downloaded tantivy-query-grammar v0.25.0
[INFO] [stderr]   Downloaded tantivy-sstable v0.6.0
[INFO] [stderr]   Downloaded bon v3.8.1
[INFO] [stderr]   Downloaded lz4_flex v0.11.5
[INFO] [stderr]   Downloaded hyperloglogplus v0.4.1
[INFO] [stderr]   Downloaded oneshot v0.1.11
[INFO] [stderr]   Downloaded htmlescape v0.3.1
[INFO] [stderr]   Downloaded arc-swap v1.7.1
[INFO] [stderr]   Downloaded cc v1.2.41
[INFO] [stderr]   Downloaded bon-macros v3.8.1
[INFO] [stderr]   Downloaded indexmap v2.11.4
[INFO] [stderr]   Downloaded tantivy-columnar v0.6.0
[INFO] [stderr]   Downloaded csv v1.3.1
[INFO] [stderr]   Downloaded tantivy v0.25.0
[INFO] [stderr]   Downloaded tantivy-fst v0.5.0
[INFO] running `Command { std: "docker" "create" "-v" "/var/lib/crater-agent-workspace/builds/worker-0-tc1/source:/opt/rustwide/workdir:ro,Z" "-v" "/var/lib/crater-agent-workspace/builds/worker-0-tc1/target:/opt/rustwide/target:rw,Z" "-v" "/var/lib/crater-agent-workspace/cargo-home:/opt/rustwide/cargo-home:ro,Z" "-v" "/var/lib/crater-agent-workspace/rustup-home:/opt/rustwide/rustup-home:ro,Z" "-m" "1610612736" "--network" "none" "ghcr.io/rust-lang/crates-build-env/linux@sha256:8683fc1fc2eb5c9ac98e0d076ab094b2ffac7f99da555d2b6a2e27f346de2ec7" "sleep" "infinity", kill_on_drop: false }`
[INFO] [stdout] 354ddecce34b0697ee77a810ce03c8c5d527d22cedf8a9dcdcf6cc1c17189e1f
[INFO] running `Command { std: "docker" "start" "354ddecce34b0697ee77a810ce03c8c5d527d22cedf8a9dcdcf6cc1c17189e1f", kill_on_drop: false }`
[INFO] running `Command { std: "docker" "inspect" "354ddecce34b0697ee77a810ce03c8c5d527d22cedf8a9dcdcf6cc1c17189e1f", kill_on_drop: false }`
[INFO] running `Command { std: "docker" "exec" "-e" "SOURCE_DIR=/opt/rustwide/workdir" "-e" "CARGO_HOME=/opt/rustwide/cargo-home" "-e" "RUSTUP_HOME=/opt/rustwide/rustup-home" "-e" "CARGO_TARGET_DIR=/opt/rustwide/target" "-w" "/opt/rustwide/workdir" "--user" "0:0" "354ddecce34b0697ee77a810ce03c8c5d527d22cedf8a9dcdcf6cc1c17189e1f" "/opt/rustwide/cargo-home/bin/cargo" "+1.98.0-beta.8" "metadata" "--no-deps" "--format-version=1", kill_on_drop: false }`
[INFO] running `Command { std: "docker" "inspect" "354ddecce34b0697ee77a810ce03c8c5d527d22cedf8a9dcdcf6cc1c17189e1f", kill_on_drop: false }`
[INFO] running `Command { std: "docker" "exec" "-e" "SOURCE_DIR=/opt/rustwide/workdir" "-e" "CARGO_HOME=/opt/rustwide/cargo-home" "-e" "RUSTUP_HOME=/opt/rustwide/rustup-home" "-e" "CARGO_TARGET_DIR=/opt/rustwide/target" "-e" "CARGO_INCREMENTAL=0" "-e" "RUST_BACKTRACE=full" "-e" "RUSTFLAGS=--cap-lints=warn" "-e" "RUSTDOCFLAGS=--cap-lints=warn" "-w" "/opt/rustwide/workdir" "--user" "0:0" "354ddecce34b0697ee77a810ce03c8c5d527d22cedf8a9dcdcf6cc1c17189e1f" "/opt/rustwide/cargo-home/bin/cargo" "+1.98.0-beta.8" "build" "--frozen" "--message-format=json" "--release", kill_on_drop: false }`
[INFO] [stderr]    Compiling proc-macro2 v1.0.101
[INFO] [stderr]    Compiling unicode-ident v1.0.19
[INFO] [stderr]    Compiling quote v1.0.41
[INFO] [stderr]    Compiling memchr v2.7.6
[INFO] [stderr]    Compiling serde_core v1.0.228
[INFO] [stderr]    Compiling serde v1.0.228
[INFO] [stderr]    Compiling regex-syntax v0.8.6
[INFO] [stderr]    Compiling libc v0.2.176
[INFO] [stderr]    Compiling bit-vec v0.6.3
[INFO] [stderr]    Compiling serde_json v1.0.145
[INFO] [stderr]    Compiling ryu v1.0.20
[INFO] [stderr]    Compiling itoa v1.0.15
[INFO] [stderr]    Compiling tinyvec_macros v0.1.1
[INFO] [stderr]    Compiling thiserror v1.0.69
[INFO] [stderr]    Compiling cfg-if v1.0.3
[INFO] [stderr]    Compiling either v1.15.0
[INFO] [stderr]    Compiling tinyvec v1.10.0
[INFO] [stderr]    Compiling minimal-lexical v0.2.1
[INFO] [stderr]    Compiling hashbrown v0.16.0
[INFO] [stderr]    Compiling libloading v0.8.9
[INFO] [stderr]    Compiling yada v0.5.1
[INFO] [stderr]    Compiling itertools v0.13.0
[INFO] [stderr]    Compiling bitflags v2.9.4
[INFO] [stderr]    Compiling lazy_static v1.5.0
[INFO] [stderr]    Compiling bit-set v0.5.3
[INFO] [stderr]    Compiling log v0.4.29
[INFO] [stderr]    Compiling aho-corasick v1.1.3
[INFO] [stderr]    Compiling csv-core v0.1.12
[INFO] [stderr]    Compiling nom v7.1.3
[INFO] [stderr]    Compiling unicode-normalization v0.1.24
[INFO] [stderr]    Compiling indexmap v2.11.4
[INFO] [stderr]    Compiling syn v2.0.106
[INFO] [stderr]    Compiling memmap2 v0.9.8
[INFO] [stderr]    Compiling serde_derive v1.0.228
[INFO] [stderr]    Compiling thiserror-impl v1.0.69
[INFO] [stderr]    Compiling regex-automata v0.4.11
[INFO] [stderr]    Compiling csv v1.3.1
[INFO] [stderr]    Compiling tantivy-tokenizer-api v0.6.0
[INFO] [stderr]    Compiling regex v1.11.3
[INFO] [stderr]    Compiling fancy-regex v0.13.0
[INFO] [stderr]    Compiling sudachi v0.6.10 (https://github.com/WorksApplications/sudachi.rs.git?tag=v0.6.10#7e2f287b)
[INFO] [stderr]    Compiling sudachi_tantivy v0.1.0 (/opt/rustwide/workdir)
[INFO] [stderr]     Finished `release` profile [optimized] target(s) in 48.62s
[INFO] running `Command { std: "docker" "inspect" "354ddecce34b0697ee77a810ce03c8c5d527d22cedf8a9dcdcf6cc1c17189e1f", kill_on_drop: false }`
[INFO] running `Command { std: "docker" "exec" "-e" "SOURCE_DIR=/opt/rustwide/workdir" "-e" "CARGO_HOME=/opt/rustwide/cargo-home" "-e" "RUSTUP_HOME=/opt/rustwide/rustup-home" "-e" "CARGO_TARGET_DIR=/opt/rustwide/target" "-e" "CARGO_INCREMENTAL=0" "-e" "RUST_BACKTRACE=full" "-e" "RUSTFLAGS=--cap-lints=warn" "-e" "RUSTDOCFLAGS=--cap-lints=warn" "-w" "/opt/rustwide/workdir" "--user" "0:0" "354ddecce34b0697ee77a810ce03c8c5d527d22cedf8a9dcdcf6cc1c17189e1f" "/opt/rustwide/cargo-home/bin/cargo" "+1.98.0-beta.8" "test" "--frozen" "--no-run" "--message-format=json" "--release", kill_on_drop: false }`
[INFO] [stderr]    Compiling serde_core v1.0.228
[INFO] [stderr]    Compiling serde v1.0.228
[INFO] [stderr]    Compiling find-msvc-tools v0.1.4
[INFO] [stderr]    Compiling shlex v1.3.0
[INFO] [stderr]    Compiling pkg-config v0.3.32
[INFO] [stderr]    Compiling zerocopy v0.8.27
[INFO] [stderr]    Compiling libc v0.2.176
[INFO] [stderr]    Compiling powerfmt v0.2.0
[INFO] [stderr]    Compiling crunchy v0.2.4
[INFO] [stderr]    Compiling libm v0.2.15
[INFO] [stderr]    Compiling num-traits v0.2.19
[INFO] [stderr]    Compiling time-core v0.1.6
[INFO] [stderr]    Compiling syn v2.0.106
[INFO] [stderr]    Compiling getrandom v0.2.16
[INFO] [stderr]    Compiling stable_deref_trait v1.2.1
[INFO] [stderr]    Compiling num-conv v0.1.0
[INFO] [stderr]    Compiling zstd-safe v7.2.4
[INFO] [stderr]    Compiling bitflags v2.9.4
[INFO] [stderr]    Compiling ident_case v1.0.1
[INFO] [stderr]    Compiling strsim v0.11.1
[INFO] [stderr]    Compiling rand_core v0.6.4
[INFO] [stderr]    Compiling fnv v1.0.7
[INFO] [stderr]    Compiling ownedbytes v0.9.0
[INFO] [stderr]    Compiling rustix v1.1.2
[INFO] [stderr]    Compiling rustversion v1.0.22
[INFO] [stderr]    Compiling getrandom v0.3.4
[INFO] [stderr]    Compiling prettyplease v0.2.37
[INFO] [stderr]    Compiling bitpacking v0.9.2
[INFO] [stderr]    Compiling linux-raw-sys v0.11.0
[INFO] [stderr]    Compiling futures-task v0.3.31
[INFO] [stderr]    Compiling futures-core v0.3.31
[INFO] [stderr]    Compiling utf8-ranges v1.0.5
[INFO] [stderr]    Compiling pin-project-lite v0.2.16
[INFO] [stderr]    Compiling pin-utils v0.1.0
[INFO] [stderr]    Compiling slab v0.4.11
[INFO] [stderr]    Compiling tantivy-fst v0.5.0
[INFO] [stderr]    Compiling itertools v0.14.0
[INFO] [stderr]    Compiling murmurhash32 v0.3.1
[INFO] [stderr]    Compiling thiserror v2.0.17
[INFO] [stderr]    Compiling once_cell v1.21.3
[INFO] [stderr]    Compiling fastdivide v0.4.2
[INFO] [stderr]    Compiling downcast-rs v2.0.2
[INFO] [stderr]    Compiling fastrand v2.3.0
[INFO] [stderr]    Compiling rayon v1.11.0
[INFO] [stderr]    Compiling lru v0.12.5
[INFO] [stderr]    Compiling crc32fast v1.5.0
[INFO] [stderr]    Compiling measure_time v0.9.0
[INFO] [stderr]    Compiling crossbeam-channel v0.5.15
[INFO] [stderr]    Compiling oneshot v0.1.11
[INFO] [stderr]    Compiling base64 v0.22.1
[INFO] [stderr]    Compiling census v0.4.2
[INFO] [stderr]    Compiling levenshtein_automata v0.2.1
[INFO] [stderr]    Compiling htmlescape v0.3.1
[INFO] [stderr]    Compiling lz4_flex v0.11.5
[INFO] [stderr]    Compiling arc-swap v1.7.1
[INFO] [stderr]    Compiling rustc-hash v2.1.1
[INFO] [stderr]    Compiling jobserver v0.1.34
[INFO] [stderr]    Compiling cc v1.2.41
[INFO] [stderr]    Compiling deranged v0.5.4
[INFO] [stderr]    Compiling serde_json v1.0.145
[INFO] [stderr]    Compiling fs4 v0.13.1
[INFO] [stderr]    Compiling tempfile v3.23.0
[INFO] [stderr]    Compiling zstd-sys v2.0.16+zstd.1.5.7
[INFO] [stderr]    Compiling ppv-lite86 v0.2.21
[INFO] [stderr]    Compiling rand_chacha v0.3.1
[INFO] [stderr]    Compiling rand v0.8.5
[INFO] [stderr]    Compiling rand_distr v0.4.3
[INFO] [stderr]    Compiling darling_core v0.21.3
[INFO] [stderr]    Compiling serde_derive v1.0.228
[INFO] [stderr]    Compiling async-trait v0.1.89
[INFO] [stderr]    Compiling futures-macro v0.3.31
[INFO] [stderr]    Compiling thiserror-impl v1.0.69
[INFO] [stderr]    Compiling thiserror-impl v2.0.17
[INFO] [stderr]    Compiling futures-util v0.3.31
[INFO] [stderr]    Compiling darling_macro v0.21.3
[INFO] [stderr]    Compiling darling v0.21.3
[INFO] [stderr]    Compiling bon-macros v3.8.1
[INFO] [stderr]    Compiling thiserror v1.0.69
[INFO] [stderr]    Compiling time v0.3.44
[INFO] [stderr]    Compiling tantivy-tokenizer-api v0.6.0
[INFO] [stderr]    Compiling csv v1.3.1
[INFO] [stderr]    Compiling hyperloglogplus v0.4.1
[INFO] [stderr]    Compiling rust-stemmers v1.2.0
[INFO] [stderr]    Compiling uuid v1.18.1
[INFO] [stderr]    Compiling tantivy-query-grammar v0.25.0
[INFO] [stderr]    Compiling sketches-ddsketch v0.3.0
[INFO] [stderr]    Compiling sudachi v0.6.10 (https://github.com/WorksApplications/sudachi.rs.git?tag=v0.6.10#7e2f287b)
[INFO] [stderr]    Compiling tantivy-common v0.10.0
[INFO] [stderr]    Compiling bon v3.8.1
[INFO] [stderr]    Compiling tantivy-stacker v0.6.0
[INFO] [stderr]    Compiling sudachi_tantivy v0.1.0 (/opt/rustwide/workdir)
[INFO] [stderr]    Compiling tantivy-bitpacker v0.9.0
[INFO] [stderr]    Compiling zstd v0.13.3
[INFO] [stderr]    Compiling tantivy-sstable v0.6.0
[INFO] [stderr]    Compiling tantivy-columnar v0.6.0
[INFO] [stderr]    Compiling tantivy v0.25.0
[INFO] [stderr]     Finished `release` profile [optimized] target(s) in 3m 00s
[INFO] running `Command { std: "docker" "inspect" "354ddecce34b0697ee77a810ce03c8c5d527d22cedf8a9dcdcf6cc1c17189e1f", kill_on_drop: false }`
[INFO] running `Command { std: "docker" "exec" "-e" "SOURCE_DIR=/opt/rustwide/workdir" "-e" "CARGO_HOME=/opt/rustwide/cargo-home" "-e" "RUSTUP_HOME=/opt/rustwide/rustup-home" "-e" "CARGO_TARGET_DIR=/opt/rustwide/target" "-e" "CARGO_INCREMENTAL=0" "-e" "RUST_BACKTRACE=full" "-e" "RUSTFLAGS=--cap-lints=warn" "-e" "RUSTDOCFLAGS=--cap-lints=warn" "-w" "/opt/rustwide/workdir" "--user" "0:0" "354ddecce34b0697ee77a810ce03c8c5d527d22cedf8a9dcdcf6cc1c17189e1f" "/opt/rustwide/cargo-home/bin/cargo" "+1.98.0-beta.8" "test" "--frozen" "--release", kill_on_drop: false }`
[INFO] [stderr]     Finished `release` profile [optimized] target(s) in 0.28s
[INFO] [stderr]      Running unittests src/lib.rs (/opt/rustwide/target/release/deps/sudachi_tantivy-9c417e17056d5b31)
[INFO] [stdout] 
[INFO] [stdout] running 4 tests
[INFO] [stdout] test test::rfind_eos_double_lf ... ok
[INFO] [stdout] test test::text_chunk ... ok
[INFO] [stdout] test test::rfind_eos_en_period ... ok
[INFO] [stdout] test test::rfind_eos_jp_period ... ok
[INFO] [stdout] 
[INFO] [stdout] test result: ok. 4 passed; 0 failed; 0 ignored; 0 measured; 0 filtered out; finished in 0.00s
[INFO] [stdout] 
[INFO] [stderr]      Running tests/tantivy_test.rs (/opt/rustwide/target/release/deps/tantivy_test-709fe1a69481e19c)
[INFO] [stdout] 
[INFO] [stdout] running 2 tests
[INFO] [stdout] test test_tokenize ... FAILED
[INFO] [stdout] test test_mix_jp_alphabet ... FAILED
[INFO] [stdout] 
[INFO] [stdout] failures:
[INFO] [stdout] 
[INFO] [stdout] ---- test_tokenize stdout ----
[INFO] [stdout] 
[INFO] [stdout] thread 'test_tokenize' (3038) panicked at tests/tantivy_test.rs:60:10:
[INFO] [stdout] Environemt variable SUDACHI_DICT_PATH is not defined: NotPresent
[INFO] [stdout] stack backtrace:
[INFO] [stdout]    0:     0x6381c25ab851 - <<std[97b98282bc616a66]::sys::backtrace::BacktraceLock>::print::DisplayBacktrace as core[832e9a552fc17241]::fmt::Display>::fmt
[INFO] [stdout]    1:     0x6381c25c0d0a - core[832e9a552fc17241]::fmt::write
[INFO] [stdout]    2:     0x6381c25afd2c - <alloc[3ecab9f82c41dc7d]::vec::Vec<u8> as std[97b98282bc616a66]::io::Write>::write_fmt
[INFO] [stdout]    3:     0x6381c2589a96 - std[97b98282bc616a66]::panicking::default_hook::{closure#0}
[INFO] [stdout]    4:     0x6381c25a39b9 - std[97b98282bc616a66]::panicking::default_hook
[INFO] [stdout]    5:     0x6381c23f3750 - test[39766f3d73431624]::test_main_inner::<test[39766f3d73431624]::test_main_static::{closure#0}>::{closure#0}
[INFO] [stdout]    6:     0x6381c25a3b72 - std[97b98282bc616a66]::panicking::panic_with_hook
[INFO] [stdout]    7:     0x6381c2589b42 - std[97b98282bc616a66]::panicking::panic_handler::{closure#0}
[INFO] [stdout]    8:     0x6381c2581499 - std[97b98282bc616a66]::sys::backtrace::__rust_end_short_backtrace::<std[97b98282bc616a66]::panicking::panic_handler::{closure#0}, !>
[INFO] [stdout]    9:     0x6381c258a73d - __rustc[e3d8617bb01b7f69]::rust_begin_unwind
[INFO] [stdout]   10:     0x6381c25c14ec - core[832e9a552fc17241]::panicking::panic_fmt
[INFO] [stdout]   11:     0x6381c25c12c2 - core[832e9a552fc17241]::result::unwrap_failed
[INFO] [stdout]   12:     0x6381c23e5aba - tantivy_test[5e00076e96953dea]::token_stream_helper
[INFO] [stdout]   13:     0x6381c23e61b0 - <tantivy_test[5e00076e96953dea]::test_tokenize::{closure#0} as core[832e9a552fc17241]::ops::function::FnOnce<()>>::call_once
[INFO] [stdout]   14:     0x6381c23e6a8b - test[39766f3d73431624]::__rust_begin_short_backtrace::<core[832e9a552fc17241]::result::Result<(), alloc[3ecab9f82c41dc7d]::string::String>, fn() -> core[832e9a552fc17241]::result::Result<(), alloc[3ecab9f82c41dc7d]::string::String>>
[INFO] [stdout]   15:     0x6381c23f40d5 - test[39766f3d73431624]::run_test::{closure#0}
[INFO] [stdout]   16:     0x6381c23eeb84 - std[97b98282bc616a66]::sys::backtrace::__rust_begin_short_backtrace::<test[39766f3d73431624]::run_test::{closure#1}, ()>
[INFO] [stdout]   17:     0x6381c23f7222 - <std[97b98282bc616a66]::thread::lifecycle::spawn_unchecked<test[39766f3d73431624]::run_test::{closure#1}, ()>::{closure#1} as core[832e9a552fc17241]::ops::function::FnOnce<()>>::call_once::{shim:vtable#0}
[INFO] [stdout]   18:     0x6381c25ab0df - <std[97b98282bc616a66]::sys::thread::unix::Thread>::new::thread_start
[INFO] [stdout]   19:     0x77a5b54be07a - <unknown>
[INFO] [stdout]   20:     0x77a5b5551534 - clone
[INFO] [stdout]   21:                0x0 - <unknown>
[INFO] [stdout] 
[INFO] [stdout] ---- test_mix_jp_alphabet stdout ----
[INFO] [stdout] 
[INFO] [stdout] thread 'test_mix_jp_alphabet' (3037) panicked at tests/tantivy_test.rs:60:10:
[INFO] [stdout] Environemt variable SUDACHI_DICT_PATH is not defined: NotPresent
[INFO] [stdout] stack backtrace:
[INFO] [stdout]    0:     0x6381c25ab851 - <<std[97b98282bc616a66]::sys::backtrace::BacktraceLock>::print::DisplayBacktrace as core[832e9a552fc17241]::fmt::Display>::fmt
[INFO] [stdout]    1:     0x6381c25c0d0a - core[832e9a552fc17241]::fmt::write
[INFO] [stdout]    2:     0x6381c25afd2c - <alloc[3ecab9f82c41dc7d]::vec::Vec<u8> as std[97b98282bc616a66]::io::Write>::write_fmt
[INFO] [stdout]    3:     0x6381c2589a96 - std[97b98282bc616a66]::panicking::default_hook::{closure#0}
[INFO] [stdout]    4:     0x6381c25a39b9 - std[97b98282bc616a66]::panicking::default_hook
[INFO] [stdout]    5:     0x6381c23f3750 - test[39766f3d73431624]::test_main_inner::<test[39766f3d73431624]::test_main_static::{closure#0}>::{closure#0}
[INFO] [stdout]    6:     0x6381c25a3b72 - std[97b98282bc616a66]::panicking::panic_with_hook
[INFO] [stdout]    7:     0x6381c2589b42 - std[97b98282bc616a66]::panicking::panic_handler::{closure#0}
[INFO] [stdout]    8:     0x6381c2581499 - std[97b98282bc616a66]::sys::backtrace::__rust_end_short_backtrace::<std[97b98282bc616a66]::panicking::panic_handler::{closure#0}, !>
[INFO] [stdout]    9:     0x6381c258a73d - __rustc[e3d8617bb01b7f69]::rust_begin_unwind
[INFO] [stdout]   10:     0x6381c25c14ec - core[832e9a552fc17241]::panicking::panic_fmt
[INFO] [stdout]   11:     0x6381c25c12c2 - core[832e9a552fc17241]::result::unwrap_failed
[INFO] [stdout]   12:     0x6381c23e5aba - tantivy_test[5e00076e96953dea]::token_stream_helper
[INFO] [stdout]   13:     0x6381c23e63b0 - <tantivy_test[5e00076e96953dea]::test_mix_jp_alphabet::{closure#0} as core[832e9a552fc17241]::ops::function::FnOnce<()>>::call_once
[INFO] [stdout]   14:     0x6381c23e6a8b - test[39766f3d73431624]::__rust_begin_short_backtrace::<core[832e9a552fc17241]::result::Result<(), alloc[3ecab9f82c41dc7d]::string::String>, fn() -> core[832e9a552fc17241]::result::Result<(), alloc[3ecab9f82c41dc7d]::string::String>>
[INFO] [stdout]   15:     0x6381c23f40d5 - test[39766f3d73431624]::run_test::{closure#0}
[INFO] [stdout]   16:     0x6381c23eeb84 - std[97b98282bc616a66]::sys::backtrace::__rust_begin_short_backtrace::<test[39766f3d73431624]::run_test::{closure#1}, ()>
[INFO] [stdout]   17:     0x6381c23f7222 - <std[97b98282bc616a66]::thread::lifecycle::spawn_unchecked<test[39766f3d73431624]::run_test::{closure#1}, ()>::{closure#1} as core[832e9a552fc17241]::ops::function::FnOnce<()>>::call_once::{shim:vtable#0}
[INFO] [stdout]   18:     0x6381c25ab0df - <std[97b98282bc616a66]::sys::thread::unix::Thread>::new::thread_start
[INFO] [stdout]   19:     0x77a5b54be07a - <unknown>
[INFO] [stdout]   20:     0x77a5b5551534 - clone
[INFO] [stdout]   21:                0x0 - <unknown>
[INFO] [stdout] 
[INFO] [stdout] 
[INFO] [stdout] failures:
[INFO] [stdout]     test_mix_jp_alphabet
[INFO] [stdout]     test_tokenize
[INFO] [stdout] 
[INFO] [stdout] test result: FAILED. 0 passed; 2 failed; 0 ignored; 0 measured; 0 filtered out; finished in 0.00s
[INFO] [stdout] 
[INFO] [stderr] error: test failed, to rerun pass `--test tantivy_test`
[INFO] running `Command { std: "docker" "inspect" "354ddecce34b0697ee77a810ce03c8c5d527d22cedf8a9dcdcf6cc1c17189e1f", kill_on_drop: false }`
[INFO] running `Command { std: "docker" "rm" "-f" "354ddecce34b0697ee77a810ce03c8c5d527d22cedf8a9dcdcf6cc1c17189e1f", kill_on_drop: false }`
[INFO] [stdout] 354ddecce34b0697ee77a810ce03c8c5d527d22cedf8a9dcdcf6cc1c17189e1f
