[INFO] cloning repository https://github.com/khwarythme/editor
[INFO] running `Command { std: "git" "-c" "credential.helper=" "-c" "credential.helper=/workspace/cargo-home/bin/git-credential-null" "clone" "--bare" "https://github.com/khwarythme/editor" "/workspace/cache/git-repos/https%3A%2F%2Fgithub.com%2Fkhwarythme%2Feditor", kill_on_drop: false }`
[INFO] [stderr] Cloning into bare repository '/workspace/cache/git-repos/https%3A%2F%2Fgithub.com%2Fkhwarythme%2Feditor'...
[INFO] running `Command { std: "git" "rev-parse" "HEAD", kill_on_drop: false }`
[INFO] [stdout] 6263c6587ed51dd49d5d128b3e6296cfa463ea45
[INFO] testing khwarythme/editor against 1.99.0-beta.1+cargoflags=--release for beta-release-1.99-2
[INFO] running `Command { std: "git" "clone" "/workspace/cache/git-repos/https%3A%2F%2Fgithub.com%2Fkhwarythme%2Feditor" "/workspace/builds/worker-5-tc2/source", kill_on_drop: false }`
[INFO] [stderr] Cloning into '/workspace/builds/worker-5-tc2/source'...
[INFO] [stderr] done.
[INFO] started tweaking git repo https://github.com/khwarythme/editor
[INFO] finished tweaking git repo https://github.com/khwarythme/editor
[INFO] tweaked toml for git repo https://github.com/khwarythme/editor written to /workspace/builds/worker-5-tc2/source/Cargo.toml
[INFO] validating manifest of git repo https://github.com/khwarythme/editor on toolchain 1.99.0-beta.1
[INFO] running `Command { std: CARGO_HOME="/workspace/cargo-home" RUSTUP_HOME="/workspace/rustup-home" "/workspace/cargo-home/bin/cargo" "+1.99.0-beta.1" "metadata" "--manifest-path" "Cargo.toml" "--no-deps", kill_on_drop: false }`
[INFO] crate git repo https://github.com/khwarythme/editor already has a lockfile, it will not be regenerated
[INFO] running `Command { std: CARGO_HOME="/workspace/cargo-home" RUSTUP_HOME="/workspace/rustup-home" "/workspace/cargo-home/bin/cargo" "+1.99.0-beta.1" "fetch" "--manifest-path" "Cargo.toml", kill_on_drop: false }`
[INFO] running `Command { std: "docker" "create" "-v" "/var/lib/crater-agent-workspace/builds/worker-5-tc2/source:/opt/rustwide/workdir:ro,Z" "-v" "/var/lib/crater-agent-workspace/builds/worker-5-tc2/target:/opt/rustwide/target:rw,Z" "-v" "/var/lib/crater-agent-workspace/cargo-home:/opt/rustwide/cargo-home:ro,Z" "-v" "/var/lib/crater-agent-workspace/rustup-home:/opt/rustwide/rustup-home:ro,Z" "-m" "1610612736" "--network" "none" "ghcr.io/rust-lang/crates-build-env/linux@sha256:8683fc1fc2eb5c9ac98e0d076ab094b2ffac7f99da555d2b6a2e27f346de2ec7" "sleep" "infinity", kill_on_drop: false }`
[INFO] [stdout] ba6e863170b0be28d8156a404cb5a58978c4696cfe181e0a2a7fa8f64e87da50
[INFO] running `Command { std: "docker" "start" "ba6e863170b0be28d8156a404cb5a58978c4696cfe181e0a2a7fa8f64e87da50", kill_on_drop: false }`
[INFO] running `Command { std: "docker" "inspect" "ba6e863170b0be28d8156a404cb5a58978c4696cfe181e0a2a7fa8f64e87da50", kill_on_drop: false }`
[INFO] running `Command { std: "docker" "exec" "-e" "SOURCE_DIR=/opt/rustwide/workdir" "-e" "CARGO_HOME=/opt/rustwide/cargo-home" "-e" "RUSTUP_HOME=/opt/rustwide/rustup-home" "-e" "CARGO_TARGET_DIR=/opt/rustwide/target" "-w" "/opt/rustwide/workdir" "--user" "0:0" "ba6e863170b0be28d8156a404cb5a58978c4696cfe181e0a2a7fa8f64e87da50" "/opt/rustwide/cargo-home/bin/cargo" "+1.99.0-beta.1" "metadata" "--no-deps" "--format-version=1", kill_on_drop: false }`
[INFO] running `Command { std: "docker" "inspect" "ba6e863170b0be28d8156a404cb5a58978c4696cfe181e0a2a7fa8f64e87da50", kill_on_drop: false }`
[INFO] running `Command { std: "docker" "exec" "-e" "SOURCE_DIR=/opt/rustwide/workdir" "-e" "CARGO_HOME=/opt/rustwide/cargo-home" "-e" "RUSTUP_HOME=/opt/rustwide/rustup-home" "-e" "CARGO_TARGET_DIR=/opt/rustwide/target" "-e" "CARGO_INCREMENTAL=0" "-e" "RUST_BACKTRACE=full" "-e" "RUSTFLAGS=--cap-lints=warn" "-e" "RUSTDOCFLAGS=--cap-lints=warn" "-w" "/opt/rustwide/workdir" "--user" "0:0" "ba6e863170b0be28d8156a404cb5a58978c4696cfe181e0a2a7fa8f64e87da50" "/opt/rustwide/cargo-home/bin/cargo" "+1.99.0-beta.1" "build" "--frozen" "--message-format=json" "--release", kill_on_drop: false }`
[INFO] [stderr]    Compiling libc v0.2.169
[INFO] [stderr]    Compiling autocfg v1.4.0
[INFO] [stderr]    Compiling signal-hook v0.3.17
[INFO] [stderr]    Compiling parking_lot_core v0.9.10
[INFO] [stderr]    Compiling rustix v0.38.44
[INFO] [stderr]    Compiling unicode-width v0.1.14
[INFO] [stderr]    Compiling log v0.4.25
[INFO] [stderr]    Compiling gcc v0.3.55
[INFO] [stderr]    Compiling smallvec v1.13.2
[INFO] [stderr]    Compiling cfg-if v1.0.0
[INFO] [stderr]    Compiling scopeguard v1.2.0
[INFO] [stderr]    Compiling linux-raw-sys v0.4.15
[INFO] [stderr]    Compiling ansi_term v0.12.1
[INFO] [stderr]    Compiling strsim v0.8.0
[INFO] [stderr]    Compiling bitflags v2.8.0
[INFO] [stderr]    Compiling bitflags v1.3.2
[INFO] [stderr]    Compiling serde v1.0.217
[INFO] [stderr]    Compiling vec_map v0.8.2
[INFO] [stderr]    Compiling bitflags v0.1.1
[INFO] [stderr]    Compiling yansi v0.4.0
[INFO] [stderr]    Compiling lock_api v0.4.12
[INFO] [stderr]    Compiling textwrap v0.11.0
[INFO] [stderr]    Compiling lua v0.0.10
[INFO] [stderr]    Compiling signal-hook-registry v1.4.2
[INFO] [stderr]    Compiling mio v1.0.3
[INFO] [stderr]    Compiling atty v0.2.14
[INFO] [stderr]    Compiling clap v2.34.0
[INFO] [stderr]    Compiling parking_lot v0.12.3
[INFO] [stderr]    Compiling signal-hook-mio v0.2.4
[INFO] [stderr]    Compiling crossterm v0.28.1
[INFO] [stderr]    Compiling loe v0.3.0
[INFO] [stderr]    Compiling ve v0.1.0 (/opt/rustwide/workdir)
[INFO] [stdout] warning: unused import: `BufReader`
[INFO] [stdout]  --> src/modules/file.rs:4:15
[INFO] [stdout]   |
[INFO] [stdout] 4 | use std::io::{BufReader, BufWriter};
[INFO] [stdout]   |               ^^^^^^^^^
[INFO] [stdout]   |
[INFO] [stdout]   = note: `#[warn(unused_imports)]` (part of `#[warn(unused)]`) on by default
[INFO] [stdout] 
[INFO] [stdout] 
[INFO] [stdout] warning: unused import: `std::thread::ScopedJoinHandle`
[INFO] [stdout]   --> src/modules/show.rs:15:5
[INFO] [stdout]    |
[INFO] [stdout] 15 | use std::thread::ScopedJoinHandle;
[INFO] [stdout]    |     ^^^^^^^^^^^^^^^^^^^^^^^^^^^^^
[INFO] [stdout] 
[INFO] [stdout] 
[INFO] [stdout] warning: unused variable: `buf`
[INFO] [stdout]   --> src/modules/command.rs:14:51
[INFO] [stdout]    |
[INFO] [stdout] 14 |     pub fn proc_command(&mut self, code: KeyCode, buf: &mut FileBuffer) -> MODE {
[INFO] [stdout]    |                                                   ^^^ help: if this is intentional, prefix it with an underscore: `_buf`
[INFO] [stdout]    |
[INFO] [stdout]    = note: `#[warn(unused_variables)]` (part of `#[warn(unused)]`) on by default
[INFO] [stdout] 
[INFO] [stdout] 
[INFO] [stdout] warning: variable does not need to be mutable
[INFO] [stdout]   --> src/modules/search.rs:29:9
[INFO] [stdout]    |
[INFO] [stdout] 29 |     let mut ptnlst = ptn.chars();
[INFO] [stdout]    |         ----^^^^^^
[INFO] [stdout]    |         |
[INFO] [stdout]    |         help: remove this `mut`
[INFO] [stdout]    |
[INFO] [stdout]    = note: `#[warn(unused_mut)]` (part of `#[warn(unused)]`) on by default
[INFO] [stdout] 
[INFO] [stdout] 
[INFO] [stdout] warning: unused variable: `ptnlst`
[INFO] [stdout]   --> src/modules/search.rs:29:9
[INFO] [stdout]    |
[INFO] [stdout] 29 |     let mut ptnlst = ptn.chars();
[INFO] [stdout]    |         ^^^^^^^^^^ help: if this is intentional, prefix it with an underscore: `_ptnlst`
[INFO] [stdout] 
[INFO] [stdout] 
[INFO] [stdout] warning: field `is_read_only` is never read
[INFO] [stdout]   --> src/modules/file.rs:10:5
[INFO] [stdout]    |
[INFO] [stdout]  8 | pub struct FileBuffer {
[INFO] [stdout]    |            ---------- field in this struct
[INFO] [stdout]  9 |     contents: String,
[INFO] [stdout] 10 |     is_read_only: bool,
[INFO] [stdout]    |     ^^^^^^^^^^^^
[INFO] [stdout]    |
[INFO] [stdout]    = note: `FileBuffer` has a derived impl for the trait `Debug`, but this is intentionally ignored during dead code analysis
[INFO] [stdout]    = note: `#[warn(dead_code)]` (part of `#[warn(unused)]`) on by default
[INFO] [stdout] 
[INFO] [stdout] 
[INFO] [stdout] warning: methods `get_read_only` and `set_read_only` are never used
[INFO] [stdout]   --> src/modules/file.rs:71:12
[INFO] [stdout]    |
[INFO] [stdout] 16 | impl FileBuffer {
[INFO] [stdout]    | --------------- methods in this implementation
[INFO] [stdout] ...
[INFO] [stdout] 71 |     pub fn get_read_only(&self) -> bool {
[INFO] [stdout]    |            ^^^^^^^^^^^^^
[INFO] [stdout] ...
[INFO] [stdout] 74 |     pub fn set_read_only(&mut self, dst: bool) {
[INFO] [stdout]    |            ^^^^^^^^^^^^^
[INFO] [stdout] 
[INFO] [stdout] 
[INFO] [stdout] warning: variant `COMMAND` is never constructed
[INFO] [stdout]   --> src/modules/history.rs:13:5
[INFO] [stdout]    |
[INFO] [stdout]  9 | pub enum Operation {
[INFO] [stdout]    |          --------- variant in this enum
[INFO] [stdout] ...
[INFO] [stdout] 13 |     COMMAND,
[INFO] [stdout]    |     ^^^^^^^
[INFO] [stdout]    |
[INFO] [stdout]    = note: `Operation` has a derived impl for the trait `Clone`, but this is intentionally ignored during dead code analysis
[INFO] [stdout] 
[INFO] [stdout] 
[INFO] [stdout] warning: field `is_read_only` is never read
[INFO] [stdout]   --> src/modules/mode.rs:16:5
[INFO] [stdout]    |
[INFO] [stdout] 14 | pub struct State {
[INFO] [stdout]    |            ----- field in this struct
[INFO] [stdout] 15 |     mode: MODE,
[INFO] [stdout] 16 |     is_read_only: bool,
[INFO] [stdout]    |     ^^^^^^^^^^^^
[INFO] [stdout]    |
[INFO] [stdout]    = note: `State` has a derived impl for the trait `Debug`, but this is intentionally ignored during dead code analysis
[INFO] [stdout] 
[INFO] [stdout] 
[INFO] [stdout] warning: methods `set_read_only`, `get_read_only`, and `mode_manager` are never used
[INFO] [stdout]   --> src/modules/mode.rs:26:12
[INFO] [stdout]    |
[INFO] [stdout] 19 | impl State {
[INFO] [stdout]    | ---------- methods in this implementation
[INFO] [stdout] ...
[INFO] [stdout] 26 |     pub fn set_read_only(&mut self, flg: bool) {
[INFO] [stdout]    |            ^^^^^^^^^^^^^
[INFO] [stdout] ...
[INFO] [stdout] 29 |     pub fn get_read_only(&self) -> bool {
[INFO] [stdout]    |            ^^^^^^^^^^^^^
[INFO] [stdout] ...
[INFO] [stdout] 38 |     pub fn mode_manager(&self) {}
[INFO] [stdout]    |            ^^^^^^^^^^^^
[INFO] [stdout] 
[INFO] [stdout] 
[INFO] [stdout] warning: method `update_info_line` is never used
[INFO] [stdout]    --> src/modules/show.rs:231:12
[INFO] [stdout]     |
[INFO] [stdout]  34 | impl Display {
[INFO] [stdout]     | ------------ method in this implementation
[INFO] [stdout] ...
[INFO] [stdout] 231 |     pub fn update_info_line(&mut self, msg: &String) {
[INFO] [stdout]     |            ^^^^^^^^^^^^^^^^
[INFO] [stdout] 
[INFO] [stdout] 
[INFO] [stdout] warning: unused `Result` that must be used
[INFO] [stdout]   --> src/modules/show.rs:37:9
[INFO] [stdout]    |
[INFO] [stdout] 37 |         queue!(self.out, MoveTo(0, tmp_cursor_pos));
[INFO] [stdout]    |         ^^^^^^^^^^^^^^^^^^^^^^^^^^^^^^^^^^^^^^^^^^^
[INFO] [stdout]    |
[INFO] [stdout]    = note: this `Result` may be an `Err` variant, which should be handled
[INFO] [stdout]    = note: `#[warn(unused_must_use)]` (part of `#[warn(unused)]`) on by default
[INFO] [stdout] help: use `let _ = ...` to ignore the resulting value
[INFO] [stdout]    |
[INFO] [stdout] 37 |         let _ = queue!(self.out, MoveTo(0, tmp_cursor_pos));;
[INFO] [stdout]    |         +++++++                                            +
[INFO] [stdout] 
[INFO] [stdout] 
[INFO] [stdout] warning: unused `Result` that must be used
[INFO] [stdout]   --> src/modules/show.rs:46:9
[INFO] [stdout]    |
[INFO] [stdout] 46 |         queue!(self.out, Print(printstring));
[INFO] [stdout]    |         ^^^^^^^^^^^^^^^^^^^^^^^^^^^^^^^^^^^^
[INFO] [stdout]    |
[INFO] [stdout]    = note: this `Result` may be an `Err` variant, which should be handled
[INFO] [stdout] help: use `let _ = ...` to ignore the resulting value
[INFO] [stdout]    |
[INFO] [stdout] 46 |         let _ = queue!(self.out, Print(printstring));;
[INFO] [stdout]    |         +++++++                                     +
[INFO] [stdout] 
[INFO] [stdout] 
[INFO] [stdout] warning: unused `Result` that must be used
[INFO] [stdout]   --> src/modules/show.rs:47:9
[INFO] [stdout]    |
[INFO] [stdout] 47 |         queue!(self.out, MoveTo(self.point.col, self.point.row));
[INFO] [stdout]    |         ^^^^^^^^^^^^^^^^^^^^^^^^^^^^^^^^^^^^^^^^^^^^^^^^^^^^^^^^
[INFO] [stdout]    |
[INFO] [stdout]    = note: this `Result` may be an `Err` variant, which should be handled
[INFO] [stdout] help: use `let _ = ...` to ignore the resulting value
[INFO] [stdout]    |
[INFO] [stdout] 47 |         let _ = queue!(self.out, MoveTo(self.point.col, self.point.row));;
[INFO] [stdout]    |         +++++++                                                         +
[INFO] [stdout] 
[INFO] [stdout] 
[INFO] [stdout] warning: unused `Result` that must be used
[INFO] [stdout]    --> src/modules/show.rs:106:9
[INFO] [stdout]     |
[INFO] [stdout] 106 |         queue!(self.out, MoveTo(self.point.col, self.point.row));
[INFO] [stdout]     |         ^^^^^^^^^^^^^^^^^^^^^^^^^^^^^^^^^^^^^^^^^^^^^^^^^^^^^^^^
[INFO] [stdout]     |
[INFO] [stdout]     = note: this `Result` may be an `Err` variant, which should be handled
[INFO] [stdout] help: use `let _ = ...` to ignore the resulting value
[INFO] [stdout]     |
[INFO] [stdout] 106 |         let _ = queue!(self.out, MoveTo(self.point.col, self.point.row));;
[INFO] [stdout]     |         +++++++                                                         +
[INFO] [stdout] 
[INFO] [stdout] 
[INFO] [stdout] warning: unused `Result` that must be used
[INFO] [stdout]    --> src/modules/show.rs:107:9
[INFO] [stdout]     |
[INFO] [stdout] 107 |         self.out.flush();
[INFO] [stdout]     |         ^^^^^^^^^^^^^^^^
[INFO] [stdout]     |
[INFO] [stdout]     = note: this `Result` may be an `Err` variant, which should be handled
[INFO] [stdout] help: use `let _ = ...` to ignore the resulting value
[INFO] [stdout]     |
[INFO] [stdout] 107 |         let _ = self.out.flush();
[INFO] [stdout]     |         +++++++
[INFO] [stdout] 
[INFO] [stdout] 
[INFO] [stdout] warning: unused `Result` that must be used
[INFO] [stdout]    --> src/modules/show.rs:111:9
[INFO] [stdout]     |
[INFO] [stdout] 111 |         self.out.flush();
[INFO] [stdout]     |         ^^^^^^^^^^^^^^^^
[INFO] [stdout]     |
[INFO] [stdout]     = note: this `Result` may be an `Err` variant, which should be handled
[INFO] [stdout] help: use `let _ = ...` to ignore the resulting value
[INFO] [stdout]     |
[INFO] [stdout] 111 |         let _ = self.out.flush();
[INFO] [stdout]     |         +++++++
[INFO] [stdout] 
[INFO] [stdout] 
[INFO] [stderr]     Finished `release` profile [optimized] target(s) in 26.54s
[INFO] running `Command { std: "docker" "inspect" "ba6e863170b0be28d8156a404cb5a58978c4696cfe181e0a2a7fa8f64e87da50", kill_on_drop: false }`
[INFO] running `Command { std: "docker" "exec" "-e" "SOURCE_DIR=/opt/rustwide/workdir" "-e" "CARGO_HOME=/opt/rustwide/cargo-home" "-e" "RUSTUP_HOME=/opt/rustwide/rustup-home" "-e" "CARGO_TARGET_DIR=/opt/rustwide/target" "-e" "CARGO_INCREMENTAL=0" "-e" "RUST_BACKTRACE=full" "-e" "RUSTFLAGS=--cap-lints=warn" "-e" "RUSTDOCFLAGS=--cap-lints=warn" "-w" "/opt/rustwide/workdir" "--user" "0:0" "ba6e863170b0be28d8156a404cb5a58978c4696cfe181e0a2a7fa8f64e87da50" "/opt/rustwide/cargo-home/bin/cargo" "+1.99.0-beta.1" "test" "--frozen" "--no-run" "--message-format=json" "--release", kill_on_drop: false }`
[INFO] [stderr]    Compiling ve v0.1.0 (/opt/rustwide/workdir)
[INFO] [stdout] warning: unused import: `BufReader`
[INFO] [stdout]  --> src/modules/file.rs:4:15
[INFO] [stdout]   |
[INFO] [stdout] 4 | use std::io::{BufReader, BufWriter};
[INFO] [stdout]   |               ^^^^^^^^^
[INFO] [stdout]   |
[INFO] [stdout]   = note: `#[warn(unused_imports)]` (part of `#[warn(unused)]`) on by default
[INFO] [stdout] 
[INFO] [stdout] 
[INFO] [stdout] warning: unused import: `std::thread::ScopedJoinHandle`
[INFO] [stdout]   --> src/modules/show.rs:15:5
[INFO] [stdout]    |
[INFO] [stdout] 15 | use std::thread::ScopedJoinHandle;
[INFO] [stdout]    |     ^^^^^^^^^^^^^^^^^^^^^^^^^^^^^
[INFO] [stdout] 
[INFO] [stdout] 
[INFO] [stdout] warning: unused variable: `buf`
[INFO] [stdout]   --> src/modules/command.rs:14:51
[INFO] [stdout]    |
[INFO] [stdout] 14 |     pub fn proc_command(&mut self, code: KeyCode, buf: &mut FileBuffer) -> MODE {
[INFO] [stdout]    |                                                   ^^^ help: if this is intentional, prefix it with an underscore: `_buf`
[INFO] [stdout]    |
[INFO] [stdout]    = note: `#[warn(unused_variables)]` (part of `#[warn(unused)]`) on by default
[INFO] [stdout] 
[INFO] [stdout] 
[INFO] [stdout] warning: variable does not need to be mutable
[INFO] [stdout]   --> src/modules/search.rs:29:9
[INFO] [stdout]    |
[INFO] [stdout] 29 |     let mut ptnlst = ptn.chars();
[INFO] [stdout]    |         ----^^^^^^
[INFO] [stdout]    |         |
[INFO] [stdout]    |         help: remove this `mut`
[INFO] [stdout]    |
[INFO] [stdout]    = note: `#[warn(unused_mut)]` (part of `#[warn(unused)]`) on by default
[INFO] [stdout] 
[INFO] [stdout] 
[INFO] [stdout] warning: unused variable: `ptnlst`
[INFO] [stdout]   --> src/modules/search.rs:29:9
[INFO] [stdout]    |
[INFO] [stdout] 29 |     let mut ptnlst = ptn.chars();
[INFO] [stdout]    |         ^^^^^^^^^^ help: if this is intentional, prefix it with an underscore: `_ptnlst`
[INFO] [stdout] 
[INFO] [stdout] 
[INFO] [stdout] warning: variant `COMMAND` is never constructed
[INFO] [stdout]   --> src/modules/history.rs:13:5
[INFO] [stdout]    |
[INFO] [stdout]  9 | pub enum Operation {
[INFO] [stdout]    |          --------- variant in this enum
[INFO] [stdout] ...
[INFO] [stdout] 13 |     COMMAND,
[INFO] [stdout]    |     ^^^^^^^
[INFO] [stdout]    |
[INFO] [stdout]    = note: `Operation` has a derived impl for the trait `Clone`, but this is intentionally ignored during dead code analysis
[INFO] [stdout]    = note: `#[warn(dead_code)]` (part of `#[warn(unused)]`) on by default
[INFO] [stdout] 
[INFO] [stdout] 
[INFO] [stdout] warning: field `is_read_only` is never read
[INFO] [stdout]   --> src/modules/mode.rs:16:5
[INFO] [stdout]    |
[INFO] [stdout] 14 | pub struct State {
[INFO] [stdout]    |            ----- field in this struct
[INFO] [stdout] 15 |     mode: MODE,
[INFO] [stdout] 16 |     is_read_only: bool,
[INFO] [stdout]    |     ^^^^^^^^^^^^
[INFO] [stdout]    |
[INFO] [stdout]    = note: `State` has a derived impl for the trait `Debug`, but this is intentionally ignored during dead code analysis
[INFO] [stdout] 
[INFO] [stdout] 
[INFO] [stdout] warning: methods `set_read_only`, `get_read_only`, and `mode_manager` are never used
[INFO] [stdout]   --> src/modules/mode.rs:26:12
[INFO] [stdout]    |
[INFO] [stdout] 19 | impl State {
[INFO] [stdout]    | ---------- methods in this implementation
[INFO] [stdout] ...
[INFO] [stdout] 26 |     pub fn set_read_only(&mut self, flg: bool) {
[INFO] [stdout]    |            ^^^^^^^^^^^^^
[INFO] [stdout] ...
[INFO] [stdout] 29 |     pub fn get_read_only(&self) -> bool {
[INFO] [stdout]    |            ^^^^^^^^^^^^^
[INFO] [stdout] ...
[INFO] [stdout] 38 |     pub fn mode_manager(&self) {}
[INFO] [stdout]    |            ^^^^^^^^^^^^
[INFO] [stdout] 
[INFO] [stdout] 
[INFO] [stdout] warning: method `update_info_line` is never used
[INFO] [stdout]    --> src/modules/show.rs:231:12
[INFO] [stdout]     |
[INFO] [stdout]  34 | impl Display {
[INFO] [stdout]     | ------------ method in this implementation
[INFO] [stdout] ...
[INFO] [stdout] 231 |     pub fn update_info_line(&mut self, msg: &String) {
[INFO] [stdout]     |            ^^^^^^^^^^^^^^^^
[INFO] [stdout] 
[INFO] [stdout] 
[INFO] [stdout] warning: module `FileTest` should have a snake case name
[INFO] [stdout]    --> src/modules/file.rs:112:5
[INFO] [stdout]     |
[INFO] [stdout] 112 | mod FileTest {
[INFO] [stdout]     |     ^^^^^^^^ help: convert the identifier to snake case: `file_test`
[INFO] [stdout]     |
[INFO] [stdout]     = note: `#[warn(non_snake_case)]` (part of `#[warn(nonstandard_style)]`) on by default
[INFO] [stdout] 
[INFO] [stdout] 
[INFO] [stdout] warning: unused `Result` that must be used
[INFO] [stdout]   --> src/modules/show.rs:37:9
[INFO] [stdout]    |
[INFO] [stdout] 37 |         queue!(self.out, MoveTo(0, tmp_cursor_pos));
[INFO] [stdout]    |         ^^^^^^^^^^^^^^^^^^^^^^^^^^^^^^^^^^^^^^^^^^^
[INFO] [stdout]    |
[INFO] [stdout]    = note: this `Result` may be an `Err` variant, which should be handled
[INFO] [stdout]    = note: `#[warn(unused_must_use)]` (part of `#[warn(unused)]`) on by default
[INFO] [stdout] help: use `let _ = ...` to ignore the resulting value
[INFO] [stdout]    |
[INFO] [stdout] 37 |         let _ = queue!(self.out, MoveTo(0, tmp_cursor_pos));;
[INFO] [stdout]    |         +++++++                                            +
[INFO] [stdout] 
[INFO] [stdout] 
[INFO] [stdout] warning: unused `Result` that must be used
[INFO] [stdout]   --> src/modules/show.rs:46:9
[INFO] [stdout]    |
[INFO] [stdout] 46 |         queue!(self.out, Print(printstring));
[INFO] [stdout]    |         ^^^^^^^^^^^^^^^^^^^^^^^^^^^^^^^^^^^^
[INFO] [stdout]    |
[INFO] [stdout]    = note: this `Result` may be an `Err` variant, which should be handled
[INFO] [stdout] help: use `let _ = ...` to ignore the resulting value
[INFO] [stdout]    |
[INFO] [stdout] 46 |         let _ = queue!(self.out, Print(printstring));;
[INFO] [stdout]    |         +++++++                                     +
[INFO] [stdout] 
[INFO] [stdout] 
[INFO] [stdout] warning: unused `Result` that must be used
[INFO] [stdout]   --> src/modules/show.rs:47:9
[INFO] [stdout]    |
[INFO] [stdout] 47 |         queue!(self.out, MoveTo(self.point.col, self.point.row));
[INFO] [stdout]    |         ^^^^^^^^^^^^^^^^^^^^^^^^^^^^^^^^^^^^^^^^^^^^^^^^^^^^^^^^
[INFO] [stdout]    |
[INFO] [stdout]    = note: this `Result` may be an `Err` variant, which should be handled
[INFO] [stdout] help: use `let _ = ...` to ignore the resulting value
[INFO] [stdout]    |
[INFO] [stdout] 47 |         let _ = queue!(self.out, MoveTo(self.point.col, self.point.row));;
[INFO] [stdout]    |         +++++++                                                         +
[INFO] [stdout] 
[INFO] [stdout] 
[INFO] [stdout] warning: unused `Result` that must be used
[INFO] [stdout]    --> src/modules/show.rs:106:9
[INFO] [stdout]     |
[INFO] [stdout] 106 |         queue!(self.out, MoveTo(self.point.col, self.point.row));
[INFO] [stdout]     |         ^^^^^^^^^^^^^^^^^^^^^^^^^^^^^^^^^^^^^^^^^^^^^^^^^^^^^^^^
[INFO] [stdout]     |
[INFO] [stdout]     = note: this `Result` may be an `Err` variant, which should be handled
[INFO] [stdout] help: use `let _ = ...` to ignore the resulting value
[INFO] [stdout]     |
[INFO] [stdout] 106 |         let _ = queue!(self.out, MoveTo(self.point.col, self.point.row));;
[INFO] [stdout]     |         +++++++                                                         +
[INFO] [stdout] 
[INFO] [stdout] 
[INFO] [stdout] warning: unused `Result` that must be used
[INFO] [stdout]    --> src/modules/show.rs:107:9
[INFO] [stdout]     |
[INFO] [stdout] 107 |         self.out.flush();
[INFO] [stdout]     |         ^^^^^^^^^^^^^^^^
[INFO] [stdout]     |
[INFO] [stdout]     = note: this `Result` may be an `Err` variant, which should be handled
[INFO] [stdout] help: use `let _ = ...` to ignore the resulting value
[INFO] [stdout]     |
[INFO] [stdout] 107 |         let _ = self.out.flush();
[INFO] [stdout]     |         +++++++
[INFO] [stdout] 
[INFO] [stdout] 
[INFO] [stdout] warning: unused `Result` that must be used
[INFO] [stdout]    --> src/modules/show.rs:111:9
[INFO] [stdout]     |
[INFO] [stdout] 111 |         self.out.flush();
[INFO] [stdout]     |         ^^^^^^^^^^^^^^^^
[INFO] [stdout]     |
[INFO] [stdout]     = note: this `Result` may be an `Err` variant, which should be handled
[INFO] [stdout] help: use `let _ = ...` to ignore the resulting value
[INFO] [stdout]     |
[INFO] [stdout] 111 |         let _ = self.out.flush();
[INFO] [stdout]     |         +++++++
[INFO] [stdout] 
[INFO] [stdout] 
[INFO] [stderr]     Finished `release` profile [optimized] target(s) in 0.71s
[INFO] running `Command { std: "docker" "inspect" "ba6e863170b0be28d8156a404cb5a58978c4696cfe181e0a2a7fa8f64e87da50", kill_on_drop: false }`
[INFO] running `Command { std: "docker" "exec" "-e" "SOURCE_DIR=/opt/rustwide/workdir" "-e" "CARGO_HOME=/opt/rustwide/cargo-home" "-e" "RUSTUP_HOME=/opt/rustwide/rustup-home" "-e" "CARGO_TARGET_DIR=/opt/rustwide/target" "-e" "CARGO_INCREMENTAL=0" "-e" "RUST_BACKTRACE=full" "-e" "RUSTFLAGS=--cap-lints=warn" "-e" "RUSTDOCFLAGS=--cap-lints=warn" "-w" "/opt/rustwide/workdir" "--user" "0:0" "ba6e863170b0be28d8156a404cb5a58978c4696cfe181e0a2a7fa8f64e87da50" "/opt/rustwide/cargo-home/bin/cargo" "+1.99.0-beta.1" "test" "--frozen" "--release", kill_on_drop: false }`
[INFO] [stderr] warning: unused import: `BufReader`
[INFO] [stderr]  --> src/modules/file.rs:4:15
[INFO] [stderr]   |
[INFO] [stderr] 4 | use std::io::{BufReader, BufWriter};
[INFO] [stderr]   |               ^^^^^^^^^
[INFO] [stderr]   |
[INFO] [stderr]   = note: `#[warn(unused_imports)]` (part of `#[warn(unused)]`) on by default
[INFO] [stderr] 
[INFO] [stderr] warning: unused import: `std::thread::ScopedJoinHandle`
[INFO] [stderr]   --> src/modules/show.rs:15:5
[INFO] [stderr]    |
[INFO] [stderr] 15 | use std::thread::ScopedJoinHandle;
[INFO] [stderr]    |     ^^^^^^^^^^^^^^^^^^^^^^^^^^^^^
[INFO] [stderr] 
[INFO] [stderr] warning: unused variable: `buf`
[INFO] [stderr]   --> src/modules/command.rs:14:51
[INFO] [stderr]    |
[INFO] [stderr] 14 |     pub fn proc_command(&mut self, code: KeyCode, buf: &mut FileBuffer) -> MODE {
[INFO] [stderr]    |                                                   ^^^ help: if this is intentional, prefix it with an underscore: `_buf`
[INFO] [stderr]    |
[INFO] [stderr]    = note: `#[warn(unused_variables)]` (part of `#[warn(unused)]`) on by default
[INFO] [stderr] 
[INFO] [stderr] warning: variable does not need to be mutable
[INFO] [stderr]   --> src/modules/search.rs:29:9
[INFO] [stderr]    |
[INFO] [stderr] 29 |     let mut ptnlst = ptn.chars();
[INFO] [stdout] 
[INFO] [stderr]    |         ----^^^^^^
[INFO] [stdout] running 4 tests
[INFO] [stderr]    |         |
[INFO] [stderr]    |         help: remove this `mut`
[INFO] [stderr]    |
[INFO] [stderr]    = note: `#[warn(unused_mut)]` (part of `#[warn(unused)]`) on by default
[INFO] [stderr] 
[INFO] [stderr] warning: unused variable: `ptnlst`
[INFO] [stderr]   --> src/modules/search.rs:29:9
[INFO] [stderr]    |
[INFO] [stderr] 29 |     let mut ptnlst = ptn.chars();
[INFO] [stderr]    |         ^^^^^^^^^^ help: if this is intentional, prefix it with an underscore: `_ptnlst`
[INFO] [stderr] 
[INFO] [stderr] warning: variant `COMMAND` is never constructed
[INFO] [stderr]   --> src/modules/history.rs:13:5
[INFO] [stderr]    |
[INFO] [stderr]  9 | pub enum Operation {
[INFO] [stdout] test modules::file::FileTest::test_get_set_readonly ... FAILED
[INFO] [stderr]    |          --------- variant in this enum
[INFO] [stderr] ...
[INFO] [stderr] 13 |     COMMAND,
[INFO] [stderr]    |     ^^^^^^^
[INFO] [stderr]    |
[INFO] [stderr]    = note: `Operation` has a derived impl for the trait `Clone`, but this is intentionally ignored during dead code analysis
[INFO] [stderr]    = note: `#[warn(dead_code)]` (part of `#[warn(unused)]`) on by default
[INFO] [stderr] 
[INFO] [stderr] warning: field `is_read_only` is never read
[INFO] [stderr]   --> src/modules/mode.rs:16:5
[INFO] [stderr]    |
[INFO] [stderr] 14 | pub struct State {
[INFO] [stderr]    |            ----- field in this struct
[INFO] [stderr] 15 |     mode: MODE,
[INFO] [stderr] 16 |     is_read_only: bool,
[INFO] [stderr]    |     ^^^^^^^^^^^^
[INFO] [stderr]    |
[INFO] [stderr]    = note: `State` has a derived impl for the trait `Debug`, but this is intentionally ignored during dead code analysis
[INFO] [stderr] 
[INFO] [stderr] warning: methods `set_read_only`, `get_read_only`, and `mode_manager` are never used
[INFO] [stderr]   --> src/modules/mode.rs:26:12
[INFO] [stderr]    |
[INFO] [stderr] 19 | impl State {
[INFO] [stderr]    | ---------- methods in this implementation
[INFO] [stderr] ...
[INFO] [stderr] 26 |     pub fn set_read_only(&mut self, flg: bool) {
[INFO] [stderr]    |            ^^^^^^^^^^^^^
[INFO] [stderr] ...
[INFO] [stderr] 29 |     pub fn get_read_only(&self) -> bool {
[INFO] [stderr]    |            ^^^^^^^^^^^^^
[INFO] [stderr] ...
[INFO] [stderr] 38 |     pub fn mode_manager(&self) {}
[INFO] [stderr]    |            ^^^^^^^^^^^^
[INFO] [stderr] 
[INFO] [stderr] warning: method `update_info_line` is never used
[INFO] [stderr]    --> src/modules/show.rs:231:12
[INFO] [stderr]     |
[INFO] [stderr]  34 | impl Display {
[INFO] [stderr]     | ------------ method in this implementation
[INFO] [stderr] ...
[INFO] [stderr] 231 |     pub fn update_info_line(&mut self, msg: &String) {
[INFO] [stderr]     |            ^^^^^^^^^^^^^^^^
[INFO] [stderr] 
[INFO] [stderr] warning: module `FileTest` should have a snake case name
[INFO] [stderr]    --> src/modules/file.rs:112:5
[INFO] [stderr]     |
[INFO] [stderr] 112 | mod FileTest {
[INFO] [stderr]     |     ^^^^^^^^ help: convert the identifier to snake case: `file_test`
[INFO] [stderr]     |
[INFO] [stderr]     = note: `#[warn(non_snake_case)]` (part of `#[warn(nonstandard_style)]`) on by default
[INFO] [stderr] 
[INFO] [stderr] warning: unused `Result` that must be used
[INFO] [stderr]   --> src/modules/show.rs:37:9
[INFO] [stderr]    |
[INFO] [stderr] 37 |         queue!(self.out, MoveTo(0, tmp_cursor_pos));
[INFO] [stderr]    |         ^^^^^^^^^^^^^^^^^^^^^^^^^^^^^^^^^^^^^^^^^^^
[INFO] [stderr]    |
[INFO] [stderr]    = note: this `Result` may be an `Err` variant, which should be handled
[INFO] [stderr]    = note: `#[warn(unused_must_use)]` (part of `#[warn(unused)]`) on by default
[INFO] [stderr] help: use `let _ = ...` to ignore the resulting value
[INFO] [stderr]    |
[INFO] [stderr] 37 |         let _ = queue!(self.out, MoveTo(0, tmp_cursor_pos));;
[INFO] [stderr]    |         +++++++                                            +
[INFO] [stderr] 
[INFO] [stderr] warning: unused `Result` that must be used
[INFO] [stderr]   --> src/modules/show.rs:46:9
[INFO] [stderr]    |
[INFO] [stderr] 46 |         queue!(self.out, Print(printstring));
[INFO] [stderr]    |         ^^^^^^^^^^^^^^^^^^^^^^^^^^^^^^^^^^^^
[INFO] [stderr]    |
[INFO] [stderr]    = note: this `Result` may be an `Err` variant, which should be handled
[INFO] [stderr] help: use `let _ = ...` to ignore the resulting value
[INFO] [stderr]    |
[INFO] [stderr] 46 |         let _ = queue!(self.out, Print(printstring));;
[INFO] [stderr]    |         +++++++                                     +
[INFO] [stderr] 
[INFO] [stderr] warning: unused `Result` that must be used
[INFO] [stderr]   --> src/modules/show.rs:47:9
[INFO] [stderr]    |
[INFO] [stderr] 47 |         queue!(self.out, MoveTo(self.point.col, self.point.row));
[INFO] [stderr]    |         ^^^^^^^^^^^^^^^^^^^^^^^^^^^^^^^^^^^^^^^^^^^^^^^^^^^^^^^^
[INFO] [stderr]    |
[INFO] [stderr]    = note: this `Result` may be an `Err` variant, which should be handled
[INFO] [stderr] help: use `let _ = ...` to ignore the resulting value
[INFO] [stderr]    |
[INFO] [stderr] 47 |         let _ = queue!(self.out, MoveTo(self.point.col, self.point.row));;
[INFO] [stderr]    |         +++++++                                                         +
[INFO] [stderr] 
[INFO] [stderr] warning: unused `Result` that must be used
[INFO] [stderr]    --> src/modules/show.rs:106:9
[INFO] [stderr]     |
[INFO] [stderr] 106 |         queue!(self.out, MoveTo(self.point.col, self.point.row));
[INFO] [stderr]     |         ^^^^^^^^^^^^^^^^^^^^^^^^^^^^^^^^^^^^^^^^^^^^^^^^^^^^^^^^
[INFO] [stderr]     |
[INFO] [stderr]     = note: this `Result` may be an `Err` variant, which should be handled
[INFO] [stderr] help: use `let _ = ...` to ignore the resulting value
[INFO] [stderr]     |
[INFO] [stderr] 106 |         let _ = queue!(self.out, MoveTo(self.point.col, self.point.row));;
[INFO] [stderr]     |         +++++++                                                         +
[INFO] [stderr] 
[INFO] [stderr] warning: unused `Result` that must be used
[INFO] [stderr]    --> src/modules/show.rs:107:9
[INFO] [stderr]     |
[INFO] [stderr] 107 |         self.out.flush();
[INFO] [stderr]     |         ^^^^^^^^^^^^^^^^
[INFO] [stderr]     |
[INFO] [stderr]     = note: this `Result` may be an `Err` variant, which should be handled
[INFO] [stderr] help: use `let _ = ...` to ignore the resulting value
[INFO] [stderr]     |
[INFO] [stderr] 107 |         let _ = self.out.flush();
[INFO] [stderr]     |         +++++++
[INFO] [stderr] 
[INFO] [stderr] warning: unused `Result` that must be used
[INFO] [stderr]    --> src/modules/show.rs:111:9
[INFO] [stderr]     |
[INFO] [stderr] 111 |         self.out.flush();
[INFO] [stderr]     |         ^^^^^^^^^^^^^^^^
[INFO] [stderr]     |
[INFO] [stderr]     = note: this `Result` may be an `Err` variant, which should be handled
[INFO] [stderr] help: use `let _ = ...` to ignore the resulting value
[INFO] [stderr]     |
[INFO] [stderr] 111 |         let _ = self.out.flush();
[INFO] [stderr]     |         +++++++
[INFO] [stderr] 
[INFO] [stderr] warning: `ve` (bin "ve" test) generated 16 warnings (run `cargo fix --bin "ve" -p ve --tests` to apply 5 suggestions)
[INFO] [stderr]     Finished `release` profile [optimized] target(s) in 0.07s
[INFO] [stderr]      Running unittests src/main.rs (/opt/rustwide/target/release/deps/ve-15fb2d5cff63c57f)
[INFO] [stdout] test modules::file::FileTest::test_read_write_contents ... FAILED
[INFO] [stderr] error: test failed, to rerun pass `--bin ve`
[INFO] [stdout] test modules::file::FileTest::test_get_length ... FAILED
[INFO] [stdout] test modules::file::FileTest::test_save_file ... FAILED
[INFO] [stdout] 
[INFO] [stdout] failures:
[INFO] [stdout] 
[INFO] [stdout] ---- modules::file::FileTest::test_get_set_readonly stdout ----
[INFO] [stdout] 
[INFO] [stdout] thread 'modules::file::FileTest::test_get_set_readonly' (860) panicked at src/modules/file.rs:126:43:
[INFO] [stdout] called `Result::unwrap()` on an `Err` value: "Read-only file system (os error 30)"
[INFO] [stdout] stack backtrace:
[INFO] [stdout]    0:     0x5878fe6b8d01 - <<std[104cf6e2632825ea]::sys::backtrace::BacktraceLock>::print::DisplayBacktrace as core[7c831bd917ebf35f]::fmt::Display>::fmt
[INFO] [stdout]    1:     0x5878fe6cceda - core[7c831bd917ebf35f]::fmt::write
[INFO] [stdout]    2:     0x5878fe6bd19c - <alloc[2fdc3f7464fcf288]::vec::Vec<u8> as core[7c831bd917ebf35f]::io::write::Write>::write_fmt
[INFO] [stdout]    3:     0x5878fe6952e6 - std[104cf6e2632825ea]::panicking::default_hook::{closure#0}
[INFO] [stdout]    4:     0x5878fe6b1419 - std[104cf6e2632825ea]::panicking::default_hook
[INFO] [stdout]    5:     0x5878fe64d8d0 - test[73009c9f9aebf890]::test_main_inner::<test[73009c9f9aebf890]::test_main_static::{closure#0}>::{closure#0}
[INFO] [stdout]    6:     0x5878fe6b15d2 - std[104cf6e2632825ea]::panicking::panic_with_hook
[INFO] [stdout]    7:     0x5878fe695392 - std[104cf6e2632825ea]::panicking::panic_handler::{closure#0}
[INFO] [stdout]    8:     0x5878fe68dd39 - std[104cf6e2632825ea]::sys::backtrace::__rust_end_short_backtrace::<std[104cf6e2632825ea]::panicking::panic_handler::{closure#0}, !>
[INFO] [stdout]    9:     0x5878fe695f8d - __rustc[b0d56fa5b193ad05]::rust_begin_unwind
[INFO] [stdout]   10:     0x5878fe6cd60c - core[7c831bd917ebf35f]::panicking::panic_fmt
[INFO] [stdout]   11:     0x5878fe6cd3e2 - core[7c831bd917ebf35f]::result::unwrap_failed
[INFO] [stdout]   12:     0x5878fe64070d - <ve[a0f6f0ed1af88fb2]::modules::file::FileTest::test_get_set_readonly::{closure#0} as core[7c831bd917ebf35f]::ops::function::FnOnce<()>>::call_once
[INFO] [stdout]   13:     0x5878fe640bbb - test[73009c9f9aebf890]::__rust_begin_short_backtrace::<core[7c831bd917ebf35f]::result::Result<(), alloc[2fdc3f7464fcf288]::string::String>, fn() -> core[7c831bd917ebf35f]::result::Result<(), alloc[2fdc3f7464fcf288]::string::String>>
[INFO] [stdout]   14:     0x5878fe64e225 - test[73009c9f9aebf890]::run_test::{closure#0}
[INFO] [stdout]   15:     0x5878fe6475e4 - std[104cf6e2632825ea]::sys::backtrace::__rust_begin_short_backtrace::<test[73009c9f9aebf890]::run_test::{closure#1}, ()>
[INFO] [stdout]   16:     0x5878fe651382 - <std[104cf6e2632825ea]::thread::lifecycle::spawn_unchecked<test[73009c9f9aebf890]::run_test::{closure#1}, ()>::{closure#1} as core[7c831bd917ebf35f]::ops::function::FnOnce<()>>::call_once::{shim:vtable#0}
[INFO] [stdout]   17:     0x5878fe6b85d9 - <std[104cf6e2632825ea]::sys::thread::unix::Thread>::new::thread_start
[INFO] [stdout]   18:     0x70652dd1907a - <unknown>
[INFO] [stdout]   19:     0x70652ddac534 - clone
[INFO] [stdout]   20:                0x0 - <unknown>
[INFO] [stdout] 
[INFO] [stdout] ---- modules::file::FileTest::test_read_write_contents stdout ----
[INFO] [stdout] 
[INFO] [stdout] thread 'modules::file::FileTest::test_read_write_contents' (861) panicked at src/modules/file.rs:118:43:
[INFO] [stdout] called `Result::unwrap()` on an `Err` value: "Read-only file system (os error 30)"
[INFO] [stdout] stack backtrace:
[INFO] [stdout]    0:     0x5878fe6b8d01 - <<std[104cf6e2632825ea]::sys::backtrace::BacktraceLock>::print::DisplayBacktrace as core[7c831bd917ebf35f]::fmt::Display>::fmt
[INFO] [stdout]    1:     0x5878fe6cceda - core[7c831bd917ebf35f]::fmt::write
[INFO] [stdout]    2:     0x5878fe6bd19c - <alloc[2fdc3f7464fcf288]::vec::Vec<u8> as core[7c831bd917ebf35f]::io::write::Write>::write_fmt
[INFO] [stdout]    3:     0x5878fe6952e6 - std[104cf6e2632825ea]::panicking::default_hook::{closure#0}
[INFO] [stdout]    4:     0x5878fe6b1419 - std[104cf6e2632825ea]::panicking::default_hook
[INFO] [stdout]    5:     0x5878fe64d8d0 - test[73009c9f9aebf890]::test_main_inner::<test[73009c9f9aebf890]::test_main_static::{closure#0}>::{closure#0}
[INFO] [stdout]    6:     0x5878fe6b15d2 - std[104cf6e2632825ea]::panicking::panic_with_hook
[INFO] [stdout]    7:     0x5878fe695392 - std[104cf6e2632825ea]::panicking::panic_handler::{closure#0}
[INFO] [stdout]    8:     0x5878fe68dd39 - std[104cf6e2632825ea]::sys::backtrace::__rust_end_short_backtrace::<std[104cf6e2632825ea]::panicking::panic_handler::{closure#0}, !>
[INFO] [stdout]    9:     0x5878fe695f8d - __rustc[b0d56fa5b193ad05]::rust_begin_unwind
[INFO] [stdout]   10:     0x5878fe6cd60c - core[7c831bd917ebf35f]::panicking::panic_fmt
[INFO] [stdout]   11:     0x5878fe6cd3e2 - core[7c831bd917ebf35f]::result::unwrap_failed
[INFO] [stdout]   12:     0x5878fe640a22 - <ve[a0f6f0ed1af88fb2]::modules::file::FileTest::test_read_write_contents::{closure#0} as core[7c831bd917ebf35f]::ops::function::FnOnce<()>>::call_once
[INFO] [stdout]   13:     0x5878fe640bbb - test[73009c9f9aebf890]::__rust_begin_short_backtrace::<core[7c831bd917ebf35f]::result::Result<(), alloc[2fdc3f7464fcf288]::string::String>, fn() -> core[7c831bd917ebf35f]::result::Result<(), alloc[2fdc3f7464fcf288]::string::String>>
[INFO] [stdout]   14:     0x5878fe64e225 - test[73009c9f9aebf890]::run_test::{closure#0}
[INFO] [stdout]   15:     0x5878fe6475e4 - std[104cf6e2632825ea]::sys::backtrace::__rust_begin_short_backtrace::<test[73009c9f9aebf890]::run_test::{closure#1}, ()>
[INFO] [stdout]   16:     0x5878fe651382 - <std[104cf6e2632825ea]::thread::lifecycle::spawn_unchecked<test[73009c9f9aebf890]::run_test::{closure#1}, ()>::{closure#1} as core[7c831bd917ebf35f]::ops::function::FnOnce<()>>::call_once::{shim:vtable#0}
[INFO] [stdout]   17:     0x5878fe6b85d9 - <std[104cf6e2632825ea]::sys::thread::unix::Thread>::new::thread_start
[INFO] [stdout]   18:     0x70652dd1907a - <unknown>
[INFO] [stdout]   19:     0x70652ddac534 - clone
[INFO] [stdout]   20:                0x0 - <unknown>
[INFO] [stdout] 
[INFO] [stdout] ---- modules::file::FileTest::test_get_length stdout ----
[INFO] [stdout] 
[INFO] [stdout] thread 'modules::file::FileTest::test_get_length' (859) panicked at src/modules/file.rs:147:43:
[INFO] [stdout] called `Result::unwrap()` on an `Err` value: "Read-only file system (os error 30)"
[INFO] [stdout] stack backtrace:
[INFO] [stdout]    0:     0x5878fe6b8d01 - <<std[104cf6e2632825ea]::sys::backtrace::BacktraceLock>::print::DisplayBacktrace as core[7c831bd917ebf35f]::fmt::Display>::fmt
[INFO] [stdout]    1:     0x5878fe6cceda - core[7c831bd917ebf35f]::fmt::write
[INFO] [stdout]    2:     0x5878fe6bd19c - <alloc[2fdc3f7464fcf288]::vec::Vec<u8> as core[7c831bd917ebf35f]::io::write::Write>::write_fmt
[INFO] [stdout]    3:     0x5878fe6952e6 - std[104cf6e2632825ea]::panicking::default_hook::{closure#0}
[INFO] [stdout]    4:     0x5878fe6b1419 - std[104cf6e2632825ea]::panicking::default_hook
[INFO] [stdout]    5:     0x5878fe64d8d0 - test[73009c9f9aebf890]::test_main_inner::<test[73009c9f9aebf890]::test_main_static::{closure#0}>::{closure#0}
[INFO] [stdout]    6:     0x5878fe6b15d2 - std[104cf6e2632825ea]::panicking::panic_with_hook
[INFO] [stdout]    7:     0x5878fe695392 - std[104cf6e2632825ea]::panicking::panic_handler::{closure#0}
[INFO] [stdout]    8:     0x5878fe68dd39 - std[104cf6e2632825ea]::sys::backtrace::__rust_end_short_backtrace::<std[104cf6e2632825ea]::panicking::panic_handler::{closure#0}, !>
[INFO] [stdout]    9:     0x5878fe695f8d - __rustc[b0d56fa5b193ad05]::rust_begin_unwind
[INFO] [stdout]   10:     0x5878fe6cd60c - core[7c831bd917ebf35f]::panicking::panic_fmt
[INFO] [stdout]   11:     0x5878fe6cd3e2 - core[7c831bd917ebf35f]::result::unwrap_failed
[INFO] [stdout]   12:     0x5878fe640499 - <ve[a0f6f0ed1af88fb2]::modules::file::FileTest::test_get_length::{closure#0} as core[7c831bd917ebf35f]::ops::function::FnOnce<()>>::call_once
[INFO] [stdout]   13:     0x5878fe640bbb - test[73009c9f9aebf890]::__rust_begin_short_backtrace::<core[7c831bd917ebf35f]::result::Result<(), alloc[2fdc3f7464fcf288]::string::String>, fn() -> core[7c831bd917ebf35f]::result::Result<(), alloc[2fdc3f7464fcf288]::string::String>>
[INFO] [stdout]   14:     0x5878fe64e225 - test[73009c9f9aebf890]::run_test::{closure#0}
[INFO] [stdout]   15:     0x5878fe6475e4 - std[104cf6e2632825ea]::sys::backtrace::__rust_begin_short_backtrace::<test[73009c9f9aebf890]::run_test::{closure#1}, ()>
[INFO] [stdout]   16:     0x5878fe651382 - <std[104cf6e2632825ea]::thread::lifecycle::spawn_unchecked<test[73009c9f9aebf890]::run_test::{closure#1}, ()>::{closure#1} as core[7c831bd917ebf35f]::ops::function::FnOnce<()>>::call_once::{shim:vtable#0}
[INFO] [stdout]   17:     0x5878fe6b85d9 - <std[104cf6e2632825ea]::sys::thread::unix::Thread>::new::thread_start
[INFO] [stdout]   18:     0x70652dd1907a - <unknown>
[INFO] [stdout]   19:     0x70652ddac534 - clone
[INFO] [stdout]   20:                0x0 - <unknown>
[INFO] [stdout] 
[INFO] [stdout] ---- modules::file::FileTest::test_save_file stdout ----
[INFO] [stdout] 
[INFO] [stdout] thread 'modules::file::FileTest::test_save_file' (862) panicked at src/modules/file.rs:136:43:
[INFO] [stdout] called `Result::unwrap()` on an `Err` value: "Read-only file system (os error 30)"
[INFO] [stdout] stack backtrace:
[INFO] [stdout]    0:     0x5878fe6b8d01 - <<std[104cf6e2632825ea]::sys::backtrace::BacktraceLock>::print::DisplayBacktrace as core[7c831bd917ebf35f]::fmt::Display>::fmt
[INFO] [stdout]    1:     0x5878fe6cceda - core[7c831bd917ebf35f]::fmt::write
[INFO] [stdout]    2:     0x5878fe6bd19c - <alloc[2fdc3f7464fcf288]::vec::Vec<u8> as core[7c831bd917ebf35f]::io::write::Write>::write_fmt
[INFO] [stdout]    3:     0x5878fe6952e6 - std[104cf6e2632825ea]::panicking::default_hook::{closure#0}
[INFO] [stdout]    4:     0x5878fe6b1419 - std[104cf6e2632825ea]::panicking::default_hook
[INFO] [stdout]    5:     0x5878fe64d8d0 - test[73009c9f9aebf890]::test_main_inner::<test[73009c9f9aebf890]::test_main_static::{closure#0}>::{closure#0}
[INFO] [stdout]    6:     0x5878fe6b15d2 - std[104cf6e2632825ea]::panicking::panic_with_hook
[INFO] [stdout]    7:     0x5878fe695392 - std[104cf6e2632825ea]::panicking::panic_handler::{closure#0}
[INFO] [stdout]    8:     0x5878fe68dd39 - std[104cf6e2632825ea]::sys::backtrace::__rust_end_short_backtrace::<std[104cf6e2632825ea]::panicking::panic_handler::{closure#0}, !>
[INFO] [stdout]    9:     0x5878fe695f8d - __rustc[b0d56fa5b193ad05]::rust_begin_unwind
[INFO] [stdout]   10:     0x5878fe6cd60c - core[7c831bd917ebf35f]::panicking::panic_fmt
[INFO] [stdout]   11:     0x5878fe6cd3e2 - core[7c831bd917ebf35f]::result::unwrap_failed
[INFO] [stdout]   12:     0x5878fe63f979 - <ve[a0f6f0ed1af88fb2]::modules::file::FileTest::test_save_file::{closure#0} as core[7c831bd917ebf35f]::ops::function::FnOnce<()>>::call_once
[INFO] [stdout]   13:     0x5878fe640bbb - test[73009c9f9aebf890]::__rust_begin_short_backtrace::<core[7c831bd917ebf35f]::result::Result<(), alloc[2fdc3f7464fcf288]::string::String>, fn() -> core[7c831bd917ebf35f]::result::Result<(), alloc[2fdc3f7464fcf288]::string::String>>
[INFO] [stdout]   14:     0x5878fe64e225 - test[73009c9f9aebf890]::run_test::{closure#0}
[INFO] [stdout]   15:     0x5878fe6475e4 - std[104cf6e2632825ea]::sys::backtrace::__rust_begin_short_backtrace::<test[73009c9f9aebf890]::run_test::{closure#1}, ()>
[INFO] [stdout]   16:     0x5878fe651382 - <std[104cf6e2632825ea]::thread::lifecycle::spawn_unchecked<test[73009c9f9aebf890]::run_test::{closure#1}, ()>::{closure#1} as core[7c831bd917ebf35f]::ops::function::FnOnce<()>>::call_once::{shim:vtable#0}
[INFO] [stdout]   17:     0x5878fe6b85d9 - <std[104cf6e2632825ea]::sys::thread::unix::Thread>::new::thread_start
[INFO] [stdout]   18:     0x70652dd1907a - <unknown>
[INFO] [stdout]   19:     0x70652ddac534 - clone
[INFO] [stdout]   20:                0x0 - <unknown>
[INFO] [stdout] 
[INFO] [stdout] 
[INFO] [stdout] failures:
[INFO] [stdout]     modules::file::FileTest::test_get_length
[INFO] [stdout]     modules::file::FileTest::test_get_set_readonly
[INFO] [stdout]     modules::file::FileTest::test_read_write_contents
[INFO] [stdout]     modules::file::FileTest::test_save_file
[INFO] [stdout] 
[INFO] [stdout] test result: FAILED. 0 passed; 4 failed; 0 ignored; 0 measured; 0 filtered out; finished in 0.00s
[INFO] [stdout] 
[INFO] running `Command { std: "docker" "inspect" "ba6e863170b0be28d8156a404cb5a58978c4696cfe181e0a2a7fa8f64e87da50", kill_on_drop: false }`
[INFO] running `Command { std: "docker" "rm" "-f" "ba6e863170b0be28d8156a404cb5a58978c4696cfe181e0a2a7fa8f64e87da50", kill_on_drop: false }`
[INFO] [stdout] ba6e863170b0be28d8156a404cb5a58978c4696cfe181e0a2a7fa8f64e87da50
