[INFO] cloning repository https://github.com/khammersmith17/sqlparser
[INFO] running `Command { std: "git" "-c" "credential.helper=" "-c" "credential.helper=/workspace/cargo-home/bin/git-credential-null" "clone" "--bare" "https://github.com/khammersmith17/sqlparser" "/workspace/cache/git-repos/https%3A%2F%2Fgithub.com%2Fkhammersmith17%2Fsqlparser", kill_on_drop: false }`
[INFO] [stderr] Cloning into bare repository '/workspace/cache/git-repos/https%3A%2F%2Fgithub.com%2Fkhammersmith17%2Fsqlparser'...
[INFO] running `Command { std: "git" "rev-parse" "HEAD", kill_on_drop: false }`
[INFO] [stdout] de95cac7463616936d0a2c910fe269982f07a7c9
[INFO] testing khammersmith17/sqlparser against 1.98.0-beta.8+cargoflags=--release for beta-release-1.99-2
[INFO] running `Command { std: "git" "clone" "/workspace/cache/git-repos/https%3A%2F%2Fgithub.com%2Fkhammersmith17%2Fsqlparser" "/workspace/builds/worker-0-tc1/source", kill_on_drop: false }`
[INFO] [stderr] Cloning into '/workspace/builds/worker-0-tc1/source'...
[INFO] [stderr] done.
[INFO] started tweaking git repo https://github.com/khammersmith17/sqlparser
[INFO] finished tweaking git repo https://github.com/khammersmith17/sqlparser
[INFO] tweaked toml for git repo https://github.com/khammersmith17/sqlparser written to /workspace/builds/worker-0-tc1/source/Cargo.toml
[INFO] validating manifest of git repo https://github.com/khammersmith17/sqlparser on toolchain 1.98.0-beta.8
[INFO] running `Command { std: CARGO_HOME="/workspace/cargo-home" RUSTUP_HOME="/workspace/rustup-home" "/workspace/cargo-home/bin/cargo" "+1.98.0-beta.8" "metadata" "--manifest-path" "Cargo.toml" "--no-deps", kill_on_drop: false }`
[INFO] crate git repo https://github.com/khammersmith17/sqlparser already has a lockfile, it will not be regenerated
[INFO] running `Command { std: CARGO_HOME="/workspace/cargo-home" RUSTUP_HOME="/workspace/rustup-home" "/workspace/cargo-home/bin/cargo" "+1.98.0-beta.8" "fetch" "--manifest-path" "Cargo.toml", kill_on_drop: false }`
[INFO] [stderr]  Downloading crates ...
[INFO] [stderr]   Downloaded anyhow v1.0.99
[INFO] running `Command { std: "docker" "create" "-v" "/var/lib/crater-agent-workspace/builds/worker-0-tc1/source:/opt/rustwide/workdir:ro,Z" "-v" "/var/lib/crater-agent-workspace/builds/worker-0-tc1/target:/opt/rustwide/target:rw,Z" "-v" "/var/lib/crater-agent-workspace/cargo-home:/opt/rustwide/cargo-home:ro,Z" "-v" "/var/lib/crater-agent-workspace/rustup-home:/opt/rustwide/rustup-home:ro,Z" "-m" "1610612736" "--network" "none" "ghcr.io/rust-lang/crates-build-env/linux@sha256:8683fc1fc2eb5c9ac98e0d076ab094b2ffac7f99da555d2b6a2e27f346de2ec7" "sleep" "infinity", kill_on_drop: false }`
[INFO] [stdout] 6edd9305f40a46b3be0e8ca99064739f2024e7019efcb7c017cd53cd183f70aa
[INFO] running `Command { std: "docker" "start" "6edd9305f40a46b3be0e8ca99064739f2024e7019efcb7c017cd53cd183f70aa", kill_on_drop: false }`
[INFO] running `Command { std: "docker" "inspect" "6edd9305f40a46b3be0e8ca99064739f2024e7019efcb7c017cd53cd183f70aa", kill_on_drop: false }`
[INFO] running `Command { std: "docker" "exec" "-e" "SOURCE_DIR=/opt/rustwide/workdir" "-e" "CARGO_HOME=/opt/rustwide/cargo-home" "-e" "RUSTUP_HOME=/opt/rustwide/rustup-home" "-e" "CARGO_TARGET_DIR=/opt/rustwide/target" "-w" "/opt/rustwide/workdir" "--user" "0:0" "6edd9305f40a46b3be0e8ca99064739f2024e7019efcb7c017cd53cd183f70aa" "/opt/rustwide/cargo-home/bin/cargo" "+1.98.0-beta.8" "metadata" "--no-deps" "--format-version=1", kill_on_drop: false }`
[INFO] running `Command { std: "docker" "inspect" "6edd9305f40a46b3be0e8ca99064739f2024e7019efcb7c017cd53cd183f70aa", kill_on_drop: false }`
[INFO] running `Command { std: "docker" "exec" "-e" "SOURCE_DIR=/opt/rustwide/workdir" "-e" "CARGO_HOME=/opt/rustwide/cargo-home" "-e" "RUSTUP_HOME=/opt/rustwide/rustup-home" "-e" "CARGO_TARGET_DIR=/opt/rustwide/target" "-e" "CARGO_INCREMENTAL=0" "-e" "RUST_BACKTRACE=full" "-e" "RUSTFLAGS=--cap-lints=warn" "-e" "RUSTDOCFLAGS=--cap-lints=warn" "-w" "/opt/rustwide/workdir" "--user" "0:0" "6edd9305f40a46b3be0e8ca99064739f2024e7019efcb7c017cd53cd183f70aa" "/opt/rustwide/cargo-home/bin/cargo" "+1.98.0-beta.8" "build" "--frozen" "--message-format=json" "--release", kill_on_drop: false }`
[INFO] [stderr]    Compiling anyhow v1.0.99
[INFO] [stderr]    Compiling sqlparser v0.1.0 (/opt/rustwide/workdir)
[INFO] [stdout] warning: hiding a lifetime that's elided elsewhere is confusing
[INFO] [stdout]    --> src/parser/tokenizer.rs:271:17
[INFO] [stdout]     |
[INFO] [stdout] 271 |     pub fn iter(&self) -> std::slice::Iter<SqlConditionToken> {
[INFO] [stdout]     |                 ^^^^^     ^^^^^^^^^^^^^^^^^^^^^^^^^^^^^^^^^^^ the same lifetime is hidden here
[INFO] [stdout]     |                 |
[INFO] [stdout]     |                 the lifetime is elided here
[INFO] [stdout]     |
[INFO] [stdout]     = help: the same lifetime is referred to in inconsistent ways, making the signature confusing
[INFO] [stdout]     = note: `#[warn(mismatched_lifetime_syntaxes)]` on by default
[INFO] [stdout] help: use `'_` for type paths
[INFO] [stdout]     |
[INFO] [stdout] 271 |     pub fn iter(&self) -> std::slice::Iter<'_, SqlConditionToken> {
[INFO] [stdout]     |                                            +++
[INFO] [stdout] 
[INFO] [stdout] 
[INFO] [stderr]     Finished `release` profile [optimized] target(s) in 6.53s
[INFO] running `Command { std: "docker" "inspect" "6edd9305f40a46b3be0e8ca99064739f2024e7019efcb7c017cd53cd183f70aa", kill_on_drop: false }`
[INFO] running `Command { std: "docker" "exec" "-e" "SOURCE_DIR=/opt/rustwide/workdir" "-e" "CARGO_HOME=/opt/rustwide/cargo-home" "-e" "RUSTUP_HOME=/opt/rustwide/rustup-home" "-e" "CARGO_TARGET_DIR=/opt/rustwide/target" "-e" "CARGO_INCREMENTAL=0" "-e" "RUST_BACKTRACE=full" "-e" "RUSTFLAGS=--cap-lints=warn" "-e" "RUSTDOCFLAGS=--cap-lints=warn" "-w" "/opt/rustwide/workdir" "--user" "0:0" "6edd9305f40a46b3be0e8ca99064739f2024e7019efcb7c017cd53cd183f70aa" "/opt/rustwide/cargo-home/bin/cargo" "+1.98.0-beta.8" "test" "--frozen" "--no-run" "--message-format=json" "--release", kill_on_drop: false }`
[INFO] [stdout] warning: hiding a lifetime that's elided elsewhere is confusing
[INFO] [stdout]    --> src/parser/tokenizer.rs:271:17
[INFO] [stdout]     |
[INFO] [stdout] 271 |     pub fn iter(&self) -> std::slice::Iter<SqlConditionToken> {
[INFO] [stdout]     |                 ^^^^^     ^^^^^^^^^^^^^^^^^^^^^^^^^^^^^^^^^^^ the same lifetime is hidden here
[INFO] [stdout]     |                 |
[INFO] [stdout]     |                 the lifetime is elided here
[INFO] [stdout]     |
[INFO] [stdout]     = help: the same lifetime is referred to in inconsistent ways, making the signature confusing
[INFO] [stdout]     = note: `#[warn(mismatched_lifetime_syntaxes)]` on by default
[INFO] [stdout] help: use `'_` for type paths
[INFO] [stdout]     |
[INFO] [stdout] 271 |     pub fn iter(&self) -> std::slice::Iter<'_, SqlConditionToken> {
[INFO] [stdout]     |                                            +++
[INFO] [stdout] 
[INFO] [stdout] 
[INFO] [stderr]    Compiling sqlparser v0.1.0 (/opt/rustwide/workdir)
[INFO] [stdout] warning: hiding a lifetime that's elided elsewhere is confusing
[INFO] [stdout]    --> src/parser/tokenizer.rs:271:17
[INFO] [stdout]     |
[INFO] [stdout] 271 |     pub fn iter(&self) -> std::slice::Iter<SqlConditionToken> {
[INFO] [stdout]     |                 ^^^^^     ^^^^^^^^^^^^^^^^^^^^^^^^^^^^^^^^^^^ the same lifetime is hidden here
[INFO] [stdout]     |                 |
[INFO] [stdout]     |                 the lifetime is elided here
[INFO] [stdout]     |
[INFO] [stdout]     = help: the same lifetime is referred to in inconsistent ways, making the signature confusing
[INFO] [stdout]     = note: `#[warn(mismatched_lifetime_syntaxes)]` on by default
[INFO] [stdout] help: use `'_` for type paths
[INFO] [stdout]     |
[INFO] [stdout] 271 |     pub fn iter(&self) -> std::slice::Iter<'_, SqlConditionToken> {
[INFO] [stdout]     |                                            +++
[INFO] [stdout] 
[INFO] [stdout] 
[INFO] [stderr]     Finished `release` profile [optimized] target(s) in 3.66s
[INFO] running `Command { std: "docker" "inspect" "6edd9305f40a46b3be0e8ca99064739f2024e7019efcb7c017cd53cd183f70aa", kill_on_drop: false }`
[INFO] running `Command { std: "docker" "exec" "-e" "SOURCE_DIR=/opt/rustwide/workdir" "-e" "CARGO_HOME=/opt/rustwide/cargo-home" "-e" "RUSTUP_HOME=/opt/rustwide/rustup-home" "-e" "CARGO_TARGET_DIR=/opt/rustwide/target" "-e" "CARGO_INCREMENTAL=0" "-e" "RUST_BACKTRACE=full" "-e" "RUSTFLAGS=--cap-lints=warn" "-e" "RUSTDOCFLAGS=--cap-lints=warn" "-w" "/opt/rustwide/workdir" "--user" "0:0" "6edd9305f40a46b3be0e8ca99064739f2024e7019efcb7c017cd53cd183f70aa" "/opt/rustwide/cargo-home/bin/cargo" "+1.98.0-beta.8" "test" "--frozen" "--release", kill_on_drop: false }`
[INFO] [stderr] warning: hiding a lifetime that's elided elsewhere is confusing
[INFO] [stderr]    --> src/parser/tokenizer.rs:271:17
[INFO] [stderr]     |
[INFO] [stderr] 271 |     pub fn iter(&self) -> std::slice::Iter<SqlConditionToken> {
[INFO] [stderr]     |                 ^^^^^     ^^^^^^^^^^^^^^^^^^^^^^^^^^^^^^^^^^^ the same lifetime is hidden here
[INFO] [stderr]     |                 |
[INFO] [stderr]     |                 the lifetime is elided here
[INFO] [stderr]     |
[INFO] [stderr]     = help: the same lifetime is referred to in inconsistent ways, making the signature confusing
[INFO] [stderr]     = note: `#[warn(mismatched_lifetime_syntaxes)]` on by default
[INFO] [stderr] help: use `'_` for type paths
[INFO] [stderr]     |
[INFO] [stderr] 271 |     pub fn iter(&self) -> std::slice::Iter<'_, SqlConditionToken> {
[INFO] [stderr]     |                                            +++
[INFO] [stderr] 
[INFO] [stderr] warning: `sqlparser` (lib) generated 1 warning (run `cargo fix --lib -p sqlparser` to apply 1 suggestion)
[INFO] [stderr] warning: `sqlparser` (lib test) generated 1 warning (1 duplicate)
[INFO] [stderr]     Finished `release` profile [optimized] target(s) in 0.05s
[INFO] [stderr]      Running unittests src/lib.rs (/opt/rustwide/target/release/deps/sqlparser-8a523de010314dd4)
[INFO] [stdout] 
[INFO] [stdout] running 28 tests
[INFO] [stdout] test parser::test::float_parser ... ok
[INFO] [stdout] test parser::test::int_parser ... ok
[INFO] [stdout] test parser::test::parse_for_multi_word_column_name ... ok
[INFO] [stdout] test parser::test::parser_for_identifier_and_whitespace ... ok
[INFO] [stdout] test parser::test::select_parser ... ok
[INFO] [stdout] test parser::test::string_value_parser ... ok
[INFO] [stdout] test parser::test::test_basic_condition ... ok
[INFO] [stdout] test parser::test::test_chain ... ok
[INFO] [stdout] test parser::test::test_column_def ... ok
[INFO] [stdout] test parser::test::test_condition_columns ... ok
[INFO] [stdout] test parser::test::test_parse_for_condition_identifer ... ok
[INFO] [stdout] test parser::test::test_parse_for_operator_geoet ... ok
[INFO] [stdout] test parser::test::test_parse_for_operator_gt ... ok
[INFO] [stdout] test parser::test::test_parse_for_operator_leoet ... ok
[INFO] [stdout] test parser::test::test_condition_w_and ... ok
[INFO] [stdout] test parser::test::test_parse_for_operator_lt ... ok
[INFO] [stdout] test parser::test::multiple_columns ... FAILED
[INFO] [stdout] test parser::test::test_multiple ... ok
[INFO] [stdout] test parser::test::test_condition_eval ... ok
[INFO] [stdout] test parser::tokenizer::test::test_not_null ... ok
[INFO] [stdout] test parser::test::test_parse_for_operator_ne ... ok
[INFO] [stdout] test parser::test::test_parse_for_operator_e ... ok
[INFO] [stdout] test parser::tokenizer::test::test_primary_key ... ok
[INFO] [stdout] test parser::test::test_whole_parser ... FAILED
[INFO] [stdout] test parser::test::test_select_with_where ... ok
[INFO] [stdout] test parser::test::test_single ... ok
[INFO] [stdout] test sqlite::data_containers::schema::test::parse_schema ... ok
[INFO] [stderr] error: test failed, to rerun pass `--lib`
[INFO] [stdout] test sqlite::data_containers::schema::test::test_bit_map ... ok
[INFO] [stdout] 
[INFO] [stdout] failures:
[INFO] [stdout] 
[INFO] [stdout] ---- parser::test::multiple_columns stdout ----
[INFO] [stdout] 
[INFO] [stdout] thread 'parser::test::multiple_columns' (214) panicked at src/parser/mod.rs:1281:9:
[INFO] [stdout] assertion `left == right` failed
[INFO] [stdout]   left: ("", BasicSelectStatementInner { columns: ["COLUMN1", "COLUMN2"], table: "table", condition: None })
[INFO] [stdout]  right: ("", BasicSelectStatementInner { columns: ["column1", "column2"], table: "table", condition: None })
[INFO] [stdout] stack backtrace:
[INFO] [stdout]    0:     0x5a9f466ce811 - <<std[97b98282bc616a66]::sys::backtrace::BacktraceLock>::print::DisplayBacktrace as core[832e9a552fc17241]::fmt::Display>::fmt
[INFO] [stdout]    1:     0x5a9f466e4c3a - core[832e9a552fc17241]::fmt::write
[INFO] [stdout]    2:     0x5a9f466d31cc - <alloc[3ecab9f82c41dc7d]::vec::Vec<u8> as std[97b98282bc616a66]::io::Write>::write_fmt
[INFO] [stdout]    3:     0x5a9f466ac986 - std[97b98282bc616a66]::panicking::default_hook::{closure#0}
[INFO] [stdout]    4:     0x5a9f466c6a19 - std[97b98282bc616a66]::panicking::default_hook
[INFO] [stdout]    5:     0x5a9f4665f8d0 - test[39766f3d73431624]::test_main_inner::<test[39766f3d73431624]::test_main_static::{closure#0}>::{closure#0}
[INFO] [stdout]    6:     0x5a9f466c6bd2 - std[97b98282bc616a66]::panicking::panic_with_hook
[INFO] [stdout]    7:     0x5a9f466aca32 - std[97b98282bc616a66]::panicking::panic_handler::{closure#0}
[INFO] [stdout]    8:     0x5a9f466a3de9 - std[97b98282bc616a66]::sys::backtrace::__rust_end_short_backtrace::<std[97b98282bc616a66]::panicking::panic_handler::{closure#0}, !>
[INFO] [stdout]    9:     0x5a9f466ad73d - __rustc[e3d8617bb01b7f69]::rust_begin_unwind
[INFO] [stdout]   10:     0x5a9f466e536c - core[832e9a552fc17241]::panicking::panic_fmt
[INFO] [stdout]   11:     0x5a9f466e5283 - core[832e9a552fc17241]::panicking::assert_failed_inner
[INFO] [stdout]   12:     0x5a9f46651cd4 - core[832e9a552fc17241]::panicking::assert_failed::<(&str, sqlparser[6a6ff7e8a2fc371c]::parser::BasicSelectStatementInner), (&str, sqlparser[6a6ff7e8a2fc371c]::parser::BasicSelectStatementInner)>
[INFO] [stdout]   13:     0x5a9f4664c40b - sqlparser[6a6ff7e8a2fc371c]::parser::test::multiple_columns
[INFO] [stdout]   14:     0x5a9f46649159 - <sqlparser[6a6ff7e8a2fc371c]::parser::test::multiple_columns::{closure#0} as core[832e9a552fc17241]::ops::function::FnOnce<()>>::call_once
[INFO] [stdout]   15:     0x5a9f46652c0b - test[39766f3d73431624]::__rust_begin_short_backtrace::<core[832e9a552fc17241]::result::Result<(), alloc[3ecab9f82c41dc7d]::string::String>, fn() -> core[832e9a552fc17241]::result::Result<(), alloc[3ecab9f82c41dc7d]::string::String>>
[INFO] [stdout]   16:     0x5a9f46660255 - test[39766f3d73431624]::run_test::{closure#0}
[INFO] [stdout]   17:     0x5a9f4665ad04 - std[97b98282bc616a66]::sys::backtrace::__rust_begin_short_backtrace::<test[39766f3d73431624]::run_test::{closure#1}, ()>
[INFO] [stdout]   18:     0x5a9f466633a2 - <std[97b98282bc616a66]::thread::lifecycle::spawn_unchecked<test[39766f3d73431624]::run_test::{closure#1}, ()>::{closure#1} as core[832e9a552fc17241]::ops::function::FnOnce<()>>::call_once::{shim:vtable#0}
[INFO] [stdout]   19:     0x5a9f466ce09f - <std[97b98282bc616a66]::sys::thread::unix::Thread>::new::thread_start
[INFO] [stdout]   20:     0x7d8f9dea907a - <unknown>
[INFO] [stdout]   21:     0x7d8f9df3c534 - clone
[INFO] [stdout]   22:                0x0 - <unknown>
[INFO] [stdout] 
[INFO] [stdout] ---- parser::test::test_whole_parser stdout ----
[INFO] [stdout] 
[INFO] [stdout] thread 'parser::test::test_whole_parser' (235) panicked at src/parser/mod.rs:1269:9:
[INFO] [stdout] assertion `left == right` failed
[INFO] [stdout]   left: ("", BasicSelectStatementInner { columns: ["COLUMN"], table: "table", condition: None })
[INFO] [stdout]  right: ("", BasicSelectStatementInner { columns: ["column"], table: "table", condition: None })
[INFO] [stdout] stack backtrace:
[INFO] [stdout]    0:     0x5a9f466ce811 - <<std[97b98282bc616a66]::sys::backtrace::BacktraceLock>::print::DisplayBacktrace as core[832e9a552fc17241]::fmt::Display>::fmt
[INFO] [stdout]    1:     0x5a9f466e4c3a - core[832e9a552fc17241]::fmt::write
[INFO] [stdout]    2:     0x5a9f466d31cc - <alloc[3ecab9f82c41dc7d]::vec::Vec<u8> as std[97b98282bc616a66]::io::Write>::write_fmt
[INFO] [stdout]    3:     0x5a9f466ac986 - std[97b98282bc616a66]::panicking::default_hook::{closure#0}
[INFO] [stdout]    4:     0x5a9f466c6a19 - std[97b98282bc616a66]::panicking::default_hook
[INFO] [stdout]    5:     0x5a9f4665f8d0 - test[39766f3d73431624]::test_main_inner::<test[39766f3d73431624]::test_main_static::{closure#0}>::{closure#0}
[INFO] [stdout]    6:     0x5a9f466c6bd2 - std[97b98282bc616a66]::panicking::panic_with_hook
[INFO] [stdout]    7:     0x5a9f466aca32 - std[97b98282bc616a66]::panicking::panic_handler::{closure#0}
[INFO] [stdout]    8:     0x5a9f466a3de9 - std[97b98282bc616a66]::sys::backtrace::__rust_end_short_backtrace::<std[97b98282bc616a66]::panicking::panic_handler::{closure#0}, !>
[INFO] [stdout]    9:     0x5a9f466ad73d - __rustc[e3d8617bb01b7f69]::rust_begin_unwind
[INFO] [stdout]   10:     0x5a9f466e536c - core[832e9a552fc17241]::panicking::panic_fmt
[INFO] [stdout]   11:     0x5a9f466e5283 - core[832e9a552fc17241]::panicking::assert_failed_inner
[INFO] [stdout]   12:     0x5a9f46651cd4 - core[832e9a552fc17241]::panicking::assert_failed::<(&str, sqlparser[6a6ff7e8a2fc371c]::parser::BasicSelectStatementInner), (&str, sqlparser[6a6ff7e8a2fc371c]::parser::BasicSelectStatementInner)>
[INFO] [stdout]   13:     0x5a9f4664c8f0 - sqlparser[6a6ff7e8a2fc371c]::parser::test::test_whole_parser
[INFO] [stdout]   14:     0x5a9f46649179 - <sqlparser[6a6ff7e8a2fc371c]::parser::test::test_whole_parser::{closure#0} as core[832e9a552fc17241]::ops::function::FnOnce<()>>::call_once
[INFO] [stdout]   15:     0x5a9f46652c0b - test[39766f3d73431624]::__rust_begin_short_backtrace::<core[832e9a552fc17241]::result::Result<(), alloc[3ecab9f82c41dc7d]::string::String>, fn() -> core[832e9a552fc17241]::result::Result<(), alloc[3ecab9f82c41dc7d]::string::String>>
[INFO] [stdout]   16:     0x5a9f46660255 - test[39766f3d73431624]::run_test::{closure#0}
[INFO] [stdout]   17:     0x5a9f4665ad04 - std[97b98282bc616a66]::sys::backtrace::__rust_begin_short_backtrace::<test[39766f3d73431624]::run_test::{closure#1}, ()>
[INFO] [stdout]   18:     0x5a9f466633a2 - <std[97b98282bc616a66]::thread::lifecycle::spawn_unchecked<test[39766f3d73431624]::run_test::{closure#1}, ()>::{closure#1} as core[832e9a552fc17241]::ops::function::FnOnce<()>>::call_once::{shim:vtable#0}
[INFO] [stdout]   19:     0x5a9f466ce09f - <std[97b98282bc616a66]::sys::thread::unix::Thread>::new::thread_start
[INFO] [stdout]   20:     0x7d8f9dea907a - <unknown>
[INFO] [stdout]   21:     0x7d8f9df3c534 - clone
[INFO] [stdout]   22:                0x0 - <unknown>
[INFO] [stdout] 
[INFO] [stdout] 
[INFO] [stdout] failures:
[INFO] [stdout]     parser::test::multiple_columns
[INFO] [stdout]     parser::test::test_whole_parser
[INFO] [stdout] 
[INFO] [stdout] test result: FAILED. 26 passed; 2 failed; 0 ignored; 0 measured; 0 filtered out; finished in 0.00s
[INFO] [stdout] 
[INFO] running `Command { std: "docker" "inspect" "6edd9305f40a46b3be0e8ca99064739f2024e7019efcb7c017cd53cd183f70aa", kill_on_drop: false }`
[INFO] running `Command { std: "docker" "rm" "-f" "6edd9305f40a46b3be0e8ca99064739f2024e7019efcb7c017cd53cd183f70aa", kill_on_drop: false }`
[INFO] [stdout] 6edd9305f40a46b3be0e8ca99064739f2024e7019efcb7c017cd53cd183f70aa
