[INFO] cloning repository https://github.com/kassoulet/uncompress
[INFO] running `Command { std: "git" "-c" "credential.helper=" "-c" "credential.helper=/workspace/cargo-home/bin/git-credential-null" "clone" "--bare" "https://github.com/kassoulet/uncompress" "/workspace/cache/git-repos/https%3A%2F%2Fgithub.com%2Fkassoulet%2Funcompress", kill_on_drop: false }`
[INFO] [stderr] Cloning into bare repository '/workspace/cache/git-repos/https%3A%2F%2Fgithub.com%2Fkassoulet%2Funcompress'...
[INFO] running `Command { std: "git" "rev-parse" "HEAD", kill_on_drop: false }`
[INFO] [stdout] d12333eaf84557bfad7aae273e1f37eeb396a3d7
[INFO] testing kassoulet/uncompress against 1.98.0-beta.8+cargoflags=--release for beta-release-1.99-2
[INFO] running `Command { std: "git" "clone" "/workspace/cache/git-repos/https%3A%2F%2Fgithub.com%2Fkassoulet%2Funcompress" "/workspace/builds/worker-0-tc1/source", kill_on_drop: false }`
[INFO] [stderr] Cloning into '/workspace/builds/worker-0-tc1/source'...
[INFO] [stderr] done.
[INFO] started tweaking git repo https://github.com/kassoulet/uncompress
[INFO] finished tweaking git repo https://github.com/kassoulet/uncompress
[INFO] tweaked toml for git repo https://github.com/kassoulet/uncompress written to /workspace/builds/worker-0-tc1/source/Cargo.toml
[INFO] validating manifest of git repo https://github.com/kassoulet/uncompress on toolchain 1.98.0-beta.8
[INFO] running `Command { std: CARGO_HOME="/workspace/cargo-home" RUSTUP_HOME="/workspace/rustup-home" "/workspace/cargo-home/bin/cargo" "+1.98.0-beta.8" "metadata" "--manifest-path" "Cargo.toml" "--no-deps", kill_on_drop: false }`
[INFO] crate git repo https://github.com/kassoulet/uncompress already has a lockfile, it will not be regenerated
[INFO] running `Command { std: CARGO_HOME="/workspace/cargo-home" RUSTUP_HOME="/workspace/rustup-home" "/workspace/cargo-home/bin/cargo" "+1.98.0-beta.8" "fetch" "--manifest-path" "Cargo.toml", kill_on_drop: false }`
[INFO] [stderr]  Downloading crates ...
[INFO] [stderr]   Downloaded zip v1.1.4
[INFO] running `Command { std: "docker" "create" "-v" "/var/lib/crater-agent-workspace/builds/worker-0-tc1/source:/opt/rustwide/workdir:ro,Z" "-v" "/var/lib/crater-agent-workspace/builds/worker-0-tc1/target:/opt/rustwide/target:rw,Z" "-v" "/var/lib/crater-agent-workspace/cargo-home:/opt/rustwide/cargo-home:ro,Z" "-v" "/var/lib/crater-agent-workspace/rustup-home:/opt/rustwide/rustup-home:ro,Z" "-m" "1610612736" "--network" "none" "ghcr.io/rust-lang/crates-build-env/linux@sha256:8683fc1fc2eb5c9ac98e0d076ab094b2ffac7f99da555d2b6a2e27f346de2ec7" "sleep" "infinity", kill_on_drop: false }`
[INFO] [stdout] a55525c75b3a4d0d5ca3bb4e98de4f9ee3340facbe5c5faa811ef4b047ab9ff7
[INFO] running `Command { std: "docker" "start" "a55525c75b3a4d0d5ca3bb4e98de4f9ee3340facbe5c5faa811ef4b047ab9ff7", kill_on_drop: false }`
[INFO] running `Command { std: "docker" "inspect" "a55525c75b3a4d0d5ca3bb4e98de4f9ee3340facbe5c5faa811ef4b047ab9ff7", kill_on_drop: false }`
[INFO] running `Command { std: "docker" "exec" "-e" "SOURCE_DIR=/opt/rustwide/workdir" "-e" "CARGO_HOME=/opt/rustwide/cargo-home" "-e" "RUSTUP_HOME=/opt/rustwide/rustup-home" "-e" "CARGO_TARGET_DIR=/opt/rustwide/target" "-w" "/opt/rustwide/workdir" "--user" "0:0" "a55525c75b3a4d0d5ca3bb4e98de4f9ee3340facbe5c5faa811ef4b047ab9ff7" "/opt/rustwide/cargo-home/bin/cargo" "+1.98.0-beta.8" "metadata" "--no-deps" "--format-version=1", kill_on_drop: false }`
[INFO] running `Command { std: "docker" "inspect" "a55525c75b3a4d0d5ca3bb4e98de4f9ee3340facbe5c5faa811ef4b047ab9ff7", kill_on_drop: false }`
[INFO] running `Command { std: "docker" "exec" "-e" "SOURCE_DIR=/opt/rustwide/workdir" "-e" "CARGO_HOME=/opt/rustwide/cargo-home" "-e" "RUSTUP_HOME=/opt/rustwide/rustup-home" "-e" "CARGO_TARGET_DIR=/opt/rustwide/target" "-e" "CARGO_INCREMENTAL=0" "-e" "RUST_BACKTRACE=full" "-e" "RUSTFLAGS=--cap-lints=warn" "-e" "RUSTDOCFLAGS=--cap-lints=warn" "-w" "/opt/rustwide/workdir" "--user" "0:0" "a55525c75b3a4d0d5ca3bb4e98de4f9ee3340facbe5c5faa811ef4b047ab9ff7" "/opt/rustwide/cargo-home/bin/cargo" "+1.98.0-beta.8" "build" "--frozen" "--message-format=json" "--release", kill_on_drop: false }`
[INFO] [stderr]    Compiling quote v1.0.44
[INFO] [stderr]    Compiling winnow v0.7.14
[INFO] [stderr]    Compiling simd-adler32 v0.3.8
[INFO] [stderr]    Compiling hashbrown v0.16.1
[INFO] [stderr]    Compiling toml_datetime v0.7.5+spec-1.1.0
[INFO] [stderr]    Compiling adler2 v2.0.1
[INFO] [stderr]    Compiling utf8parse v0.2.2
[INFO] [stderr]    Compiling colorchoice v1.0.4
[INFO] [stderr]    Compiling anstyle-query v1.1.5
[INFO] [stderr]    Compiling is_terminal_polyfill v1.70.2
[INFO] [stderr]    Compiling bitflags v2.11.0
[INFO] [stderr]    Compiling anstyle v1.0.13
[INFO] [stderr]    Compiling rustix v0.38.44
[INFO] [stderr]    Compiling crc32fast v1.5.0
[INFO] [stderr]    Compiling thiserror v1.0.69
[INFO] [stderr]    Compiling clap_lex v1.0.0
[INFO] [stderr]    Compiling strsim v0.11.1
[INFO] [stderr]    Compiling anstyle-parse v0.2.7
[INFO] [stderr]    Compiling zip v1.1.4
[INFO] [stderr]    Compiling jpeg-decoder v0.3.2
[INFO] [stderr]    Compiling once_cell v1.21.3
[INFO] [stderr]    Compiling fastrand v2.3.0
[INFO] [stderr]    Compiling weezl v0.1.12
[INFO] [stderr]    Compiling miniz_oxide v0.8.9
[INFO] [stderr]    Compiling anstream v0.6.21
[INFO] [stderr]    Compiling syn v2.0.117
[INFO] [stderr]    Compiling fdeflate v0.3.7
[INFO] [stderr]    Compiling clap_builder v4.5.60
[INFO] [stderr]    Compiling indexmap v2.13.0
[INFO] [stderr]    Compiling flate2 v1.1.9
[INFO] [stderr]    Compiling png v0.18.1
[INFO] [stderr]    Compiling tiff v0.9.1
[INFO] [stderr]    Compiling toml_parser v1.0.9+spec-1.1.0
[INFO] [stderr]    Compiling tempfile v3.12.0
[INFO] [stderr]    Compiling toml_edit v0.23.10+spec-1.0.0
[INFO] [stderr]    Compiling proc-macro-crate v3.4.0
[INFO] [stderr]    Compiling thiserror-impl v1.0.69
[INFO] [stderr]    Compiling num_enum_derive v0.7.5
[INFO] [stderr]    Compiling clap_derive v4.5.55
[INFO] [stderr]    Compiling displaydoc v0.2.5
[INFO] [stderr]    Compiling num_enum v0.7.5
[INFO] [stderr]    Compiling clap v4.5.60
[INFO] [stderr]    Compiling uncompress v0.1.0 (/opt/rustwide/workdir)
[INFO] [stderr]     Finished `release` profile [optimized] target(s) in 43.59s
[INFO] running `Command { std: "docker" "inspect" "a55525c75b3a4d0d5ca3bb4e98de4f9ee3340facbe5c5faa811ef4b047ab9ff7", kill_on_drop: false }`
[INFO] running `Command { std: "docker" "exec" "-e" "SOURCE_DIR=/opt/rustwide/workdir" "-e" "CARGO_HOME=/opt/rustwide/cargo-home" "-e" "RUSTUP_HOME=/opt/rustwide/rustup-home" "-e" "CARGO_TARGET_DIR=/opt/rustwide/target" "-e" "CARGO_INCREMENTAL=0" "-e" "RUST_BACKTRACE=full" "-e" "RUSTFLAGS=--cap-lints=warn" "-e" "RUSTDOCFLAGS=--cap-lints=warn" "-w" "/opt/rustwide/workdir" "--user" "0:0" "a55525c75b3a4d0d5ca3bb4e98de4f9ee3340facbe5c5faa811ef4b047ab9ff7" "/opt/rustwide/cargo-home/bin/cargo" "+1.98.0-beta.8" "test" "--frozen" "--no-run" "--message-format=json" "--release", kill_on_drop: false }`
[INFO] [stderr]    Compiling memchr v2.8.0
[INFO] [stderr]    Compiling regex-syntax v0.8.10
[INFO] [stderr]    Compiling libc v0.2.182
[INFO] [stderr]    Compiling predicates-core v1.0.10
[INFO] [stderr]    Compiling float-cmp v0.10.0
[INFO] [stderr]    Compiling difflib v0.4.0
[INFO] [stderr]    Compiling termtree v0.5.1
[INFO] [stderr]    Compiling normalize-line-endings v0.3.0
[INFO] [stderr]    Compiling assert_cmd v2.1.2
[INFO] [stderr]    Compiling predicates-tree v1.0.13
[INFO] [stderr]    Compiling aho-corasick v1.1.4
[INFO] [stderr]    Compiling wait-timeout v0.2.1
[INFO] [stderr]    Compiling regex-automata v0.4.14
[INFO] [stderr]    Compiling regex v1.12.3
[INFO] [stderr]    Compiling bstr v1.12.1
[INFO] [stderr]    Compiling predicates v3.1.4
[INFO] [stderr]    Compiling uncompress v0.1.0 (/opt/rustwide/workdir)
[INFO] [stderr]     Finished `release` profile [optimized] target(s) in 42.27s
[INFO] running `Command { std: "docker" "inspect" "a55525c75b3a4d0d5ca3bb4e98de4f9ee3340facbe5c5faa811ef4b047ab9ff7", kill_on_drop: false }`
[INFO] running `Command { std: "docker" "exec" "-e" "SOURCE_DIR=/opt/rustwide/workdir" "-e" "CARGO_HOME=/opt/rustwide/cargo-home" "-e" "RUSTUP_HOME=/opt/rustwide/rustup-home" "-e" "CARGO_TARGET_DIR=/opt/rustwide/target" "-e" "CARGO_INCREMENTAL=0" "-e" "RUST_BACKTRACE=full" "-e" "RUSTFLAGS=--cap-lints=warn" "-e" "RUSTDOCFLAGS=--cap-lints=warn" "-w" "/opt/rustwide/workdir" "--user" "0:0" "a55525c75b3a4d0d5ca3bb4e98de4f9ee3340facbe5c5faa811ef4b047ab9ff7" "/opt/rustwide/cargo-home/bin/cargo" "+1.98.0-beta.8" "test" "--frozen" "--release", kill_on_drop: false }`
[INFO] [stderr]     Finished `release` profile [optimized] target(s) in 0.14s
[INFO] [stderr]      Running unittests src/main.rs (/opt/rustwide/target/release/deps/uncompress-7694938b332be762)
[INFO] [stdout] 
[INFO] [stdout] running 12 tests
[INFO] [stdout] test tests::test_detect_file_type_tiff_wrong_extension ... ok
[INFO] [stdout] test tests::test_detect_file_type_png_wrong_extension ... ok
[INFO] [stdout] test tests::test_detect_file_type_unsupported ... ok
[INFO] [stdout] test tests::test_detect_file_type_gz ... ok
[INFO] [stdout] test tests::test_detect_file_type_png ... ok
[INFO] [stdout] test tests::test_detect_file_type_tiff ... ok
[INFO] [stdout] test tests::test_create_and_process_zip ... ok
[INFO] [stdout] test tests::test_detect_file_type_gz_wrong_extension ... ok
[INFO] [stdout] test tests::test_determine_output_path_in_place ... ok
[INFO] [stdout] test tests::test_detect_file_type_zip_wrong_extension ... ok
[INFO] [stdout] test tests::test_detect_file_type_zip ... ok
[INFO] [stdout] test tests::test_determine_output_path_with_output_dir ... ok
[INFO] [stdout] 
[INFO] [stdout] test result: ok. 12 passed; 0 failed; 0 ignored; 0 measured; 0 filtered out; finished in 0.01s
[INFO] [stdout] 
[INFO] [stderr]      Running tests/cli_tests.rs (/opt/rustwide/target/release/deps/cli_tests-241318573e55c3e2)
[INFO] [stdout] 
[INFO] [stdout] running 13 tests
[INFO] [stdout] test test_process_gz_with_correct_extension ... ok
[INFO] [stdout] test test_help ... ok
[INFO] [stdout] test test_process_png_with_wrong_extension ... ok
[INFO] [stdout] test test_missing_file ... ok
[INFO] [stdout] test test_process_tiff_with_correct_extension ... ok
[INFO] [stdout] test test_version ... ok
[INFO] [stdout] test test_unsupported_file_types_skipped ... ok
[INFO] [stdout] test test_process_png_with_correct_extension ... ok
[INFO] [stdout] test test_process_zip_with_correct_extension ... ok
[INFO] [stdout] test test_process_tiff_with_wrong_extension ... ok
[INFO] [stdout] test test_process_zip_with_wrong_extension ... ok
[INFO] [stdout] test test_process_gz_with_wrong_extension ... ok
[INFO] [stderr] error: test failed, to rerun pass `--test cli_tests`
[INFO] [stdout] test test_process_directory_recursive ... FAILED
[INFO] [stdout] 
[INFO] [stdout] failures:
[INFO] [stdout] 
[INFO] [stdout] ---- test_process_directory_recursive stdout ----
[INFO] [stdout] 
[INFO] [stdout] thread 'test_process_directory_recursive' (1090) panicked at /rustc/04eb0d7194012623e82369b466d5084522957446/library/core/src/ops/function.rs:250:5:
[INFO] [stdout] Unexpected failure.
[INFO] [stdout] code=1
[INFO] [stdout] stderr=``````
[INFO] [stdout] Error processing /opt/rustwide/workdir/tests/fixtures/tiff_compression/test_lerc_deflate.tif: gdal_translate not found. Install GDAL tools to process this TIFF. Error: The Decoder does not support the image format `Compression method Unknown(34887) is unsupported`
[INFO] [stdout] Error processing /opt/rustwide/workdir/tests/fixtures/tiff_compression/test_webp.tif: gdal_translate not found. Install GDAL tools to process this TIFF. Error: The Decoder does not support the image format `Compression method Unknown(50001) is unsupported`
[INFO] [stdout] Error processing /opt/rustwide/workdir/tests/fixtures/tiff_compression/test_zstd.tif: gdal_translate not found. Install GDAL tools to process this TIFF. Error: The Decoder does not support the image format `Compression method Unknown(50000) is unsupported`
[INFO] [stdout] Error processing /opt/rustwide/workdir/tests/fixtures/tiff_compression/test_lerc_zstd.tif: gdal_translate not found. Install GDAL tools to process this TIFF. Error: The Decoder does not support the image format `Compression method Unknown(34887) is unsupported`
[INFO] [stdout] ```
[INFO] [stdout] ```
[INFO] [stdout] command=`"/opt/rustwide/target/release/uncompress" "-o" "/tmp/.tmp0F1yND/output" "-v" "/opt/rustwide/workdir/tests/fixtures"`
[INFO] [stdout] code=1
[INFO] [stdout] stdout=```
[INFO] [stdout] Processed: /opt/rustwide/workdir/tests/fixtures/test.zip -> /tmp/.tmp0F1yND/output/test.zip
[INFO] [stdout] test.zip | ZIP | 416 B → 410 B | -6 B (98.6%)
[INFO] [stdout] PNG: 4x4, Rgb, Eight, Paeth filter, no compression
[INFO] [stdout] Processed: /opt/rustwide/workdir/tests/fixtures/test.bin -> /tmp/.tmp0F1yND/output/test.bin
[INFO] [stdout] test.bin | PNG | 79 B → 120 B | +41 B (151.9%)
[INFO] [stdout] TIFF: 4x4, photometric=2, uncompressed
[INFO] [stdout] Processed: /opt/rustwide/workdir/tests/fixtures/test.tif_data -> /tmp/.tmp0F1yND/output/test.tif_data
[INFO] [stdout] test.tif_data | TIFF | 258 B → 246 B | -12 B (95.3%)
[INFO] [stdout] Processed: /opt/rustwide/workdir/tests/fixtures/test.txt.gz -> /tmp/.tmp0F1yND/output/test.txt.gz
[INFO] [stdout] test.txt.gz | GZ | 65 B → 68 B | +3 B (104.6%)
[INFO] [stdout] Processed: /opt/rustwide/workdir/tests/fixtures/test.data -> /tmp/.tmp0F1yND/output/test.data
[INFO] [stdout] test.data | GZ | 65 B → 68 B | +3 B (104.6%)
[INFO] [stdout] TIFF: 4x4, photometric=2, uncompressed
[INFO] [stdout] Processed: /opt/rustwide/workdir/tests/fixtures/test.tiff -> /tmp/.tmp0F1yND/output/test.tiff
[INFO] [stdout] test.tiff | TIFF | 258 B → 246 B | -12 B (95.3%)
[INFO] [stdout] TIFF: 4x4, photometric=1, uncompressed
[INFO] [stdout] Processed: /opt/rustwide/workdir/tests/fixtures/test_gray.tiff -> /tmp/.tmp0F1yND/output/test_gray.tiff
[INFO] [stdout] test_gray.tiff | TIFF | 214 B → 202 B | -12 B (94.4%)
[INFO] [stdout] TIFF: 64x64, photometric=2, uncompressed
[INFO] [stdout] Processed: /opt/rustwide/workdir/tests/fixtures/tiff_compression/test_deflate.tif -> /tmp/.tmp0F1yND/output/test_deflate.tif
[INFO] [stdout] test_deflate.tif | TIFF | 499 B → 12.19 KB | +11.71 KB (2502.2%)
[INFO] [stdout] TIFF: 64x64, photometric=2, uncompressed
[INFO] [stdout] Processed: /opt/rustwide/workdir/tests/fixtures/tiff_compression/test_jpeg.tif -> /tmp/.tmp0F1yND/output/test_jpeg.tif
[INFO] [stdout] test_jpeg.tif | TIFF | 786 B → 12.19 KB | +11.43 KB (1588.5%)
[INFO] [stdout] TIFF: 32x32, photometric=1, uncompressed
[INFO] [stdout] Processed: /opt/rustwide/workdir/tests/fixtures/tiff_compression/test_16bit_lzw.tif -> /tmp/.tmp0F1yND/output/test_16bit_lzw.tif
[INFO] [stdout] test_16bit_lzw.tif | TIFF | 2.19 KB → 2.18 KB | -12 B (99.5%)
[INFO] [stdout] TIFF: 64x64, photometric=2, uncompressed
[INFO] [stdout] Processed: /opt/rustwide/workdir/tests/fixtures/tiff_compression/test_lzma.tif -> /tmp/.tmp0F1yND/output/test_lzma.tif
[INFO] [stdout] test_lzma.tif | TIFF | 12.21 KB → 12.19 KB | -20 B (99.8%)
[INFO] [stdout] TIFF: 64x64, photometric=2, uncompressed
[INFO] [stdout] Processed: /opt/rustwide/workdir/tests/fixtures/tiff_compression/test_uncompressed.tif -> /tmp/.tmp0F1yND/output/test_uncompressed.tif
[INFO] [stdout] test_uncompressed.tif | TIFF | 12.21 KB → 12.19 KB | -20 B (99.8%)
[INFO] [stdout] TIFF: 64x64, photometric=2, uncompressed
[INFO] [stdout] Processed: /opt/rustwide/workdir/tests/fixtures/tiff_compression/test_lerc.tif -> /tmp/.tmp0F1yND/output/test_lerc.tif
[INFO] [stdout] test_lerc.tif | TIFF | 12.21 KB → 12.19 KB | -20 B (99.8%)
[INFO] [stdout] test_packbits.tif | TIFF | Already uncompressed | Skipped
[INFO] [stdout] TIFF: 64x64, photometric=2, uncompressed
[INFO] [stdout] Processed: /opt/rustwide/workdir/tests/fixtures/tiff_compression/base_uncompressed.tif -> /tmp/.tmp0F1yND/output/base_uncompressed.tif
[INFO] [stdout] base_uncompressed.tif | TIFF | 12.21 KB → 12.19 KB | -12 B (99.9%)
[INFO] [stdout] TIFF: 64x64, photometric=2, uncompressed
[INFO] [stdout] Processed: /opt/rustwide/workdir/tests/fixtures/tiff_compression/test_lzw.tif -> /tmp/.tmp0F1yND/output/test_lzw.tif
[INFO] [stdout] test_lzw.tif | TIFF | 898 B → 12.19 KB | +11.32 KB (1390.4%)
[INFO] [stdout] TIFF: 32x32, photometric=2, uncompressed
[INFO] [stdout] Processed: /opt/rustwide/workdir/tests/fixtures/tiff_compression/test_rgba_lzw.tif -> /tmp/.tmp0F1yND/output/test_rgba_lzw.tif
[INFO] [stdout] test_rgba_lzw.tif | TIFF | 4.21 KB → 4.20 KB | -12 B (99.7%)
[INFO] [stdout] Processed: /opt/rustwide/workdir/tests/fixtures/test.dat -> /tmp/.tmp0F1yND/output/test.dat
[INFO] [stdout] test.dat | ZIP | 416 B → 410 B | -6 B (98.6%)
[INFO] [stdout] PNG: 4x4, Rgb, Eight, Paeth filter, no compression
[INFO] [stdout] Processed: /opt/rustwide/workdir/tests/fixtures/test.png -> /tmp/.tmp0F1yND/output/test.png
[INFO] [stdout] test.png | PNG | 79 B → 120 B | +41 B (151.9%)
[INFO] [stdout] ```
[INFO] [stdout] 
[INFO] [stdout] stderr=```
[INFO] [stdout] Error processing /opt/rustwide/workdir/tests/fixtures/tiff_compression/test_lerc_deflate.tif: gdal_translate not found. Install GDAL tools to process this TIFF. Error: The Decoder does not support the image format `Compression method Unknown(34887) is unsupported`
[INFO] [stdout] Error processing /opt/rustwide/workdir/tests/fixtures/tiff_compression/test_webp.tif: gdal_translate not found. Install GDAL tools to process this TIFF. Error: The Decoder does not support the image format `Compression method Unknown(50001) is unsupported`
[INFO] [stdout] Error processing /opt/rustwide/workdir/tests/fixtures/tiff_compression/test_zstd.tif: gdal_translate not found. Install GDAL tools to process this TIFF. Error: The Decoder does not support the image format `Compression method Unknown(50000) is unsupported`
[INFO] [stdout] Error processing /opt/rustwide/workdir/tests/fixtures/tiff_compression/test_lerc_zstd.tif: gdal_translate not found. Install GDAL tools to process this TIFF. Error: The Decoder does not support the image format `Compression method Unknown(34887) is unsupported`
[INFO] [stdout] ```
[INFO] [stdout] 
[INFO] [stdout] 
[INFO] [stdout] stack backtrace:
[INFO] [stdout]    0:     0x63154b426d25 - <unknown>
[INFO] [stdout]    1:     0x63154b40c82a - <unknown>
[INFO] [stdout]    2:     0x63154b42639b - <unknown>
[INFO] [stdout]    3:     0x63154b425e9f - <unknown>
[INFO] [stdout]    4:     0x63154b425aca - <unknown>
[INFO] [stdout]    5:     0x63154b425631 - <unknown>
[INFO] [stdout]    6:     0x63154b44e381 - <unknown>
[INFO] [stdout]    7:     0x63154b44e339 - <unknown>
[INFO] [stdout]    8:     0x63154b44e83c - <unknown>
[INFO] [stdout]    9:     0x63154b40c6bb - <unknown>
[INFO] [stdout]   10:     0x63154b4098f3 - <unknown>
[INFO] [stdout]   11:     0x63154b3fe68e - <unknown>
[INFO] [stdout]   12:     0x63154b46b49b - <unknown>
[INFO] [stdout]   13:     0x63154b467061 - <unknown>
[INFO] [stdout]   14:     0x63154b4667ac - <unknown>
[INFO] [stdout]   15:     0x63154b4826ec - <unknown>
[INFO] [stdout]   16:     0x63154b44fdd9 - <unknown>
[INFO] [stdout]   17:     0x763a32caa07a - <unknown>
[INFO] [stdout]   18:     0x763a32d3d534 - clone
[INFO] [stdout]   19:                0x0 - <unknown>
[INFO] [stdout] 
[INFO] [stdout] 
[INFO] [stdout] failures:
[INFO] [stdout]     test_process_directory_recursive
[INFO] [stdout] 
[INFO] [stdout] test result: FAILED. 12 passed; 1 failed; 0 ignored; 0 measured; 0 filtered out; finished in 0.02s
[INFO] [stdout] 
[INFO] running `Command { std: "docker" "inspect" "a55525c75b3a4d0d5ca3bb4e98de4f9ee3340facbe5c5faa811ef4b047ab9ff7", kill_on_drop: false }`
[INFO] running `Command { std: "docker" "rm" "-f" "a55525c75b3a4d0d5ca3bb4e98de4f9ee3340facbe5c5faa811ef4b047ab9ff7", kill_on_drop: false }`
[INFO] [stdout] a55525c75b3a4d0d5ca3bb4e98de4f9ee3340facbe5c5faa811ef4b047ab9ff7
