[INFO] cloning repository https://github.com/kassoulet/sid2vgm
[INFO] running `Command { std: "git" "-c" "credential.helper=" "-c" "credential.helper=/workspace/cargo-home/bin/git-credential-null" "clone" "--bare" "https://github.com/kassoulet/sid2vgm" "/workspace/cache/git-repos/https%3A%2F%2Fgithub.com%2Fkassoulet%2Fsid2vgm", kill_on_drop: false }`
[INFO] [stderr] Cloning into bare repository '/workspace/cache/git-repos/https%3A%2F%2Fgithub.com%2Fkassoulet%2Fsid2vgm'...
[INFO] running `Command { std: "git" "rev-parse" "HEAD", kill_on_drop: false }`
[INFO] [stdout] 54cde4ffb07a3b087e86b65c4a4040207d233425
[INFO] testing kassoulet/sid2vgm against 1.99.0-beta.1+cargoflags=--release for beta-release-1.99-2
[INFO] running `Command { std: "git" "clone" "/workspace/cache/git-repos/https%3A%2F%2Fgithub.com%2Fkassoulet%2Fsid2vgm" "/workspace/builds/worker-6-tc2/source", kill_on_drop: false }`
[INFO] [stderr] Cloning into '/workspace/builds/worker-6-tc2/source'...
[INFO] [stderr] done.
[INFO] started tweaking git repo https://github.com/kassoulet/sid2vgm
[INFO] finished tweaking git repo https://github.com/kassoulet/sid2vgm
[INFO] tweaked toml for git repo https://github.com/kassoulet/sid2vgm written to /workspace/builds/worker-6-tc2/source/Cargo.toml
[INFO] validating manifest of git repo https://github.com/kassoulet/sid2vgm on toolchain 1.99.0-beta.1
[INFO] running `Command { std: CARGO_HOME="/workspace/cargo-home" RUSTUP_HOME="/workspace/rustup-home" "/workspace/cargo-home/bin/cargo" "+1.99.0-beta.1" "metadata" "--manifest-path" "Cargo.toml" "--no-deps", kill_on_drop: false }`
[INFO] crate git repo https://github.com/kassoulet/sid2vgm already has a lockfile, it will not be regenerated
[INFO] running `Command { std: CARGO_HOME="/workspace/cargo-home" RUSTUP_HOME="/workspace/rustup-home" "/workspace/cargo-home/bin/cargo" "+1.99.0-beta.1" "fetch" "--manifest-path" "Cargo.toml", kill_on_drop: false }`
[INFO] running `Command { std: "docker" "create" "-v" "/var/lib/crater-agent-workspace/builds/worker-6-tc2/source:/opt/rustwide/workdir:ro,Z" "-v" "/var/lib/crater-agent-workspace/builds/worker-6-tc2/target:/opt/rustwide/target:rw,Z" "-v" "/var/lib/crater-agent-workspace/cargo-home:/opt/rustwide/cargo-home:ro,Z" "-v" "/var/lib/crater-agent-workspace/rustup-home:/opt/rustwide/rustup-home:ro,Z" "-m" "1610612736" "--network" "none" "ghcr.io/rust-lang/crates-build-env/linux@sha256:8683fc1fc2eb5c9ac98e0d076ab094b2ffac7f99da555d2b6a2e27f346de2ec7" "sleep" "infinity", kill_on_drop: false }`
[INFO] [stdout] 98580fb6a1bc6969f3443db56d169bdd1181bf0ae413449c618c4cae307ace5b
[INFO] running `Command { std: "docker" "start" "98580fb6a1bc6969f3443db56d169bdd1181bf0ae413449c618c4cae307ace5b", kill_on_drop: false }`
[INFO] running `Command { std: "docker" "inspect" "98580fb6a1bc6969f3443db56d169bdd1181bf0ae413449c618c4cae307ace5b", kill_on_drop: false }`
[INFO] running `Command { std: "docker" "exec" "-e" "SOURCE_DIR=/opt/rustwide/workdir" "-e" "CARGO_HOME=/opt/rustwide/cargo-home" "-e" "RUSTUP_HOME=/opt/rustwide/rustup-home" "-e" "CARGO_TARGET_DIR=/opt/rustwide/target" "-w" "/opt/rustwide/workdir" "--user" "0:0" "98580fb6a1bc6969f3443db56d169bdd1181bf0ae413449c618c4cae307ace5b" "/opt/rustwide/cargo-home/bin/cargo" "+1.99.0-beta.1" "metadata" "--no-deps" "--format-version=1", kill_on_drop: false }`
[INFO] running `Command { std: "docker" "inspect" "98580fb6a1bc6969f3443db56d169bdd1181bf0ae413449c618c4cae307ace5b", kill_on_drop: false }`
[INFO] running `Command { std: "docker" "exec" "-e" "SOURCE_DIR=/opt/rustwide/workdir" "-e" "CARGO_HOME=/opt/rustwide/cargo-home" "-e" "RUSTUP_HOME=/opt/rustwide/rustup-home" "-e" "CARGO_TARGET_DIR=/opt/rustwide/target" "-e" "CARGO_INCREMENTAL=0" "-e" "RUST_BACKTRACE=full" "-e" "RUSTFLAGS=--cap-lints=warn" "-e" "RUSTDOCFLAGS=--cap-lints=warn" "-w" "/opt/rustwide/workdir" "--user" "0:0" "98580fb6a1bc6969f3443db56d169bdd1181bf0ae413449c618c4cae307ace5b" "/opt/rustwide/cargo-home/bin/cargo" "+1.99.0-beta.1" "build" "--frozen" "--message-format=json" "--release", kill_on_drop: false }`
[INFO] [stderr]    Compiling cc v1.2.63
[INFO] [stderr]    Compiling heck v0.5.0
[INFO] [stderr]    Compiling simd-adler32 v0.3.9
[INFO] [stderr]    Compiling strsim v0.11.1
[INFO] [stderr]    Compiling clap_lex v1.1.0
[INFO] [stderr]    Compiling hound v3.5.1
[INFO] [stderr]    Compiling md5 v0.7.0
[INFO] [stderr]    Compiling crc32fast v1.5.0
[INFO] [stderr]    Compiling syn v2.0.117
[INFO] [stderr]    Compiling miniz_oxide v0.8.9
[INFO] [stderr]    Compiling clap_builder v4.6.0
[INFO] [stderr]    Compiling flate2 v1.1.9
[INFO] [stderr]    Compiling sidlite-sys v0.1.1
[INFO] [stderr]    Compiling sidplayfp-sys v0.1.4
[INFO] [stderr]    Compiling clap_derive v4.6.1
[INFO] [stderr]    Compiling clap v4.6.1
[INFO] [stderr]    Compiling sidvgmplay v0.1.0 (/opt/rustwide/workdir/sidvgmplay)
[INFO] [stderr]    Compiling sid2vgm v0.1.0 (/opt/rustwide/workdir/sid2vgm)
[INFO] [stderr]     Finished `release` profile [optimized] target(s) in 47.22s
[INFO] running `Command { std: "docker" "inspect" "98580fb6a1bc6969f3443db56d169bdd1181bf0ae413449c618c4cae307ace5b", kill_on_drop: false }`
[INFO] running `Command { std: "docker" "exec" "-e" "SOURCE_DIR=/opt/rustwide/workdir" "-e" "CARGO_HOME=/opt/rustwide/cargo-home" "-e" "RUSTUP_HOME=/opt/rustwide/rustup-home" "-e" "CARGO_TARGET_DIR=/opt/rustwide/target" "-e" "CARGO_INCREMENTAL=0" "-e" "RUST_BACKTRACE=full" "-e" "RUSTFLAGS=--cap-lints=warn" "-e" "RUSTDOCFLAGS=--cap-lints=warn" "-w" "/opt/rustwide/workdir" "--user" "0:0" "98580fb6a1bc6969f3443db56d169bdd1181bf0ae413449c618c4cae307ace5b" "/opt/rustwide/cargo-home/bin/cargo" "+1.99.0-beta.1" "test" "--frozen" "--no-run" "--message-format=json" "--release", kill_on_drop: false }`
[INFO] [stderr]    Compiling sidvgmplay v0.1.0 (/opt/rustwide/workdir/sidvgmplay)
[INFO] [stderr]    Compiling sid2vgm v0.1.0 (/opt/rustwide/workdir/sid2vgm)
[INFO] [stderr]     Finished `release` profile [optimized] target(s) in 2.78s
[INFO] running `Command { std: "docker" "inspect" "98580fb6a1bc6969f3443db56d169bdd1181bf0ae413449c618c4cae307ace5b", kill_on_drop: false }`
[INFO] running `Command { std: "docker" "exec" "-e" "SOURCE_DIR=/opt/rustwide/workdir" "-e" "CARGO_HOME=/opt/rustwide/cargo-home" "-e" "RUSTUP_HOME=/opt/rustwide/rustup-home" "-e" "CARGO_TARGET_DIR=/opt/rustwide/target" "-e" "CARGO_INCREMENTAL=0" "-e" "RUST_BACKTRACE=full" "-e" "RUSTFLAGS=--cap-lints=warn" "-e" "RUSTDOCFLAGS=--cap-lints=warn" "-w" "/opt/rustwide/workdir" "--user" "0:0" "98580fb6a1bc6969f3443db56d169bdd1181bf0ae413449c618c4cae307ace5b" "/opt/rustwide/cargo-home/bin/cargo" "+1.99.0-beta.1" "test" "--frozen" "--release", kill_on_drop: false }`
[INFO] [stderr]     Finished `release` profile [optimized] target(s) in 0.05s
[INFO] [stderr]      Running unittests src/main.rs (/opt/rustwide/target/release/deps/sid2vgm-7e9cc065d0c81942)
[INFO] [stdout] 
[INFO] [stdout] running 0 tests
[INFO] [stdout] 
[INFO] [stdout] test result: ok. 0 passed; 0 failed; 0 ignored; 0 measured; 0 filtered out; finished in 0.00s
[INFO] [stdout] 
[INFO] [stderr]      Running tests/batch_fidelity_test.rs (/opt/rustwide/target/release/deps/batch_fidelity_test-6d679a9a54641491)
[INFO] [stdout] 
[INFO] [stdout] running 1 test
[INFO] [stdout] test test_batch_fidelity ... FAILED
[INFO] [stdout] 
[INFO] [stdout] failures:
[INFO] [stdout] 
[INFO] [stdout] ---- test_batch_fidelity stdout ----
[INFO] [stdout] 
[INFO] [stdout] thread 'test_batch_fidelity' (865) panicked at sid2vgm/tests/batch_fidelity_test.rs:18:34:
[INFO] [stdout] called `Result::unwrap()` on an `Err` value: Os { code: 30, kind: ReadOnlyFilesystem, message: "Read-only file system" }
[INFO] [stdout] stack backtrace:
[INFO] [stdout]    0:     0x5a9f7e8449f1 - <<std[104cf6e2632825ea]::sys::backtrace::BacktraceLock>::print::DisplayBacktrace as core[7c831bd917ebf35f]::fmt::Display>::fmt
[INFO] [stdout]    1:     0x5a9f7e859d1a - core[7c831bd917ebf35f]::fmt::write
[INFO] [stdout]    2:     0x5a9f7e84928c - <alloc[2fdc3f7464fcf288]::vec::Vec<u8> as core[7c831bd917ebf35f]::io::write::Write>::write_fmt
[INFO] [stdout]    3:     0x5a9f7e81f796 - std[104cf6e2632825ea]::panicking::default_hook::{closure#0}
[INFO] [stdout]    4:     0x5a9f7e83c869 - std[104cf6e2632825ea]::panicking::default_hook
[INFO] [stdout]    5:     0x5a9f7e7d5890 - test[73009c9f9aebf890]::test_main_inner::<test[73009c9f9aebf890]::test_main_static::{closure#0}>::{closure#0}
[INFO] [stdout]    6:     0x5a9f7e83ca22 - std[104cf6e2632825ea]::panicking::panic_with_hook
[INFO] [stdout]    7:     0x5a9f7e81f842 - std[104cf6e2632825ea]::panicking::panic_handler::{closure#0}
[INFO] [stdout]    8:     0x5a9f7e817aa9 - std[104cf6e2632825ea]::sys::backtrace::__rust_end_short_backtrace::<std[104cf6e2632825ea]::panicking::panic_handler::{closure#0}, !>
[INFO] [stdout]    9:     0x5a9f7e82043d - __rustc[b0d56fa5b193ad05]::rust_begin_unwind
[INFO] [stdout]   10:     0x5a9f7e85a44c - core[7c831bd917ebf35f]::panicking::panic_fmt
[INFO] [stdout]   11:     0x5a9f7e85a222 - core[7c831bd917ebf35f]::result::unwrap_failed
[INFO] [stderr] error: test failed, to rerun pass `-p sid2vgm --test batch_fidelity_test`
[INFO] [stdout]   12:     0x5a9f7e7c1e80 - <batch_fidelity_test[740fdd5f3f649bd6]::test_batch_fidelity::{closure#0} as core[7c831bd917ebf35f]::ops::function::FnOnce<()>>::call_once
[INFO] [stdout]   13:     0x5a9f7e7c8b7b - test[73009c9f9aebf890]::__rust_begin_short_backtrace::<core[7c831bd917ebf35f]::result::Result<(), alloc[2fdc3f7464fcf288]::string::String>, fn() -> core[7c831bd917ebf35f]::result::Result<(), alloc[2fdc3f7464fcf288]::string::String>>
[INFO] [stdout]   14:     0x5a9f7e7d61e5 - test[73009c9f9aebf890]::run_test::{closure#0}
[INFO] [stdout]   15:     0x5a9f7e7cf5a4 - std[104cf6e2632825ea]::sys::backtrace::__rust_begin_short_backtrace::<test[73009c9f9aebf890]::run_test::{closure#1}, ()>
[INFO] [stdout]   16:     0x5a9f7e7d9342 - <std[104cf6e2632825ea]::thread::lifecycle::spawn_unchecked<test[73009c9f9aebf890]::run_test::{closure#1}, ()>::{closure#1} as core[7c831bd917ebf35f]::ops::function::FnOnce<()>>::call_once::{shim:vtable#0}
[INFO] [stdout]   17:     0x5a9f7e843c39 - <std[104cf6e2632825ea]::sys::thread::unix::Thread>::new::thread_start
[INFO] [stdout]   18:     0x7856707b607a - <unknown>
[INFO] [stdout]   19:     0x785670849534 - clone
[INFO] [stdout]   20:                0x0 - <unknown>
[INFO] [stdout] 
[INFO] [stdout] 
[INFO] [stdout] failures:
[INFO] [stdout]     test_batch_fidelity
[INFO] [stdout] 
[INFO] [stdout] test result: FAILED. 0 passed; 1 failed; 0 ignored; 0 measured; 0 filtered out; finished in 0.00s
[INFO] [stdout] 
[INFO] running `Command { std: "docker" "inspect" "98580fb6a1bc6969f3443db56d169bdd1181bf0ae413449c618c4cae307ace5b", kill_on_drop: false }`
[INFO] running `Command { std: "docker" "rm" "-f" "98580fb6a1bc6969f3443db56d169bdd1181bf0ae413449c618c4cae307ace5b", kill_on_drop: false }`
[INFO] [stdout] 98580fb6a1bc6969f3443db56d169bdd1181bf0ae413449c618c4cae307ace5b
