[INFO] cloning repository https://github.com/kasshii28/Study-Rust
[INFO] running `Command { std: "git" "-c" "credential.helper=" "-c" "credential.helper=/workspace/cargo-home/bin/git-credential-null" "clone" "--bare" "https://github.com/kasshii28/Study-Rust" "/workspace/cache/git-repos/https%3A%2F%2Fgithub.com%2Fkasshii28%2FStudy-Rust", kill_on_drop: false }`
[INFO] [stderr] Cloning into bare repository '/workspace/cache/git-repos/https%3A%2F%2Fgithub.com%2Fkasshii28%2FStudy-Rust'...
[INFO] running `Command { std: "git" "rev-parse" "HEAD", kill_on_drop: false }`
[INFO] [stdout] 70b4697bc43ce762017ec48aa3e142c053f46941
[INFO] testing kasshii28/Study-Rust against 1.98.0-beta.8+cargoflags=--release for beta-release-1.99-2
[INFO] running `Command { std: "git" "clone" "/workspace/cache/git-repos/https%3A%2F%2Fgithub.com%2Fkasshii28%2FStudy-Rust" "/workspace/builds/worker-3-tc1/source", kill_on_drop: false }`
[INFO] [stderr] Cloning into '/workspace/builds/worker-3-tc1/source'...
[INFO] [stderr] done.
[INFO] started tweaking git repo https://github.com/kasshii28/Study-Rust
[INFO] finished tweaking git repo https://github.com/kasshii28/Study-Rust
[INFO] tweaked toml for git repo https://github.com/kasshii28/Study-Rust written to /workspace/builds/worker-3-tc1/source/Cargo.toml
[INFO] validating manifest of git repo https://github.com/kasshii28/Study-Rust on toolchain 1.98.0-beta.8
[INFO] running `Command { std: CARGO_HOME="/workspace/cargo-home" RUSTUP_HOME="/workspace/rustup-home" "/workspace/cargo-home/bin/cargo" "+1.98.0-beta.8" "metadata" "--manifest-path" "Cargo.toml" "--no-deps", kill_on_drop: false }`
[INFO] crate git repo https://github.com/kasshii28/Study-Rust already has a lockfile, it will not be regenerated
[INFO] running `Command { std: CARGO_HOME="/workspace/cargo-home" RUSTUP_HOME="/workspace/rustup-home" "/workspace/cargo-home/bin/cargo" "+1.98.0-beta.8" "fetch" "--manifest-path" "Cargo.toml", kill_on_drop: false }`
[INFO] [stderr] warning: virtual workspace defaulting to `resolver = "1"` despite one or more workspace members being on edition 2021 which implies `resolver = "2"`
[INFO] [stderr]   |
[INFO] [stderr]   = note: to keep the current resolver, specify `workspace.resolver = "1"` in the workspace root's manifest
[INFO] [stderr]   = note: to use the edition 2021 resolver, specify `workspace.resolver = "2"` in the workspace root's manifest
[INFO] [stderr]   = note: for more details see https://doc.rust-lang.org/cargo/reference/resolver.html#resolver-versions
[INFO] running `Command { std: "docker" "create" "-v" "/var/lib/crater-agent-workspace/builds/worker-3-tc1/source:/opt/rustwide/workdir:ro,Z" "-v" "/var/lib/crater-agent-workspace/builds/worker-3-tc1/target:/opt/rustwide/target:rw,Z" "-v" "/var/lib/crater-agent-workspace/cargo-home:/opt/rustwide/cargo-home:ro,Z" "-v" "/var/lib/crater-agent-workspace/rustup-home:/opt/rustwide/rustup-home:ro,Z" "-m" "1610612736" "--network" "none" "ghcr.io/rust-lang/crates-build-env/linux@sha256:8683fc1fc2eb5c9ac98e0d076ab094b2ffac7f99da555d2b6a2e27f346de2ec7" "sleep" "infinity", kill_on_drop: false }`
[INFO] [stdout] e94fdf168781402b5def3aa0f60949b76550ac9a38a6a8ed680e555a4931130b
[INFO] running `Command { std: "docker" "start" "e94fdf168781402b5def3aa0f60949b76550ac9a38a6a8ed680e555a4931130b", kill_on_drop: false }`
[INFO] running `Command { std: "docker" "inspect" "e94fdf168781402b5def3aa0f60949b76550ac9a38a6a8ed680e555a4931130b", kill_on_drop: false }`
[INFO] running `Command { std: "docker" "exec" "-e" "SOURCE_DIR=/opt/rustwide/workdir" "-e" "CARGO_HOME=/opt/rustwide/cargo-home" "-e" "RUSTUP_HOME=/opt/rustwide/rustup-home" "-e" "CARGO_TARGET_DIR=/opt/rustwide/target" "-w" "/opt/rustwide/workdir" "--user" "0:0" "e94fdf168781402b5def3aa0f60949b76550ac9a38a6a8ed680e555a4931130b" "/opt/rustwide/cargo-home/bin/cargo" "+1.98.0-beta.8" "metadata" "--no-deps" "--format-version=1", kill_on_drop: false }`
[INFO] running `Command { std: "docker" "inspect" "e94fdf168781402b5def3aa0f60949b76550ac9a38a6a8ed680e555a4931130b", kill_on_drop: false }`
[INFO] running `Command { std: "docker" "exec" "-e" "SOURCE_DIR=/opt/rustwide/workdir" "-e" "CARGO_HOME=/opt/rustwide/cargo-home" "-e" "RUSTUP_HOME=/opt/rustwide/rustup-home" "-e" "CARGO_TARGET_DIR=/opt/rustwide/target" "-e" "CARGO_INCREMENTAL=0" "-e" "RUST_BACKTRACE=full" "-e" "RUSTFLAGS=--cap-lints=warn" "-e" "RUSTDOCFLAGS=--cap-lints=warn" "-w" "/opt/rustwide/workdir" "--user" "0:0" "e94fdf168781402b5def3aa0f60949b76550ac9a38a6a8ed680e555a4931130b" "/opt/rustwide/cargo-home/bin/cargo" "+1.98.0-beta.8" "build" "--frozen" "--message-format=json" "--release", kill_on_drop: false }`
[INFO] [stderr] warning: virtual workspace defaulting to `resolver = "1"` despite one or more workspace members being on edition 2021 which implies `resolver = "2"`
[INFO] [stderr]   |
[INFO] [stderr]   = note: to keep the current resolver, specify `workspace.resolver = "1"` in the workspace root's manifest
[INFO] [stderr]   = note: to use the edition 2021 resolver, specify `workspace.resolver = "2"` in the workspace root's manifest
[INFO] [stderr]   = note: for more details see https://doc.rust-lang.org/cargo/reference/resolver.html#resolver-versions
[INFO] [stderr]    Compiling Enum v0.1.0 (/opt/rustwide/workdir/Enum)
[INFO] [stderr]    Compiling error_handling v0.1.0 (/opt/rustwide/workdir/error_handling)
[INFO] [stderr]    Compiling generics v0.1.0 (/opt/rustwide/workdir/generics)
[INFO] [stderr]    Compiling lifetime v0.1.0 (/opt/rustwide/workdir/lifetime)
[INFO] [stderr]    Compiling ownership v0.1.0 (/opt/rustwide/workdir/ownership)
[INFO] [stderr]    Compiling module v0.1.0 (/opt/rustwide/workdir/module)
[INFO] [stderr]    Compiling control_flow v0.1.0 (/opt/rustwide/workdir/control_flow)
[INFO] [stderr]    Compiling struct_instance v0.1.0 (/opt/rustwide/workdir/struct_instance)
[INFO] [stderr]    Compiling match_iflet v0.1.0 (/opt/rustwide/workdir/match_iflet)
[INFO] [stderr]    Compiling collection v0.1.0 (/opt/rustwide/workdir/collection)
[INFO] [stderr]    Compiling minicliapp v0.1.0 (/opt/rustwide/workdir/minicliapp)
[INFO] [stderr]    Compiling auto_test v0.1.0 (/opt/rustwide/workdir/auto_test)
[INFO] [stderr]    Compiling primitive_type v0.1.0 (/opt/rustwide/workdir/primitive_type)
[INFO] [stderr]    Compiling variables v0.1.0 (/opt/rustwide/workdir/variables)
[INFO] [stdout] warning: fields `content`, `reply`, and `retweet` are never read
[INFO] [stdout]   --> generics/src/main.rs:40:13
[INFO] [stdout]    |
[INFO] [stdout] 38 |     pub struct Tweet {
[INFO] [stdout]    |                ----- fields in this struct
[INFO] [stdout] 39 |         pub username: String,
[INFO] [stdout] 40 |         pub content: String,
[INFO] [stdout]    |             ^^^^^^^
[INFO] [stdout] 41 |         pub reply: bool,
[INFO] [stdout]    |             ^^^^^
[INFO] [stdout] 42 |         pub retweet: bool,
[INFO] [stdout]    |             ^^^^^^^
[INFO] [stdout]    |
[INFO] [stdout]    = note: `#[warn(dead_code)]` (part of `#[warn(unused)]`) on by default
[INFO] [stdout] 
[INFO] [stdout] 
[INFO] [stdout] warning: function `parse_config` is never used
[INFO] [stdout]   --> minicliapp/src/main.rs:27:4
[INFO] [stdout]    |
[INFO] [stdout] 27 | fn parse_config(args:&[String]) -> (&str, &str) {
[INFO] [stdout]    |    ^^^^^^^^^^^^
[INFO] [stdout]    |
[INFO] [stdout]    = note: `#[warn(dead_code)]` (part of `#[warn(unused)]`) on by default
[INFO] [stdout] 
[INFO] [stdout] 
[INFO] [stdout] warning: unused variable: `name`
[INFO] [stdout]   --> auto_test/src/main.rs:56:17
[INFO] [stdout]    |
[INFO] [stdout] 56 | pub fn greeting(name: &str) -> String {
[INFO] [stdout]    |                 ^^^^ help: if this is intentional, prefix it with an underscore: `_name`
[INFO] [stdout]    |
[INFO] [stdout]    = note: `#[warn(unused_variables)]` (part of `#[warn(unused)]`) on by default
[INFO] [stdout] 
[INFO] [stdout] 
[INFO] [stdout] warning: field `value` is never read
[INFO] [stdout]   --> auto_test/src/main.rs:62:5
[INFO] [stdout]    |
[INFO] [stdout] 61 | pub struct Guess {
[INFO] [stdout]    |            ----- field in this struct
[INFO] [stdout] 62 |     value: i32,
[INFO] [stdout]    |     ^^^^^
[INFO] [stdout]    |
[INFO] [stdout]    = note: `#[warn(dead_code)]` (part of `#[warn(unused)]`) on by default
[INFO] [stdout] 
[INFO] [stdout] 
[INFO] [stderr]     Finished `release` profile [optimized] target(s) in 0.79s
[INFO] running `Command { std: "docker" "inspect" "e94fdf168781402b5def3aa0f60949b76550ac9a38a6a8ed680e555a4931130b", kill_on_drop: false }`
[INFO] running `Command { std: "docker" "exec" "-e" "SOURCE_DIR=/opt/rustwide/workdir" "-e" "CARGO_HOME=/opt/rustwide/cargo-home" "-e" "RUSTUP_HOME=/opt/rustwide/rustup-home" "-e" "CARGO_TARGET_DIR=/opt/rustwide/target" "-e" "CARGO_INCREMENTAL=0" "-e" "RUST_BACKTRACE=full" "-e" "RUSTFLAGS=--cap-lints=warn" "-e" "RUSTDOCFLAGS=--cap-lints=warn" "-w" "/opt/rustwide/workdir" "--user" "0:0" "e94fdf168781402b5def3aa0f60949b76550ac9a38a6a8ed680e555a4931130b" "/opt/rustwide/cargo-home/bin/cargo" "+1.98.0-beta.8" "test" "--frozen" "--no-run" "--message-format=json" "--release", kill_on_drop: false }`
[INFO] [stderr] warning: virtual workspace defaulting to `resolver = "1"` despite one or more workspace members being on edition 2021 which implies `resolver = "2"`
[INFO] [stderr]   |
[INFO] [stderr]   = note: to keep the current resolver, specify `workspace.resolver = "1"` in the workspace root's manifest
[INFO] [stderr]   = note: to use the edition 2021 resolver, specify `workspace.resolver = "2"` in the workspace root's manifest
[INFO] [stderr]   = note: for more details see https://doc.rust-lang.org/cargo/reference/resolver.html#resolver-versions
[INFO] [stderr]    Compiling variables v0.1.0 (/opt/rustwide/workdir/variables)
[INFO] [stderr]    Compiling collection v0.1.0 (/opt/rustwide/workdir/collection)
[INFO] [stderr]    Compiling minicliapp v0.1.0 (/opt/rustwide/workdir/minicliapp)
[INFO] [stderr]    Compiling auto_test v0.1.0 (/opt/rustwide/workdir/auto_test)
[INFO] [stderr]    Compiling error_handling v0.1.0 (/opt/rustwide/workdir/error_handling)
[INFO] [stderr]    Compiling Enum v0.1.0 (/opt/rustwide/workdir/Enum)
[INFO] [stderr]    Compiling control_flow v0.1.0 (/opt/rustwide/workdir/control_flow)
[INFO] [stderr]    Compiling primitive_type v0.1.0 (/opt/rustwide/workdir/primitive_type)
[INFO] [stderr]    Compiling generics v0.1.0 (/opt/rustwide/workdir/generics)
[INFO] [stderr]    Compiling struct_instance v0.1.0 (/opt/rustwide/workdir/struct_instance)
[INFO] [stderr]    Compiling module v0.1.0 (/opt/rustwide/workdir/module)
[INFO] [stderr]    Compiling ownership v0.1.0 (/opt/rustwide/workdir/ownership)
[INFO] [stderr]    Compiling lifetime v0.1.0 (/opt/rustwide/workdir/lifetime)
[INFO] [stderr]    Compiling match_iflet v0.1.0 (/opt/rustwide/workdir/match_iflet)
[INFO] [stdout] warning: function `parse_config` is never used
[INFO] [stdout]   --> minicliapp/src/main.rs:27:4
[INFO] [stdout]    |
[INFO] [stdout] 27 | fn parse_config(args:&[String]) -> (&str, &str) {
[INFO] [stdout]    |    ^^^^^^^^^^^^
[INFO] [stdout]    |
[INFO] [stdout]    = note: `#[warn(dead_code)]` (part of `#[warn(unused)]`) on by default
[INFO] [stdout] 
[INFO] [stdout] 
[INFO] [stdout] warning: unused variable: `name`
[INFO] [stdout]   --> auto_test/src/main.rs:56:17
[INFO] [stdout]    |
[INFO] [stdout] 56 | pub fn greeting(name: &str) -> String {
[INFO] [stdout]    |                 ^^^^ help: if this is intentional, prefix it with an underscore: `_name`
[INFO] [stdout]    |
[INFO] [stdout]    = note: `#[warn(unused_variables)]` (part of `#[warn(unused)]`) on by default
[INFO] [stdout] 
[INFO] [stdout] 
[INFO] [stdout] warning: field `value` is never read
[INFO] [stdout]   --> auto_test/src/main.rs:62:5
[INFO] [stdout]    |
[INFO] [stdout] 61 | pub struct Guess {
[INFO] [stdout]    |            ----- field in this struct
[INFO] [stdout] 62 |     value: i32,
[INFO] [stdout]    |     ^^^^^
[INFO] [stdout]    |
[INFO] [stdout]    = note: `#[warn(dead_code)]` (part of `#[warn(unused)]`) on by default
[INFO] [stdout] 
[INFO] [stdout] 
[INFO] [stdout] warning: fields `content`, `reply`, and `retweet` are never read
[INFO] [stdout]   --> generics/src/main.rs:40:13
[INFO] [stdout]    |
[INFO] [stdout] 38 |     pub struct Tweet {
[INFO] [stdout]    |                ----- fields in this struct
[INFO] [stdout] 39 |         pub username: String,
[INFO] [stdout] 40 |         pub content: String,
[INFO] [stdout]    |             ^^^^^^^
[INFO] [stdout] 41 |         pub reply: bool,
[INFO] [stdout]    |             ^^^^^
[INFO] [stdout] 42 |         pub retweet: bool,
[INFO] [stdout]    |             ^^^^^^^
[INFO] [stdout]    |
[INFO] [stdout]    = note: `#[warn(dead_code)]` (part of `#[warn(unused)]`) on by default
[INFO] [stdout] 
[INFO] [stdout] 
[INFO] [stderr]     Finished `release` profile [optimized] target(s) in 0.67s
[INFO] running `Command { std: "docker" "inspect" "e94fdf168781402b5def3aa0f60949b76550ac9a38a6a8ed680e555a4931130b", kill_on_drop: false }`
[INFO] running `Command { std: "docker" "exec" "-e" "SOURCE_DIR=/opt/rustwide/workdir" "-e" "CARGO_HOME=/opt/rustwide/cargo-home" "-e" "RUSTUP_HOME=/opt/rustwide/rustup-home" "-e" "CARGO_TARGET_DIR=/opt/rustwide/target" "-e" "CARGO_INCREMENTAL=0" "-e" "RUST_BACKTRACE=full" "-e" "RUSTFLAGS=--cap-lints=warn" "-e" "RUSTDOCFLAGS=--cap-lints=warn" "-w" "/opt/rustwide/workdir" "--user" "0:0" "e94fdf168781402b5def3aa0f60949b76550ac9a38a6a8ed680e555a4931130b" "/opt/rustwide/cargo-home/bin/cargo" "+1.98.0-beta.8" "test" "--frozen" "--release", kill_on_drop: false }`
[INFO] [stderr] warning: virtual workspace defaulting to `resolver = "1"` despite one or more workspace members being on edition 2021 which implies `resolver = "2"`
[INFO] [stderr]   |
[INFO] [stderr]   = note: to keep the current resolver, specify `workspace.resolver = "1"` in the workspace root's manifest
[INFO] [stderr]   = note: to use the edition 2021 resolver, specify `workspace.resolver = "2"` in the workspace root's manifest
[INFO] [stderr]   = note: for more details see https://doc.rust-lang.org/cargo/reference/resolver.html#resolver-versions
[INFO] [stderr] warning: fields `content`, `reply`, and `retweet` are never read
[INFO] [stderr]   --> generics/src/main.rs:40:13
[INFO] [stderr]    |
[INFO] [stderr] 38 |     pub struct Tweet {
[INFO] [stderr]    |                ----- fields in this struct
[INFO] [stderr] 39 |         pub username: String,
[INFO] [stderr] 40 |         pub content: String,
[INFO] [stderr]    |             ^^^^^^^
[INFO] [stderr] 41 |         pub reply: bool,
[INFO] [stderr]    |             ^^^^^
[INFO] [stderr] 42 |         pub retweet: bool,
[INFO] [stderr]    |             ^^^^^^^
[INFO] [stderr]    |
[INFO] [stderr]    = note: `#[warn(dead_code)]` (part of `#[warn(unused)]`) on by default
[INFO] [stderr] 
[INFO] [stderr] warning: `generics` (bin "generics" test) generated 1 warning
[INFO] [stderr] warning: unused variable: `name`
[INFO] [stderr]   --> auto_test/src/main.rs:56:17
[INFO] [stderr]    |
[INFO] [stderr] 56 | pub fn greeting(name: &str) -> String {
[INFO] [stderr]    |                 ^^^^ help: if this is intentional, prefix it with an underscore: `_name`
[INFO] [stderr]    |
[INFO] [stderr]    = note: `#[warn(unused_variables)]` (part of `#[warn(unused)]`) on by default
[INFO] [stderr] 
[INFO] [stderr] warning: field `value` is never read
[INFO] [stderr]   --> auto_test/src/main.rs:62:5
[INFO] [stderr]    |
[INFO] [stderr] 61 | pub struct Guess {
[INFO] [stderr]    |            ----- field in this struct
[INFO] [stderr] 62 |     value: i32,
[INFO] [stderr]    |     ^^^^^
[INFO] [stderr]    |
[INFO] [stderr]    = note: `#[warn(dead_code)]` (part of `#[warn(unused)]`) on by default
[INFO] [stderr] 
[INFO] [stderr] warning: function `parse_config` is never used
[INFO] [stderr]   --> minicliapp/src/main.rs:27:4
[INFO] [stderr]    |
[INFO] [stderr] 27 | fn parse_config(args:&[String]) -> (&str, &str) {
[INFO] [stderr]    |    ^^^^^^^^^^^^
[INFO] [stderr]    |
[INFO] [stderr]    = note: `#[warn(dead_code)]` (part of `#[warn(unused)]`) on by default
[INFO] [stderr] 
[INFO] [stderr] warning: `auto_test` (bin "auto_test" test) generated 2 warnings (run `cargo fix --bin "auto_test" -p auto_test --tests` to apply 1 suggestion)
[INFO] [stderr] warning: `minicliapp` (bin "minicliapp" test) generated 1 warning
[INFO] [stderr]     Finished `release` profile [optimized] target(s) in 0.03s
[INFO] [stderr]      Running unittests src/main.rs (/opt/rustwide/target/release/deps/Enum-175d45d2812bfee3)
[INFO] [stdout] 
[INFO] [stderr]      Running unittests src/main.rs (/opt/rustwide/target/release/deps/auto_test-b4b986874352f193)
[INFO] [stdout] running 0 tests
[INFO] [stdout] 
[INFO] [stdout] test result: ok. 0 passed; 0 failed; 0 ignored; 0 measured; 0 filtered out; finished in 0.00s
[INFO] [stdout] 
[INFO] [stdout] 
[INFO] [stdout] running 2 tests
[INFO] [stdout] test tests::greater_than_100 - should panic ... ok
[INFO] [stdout] test greeting_contains_name ... FAILED
[INFO] [stdout] 
[INFO] [stdout] failures:
[INFO] [stdout] 
[INFO] [stdout] ---- greeting_contains_name stdout ----
[INFO] [stdout] 
[INFO] [stdout] thread 'greeting_contains_name' (921) panicked at auto_test/src/main.rs:48:5:
[INFO] [stdout] Greeting did not contain name, value was `Hello!`
[INFO] [stdout] stack backtrace:
[INFO] [stdout]    0:     0x5bd317a03c21 - <<std[97b98282bc616a66]::sys::backtrace::BacktraceLock>::print::DisplayBacktrace as core[832e9a552fc17241]::fmt::Display>::fmt
[INFO] [stdout]    1:     0x5bd317a1793a - core[832e9a552fc17241]::fmt::write
[INFO] [stdout]    2:     0x5bd317a080dc - <alloc[3ecab9f82c41dc7d]::vec::Vec<u8> as std[97b98282bc616a66]::io::Write>::write_fmt
[INFO] [stdout]    3:     0x5bd3179e2346 - std[97b98282bc616a66]::panicking::default_hook::{closure#0}
[INFO] [stdout]    4:     0x5bd3179fbe49 - std[97b98282bc616a66]::panicking::default_hook
[INFO] [stdout]    5:     0x5bd317996e70 - test[39766f3d73431624]::test_main_inner::<test[39766f3d73431624]::test_main_static::{closure#0}>::{closure#0}
[INFO] [stdout]    6:     0x5bd3179fc002 - std[97b98282bc616a66]::panicking::panic_with_hook
[INFO] [stdout]    7:     0x5bd3179e23f2 - std[97b98282bc616a66]::panicking::panic_handler::{closure#0}
[INFO] [stdout]    8:     0x5bd3179d9d49 - std[97b98282bc616a66]::sys::backtrace::__rust_end_short_backtrace::<std[97b98282bc616a66]::panicking::panic_handler::{closure#0}, !>
[INFO] [stdout]    9:     0x5bd3179e2fed - __rustc[e3d8617bb01b7f69]::rust_begin_unwind
[INFO] [stdout]   10:     0x5bd317a1806c - core[832e9a552fc17241]::panicking::panic_fmt
[INFO] [stdout]   11:     0x5bd31798a0aa - <auto_test[784677e3498dd1b4]::greeting_contains_name::{closure#0} as core[832e9a552fc17241]::ops::function::FnOnce<()>>::call_once
[INFO] [stdout]   12:     0x5bd31798a1ab - test[39766f3d73431624]::__rust_begin_short_backtrace::<core[832e9a552fc17241]::result::Result<(), alloc[3ecab9f82c41dc7d]::string::String>, fn() -> core[832e9a552fc17241]::result::Result<(), alloc[3ecab9f82c41dc7d]::string::String>>
[INFO] [stdout]   13:     0x5bd3179977f5 - test[39766f3d73431624]::run_test::{closure#0}
[INFO] [stdout]   14:     0x5bd3179922a4 - std[97b98282bc616a66]::sys::backtrace::__rust_begin_short_backtrace::<test[39766f3d73431624]::run_test::{closure#1}, ()>
[INFO] [stdout]   15:     0x5bd31799a942 - <std[97b98282bc616a66]::thread::lifecycle::spawn_unchecked<test[39766f3d73431624]::run_test::{closure#1}, ()>::{closure#1} as core[832e9a552fc17241]::ops::function::FnOnce<()>>::call_once::{shim:vtable#0}
[INFO] [stdout]   16:     0x5bd317a034af - <std[97b98282bc616a66]::sys::thread::unix::Thread>::new::thread_start
[INFO] [stdout]   17:     0x75d1b689b07a - <unknown>
[INFO] [stdout]   18:     0x75d1b692e534 - clone
[INFO] [stdout]   19:                0x0 - <unknown>
[INFO] [stdout] 
[INFO] [stdout] 
[INFO] [stdout] failures:
[INFO] [stdout]     greeting_contains_name
[INFO] [stdout] 
[INFO] [stdout] test result: FAILED. 1 passed; 1 failed; 0 ignored; 0 measured; 0 filtered out; finished in 0.00s
[INFO] [stdout] 
[INFO] [stderr] error: test failed, to rerun pass `-p auto_test --bin auto_test`
[INFO] running `Command { std: "docker" "inspect" "e94fdf168781402b5def3aa0f60949b76550ac9a38a6a8ed680e555a4931130b", kill_on_drop: false }`
[INFO] running `Command { std: "docker" "rm" "-f" "e94fdf168781402b5def3aa0f60949b76550ac9a38a6a8ed680e555a4931130b", kill_on_drop: false }`
[INFO] [stdout] e94fdf168781402b5def3aa0f60949b76550ac9a38a6a8ed680e555a4931130b
