[INFO] cloning repository https://github.com/kanra824/rust-kyopro
[INFO] running `Command { std: "git" "-c" "credential.helper=" "-c" "credential.helper=/workspace/cargo-home/bin/git-credential-null" "clone" "--bare" "https://github.com/kanra824/rust-kyopro" "/workspace/cache/git-repos/https%3A%2F%2Fgithub.com%2Fkanra824%2Frust-kyopro", kill_on_drop: false }`
[INFO] [stderr] Cloning into bare repository '/workspace/cache/git-repos/https%3A%2F%2Fgithub.com%2Fkanra824%2Frust-kyopro'...
[INFO] running `Command { std: "git" "rev-parse" "HEAD", kill_on_drop: false }`
[INFO] [stdout] 744ffbbe707295782b075740d229ff8f3d11c6a9
[INFO] testing kanra824/rust-kyopro against 1.99.0-beta.1+cargoflags=--release for beta-release-1.99-2
[INFO] running `Command { std: "git" "clone" "/workspace/cache/git-repos/https%3A%2F%2Fgithub.com%2Fkanra824%2Frust-kyopro" "/workspace/builds/worker-1-tc2/source", kill_on_drop: false }`
[INFO] [stderr] Cloning into '/workspace/builds/worker-1-tc2/source'...
[INFO] [stderr] done.
[INFO] started tweaking git repo https://github.com/kanra824/rust-kyopro
[INFO] finished tweaking git repo https://github.com/kanra824/rust-kyopro
[INFO] tweaked toml for git repo https://github.com/kanra824/rust-kyopro written to /workspace/builds/worker-1-tc2/source/Cargo.toml
[INFO] validating manifest of git repo https://github.com/kanra824/rust-kyopro on toolchain 1.99.0-beta.1
[INFO] running `Command { std: CARGO_HOME="/workspace/cargo-home" RUSTUP_HOME="/workspace/rustup-home" "/workspace/cargo-home/bin/cargo" "+1.99.0-beta.1" "metadata" "--manifest-path" "Cargo.toml" "--no-deps", kill_on_drop: false }`
[INFO] crate git repo https://github.com/kanra824/rust-kyopro already has a lockfile, it will not be regenerated
[INFO] running `Command { std: CARGO_HOME="/workspace/cargo-home" RUSTUP_HOME="/workspace/rustup-home" "/workspace/cargo-home/bin/cargo" "+1.99.0-beta.1" "fetch" "--manifest-path" "Cargo.toml", kill_on_drop: false }`
[INFO] running `Command { std: "docker" "create" "-v" "/var/lib/crater-agent-workspace/builds/worker-1-tc2/source:/opt/rustwide/workdir:ro,Z" "-v" "/var/lib/crater-agent-workspace/builds/worker-1-tc2/target:/opt/rustwide/target:rw,Z" "-v" "/var/lib/crater-agent-workspace/cargo-home:/opt/rustwide/cargo-home:ro,Z" "-v" "/var/lib/crater-agent-workspace/rustup-home:/opt/rustwide/rustup-home:ro,Z" "-m" "1610612736" "--network" "none" "ghcr.io/rust-lang/crates-build-env/linux@sha256:8683fc1fc2eb5c9ac98e0d076ab094b2ffac7f99da555d2b6a2e27f346de2ec7" "sleep" "infinity", kill_on_drop: false }`
[INFO] [stdout] dd51bea5946eb79fc709451b96daef35c996703a4208134ca48af632ec8a26d5
[INFO] running `Command { std: "docker" "start" "dd51bea5946eb79fc709451b96daef35c996703a4208134ca48af632ec8a26d5", kill_on_drop: false }`
[INFO] running `Command { std: "docker" "inspect" "dd51bea5946eb79fc709451b96daef35c996703a4208134ca48af632ec8a26d5", kill_on_drop: false }`
[INFO] running `Command { std: "docker" "exec" "-e" "SOURCE_DIR=/opt/rustwide/workdir" "-e" "CARGO_HOME=/opt/rustwide/cargo-home" "-e" "RUSTUP_HOME=/opt/rustwide/rustup-home" "-e" "CARGO_TARGET_DIR=/opt/rustwide/target" "-w" "/opt/rustwide/workdir" "--user" "0:0" "dd51bea5946eb79fc709451b96daef35c996703a4208134ca48af632ec8a26d5" "/opt/rustwide/cargo-home/bin/cargo" "+1.99.0-beta.1" "metadata" "--no-deps" "--format-version=1", kill_on_drop: false }`
[INFO] running `Command { std: "docker" "inspect" "dd51bea5946eb79fc709451b96daef35c996703a4208134ca48af632ec8a26d5", kill_on_drop: false }`
[INFO] running `Command { std: "docker" "exec" "-e" "SOURCE_DIR=/opt/rustwide/workdir" "-e" "CARGO_HOME=/opt/rustwide/cargo-home" "-e" "RUSTUP_HOME=/opt/rustwide/rustup-home" "-e" "CARGO_TARGET_DIR=/opt/rustwide/target" "-e" "CARGO_INCREMENTAL=0" "-e" "RUST_BACKTRACE=full" "-e" "RUSTFLAGS=--cap-lints=warn" "-e" "RUSTDOCFLAGS=--cap-lints=warn" "-w" "/opt/rustwide/workdir" "--user" "0:0" "dd51bea5946eb79fc709451b96daef35c996703a4208134ca48af632ec8a26d5" "/opt/rustwide/cargo-home/bin/cargo" "+1.99.0-beta.1" "build" "--frozen" "--message-format=json" "--release", kill_on_drop: false }`
[INFO] [stderr]    Compiling libc v0.2.177
[INFO] [stderr]    Compiling zerocopy v0.8.30
[INFO] [stderr]    Compiling getrandom v0.3.4
[INFO] [stderr]    Compiling proc-macro2 v1.0.103
[INFO] [stderr]    Compiling unicode-ident v1.0.22
[INFO] [stderr]    Compiling libm v0.2.15
[INFO] [stderr]    Compiling cfg-if v1.0.4
[INFO] [stderr]    Compiling autocfg v1.5.0
[INFO] [stderr]    Compiling quote v1.0.42
[INFO] [stderr]    Compiling syn v1.0.109
[INFO] [stderr]    Compiling either v1.15.0
[INFO] [stderr]    Compiling permutohedron v0.2.4
[INFO] [stderr]    Compiling itertools v0.14.0
[INFO] [stderr]    Compiling once_cell v1.21.3
[INFO] [stderr]    Compiling ac-library-rs v0.2.0
[INFO] [stderr]    Compiling num-traits v0.2.19
[INFO] [stderr]    Compiling superslice v1.0.0
[INFO] [stderr]    Compiling rand_core v0.9.3
[INFO] [stderr]    Compiling num-complex v0.4.6
[INFO] [stderr]    Compiling ppv-lite86 v0.2.21
[INFO] [stderr]    Compiling rand_chacha v0.9.0
[INFO] [stderr]    Compiling rand v0.9.2
[INFO] [stderr]    Compiling rand_distr v0.5.1
[INFO] [stderr]    Compiling proconio-derive v0.2.1
[INFO] [stderr]    Compiling proconio v0.5.0
[INFO] [stderr]    Compiling atcoder v0.1.0 (/opt/rustwide/workdir)
[INFO] [stderr]     Finished `release` profile [optimized + debuginfo] target(s) in 29.41s
[INFO] running `Command { std: "docker" "inspect" "dd51bea5946eb79fc709451b96daef35c996703a4208134ca48af632ec8a26d5", kill_on_drop: false }`
[INFO] running `Command { std: "docker" "exec" "-e" "SOURCE_DIR=/opt/rustwide/workdir" "-e" "CARGO_HOME=/opt/rustwide/cargo-home" "-e" "RUSTUP_HOME=/opt/rustwide/rustup-home" "-e" "CARGO_TARGET_DIR=/opt/rustwide/target" "-e" "CARGO_INCREMENTAL=0" "-e" "RUST_BACKTRACE=full" "-e" "RUSTFLAGS=--cap-lints=warn" "-e" "RUSTDOCFLAGS=--cap-lints=warn" "-w" "/opt/rustwide/workdir" "--user" "0:0" "dd51bea5946eb79fc709451b96daef35c996703a4208134ca48af632ec8a26d5" "/opt/rustwide/cargo-home/bin/cargo" "+1.99.0-beta.1" "test" "--frozen" "--no-run" "--message-format=json" "--release", kill_on_drop: false }`
[INFO] [stderr]    Compiling atcoder v0.1.0 (/opt/rustwide/workdir)
[INFO] [stderr]     Finished `release` profile [optimized + debuginfo] target(s) in 7.37s
[INFO] running `Command { std: "docker" "inspect" "dd51bea5946eb79fc709451b96daef35c996703a4208134ca48af632ec8a26d5", kill_on_drop: false }`
[INFO] running `Command { std: "docker" "exec" "-e" "SOURCE_DIR=/opt/rustwide/workdir" "-e" "CARGO_HOME=/opt/rustwide/cargo-home" "-e" "RUSTUP_HOME=/opt/rustwide/rustup-home" "-e" "CARGO_TARGET_DIR=/opt/rustwide/target" "-e" "CARGO_INCREMENTAL=0" "-e" "RUST_BACKTRACE=full" "-e" "RUSTFLAGS=--cap-lints=warn" "-e" "RUSTDOCFLAGS=--cap-lints=warn" "-w" "/opt/rustwide/workdir" "--user" "0:0" "dd51bea5946eb79fc709451b96daef35c996703a4208134ca48af632ec8a26d5" "/opt/rustwide/cargo-home/bin/cargo" "+1.99.0-beta.1" "test" "--frozen" "--release", kill_on_drop: false }`
[INFO] [stderr]     Finished `release` profile [optimized + debuginfo] target(s) in 0.05s
[INFO] [stderr]      Running unittests src/main.rs (/opt/rustwide/target/release/deps/atcoder-521bcc009569edb8)
[INFO] [stdout] 
[INFO] [stdout] running 52 tests
[INFO] [stdout] test tests::fps::bostan_mori::test_bostan_mori ... ok
[INFO] [stdout] test tests::fps::bostan_mori::test_bostan_mori_from_linear_recurrence_relation ... ok
[INFO] [stdout] test tests::graph::centroid::test_centroid1 ... ok
[INFO] [stdout] test tests::graph::dijkstra::test_dijkstra ... ok
[INFO] [stdout] test tests::graph::graph::test_add_edge ... ok
[INFO] [stdout] test tests::graph::graph::test_edges ... ok
[INFO] [stdout] test tests::number::combination::test_C ... ok
[INFO] [stdout] test tests::graph::centroid::test_centroid2 ... ok
[INFO] [stdout] test tests::number::factorization::factorization_test ... ok
[INFO] [stdout] test tests::number::combination::test_H ... ok
[INFO] [stdout] test tests::number::fft::test_butterfly ... ok
[INFO] [stdout] test tests::number::mint::test_add ... ok
[INFO] [stdout] test tests::number::mint::test_add_assign ... ok
[INFO] [stdout] test tests::number::garner::test_garner ... ok
[INFO] [stdout] test tests::number::mint::test_div_assign ... ok
[INFO] [stdout] test tests::number::fft::test_convolution ... ok
[INFO] [stdout] test tests::number::mint::test_div ... ok
[INFO] [stdout] test tests::number::mint::test_inv ... ok
[INFO] [stdout] test tests::number::mint::test_mul ... ok
[INFO] [stdout] test tests::number::mint::test_mul_assign ... ok
[INFO] [stdout] test tests::number::mint::test_neg ... ok
[INFO] [stdout] test tests::number::mint::test_pow ... ok
[INFO] [stdout] test tests::number::mint::test_sub ... ok
[INFO] [stdout] test tests::number::mint::test_sub_assign ... ok
[INFO] [stdout] test tests::number::mint::test_zero ... ok
[INFO] [stdout] test tests::number::ntt::test_convolution ... ok
[INFO] [stdout] test tests::number::mint::test_inv_panic - should panic ... ok
[INFO] [stdout] test tests::number::mint::test_div_panic - should panic ... ok
[INFO] [stdout] test tests::number::pow::pow_test ... ok
[INFO] [stdout] test tests::number::sieve::test_sieve ... ok
[INFO] [stdout] test tests::others::matrix::test_add ... ok
[INFO] [stdout] test tests::others::matrix::test_determinant ... ok
[INFO] [stdout] test tests::others::matrix::test_mul ... ok
[INFO] [stdout] test tests::others::matrix::test_pow ... ok
[INFO] [stdout] test tests::others::rolling_hash::random_test ... ok
[INFO] [stdout] test tests::others::rolling_hash_on_segtree::test_rolling_hash_on_segtree ... ok
[INFO] [stdout] test tests::others::rolling_hash_on_segtree::rolling_hash_on_segtree ... ok
[INFO] [stdout] test tests::string::aho_corasick::use_aho_corasick ... ok
[INFO] [stdout] test tests::structure::lazy_segment_tree::test_add_sum ... ok
[INFO] [stdout] test tests::structure::lazy_segment_tree::test_matrix ... ok
[INFO] [stdout] test tests::fps::fps::test_fps_differential ... ok
[INFO] [stdout] test tests::structure::segment_tree_beats::test_segment_tree_beats ... ok
[INFO] [stdout] test tests::structure::union_find::test_uf_count ... ok
[INFO] [stdout] test tests::structure::union_find::test_uf_get_sz ... ok
[INFO] [stdout] test tests::structure::union_find::test_uf_unite ... ok
[INFO] [stdout] test tests::structure::lazy_segment_tree::test_update_sum ... ok
[INFO] [stdout] test tests::number::ntt::test_convolution_large ... ok
[INFO] [stdout] test tests::number::fft::test_butterfly_large ... ok
[INFO] [stdout] test tests::fps::fps::test_fps_integral ... FAILED
[INFO] [stdout] test tests::structure::lazy_segment_tree::test_add_min ... ok
[INFO] [stdout] test tests::fps::fps::test_fps_inv ... ok
[INFO] [stdout] test tests::fps::fps::test_fps_exp ... FAILED
[INFO] [stdout] 
[INFO] [stdout] failures:
[INFO] [stdout] 
[INFO] [stdout] ---- tests::fps::fps::test_fps_integral stdout ----
[INFO] [stdout] 
[INFO] [stdout] thread 'tests::fps::fps::test_fps_integral' (656) panicked at src/tests/fps/fps.rs:71:5:
[INFO] [stdout] fps integral time exceeded: 833 ms
[INFO] [stdout] stack backtrace:
[INFO] [stdout]    0:     0x5ba9aad8bab1 - std[104cf6e2632825ea]::backtrace_rs::backtrace::libunwind::trace
[INFO] [stdout]                                at /rustc/f47d5bb13648d5c859f5b438eb7dc834b9729961/library/std/src/../../backtrace/src/backtrace/libunwind.rs:117:9
[INFO] [stdout]    1:     0x5ba9aad8bab1 - std[104cf6e2632825ea]::backtrace_rs::backtrace::trace_unsynchronized::<std[104cf6e2632825ea]::sys::backtrace::_print_fmt::{closure#1}>
[INFO] [stdout]                                at /rustc/f47d5bb13648d5c859f5b438eb7dc834b9729961/library/std/src/../../backtrace/src/backtrace/mod.rs:66:14
[INFO] [stdout]    2:     0x5ba9aad8bab1 - std[104cf6e2632825ea]::sys::backtrace::_print_fmt
[INFO] [stdout]                                at /rustc/f47d5bb13648d5c859f5b438eb7dc834b9729961/library/std/src/sys/backtrace.rs:74:9
[INFO] [stdout]    3:     0x5ba9aad8bab1 - <<std[104cf6e2632825ea]::sys::backtrace::BacktraceLock>::print::DisplayBacktrace as core[7c831bd917ebf35f]::fmt::Display>::fmt
[INFO] [stdout]                                at /rustc/f47d5bb13648d5c859f5b438eb7dc834b9729961/library/std/src/sys/backtrace.rs:44:26
[INFO] [stdout]    4:     0x5ba9aada12ca - <core[7c831bd917ebf35f]::fmt::rt::Argument>::fmt
[INFO] [stdout]                                at /rustc/f47d5bb13648d5c859f5b438eb7dc834b9729961/library/core/src/fmt/rt.rs:152:76
[INFO] [stdout]    5:     0x5ba9aada12ca - core[7c831bd917ebf35f]::fmt::write
[INFO] [stdout]    6:     0x5ba9aad8ff4c - core[7c831bd917ebf35f]::io::write::default_write_fmt::<alloc[2fdc3f7464fcf288]::vec::Vec<u8>>
[INFO] [stdout]                                at /rustc/f47d5bb13648d5c859f5b438eb7dc834b9729961/library/core/src/io/write.rs:402:11
[INFO] [stdout]    7:     0x5ba9aad8ff4c - <alloc[2fdc3f7464fcf288]::vec::Vec<u8> as core[7c831bd917ebf35f]::io::write::Write>::write_fmt
[INFO] [stdout]                                at /rustc/f47d5bb13648d5c859f5b438eb7dc834b9729961/library/core/src/io/write.rs:335:13
[INFO] [stdout]    8:     0x5ba9aad67fe6 - <std[104cf6e2632825ea]::sys::backtrace::BacktraceLock>::print
[INFO] [stdout]                                at /rustc/f47d5bb13648d5c859f5b438eb7dc834b9729961/library/std/src/sys/backtrace.rs:47:9
[INFO] [stdout]    9:     0x5ba9aad67fe6 - std[104cf6e2632825ea]::panicking::default_hook::{closure#0}
[INFO] [stdout]                                at /rustc/f47d5bb13648d5c859f5b438eb7dc834b9729961/library/std/src/panicking.rs:292:27
[INFO] [stdout]   10:     0x5ba9aad84119 - std[104cf6e2632825ea]::panicking::default_hook
[INFO] [stdout]                                at /rustc/f47d5bb13648d5c859f5b438eb7dc834b9729961/library/std/src/panicking.rs:316:9
[INFO] [stdout]   11:     0x5ba9aad1dd00 - <alloc[2fdc3f7464fcf288]::boxed::Box<dyn for<'a, 'b> core[7c831bd917ebf35f]::ops::function::Fn<(&'a std[104cf6e2632825ea]::panic::PanicHookInfo<'b>,), Output = ()> + core[7c831bd917ebf35f]::marker::Send + core[7c831bd917ebf35f]::marker::Sync> as core[7c831bd917ebf35f]::ops::function::Fn<(&std[104cf6e2632825ea]::panic::PanicHookInfo,)>>::call
[INFO] [stdout]                                at /rustc/f47d5bb13648d5c859f5b438eb7dc834b9729961/library/alloc/src/boxed.rs:2334:9
[INFO] [stdout]   12:     0x5ba9aad1dd00 - test[73009c9f9aebf890]::test_main_inner::<test[73009c9f9aebf890]::test_main_static::{closure#0}>::{closure#0}
[INFO] [stdout]                                at /rustc/f47d5bb13648d5c859f5b438eb7dc834b9729961/library/test/src/lib.rs:155:21
[INFO] [stdout]   13:     0x5ba9aad842d2 - <alloc[2fdc3f7464fcf288]::boxed::Box<dyn for<'a, 'b> core[7c831bd917ebf35f]::ops::function::Fn<(&'a std[104cf6e2632825ea]::panic::PanicHookInfo<'b>,), Output = ()> + core[7c831bd917ebf35f]::marker::Send + core[7c831bd917ebf35f]::marker::Sync> as core[7c831bd917ebf35f]::ops::function::Fn<(&std[104cf6e2632825ea]::panic::PanicHookInfo,)>>::call
[INFO] [stdout]                                at /rustc/f47d5bb13648d5c859f5b438eb7dc834b9729961/library/alloc/src/boxed.rs:2334:9
[INFO] [stdout]   14:     0x5ba9aad842d2 - std[104cf6e2632825ea]::panicking::panic_with_hook
[INFO] [stdout]                                at /rustc/f47d5bb13648d5c859f5b438eb7dc834b9729961/library/std/src/panicking.rs:823:13
[INFO] [stdout]   15:     0x5ba9aad68092 - std[104cf6e2632825ea]::panicking::panic_handler::{closure#0}
[INFO] [stdout]                                at /rustc/f47d5bb13648d5c859f5b438eb7dc834b9729961/library/std/src/panicking.rs:688:13
[INFO] [stdout]   16:     0x5ba9aad60a39 - std[104cf6e2632825ea]::sys::backtrace::__rust_end_short_backtrace::<std[104cf6e2632825ea]::panicking::panic_handler::{closure#0}, !>
[INFO] [stdout]                                at /rustc/f47d5bb13648d5c859f5b438eb7dc834b9729961/library/std/src/sys/backtrace.rs:182:18
[INFO] [stdout]   17:     0x5ba9aad68c8d - __rustc[b0d56fa5b193ad05]::rust_begin_unwind
[INFO] [stdout]                                at /rustc/f47d5bb13648d5c859f5b438eb7dc834b9729961/library/std/src/panicking.rs:679:5
[INFO] [stdout]   18:     0x5ba9aada19fc - core[7c831bd917ebf35f]::panicking::panic_fmt
[INFO] [stdout]                                at /rustc/f47d5bb13648d5c859f5b438eb7dc834b9729961/library/core/src/panicking.rs:80:14
[INFO] [stdout]   19:     0x5ba9aad0f9dd - atcoder[3764c71a208e9c00]::tests::fps::fps::test_fps_integral
[INFO] [stdout]                                at /opt/rustwide/workdir/src/tests/fps/fps.rs:71:5
[INFO] [stdout]   20:     0x5ba9aad0f9dd - atcoder[3764c71a208e9c00]::tests::fps::fps::test_fps_integral::{closure#0}
[INFO] [stdout]                                at /opt/rustwide/workdir/src/tests/fps/fps.rs:64:23
[INFO] [stdout]   21:     0x5ba9aad0f9dd - <atcoder[3764c71a208e9c00]::tests::fps::fps::test_fps_integral::{closure#0} as core[7c831bd917ebf35f]::ops::function::FnOnce<()>>::call_once
[INFO] [stdout]                                at /rustc/f47d5bb13648d5c859f5b438eb7dc834b9729961/library/core/src/ops/function.rs:250:5
[INFO] [stdout]   22:     0x5ba9aad10feb - <fn() -> core[7c831bd917ebf35f]::result::Result<(), alloc[2fdc3f7464fcf288]::string::String> as core[7c831bd917ebf35f]::ops::function::FnOnce<()>>::call_once
[INFO] [stdout]                                at /rustc/f47d5bb13648d5c859f5b438eb7dc834b9729961/library/core/src/ops/function.rs:250:5
[INFO] [stdout]   23:     0x5ba9aad10feb - test[73009c9f9aebf890]::__rust_begin_short_backtrace::<core[7c831bd917ebf35f]::result::Result<(), alloc[2fdc3f7464fcf288]::string::String>, fn() -> core[7c831bd917ebf35f]::result::Result<(), alloc[2fdc3f7464fcf288]::string::String>>
[INFO] [stdout]                                at /rustc/f47d5bb13648d5c859f5b438eb7dc834b9729961/library/test/src/lib.rs:733:18
[INFO] [stdout]   24:     0x5ba9aad1e655 - test[73009c9f9aebf890]::run_test_in_process::{closure#0}
[INFO] [stdout]                                at /rustc/f47d5bb13648d5c859f5b438eb7dc834b9729961/library/test/src/lib.rs:756:74
[INFO] [stdout]   25:     0x5ba9aad1e655 - <core[7c831bd917ebf35f]::panic::unwind_safe::AssertUnwindSafe<test[73009c9f9aebf890]::run_test_in_process::{closure#0}> as core[7c831bd917ebf35f]::ops::function::FnOnce<()>>::call_once
[INFO] [stdout]                                at /rustc/f47d5bb13648d5c859f5b438eb7dc834b9729961/library/core/src/panic/unwind_safe.rs:275:9
[INFO] [stdout]   26:     0x5ba9aad1e655 - std[104cf6e2632825ea]::panicking::catch_unwind::do_call::<core[7c831bd917ebf35f]::panic::unwind_safe::AssertUnwindSafe<test[73009c9f9aebf890]::run_test_in_process::{closure#0}>, core[7c831bd917ebf35f]::result::Result<(), alloc[2fdc3f7464fcf288]::string::String>>
[INFO] [stdout]                                at /rustc/f47d5bb13648d5c859f5b438eb7dc834b9729961/library/std/src/panicking.rs:576:43
[INFO] [stdout]   27:     0x5ba9aad1e655 - std[104cf6e2632825ea]::panicking::catch_unwind::<core[7c831bd917ebf35f]::result::Result<(), alloc[2fdc3f7464fcf288]::string::String>, core[7c831bd917ebf35f]::panic::unwind_safe::AssertUnwindSafe<test[73009c9f9aebf890]::run_test_in_process::{closure#0}>>
[INFO] [stdout]                                at /rustc/f47d5bb13648d5c859f5b438eb7dc834b9729961/library/std/src/panicking.rs:544:19
[INFO] [stdout]   28:     0x5ba9aad1e655 - std[104cf6e2632825ea]::panic::catch_unwind::<core[7c831bd917ebf35f]::panic::unwind_safe::AssertUnwindSafe<test[73009c9f9aebf890]::run_test_in_process::{closure#0}>, core[7c831bd917ebf35f]::result::Result<(), alloc[2fdc3f7464fcf288]::string::String>>
[INFO] [stdout]                                at /rustc/f47d5bb13648d5c859f5b438eb7dc834b9729961/library/std/src/panic.rs:359:14
[INFO] [stdout]   29:     0x5ba9aad1e655 - test[73009c9f9aebf890]::run_test_in_process
[INFO] [stdout]                                at /rustc/f47d5bb13648d5c859f5b438eb7dc834b9729961/library/test/src/lib.rs:756:27
[INFO] [stdout]   30:     0x5ba9aad1e655 - test[73009c9f9aebf890]::run_test::{closure#0}
[INFO] [stdout]                                at /rustc/f47d5bb13648d5c859f5b438eb7dc834b9729961/library/test/src/lib.rs:677:43
[INFO] [stdout]   31:     0x5ba9aad17a14 - test[73009c9f9aebf890]::run_test::{closure#1}
[INFO] [stdout]                                at /rustc/f47d5bb13648d5c859f5b438eb7dc834b9729961/library/test/src/lib.rs:707:41
[INFO] [stdout]   32:     0x5ba9aad17a14 - std[104cf6e2632825ea]::sys::backtrace::__rust_begin_short_backtrace::<test[73009c9f9aebf890]::run_test::{closure#1}, ()>
[INFO] [stdout]                                at /rustc/f47d5bb13648d5c859f5b438eb7dc834b9729961/library/std/src/sys/backtrace.rs:166:18
[INFO] [stdout]   33:     0x5ba9aad217b2 - std[104cf6e2632825ea]::thread::lifecycle::spawn_unchecked::<test[73009c9f9aebf890]::run_test::{closure#1}, ()>::{closure#1}::{closure#0}
[INFO] [stdout]                                at /rustc/f47d5bb13648d5c859f5b438eb7dc834b9729961/library/std/src/thread/lifecycle.rs:70:13
[INFO] [stdout]   34:     0x5ba9aad217b2 - <core[7c831bd917ebf35f]::panic::unwind_safe::AssertUnwindSafe<std[104cf6e2632825ea]::thread::lifecycle::spawn_unchecked<test[73009c9f9aebf890]::run_test::{closure#1}, ()>::{closure#1}::{closure#0}> as core[7c831bd917ebf35f]::ops::function::FnOnce<()>>::call_once
[INFO] [stdout]                                at /rustc/f47d5bb13648d5c859f5b438eb7dc834b9729961/library/core/src/panic/unwind_safe.rs:275:9
[INFO] [stdout]   35:     0x5ba9aad217b2 - std[104cf6e2632825ea]::panicking::catch_unwind::do_call::<core[7c831bd917ebf35f]::panic::unwind_safe::AssertUnwindSafe<std[104cf6e2632825ea]::thread::lifecycle::spawn_unchecked<test[73009c9f9aebf890]::run_test::{closure#1}, ()>::{closure#1}::{closure#0}>, ()>
[INFO] [stdout]                                at /rustc/f47d5bb13648d5c859f5b438eb7dc834b9729961/library/std/src/panicking.rs:576:43
[INFO] [stdout]   36:     0x5ba9aad217b2 - std[104cf6e2632825ea]::panicking::catch_unwind::<(), core[7c831bd917ebf35f]::panic::unwind_safe::AssertUnwindSafe<std[104cf6e2632825ea]::thread::lifecycle::spawn_unchecked<test[73009c9f9aebf890]::run_test::{closure#1}, ()>::{closure#1}::{closure#0}>>
[INFO] [stdout]                                at /rustc/f47d5bb13648d5c859f5b438eb7dc834b9729961/library/std/src/panicking.rs:544:19
[INFO] [stdout]   37:     0x5ba9aad217b2 - std[104cf6e2632825ea]::panic::catch_unwind::<core[7c831bd917ebf35f]::panic::unwind_safe::AssertUnwindSafe<std[104cf6e2632825ea]::thread::lifecycle::spawn_unchecked<test[73009c9f9aebf890]::run_test::{closure#1}, ()>::{closure#1}::{closure#0}>, ()>
[INFO] [stdout]                                at /rustc/f47d5bb13648d5c859f5b438eb7dc834b9729961/library/std/src/panic.rs:359:14
[INFO] [stdout]   38:     0x5ba9aad217b2 - std[104cf6e2632825ea]::thread::lifecycle::spawn_unchecked::<test[73009c9f9aebf890]::run_test::{closure#1}, ()>::{closure#1}
[INFO] [stdout]                                at /rustc/f47d5bb13648d5c859f5b438eb7dc834b9729961/library/std/src/thread/lifecycle.rs:68:26
[INFO] [stdout]   39:     0x5ba9aad217b2 - <std[104cf6e2632825ea]::thread::lifecycle::spawn_unchecked<test[73009c9f9aebf890]::run_test::{closure#1}, ()>::{closure#1} as core[7c831bd917ebf35f]::ops::function::FnOnce<()>>::call_once::{shim:vtable#0}
[INFO] [stdout]                                at /rustc/f47d5bb13648d5c859f5b438eb7dc834b9729961/library/core/src/ops/function.rs:250:5
[INFO] [stdout]   40:     0x5ba9aad8b389 - <alloc[2fdc3f7464fcf288]::boxed::Box<dyn core[7c831bd917ebf35f]::ops::function::FnOnce<(), Output = ()> + core[7c831bd917ebf35f]::marker::Send> as core[7c831bd917ebf35f]::ops::function::FnOnce<()>>::call_once
[INFO] [stdout]                                at /rustc/f47d5bb13648d5c859f5b438eb7dc834b9729961/library/alloc/src/boxed.rs:2320:9
[INFO] [stdout]   41:     0x5ba9aad8b389 - <std[104cf6e2632825ea]::sys::thread::unix::Thread>::new::thread_start
[INFO] [stdout]                                at /rustc/f47d5bb13648d5c859f5b438eb7dc834b9729961/library/std/src/sys/thread/unix.rs:123:17
[INFO] [stdout]   42:     0x7dec3a9f107a - <unknown>
[INFO] [stdout]   43:     0x7dec3aa84534 - clone
[INFO] [stdout]   44:                0x0 - <unknown>
[INFO] [stdout] 
[INFO] [stdout] ---- tests::fps::fps::test_fps_exp stdout ----
[INFO] [stdout] 
[INFO] [stdout] thread 'tests::fps::fps::test_fps_exp' (655) panicked at src/tests/fps/fps.rs:46:5:
[INFO] [stdout] fps inv time exceeded: 12762 ms
[INFO] [stdout] stack backtrace:
[INFO] [stdout]    0:     0x5ba9aad8bab1 - std[104cf6e2632825ea]::backtrace_rs::backtrace::libunwind::trace
[INFO] [stdout]                                at /rustc/f47d5bb13648d5c859f5b438eb7dc834b9729961/library/std/src/../../backtrace/src/backtrace/libunwind.rs:117:9
[INFO] [stdout]    1:     0x5ba9aad8bab1 - std[104cf6e2632825ea]::backtrace_rs::backtrace::trace_unsynchronized::<std[104cf6e2632825ea]::sys::backtrace::_print_fmt::{closure#1}>
[INFO] [stdout]                                at /rustc/f47d5bb13648d5c859f5b438eb7dc834b9729961/library/std/src/../../backtrace/src/backtrace/mod.rs:66:14
[INFO] [stdout]    2:     0x5ba9aad8bab1 - std[104cf6e2632825ea]::sys::backtrace::_print_fmt
[INFO] [stdout]                                at /rustc/f47d5bb13648d5c859f5b438eb7dc834b9729961/library/std/src/sys/backtrace.rs:74:9
[INFO] [stdout]    3:     0x5ba9aad8bab1 - <<std[104cf6e2632825ea]::sys::backtrace::BacktraceLock>::print::DisplayBacktrace as core[7c831bd917ebf35f]::fmt::Display>::fmt
[INFO] [stdout]                                at /rustc/f47d5bb13648d5c859f5b438eb7dc834b9729961/library/std/src/sys/backtrace.rs:44:26
[INFO] [stdout]    4:     0x5ba9aada12ca - <core[7c831bd917ebf35f]::fmt::rt::Argument>::fmt
[INFO] [stdout]                                at /rustc/f47d5bb13648d5c859f5b438eb7dc834b9729961/library/core/src/fmt/rt.rs:152:76
[INFO] [stdout]    5:     0x5ba9aada12ca - core[7c831bd917ebf35f]::fmt::write
[INFO] [stdout]    6:     0x5ba9aad8ff4c - core[7c831bd917ebf35f]::io::write::default_write_fmt::<alloc[2fdc3f7464fcf288]::vec::Vec<u8>>
[INFO] [stdout]                                at /rustc/f47d5bb13648d5c859f5b438eb7dc834b9729961/library/core/src/io/write.rs:402:11
[INFO] [stdout]    7:     0x5ba9aad8ff4c - <alloc[2fdc3f7464fcf288]::vec::Vec<u8> as core[7c831bd917ebf35f]::io::write::Write>::write_fmt
[INFO] [stdout]                                at /rustc/f47d5bb13648d5c859f5b438eb7dc834b9729961/library/core/src/io/write.rs:335:13
[INFO] [stdout]    8:     0x5ba9aad67fe6 - <std[104cf6e2632825ea]::sys::backtrace::BacktraceLock>::print
[INFO] [stdout]                                at /rustc/f47d5bb13648d5c859f5b438eb7dc834b9729961/library/std/src/sys/backtrace.rs:47:9
[INFO] [stdout]    9:     0x5ba9aad67fe6 - std[104cf6e2632825ea]::panicking::default_hook::{closure#0}
[INFO] [stdout]                                at /rustc/f47d5bb13648d5c859f5b438eb7dc834b9729961/library/std/src/panicking.rs:292:27
[INFO] [stdout]   10:     0x5ba9aad84119 - std[104cf6e2632825ea]::panicking::default_hook
[INFO] [stdout]                                at /rustc/f47d5bb13648d5c859f5b438eb7dc834b9729961/library/std/src/panicking.rs:316:9
[INFO] [stdout]   11:     0x5ba9aad1dd00 - <alloc[2fdc3f7464fcf288]::boxed::Box<dyn for<'a, 'b> core[7c831bd917ebf35f]::ops::function::Fn<(&'a std[104cf6e2632825ea]::panic::PanicHookInfo<'b>,), Output = ()> + core[7c831bd917ebf35f]::marker::Send + core[7c831bd917ebf35f]::marker::Sync> as core[7c831bd917ebf35f]::ops::function::Fn<(&std[104cf6e2632825ea]::panic::PanicHookInfo,)>>::call
[INFO] [stdout]                                at /rustc/f47d5bb13648d5c859f5b438eb7dc834b9729961/library/alloc/src/boxed.rs:2334:9
[INFO] [stdout]   12:     0x5ba9aad1dd00 - test[73009c9f9aebf890]::test_main_inner::<test[73009c9f9aebf890]::test_main_static::{closure#0}>::{closure#0}
[INFO] [stdout]                                at /rustc/f47d5bb13648d5c859f5b438eb7dc834b9729961/library/test/src/lib.rs:155:21
[INFO] [stdout]   13:     0x5ba9aad842d2 - <alloc[2fdc3f7464fcf288]::boxed::Box<dyn for<'a, 'b> core[7c831bd917ebf35f]::ops::function::Fn<(&'a std[104cf6e2632825ea]::panic::PanicHookInfo<'b>,), Output = ()> + core[7c831bd917ebf35f]::marker::Send + core[7c831bd917ebf35f]::marker::Sync> as core[7c831bd917ebf35f]::ops::function::Fn<(&std[104cf6e2632825ea]::panic::PanicHookInfo,)>>::call
[INFO] [stdout]                                at /rustc/f47d5bb13648d5c859f5b438eb7dc834b9729961/library/alloc/src/boxed.rs:2334:9
[INFO] [stdout]   14:     0x5ba9aad842d2 - std[104cf6e2632825ea]::panicking::panic_with_hook
[INFO] [stdout]                                at /rustc/f47d5bb13648d5c859f5b438eb7dc834b9729961/library/std/src/panicking.rs:823:13
[INFO] [stdout]   15:     0x5ba9aad68092 - std[104cf6e2632825ea]::panicking::panic_handler::{closure#0}
[INFO] [stdout]                                at /rustc/f47d5bb13648d5c859f5b438eb7dc834b9729961/library/std/src/panicking.rs:688:13
[INFO] [stdout]   16:     0x5ba9aad60a39 - std[104cf6e2632825ea]::sys::backtrace::__rust_end_short_backtrace::<std[104cf6e2632825ea]::panicking::panic_handler::{closure#0}, !>
[INFO] [stdout]                                at /rustc/f47d5bb13648d5c859f5b438eb7dc834b9729961/library/std/src/sys/backtrace.rs:182:18
[INFO] [stdout]   17:     0x5ba9aad68c8d - __rustc[b0d56fa5b193ad05]::rust_begin_unwind
[INFO] [stdout]                                at /rustc/f47d5bb13648d5c859f5b438eb7dc834b9729961/library/std/src/panicking.rs:679:5
[INFO] [stdout]   18:     0x5ba9aada19fc - core[7c831bd917ebf35f]::panicking::panic_fmt
[INFO] [stdout]                                at /rustc/f47d5bb13648d5c859f5b438eb7dc834b9729961/library/core/src/panicking.rs:80:14
[INFO] [stdout]   19:     0x5ba9aad0f327 - atcoder[3764c71a208e9c00]::tests::fps::fps::test_fps_exp
[INFO] [stdout]                                at /opt/rustwide/workdir/src/tests/fps/fps.rs:46:5
[INFO] [stdout]   20:     0x5ba9aad0f327 - atcoder[3764c71a208e9c00]::tests::fps::fps::test_fps_exp::{closure#0}
[INFO] [stdout]                                at /opt/rustwide/workdir/src/tests/fps/fps.rs:36:18
[INFO] [stdout]   21:     0x5ba9aad0f327 - <atcoder[3764c71a208e9c00]::tests::fps::fps::test_fps_exp::{closure#0} as core[7c831bd917ebf35f]::ops::function::FnOnce<()>>::call_once
[INFO] [stdout]                                at /rustc/f47d5bb13648d5c859f5b438eb7dc834b9729961/library/core/src/ops/function.rs:250:5
[INFO] [stdout]   22:     0x5ba9aad10feb - <fn() -> core[7c831bd917ebf35f]::result::Result<(), alloc[2fdc3f7464fcf288]::string::String> as core[7c831bd917ebf35f]::ops::function::FnOnce<()>>::call_once
[INFO] [stdout]                                at /rustc/f47d5bb13648d5c859f5b438eb7dc834b9729961/library/core/src/ops/function.rs:250:5
[INFO] [stdout]   23:     0x5ba9aad10feb - test[73009c9f9aebf890]::__rust_begin_short_backtrace::<core[7c831bd917ebf35f]::result::Result<(), alloc[2fdc3f7464fcf288]::string::String>, fn() -> core[7c831bd917ebf35f]::result::Result<(), alloc[2fdc3f7464fcf288]::string::String>>
[INFO] [stdout]                                at /rustc/f47d5bb13648d5c859f5b438eb7dc834b9729961/library/test/src/lib.rs:733:18
[INFO] [stdout]   24:     0x5ba9aad1e655 - test[73009c9f9aebf890]::run_test_in_process::{closure#0}
[INFO] [stdout]                                at /rustc/f47d5bb13648d5c859f5b438eb7dc834b9729961/library/test/src/lib.rs:756:74
[INFO] [stdout]   25:     0x5ba9aad1e655 - <core[7c831bd917ebf35f]::panic::unwind_safe::AssertUnwindSafe<test[73009c9f9aebf890]::run_test_in_process::{closure#0}> as core[7c831bd917ebf35f]::ops::function::FnOnce<()>>::call_once
[INFO] [stdout]                                at /rustc/f47d5bb13648d5c859f5b438eb7dc834b9729961/library/core/src/panic/unwind_safe.rs:275:9
[INFO] [stdout]   26:     0x5ba9aad1e655 - std[104cf6e2632825ea]::panicking::catch_unwind::do_call::<core[7c831bd917ebf35f]::panic::unwind_safe::AssertUnwindSafe<test[73009c9f9aebf890]::run_test_in_process::{closure#0}>, core[7c831bd917ebf35f]::result::Result<(), alloc[2fdc3f7464fcf288]::string::String>>
[INFO] [stdout]                                at /rustc/f47d5bb13648d5c859f5b438eb7dc834b9729961/library/std/src/panicking.rs:576:43
[INFO] [stdout]   27:     0x5ba9aad1e655 - std[104cf6e2632825ea]::panicking::catch_unwind::<core[7c831bd917ebf35f]::result::Result<(), alloc[2fdc3f7464fcf288]::string::String>, core[7c831bd917ebf35f]::panic::unwind_safe::AssertUnwindSafe<test[73009c9f9aebf890]::run_test_in_process::{closure#0}>>
[INFO] [stdout]                                at /rustc/f47d5bb13648d5c859f5b438eb7dc834b9729961/library/std/src/panicking.rs:544:19
[INFO] [stdout]   28:     0x5ba9aad1e655 - std[104cf6e2632825ea]::panic::catch_unwind::<core[7c831bd917ebf35f]::panic::unwind_safe::AssertUnwindSafe<test[73009c9f9aebf890]::run_test_in_process::{closure#0}>, core[7c831bd917ebf35f]::result::Result<(), alloc[2fdc3f7464fcf288]::string::String>>
[INFO] [stdout]                                at /rustc/f47d5bb13648d5c859f5b438eb7dc834b9729961/library/std/src/panic.rs:359:14
[INFO] [stdout]   29:     0x5ba9aad1e655 - test[73009c9f9aebf890]::run_test_in_process
[INFO] [stdout]                                at /rustc/f47d5bb13648d5c859f5b438eb7dc834b9729961/library/test/src/lib.rs:756:27
[INFO] [stdout]   30:     0x5ba9aad1e655 - test[73009c9f9aebf890]::run_test::{closure#0}
[INFO] [stdout]                                at /rustc/f47d5bb13648d5c859f5b438eb7dc834b9729961/library/test/src/lib.rs:677:43
[INFO] [stdout]   31:     0x5ba9aad17a14 - test[73009c9f9aebf890]::run_test::{closure#1}
[INFO] [stdout]                                at /rustc/f47d5bb13648d5c859f5b438eb7dc834b9729961/library/test/src/lib.rs:707:41
[INFO] [stdout]   32:     0x5ba9aad17a14 - std[104cf6e2632825ea]::sys::backtrace::__rust_begin_short_backtrace::<test[73009c9f9aebf890]::run_test::{closure#1}, ()>
[INFO] [stdout]                                at /rustc/f47d5bb13648d5c859f5b438eb7dc834b9729961/library/std/src/sys/backtrace.rs:166:18
[INFO] [stdout]   33:     0x5ba9aad217b2 - std[104cf6e2632825ea]::thread::lifecycle::spawn_unchecked::<test[73009c9f9aebf890]::run_test::{closure#1}, ()>::{closure#1}::{closure#0}
[INFO] [stdout]                                at /rustc/f47d5bb13648d5c859f5b438eb7dc834b9729961/library/std/src/thread/lifecycle.rs:70:13
[INFO] [stdout]   34:     0x5ba9aad217b2 - <core[7c831bd917ebf35f]::panic::unwind_safe::AssertUnwindSafe<std[104cf6e2632825ea]::thread::lifecycle::spawn_unchecked<test[73009c9f9aebf890]::run_test::{closure#1}, ()>::{closure#1}::{closure#0}> as core[7c831bd917ebf35f]::ops::function::FnOnce<()>>::call_once
[INFO] [stdout]                                at /rustc/f47d5bb13648d5c859f5b438eb7dc834b9729961/library/core/src/panic/unwind_safe.rs:275:9
[INFO] [stdout]   35:     0x5ba9aad217b2 - std[104cf6e2632825ea]::panicking::catch_unwind::do_call::<core[7c831bd917ebf35f]::panic::unwind_safe::AssertUnwindSafe<std[104cf6e2632825ea]::thread::lifecycle::spawn_unchecked<test[73009c9f9aebf890]::run_test::{closure#1}, ()>::{closure#1}::{closure#0}>, ()>
[INFO] [stdout]                                at /rustc/f47d5bb13648d5c859f5b438eb7dc834b9729961/library/std/src/panicking.rs:576:43
[INFO] [stdout]   36:     0x5ba9aad217b2 - std[104cf6e2632825ea]::panicking::catch_unwind::<(), core[7c831bd917ebf35f]::panic::unwind_safe::AssertUnwindSafe<std[104cf6e2632825ea]::thread::lifecycle::spawn_unchecked<test[73009c9f9aebf890]::run_test::{closure#1}, ()>::{closure#1}::{closure#0}>>
[INFO] [stdout]                                at /rustc/f47d5bb13648d5c859f5b438eb7dc834b9729961/library/std/src/panicking.rs:544:19
[INFO] [stdout]   37:     0x5ba9aad217b2 - std[104cf6e2632825ea]::panic::catch_unwind::<core[7c831bd917ebf35f]::panic::unwind_safe::AssertUnwindSafe<std[104cf6e2632825ea]::thread::lifecycle::spawn_unchecked<test[73009c9f9aebf890]::run_test::{closure#1}, ()>::{closure#1}::{closure#0}>, ()>
[INFO] [stdout]                                at /rustc/f47d5bb13648d5c859f5b438eb7dc834b9729961/library/std/src/panic.rs:359:14
[INFO] [stdout]   38:     0x5ba9aad217b2 - std[104cf6e2632825ea]::thread::lifecycle::spawn_unchecked::<test[73009c9f9aebf890]::run_test::{closure#1}, ()>::{closure#1}
[INFO] [stdout]                                at /rustc/f47d5bb13648d5c859f5b438eb7dc834b9729961/library/std/src/thread/lifecycle.rs:68:26
[INFO] [stdout]   39:     0x5ba9aad217b2 - <std[104cf6e2632825ea]::thread::lifecycle::spawn_unchecked<test[73009c9f9aebf890]::run_test::{closure#1}, ()>::{closure#1} as core[7c831bd917ebf35f]::ops::function::FnOnce<()>>::call_once::{shim:vtable#0}
[INFO] [stdout]                                at /rustc/f47d5bb13648d5c859f5b438eb7dc834b9729961/library/core/src/ops/function.rs:250:5
[INFO] [stdout]   40:     0x5ba9aad8b389 - <alloc[2fdc3f7464fcf288]::boxed::Box<dyn core[7c831bd917ebf35f]::ops::function::FnOnce<(), Output = ()> + core[7c831bd917ebf35f]::marker::Send> as core[7c831bd917ebf35f]::ops::function::FnOnce<()>>::call_once
[INFO] [stdout]                                at /rustc/f47d5bb13648d5c859f5b438eb7dc834b9729961/library/alloc/src/boxed.rs:2320:9
[INFO] [stdout]   41:     0x5ba9aad8b389 - <std[104cf6e2632825ea]::sys::thread::unix::Thread>::new::thread_start
[INFO] [stdout]                                at /rustc/f47d5bb13648d5c859f5b438eb7dc834b9729961/library/std/src/sys/thread/unix.rs:123:17
[INFO] [stdout]   42:     0x7dec3a9f107a - <unknown>
[INFO] [stdout]   43:     0x7dec3aa84534 - clone
[INFO] [stdout]   44:                0x0 - <unknown>
[INFO] [stdout] 
[INFO] [stdout] 
[INFO] [stdout] failures:
[INFO] [stdout]     tests::fps::fps::test_fps_exp
[INFO] [stdout]     tests::fps::fps::test_fps_integral
[INFO] [stdout] 
[INFO] [stdout] test result: FAILED. 50 passed; 2 failed; 0 ignored; 0 measured; 0 filtered out; finished in 12.83s
[INFO] [stdout] 
[INFO] [stderr] error: test failed, to rerun pass `--bin atcoder`
[INFO] running `Command { std: "docker" "inspect" "dd51bea5946eb79fc709451b96daef35c996703a4208134ca48af632ec8a26d5", kill_on_drop: false }`
[INFO] running `Command { std: "docker" "rm" "-f" "dd51bea5946eb79fc709451b96daef35c996703a4208134ca48af632ec8a26d5", kill_on_drop: false }`
[INFO] [stdout] dd51bea5946eb79fc709451b96daef35c996703a4208134ca48af632ec8a26d5
