[INFO] cloning repository https://github.com/juansc/advent-of-rust
[INFO] running `Command { std: "git" "-c" "credential.helper=" "-c" "credential.helper=/workspace/cargo-home/bin/git-credential-null" "clone" "--bare" "https://github.com/juansc/advent-of-rust" "/workspace/cache/git-repos/https%3A%2F%2Fgithub.com%2Fjuansc%2Fadvent-of-rust", kill_on_drop: false }`
[INFO] [stderr] Cloning into bare repository '/workspace/cache/git-repos/https%3A%2F%2Fgithub.com%2Fjuansc%2Fadvent-of-rust'...
[INFO] running `Command { std: "git" "rev-parse" "HEAD", kill_on_drop: false }`
[INFO] [stdout] 683f2f525ff75dc4b8f66cc085c59c11bde49f45
[INFO] testing juansc/advent-of-rust against 1.99.0-beta.1+cargoflags=--release for beta-release-1.99-2
[INFO] running `Command { std: "git" "clone" "/workspace/cache/git-repos/https%3A%2F%2Fgithub.com%2Fjuansc%2Fadvent-of-rust" "/workspace/builds/worker-2-tc2/source", kill_on_drop: false }`
[INFO] [stderr] Cloning into '/workspace/builds/worker-2-tc2/source'...
[INFO] [stderr] done.
[INFO] started tweaking git repo https://github.com/juansc/advent-of-rust
[INFO] finished tweaking git repo https://github.com/juansc/advent-of-rust
[INFO] tweaked toml for git repo https://github.com/juansc/advent-of-rust written to /workspace/builds/worker-2-tc2/source/Cargo.toml
[INFO] validating manifest of git repo https://github.com/juansc/advent-of-rust on toolchain 1.99.0-beta.1
[INFO] running `Command { std: CARGO_HOME="/workspace/cargo-home" RUSTUP_HOME="/workspace/rustup-home" "/workspace/cargo-home/bin/cargo" "+1.99.0-beta.1" "metadata" "--manifest-path" "Cargo.toml" "--no-deps", kill_on_drop: false }`
[INFO] crate git repo https://github.com/juansc/advent-of-rust already has a lockfile, it will not be regenerated
[INFO] running `Command { std: CARGO_HOME="/workspace/cargo-home" RUSTUP_HOME="/workspace/rustup-home" "/workspace/cargo-home/bin/cargo" "+1.99.0-beta.1" "fetch" "--manifest-path" "Cargo.toml", kill_on_drop: false }`
[INFO] running `Command { std: "docker" "create" "-v" "/var/lib/crater-agent-workspace/builds/worker-2-tc2/source:/opt/rustwide/workdir:ro,Z" "-v" "/var/lib/crater-agent-workspace/builds/worker-2-tc2/target:/opt/rustwide/target:rw,Z" "-v" "/var/lib/crater-agent-workspace/cargo-home:/opt/rustwide/cargo-home:ro,Z" "-v" "/var/lib/crater-agent-workspace/rustup-home:/opt/rustwide/rustup-home:ro,Z" "-m" "1610612736" "--network" "none" "ghcr.io/rust-lang/crates-build-env/linux@sha256:8683fc1fc2eb5c9ac98e0d076ab094b2ffac7f99da555d2b6a2e27f346de2ec7" "sleep" "infinity", kill_on_drop: false }`
[INFO] [stdout] 9cfead5ee434d79e07134fa64f0de01a30871219549c012c3a660335d12baf47
[INFO] running `Command { std: "docker" "start" "9cfead5ee434d79e07134fa64f0de01a30871219549c012c3a660335d12baf47", kill_on_drop: false }`
[INFO] running `Command { std: "docker" "inspect" "9cfead5ee434d79e07134fa64f0de01a30871219549c012c3a660335d12baf47", kill_on_drop: false }`
[INFO] running `Command { std: "docker" "exec" "-e" "SOURCE_DIR=/opt/rustwide/workdir" "-e" "CARGO_HOME=/opt/rustwide/cargo-home" "-e" "RUSTUP_HOME=/opt/rustwide/rustup-home" "-e" "CARGO_TARGET_DIR=/opt/rustwide/target" "-w" "/opt/rustwide/workdir" "--user" "0:0" "9cfead5ee434d79e07134fa64f0de01a30871219549c012c3a660335d12baf47" "/opt/rustwide/cargo-home/bin/cargo" "+1.99.0-beta.1" "metadata" "--no-deps" "--format-version=1", kill_on_drop: false }`
[INFO] running `Command { std: "docker" "inspect" "9cfead5ee434d79e07134fa64f0de01a30871219549c012c3a660335d12baf47", kill_on_drop: false }`
[INFO] running `Command { std: "docker" "exec" "-e" "SOURCE_DIR=/opt/rustwide/workdir" "-e" "CARGO_HOME=/opt/rustwide/cargo-home" "-e" "RUSTUP_HOME=/opt/rustwide/rustup-home" "-e" "CARGO_TARGET_DIR=/opt/rustwide/target" "-e" "CARGO_INCREMENTAL=0" "-e" "RUST_BACKTRACE=full" "-e" "RUSTFLAGS=--cap-lints=warn" "-e" "RUSTDOCFLAGS=--cap-lints=warn" "-w" "/opt/rustwide/workdir" "--user" "0:0" "9cfead5ee434d79e07134fa64f0de01a30871219549c012c3a660335d12baf47" "/opt/rustwide/cargo-home/bin/cargo" "+1.99.0-beta.1" "build" "--frozen" "--message-format=json" "--release", kill_on_drop: false }`
[INFO] [stderr]    Compiling memchr v2.7.1
[INFO] [stderr]    Compiling minimal-lexical v0.2.1
[INFO] [stderr]    Compiling nom v7.1.3
[INFO] [stderr]    Compiling advent-of-rust v0.1.0 (/opt/rustwide/workdir)
[INFO] [stdout] warning: associated function `new` is never used
[INFO] [stdout]    --> src/y2023/day07.rs:295:8
[INFO] [stdout]     |
[INFO] [stdout] 208 | impl CamelPokerHand {
[INFO] [stdout]     | ------------------- associated function in this implementation
[INFO] [stdout] ...
[INFO] [stdout] 295 |     fn new(hand: String) -> Self {
[INFO] [stdout]     |        ^^^
[INFO] [stdout]     |
[INFO] [stdout]     = note: `#[warn(dead_code)]` (part of `#[warn(unused)]`) on by default
[INFO] [stdout] 
[INFO] [stdout] 
[INFO] [stdout] warning: hiding a lifetime that's elided elsewhere is confusing
[INFO] [stdout]   --> src/y2023/day01.rs:45:19
[INFO] [stdout]    |
[INFO] [stdout] 45 |     fn new(input: &str) -> NumberParser {
[INFO] [stdout]    |                   ^^^^     ^^^^^^^^^^^^ the same lifetime is hidden here
[INFO] [stdout]    |                   |
[INFO] [stdout]    |                   the lifetime is elided here
[INFO] [stdout]    |
[INFO] [stdout]    = help: the same lifetime is referred to in inconsistent ways, making the signature confusing
[INFO] [stdout]    = note: `#[warn(mismatched_lifetime_syntaxes)]` on by default
[INFO] [stdout] help: use `'_` for type paths
[INFO] [stdout]    |
[INFO] [stdout] 45 |     fn new(input: &str) -> NumberParser<'_> {
[INFO] [stdout]    |                                        ++++
[INFO] [stdout] 
[INFO] [stdout] 
[INFO] [stderr]     Finished `release` profile [optimized] target(s) in 7.47s
[INFO] running `Command { std: "docker" "inspect" "9cfead5ee434d79e07134fa64f0de01a30871219549c012c3a660335d12baf47", kill_on_drop: false }`
[INFO] running `Command { std: "docker" "exec" "-e" "SOURCE_DIR=/opt/rustwide/workdir" "-e" "CARGO_HOME=/opt/rustwide/cargo-home" "-e" "RUSTUP_HOME=/opt/rustwide/rustup-home" "-e" "CARGO_TARGET_DIR=/opt/rustwide/target" "-e" "CARGO_INCREMENTAL=0" "-e" "RUST_BACKTRACE=full" "-e" "RUSTFLAGS=--cap-lints=warn" "-e" "RUSTDOCFLAGS=--cap-lints=warn" "-w" "/opt/rustwide/workdir" "--user" "0:0" "9cfead5ee434d79e07134fa64f0de01a30871219549c012c3a660335d12baf47" "/opt/rustwide/cargo-home/bin/cargo" "+1.99.0-beta.1" "test" "--frozen" "--no-run" "--message-format=json" "--release", kill_on_drop: false }`
[INFO] [stderr]    Compiling advent-of-rust v0.1.0 (/opt/rustwide/workdir)
[INFO] [stdout] warning: hiding a lifetime that's elided elsewhere is confusing
[INFO] [stdout]   --> src/y2023/day01.rs:45:19
[INFO] [stdout]    |
[INFO] [stdout] 45 |     fn new(input: &str) -> NumberParser {
[INFO] [stdout]    |                   ^^^^     ^^^^^^^^^^^^ the same lifetime is hidden here
[INFO] [stdout]    |                   |
[INFO] [stdout]    |                   the lifetime is elided here
[INFO] [stdout]    |
[INFO] [stdout]    = help: the same lifetime is referred to in inconsistent ways, making the signature confusing
[INFO] [stdout]    = note: `#[warn(mismatched_lifetime_syntaxes)]` on by default
[INFO] [stdout] help: use `'_` for type paths
[INFO] [stdout]    |
[INFO] [stdout] 45 |     fn new(input: &str) -> NumberParser<'_> {
[INFO] [stdout]    |                                        ++++
[INFO] [stdout] 
[INFO] [stdout] 
[INFO] [stderr]     Finished `release` profile [optimized] target(s) in 4.28s
[INFO] running `Command { std: "docker" "inspect" "9cfead5ee434d79e07134fa64f0de01a30871219549c012c3a660335d12baf47", kill_on_drop: false }`
[INFO] running `Command { std: "docker" "exec" "-e" "SOURCE_DIR=/opt/rustwide/workdir" "-e" "CARGO_HOME=/opt/rustwide/cargo-home" "-e" "RUSTUP_HOME=/opt/rustwide/rustup-home" "-e" "CARGO_TARGET_DIR=/opt/rustwide/target" "-e" "CARGO_INCREMENTAL=0" "-e" "RUST_BACKTRACE=full" "-e" "RUSTFLAGS=--cap-lints=warn" "-e" "RUSTDOCFLAGS=--cap-lints=warn" "-w" "/opt/rustwide/workdir" "--user" "0:0" "9cfead5ee434d79e07134fa64f0de01a30871219549c012c3a660335d12baf47" "/opt/rustwide/cargo-home/bin/cargo" "+1.99.0-beta.1" "test" "--frozen" "--release", kill_on_drop: false }`
[INFO] [stderr] warning: hiding a lifetime that's elided elsewhere is confusing
[INFO] [stderr]   --> src/y2023/day01.rs:45:19
[INFO] [stderr]    |
[INFO] [stderr] 45 |     fn new(input: &str) -> NumberParser {
[INFO] [stderr]    |                   ^^^^     ^^^^^^^^^^^^ the same lifetime is hidden here
[INFO] [stderr]    |                   |
[INFO] [stderr]    |                   the lifetime is elided here
[INFO] [stderr]    |
[INFO] [stderr]    = help: the same lifetime is referred to in inconsistent ways, making the signature confusing
[INFO] [stderr]    = note: `#[warn(mismatched_lifetime_syntaxes)]` on by default
[INFO] [stderr] help: use `'_` for type paths
[INFO] [stderr]    |
[INFO] [stderr] 45 |     fn new(input: &str) -> NumberParser<'_> {
[INFO] [stderr]    |                                        ++++
[INFO] [stderr] 
[INFO] [stderr] warning: `advent-of-rust` (bin "advent-of-rust" test) generated 1 warning (run `cargo fix --bin "advent-of-rust" -p advent-of-rust --tests` to apply 1 suggestion)
[INFO] [stderr]     Finished `release` profile [optimized] target(s) in 0.03s
[INFO] [stderr]      Running unittests src/main.rs (/opt/rustwide/target/release/deps/advent_of_rust-098ab3558bda1f13)
[INFO] [stdout] 
[INFO] [stdout] running 29 tests
[INFO] [stdout] test y2023::day01::tests::test_part_1_unit ... ok
[INFO] [stdout] test y2023::day01::tests::test_number_parser ... ok
[INFO] [stdout] test y2023::day01::tests::test_part_2_unit ... ok
[INFO] [stdout] test y2023::day01::tests::test_part_2_single_number ... ok
[INFO] [stdout] test y2023::day01::tests::test_with_more_lines ... ok
[INFO] [stdout] test y2023::day01::tests::test_with_named_numbers ... ok
[INFO] [stdout] test y2023::day01::tests::test_part_1 ... FAILED
[INFO] [stdout] test y2023::day01::tests::test_part_2 ... FAILED
[INFO] [stdout] test y2023::day03::tests::test_part_2 ... FAILED
[INFO] [stdout] test y2023::day02::tests::test_part_1 ... FAILED
[INFO] [stdout] test y2023::day02::tests::test_part_1_unit_test ... ok
[INFO] [stdout] test y2023::day02::tests::test_part_2_unit_test ... ok
[INFO] [stdout] test y2023::day03::tests::test_part_1 ... FAILED
[INFO] [stdout] test y2023::day03::tests::test_part_1_unit ... ok
[INFO] [stdout] test y2023::day04::tests::test_part_1 ... FAILED
[INFO] [stdout] test y2023::day04::tests::test_part_1_unit_test ... ok
[INFO] [stdout] test y2023::day04::tests::test_part_2 ... FAILED
[INFO] [stdout] test y2023::day07::tests::compare_hands ... ok
[INFO] [stdout] test y2023::day04::tests::test_part_2_unit_test ... ok
[INFO] [stdout] test y2023::day05::tests_mind::test_seed_ranges_min_location ... ok
[INFO] [stdout] test y2023::day05::tests_mind::test_part_1 ... ok
[INFO] [stdout] test y2023::day05::tests_mind::test_part_2 ... ok
[INFO] [stdout] test y2023::day07::tests::test_part_2_partial ... ok
[INFO] [stdout] test y2023::day07::tests::test_part_1_partial ... ok
[INFO] [stdout] test y2023::day01::tests::test_number_parser_some_letters ... ok
[INFO] [stdout] test y2023::day03::tests::test_part_2_unit ... ok
[INFO] [stdout] test y2023::day07::tests::test_part_1 ... ok
[INFO] [stdout] test y2023::day07::tests::test_part_2 ... ok
[INFO] [stdout] test y2023::day07::tests::test_sorting ... ok
[INFO] [stdout] 
[INFO] [stdout] failures:
[INFO] [stdout] 
[INFO] [stdout] ---- y2023::day01::tests::test_part_1 stdout ----
[INFO] [stdout] 
[INFO] [stdout] thread 'y2023::day01::tests::test_part_1' (235) panicked at src/utils/lines.rs:7:46:
[INFO] [stdout] no such file: Os { code: 2, kind: NotFound, message: "No such file or directory" }
[INFO] [stdout] stack backtrace:
[INFO] [stdout]    0:     0x647a9b8fe1b1 - <<std[104cf6e2632825ea]::sys::backtrace::BacktraceLock>::print::DisplayBacktrace as core[7c831bd917ebf35f]::fmt::Display>::fmt
[INFO] [stdout]    1:     0x647a9b91270a - core[7c831bd917ebf35f]::fmt::write
[INFO] [stdout]    2:     0x647a9b90264c - <alloc[2fdc3f7464fcf288]::vec::Vec<u8> as core[7c831bd917ebf35f]::io::write::Write>::write_fmt
[INFO] [stdout]    3:     0x647a9b8da796 - std[104cf6e2632825ea]::panicking::default_hook::{closure#0}
[INFO] [stdout]    4:     0x647a9b8f68c9 - std[104cf6e2632825ea]::panicking::default_hook
[INFO] [stdout]    5:     0x647a9b892d80 - test[73009c9f9aebf890]::test_main_inner::<test[73009c9f9aebf890]::test_main_static::{closure#0}>::{closure#0}
[INFO] [stdout]    6:     0x647a9b8f6a82 - std[104cf6e2632825ea]::panicking::panic_with_hook
[INFO] [stdout]    7:     0x647a9b8da842 - std[104cf6e2632825ea]::panicking::panic_handler::{closure#0}
[INFO] [stdout]    8:     0x647a9b8d31e9 - std[104cf6e2632825ea]::sys::backtrace::__rust_end_short_backtrace::<std[104cf6e2632825ea]::panicking::panic_handler::{closure#0}, !>
[INFO] [stdout]    9:     0x647a9b8db43d - __rustc[b0d56fa5b193ad05]::rust_begin_unwind
[INFO] [stdout]   10:     0x647a9b912e3c - core[7c831bd917ebf35f]::panicking::panic_fmt
[INFO] [stdout]   11:     0x647a9b912c12 - core[7c831bd917ebf35f]::result::unwrap_failed
[INFO] [stdout]   12:     0x647a9b87bdc9 - advent_of_rust[95ec064d3dd2b795]::utils::lines::lines_from_file::<&str>
[INFO] [stdout]   13:     0x647a9b879a4e - advent_of_rust[95ec064d3dd2b795]::y2023::day01::tests::test_part_1
[INFO] [stdout]   14:     0x647a9b882ee9 - <advent_of_rust[95ec064d3dd2b795]::y2023::day01::tests::test_part_1::{closure#0} as core[7c831bd917ebf35f]::ops::function::FnOnce<()>>::call_once
[INFO] [stdout]   15:     0x647a9b88606b - test[73009c9f9aebf890]::__rust_begin_short_backtrace::<core[7c831bd917ebf35f]::result::Result<(), alloc[2fdc3f7464fcf288]::string::String>, fn() -> core[7c831bd917ebf35f]::result::Result<(), alloc[2fdc3f7464fcf288]::string::String>>
[INFO] [stdout]   16:     0x647a9b8936d5 - test[73009c9f9aebf890]::run_test::{closure#0}
[INFO] [stdout]   17:     0x647a9b88ca94 - std[104cf6e2632825ea]::sys::backtrace::__rust_begin_short_backtrace::<test[73009c9f9aebf890]::run_test::{closure#1}, ()>
[INFO] [stdout]   18:     0x647a9b896832 - <std[104cf6e2632825ea]::thread::lifecycle::spawn_unchecked<test[73009c9f9aebf890]::run_test::{closure#1}, ()>::{closure#1} as core[7c831bd917ebf35f]::ops::function::FnOnce<()>>::call_once::{shim:vtable#0}
[INFO] [stdout]   19:     0x647a9b8fda89 - <std[104cf6e2632825ea]::sys::thread::unix::Thread>::new::thread_start
[INFO] [stdout]   20:     0x7018d0a7807a - <unknown>
[INFO] [stdout]   21:     0x7018d0b0b534 - clone
[INFO] [stdout]   22:                0x0 - <unknown>
[INFO] [stdout] 
[INFO] [stdout] ---- y2023::day01::tests::test_part_2 stdout ----
[INFO] [stdout] 
[INFO] [stdout] thread 'y2023::day01::tests::test_part_2' (237) panicked at src/utils/lines.rs:7:46:
[INFO] [stdout] no such file: Os { code: 2, kind: NotFound, message: "No such file or directory" }
[INFO] [stdout] stack backtrace:
[INFO] [stdout]    0:     0x647a9b8fe1b1 - <<std[104cf6e2632825ea]::sys::backtrace::BacktraceLock>::print::DisplayBacktrace as core[7c831bd917ebf35f]::fmt::Display>::fmt
[INFO] [stdout]    1:     0x647a9b91270a - core[7c831bd917ebf35f]::fmt::write
[INFO] [stdout]    2:     0x647a9b90264c - <alloc[2fdc3f7464fcf288]::vec::Vec<u8> as core[7c831bd917ebf35f]::io::write::Write>::write_fmt
[INFO] [stdout]    3:     0x647a9b8da796 - std[104cf6e2632825ea]::panicking::default_hook::{closure#0}
[INFO] [stdout]    4:     0x647a9b8f68c9 - std[104cf6e2632825ea]::panicking::default_hook
[INFO] [stdout]    5:     0x647a9b892d80 - test[73009c9f9aebf890]::test_main_inner::<test[73009c9f9aebf890]::test_main_static::{closure#0}>::{closure#0}
[INFO] [stdout]    6:     0x647a9b8f6a82 - std[104cf6e2632825ea]::panicking::panic_with_hook
[INFO] [stdout]    7:     0x647a9b8da842 - std[104cf6e2632825ea]::panicking::panic_handler::{closure#0}
[INFO] [stdout]    8:     0x647a9b8d31e9 - std[104cf6e2632825ea]::sys::backtrace::__rust_end_short_backtrace::<std[104cf6e2632825ea]::panicking::panic_handler::{closure#0}, !>
[INFO] [stdout]    9:     0x647a9b8db43d - __rustc[b0d56fa5b193ad05]::rust_begin_unwind
[INFO] [stdout]   10:     0x647a9b912e3c - core[7c831bd917ebf35f]::panicking::panic_fmt
[INFO] [stdout]   11:     0x647a9b912c12 - core[7c831bd917ebf35f]::result::unwrap_failed
[INFO] [stdout]   12:     0x647a9b87bdc9 - advent_of_rust[95ec064d3dd2b795]::utils::lines::lines_from_file::<&str>
[INFO] [stdout]   13:     0x647a9b879afe - advent_of_rust[95ec064d3dd2b795]::y2023::day01::tests::test_part_2
[INFO] [stdout]   14:     0x647a9b882f09 - <advent_of_rust[95ec064d3dd2b795]::y2023::day01::tests::test_part_2::{closure#0} as core[7c831bd917ebf35f]::ops::function::FnOnce<()>>::call_once
[INFO] [stdout]   15:     0x647a9b88606b - test[73009c9f9aebf890]::__rust_begin_short_backtrace::<core[7c831bd917ebf35f]::result::Result<(), alloc[2fdc3f7464fcf288]::string::String>, fn() -> core[7c831bd917ebf35f]::result::Result<(), alloc[2fdc3f7464fcf288]::string::String>>
[INFO] [stdout]   16:     0x647a9b8936d5 - test[73009c9f9aebf890]::run_test::{closure#0}
[INFO] [stdout]   17:     0x647a9b88ca94 - std[104cf6e2632825ea]::sys::backtrace::__rust_begin_short_backtrace::<test[73009c9f9aebf890]::run_test::{closure#1}, ()>
[INFO] [stdout]   18:     0x647a9b896832 - <std[104cf6e2632825ea]::thread::lifecycle::spawn_unchecked<test[73009c9f9aebf890]::run_test::{closure#1}, ()>::{closure#1} as core[7c831bd917ebf35f]::ops::function::FnOnce<()>>::call_once::{shim:vtable#0}
[INFO] [stdout]   19:     0x647a9b8fda89 - <std[104cf6e2632825ea]::sys::thread::unix::Thread>::new::thread_start
[INFO] [stdout]   20:     0x7018d0a7807a - <unknown>
[INFO] [stdout]   21:     0x7018d0b0b534 - clone
[INFO] [stdout]   22:                0x0 - <unknown>
[INFO] [stdout] 
[INFO] [stdout] ---- y2023::day03::tests::test_part_2 stdout ----
[INFO] [stdout] 
[INFO] [stdout] thread 'y2023::day03::tests::test_part_2' (247) panicked at src/utils/lines.rs:7:46:
[INFO] [stdout] no such file: Os { code: 2, kind: NotFound, message: "No such file or directory" }
[INFO] [stdout] stack backtrace:
[INFO] [stdout]    0:     0x647a9b8fe1b1 - <<std[104cf6e2632825ea]::sys::backtrace::BacktraceLock>::print::DisplayBacktrace as core[7c831bd917ebf35f]::fmt::Display>::fmt
[INFO] [stdout]    1:     0x647a9b91270a - core[7c831bd917ebf35f]::fmt::write
[INFO] [stdout]    2:     0x647a9b90264c - <alloc[2fdc3f7464fcf288]::vec::Vec<u8> as core[7c831bd917ebf35f]::io::write::Write>::write_fmt
[INFO] [stdout]    3:     0x647a9b8da796 - std[104cf6e2632825ea]::panicking::default_hook::{closure#0}
[INFO] [stdout]    4:     0x647a9b8f68c9 - std[104cf6e2632825ea]::panicking::default_hook
[INFO] [stdout]    5:     0x647a9b892d80 - test[73009c9f9aebf890]::test_main_inner::<test[73009c9f9aebf890]::test_main_static::{closure#0}>::{closure#0}
[INFO] [stdout]    6:     0x647a9b8f6a82 - std[104cf6e2632825ea]::panicking::panic_with_hook
[INFO] [stdout]    7:     0x647a9b8da842 - std[104cf6e2632825ea]::panicking::panic_handler::{closure#0}
[INFO] [stdout]    8:     0x647a9b8d31e9 - std[104cf6e2632825ea]::sys::backtrace::__rust_end_short_backtrace::<std[104cf6e2632825ea]::panicking::panic_handler::{closure#0}, !>
[INFO] [stdout]    9:     0x647a9b8db43d - __rustc[b0d56fa5b193ad05]::rust_begin_unwind
[INFO] [stdout]   10:     0x647a9b912e3c - core[7c831bd917ebf35f]::panicking::panic_fmt
[INFO] [stdout]   11:     0x647a9b912c12 - core[7c831bd917ebf35f]::result::unwrap_failed
[INFO] [stdout]   12:     0x647a9b87bdc9 - advent_of_rust[95ec064d3dd2b795]::utils::lines::lines_from_file::<&str>
[INFO] [stdout]   13:     0x647a9b87afbe - advent_of_rust[95ec064d3dd2b795]::y2023::day03::tests::test_part_2
[INFO] [stdout]   14:     0x647a9b883089 - <advent_of_rust[95ec064d3dd2b795]::y2023::day03::tests::test_part_2::{closure#0} as core[7c831bd917ebf35f]::ops::function::FnOnce<()>>::call_once
[INFO] [stdout]   15:     0x647a9b88606b - test[73009c9f9aebf890]::__rust_begin_short_backtrace::<core[7c831bd917ebf35f]::result::Result<(), alloc[2fdc3f7464fcf288]::string::String>, fn() -> core[7c831bd917ebf35f]::result::Result<(), alloc[2fdc3f7464fcf288]::string::String>>
[INFO] [stdout]   16:     0x647a9b8936d5 - test[73009c9f9aebf890]::run_test::{closure#0}
[INFO] [stdout]   17:     0x647a9b88ca94 - std[104cf6e2632825ea]::sys::backtrace::__rust_begin_short_backtrace::<test[73009c9f9aebf890]::run_test::{closure#1}, ()>
[INFO] [stdout]   18:     0x647a9b896832 - <std[104cf6e2632825ea]::thread::lifecycle::spawn_unchecked<test[73009c9f9aebf890]::run_test::{closure#1}, ()>::{closure#1} as core[7c831bd917ebf35f]::ops::function::FnOnce<()>>::call_once::{shim:vtable#0}
[INFO] [stdout]   19:     0x647a9b8fda89 - <std[104cf6e2632825ea]::sys::thread::unix::Thread>::new::thread_start
[INFO] [stdout]   20:     0x7018d0a7807a - <unknown>
[INFO] [stdout]   21:     0x7018d0b0b534 - clone
[INFO] [stdout]   22:                0x0 - <unknown>
[INFO] [stdout] 
[INFO] [stdout] ---- y2023::day02::tests::test_part_1 stdout ----
[INFO] [stdout] 
[INFO] [stdout] thread 'y2023::day02::tests::test_part_1' (242) panicked at src/utils/lines.rs:7:46:
[INFO] [stdout] no such file: Os { code: 2, kind: NotFound, message: "No such file or directory" }
[INFO] [stdout] stack backtrace:
[INFO] [stdout]    0:     0x647a9b8fe1b1 - <<std[104cf6e2632825ea]::sys::backtrace::BacktraceLock>::print::DisplayBacktrace as core[7c831bd917ebf35f]::fmt::Display>::fmt
[INFO] [stdout]    1:     0x647a9b91270a - core[7c831bd917ebf35f]::fmt::write
[INFO] [stdout]    2:     0x647a9b90264c - <alloc[2fdc3f7464fcf288]::vec::Vec<u8> as core[7c831bd917ebf35f]::io::write::Write>::write_fmt
[INFO] [stdout]    3:     0x647a9b8da796 - std[104cf6e2632825ea]::panicking::default_hook::{closure#0}
[INFO] [stdout]    4:     0x647a9b8f68c9 - std[104cf6e2632825ea]::panicking::default_hook
[INFO] [stdout]    5:     0x647a9b892d80 - test[73009c9f9aebf890]::test_main_inner::<test[73009c9f9aebf890]::test_main_static::{closure#0}>::{closure#0}
[INFO] [stdout]    6:     0x647a9b8f6a82 - std[104cf6e2632825ea]::panicking::panic_with_hook
[INFO] [stdout]    7:     0x647a9b8da842 - std[104cf6e2632825ea]::panicking::panic_handler::{closure#0}
[INFO] [stdout]    8:     0x647a9b8d31e9 - std[104cf6e2632825ea]::sys::backtrace::__rust_end_short_backtrace::<std[104cf6e2632825ea]::panicking::panic_handler::{closure#0}, !>
[INFO] [stdout]    9:     0x647a9b8db43d - __rustc[b0d56fa5b193ad05]::rust_begin_unwind
[INFO] [stdout]   10:     0x647a9b912e3c - core[7c831bd917ebf35f]::panicking::panic_fmt
[INFO] [stdout]   11:     0x647a9b912c12 - core[7c831bd917ebf35f]::result::unwrap_failed
[INFO] [stdout]   12:     0x647a9b87bdc9 - advent_of_rust[95ec064d3dd2b795]::utils::lines::lines_from_file::<&str>
[INFO] [stdout]   13:     0x647a9b8852de - advent_of_rust[95ec064d3dd2b795]::y2023::day02::tests::test_part_1
[INFO] [stdout]   14:     0x647a9b883009 - <advent_of_rust[95ec064d3dd2b795]::y2023::day02::tests::test_part_1::{closure#0} as core[7c831bd917ebf35f]::ops::function::FnOnce<()>>::call_once
[INFO] [stdout]   15:     0x647a9b88606b - test[73009c9f9aebf890]::__rust_begin_short_backtrace::<core[7c831bd917ebf35f]::result::Result<(), alloc[2fdc3f7464fcf288]::string::String>, fn() -> core[7c831bd917ebf35f]::result::Result<(), alloc[2fdc3f7464fcf288]::string::String>>
[INFO] [stdout]   16:     0x647a9b8936d5 - test[73009c9f9aebf890]::run_test::{closure#0}
[INFO] [stdout]   17:     0x647a9b88ca94 - std[104cf6e2632825ea]::sys::backtrace::__rust_begin_short_backtrace::<test[73009c9f9aebf890]::run_test::{closure#1}, ()>
[INFO] [stdout]   18:     0x647a9b896832 - <std[104cf6e2632825ea]::thread::lifecycle::spawn_unchecked<test[73009c9f9aebf890]::run_test::{closure#1}, ()>::{closure#1} as core[7c831bd917ebf35f]::ops::function::FnOnce<()>>::call_once::{shim:vtable#0}
[INFO] [stdout]   19:     0x647a9b8fda89 - <std[104cf6e2632825ea]::sys::thread::unix::Thread>::new::thread_start
[INFO] [stdout]   20:     0x7018d0a7807a - <unknown>
[INFO] [stdout]   21:     0x7018d0b0b534 - clone
[INFO] [stdout]   22:                0x0 - <unknown>
[INFO] [stdout] 
[INFO] [stdout] ---- y2023::day03::tests::test_part_1 stdout ----
[INFO] [stdout] 
[INFO] [stdout] thread 'y2023::day03::tests::test_part_1' (245) panicked at src/utils/lines.rs:7:46:
[INFO] [stdout] no such file: Os { code: 2, kind: NotFound, message: "No such file or directory" }
[INFO] [stdout] stack backtrace:
[INFO] [stdout]    0:     0x647a9b8fe1b1 - <<std[104cf6e2632825ea]::sys::backtrace::BacktraceLock>::print::DisplayBacktrace as core[7c831bd917ebf35f]::fmt::Display>::fmt
[INFO] [stdout]    1:     0x647a9b91270a - core[7c831bd917ebf35f]::fmt::write
[INFO] [stdout]    2:     0x647a9b90264c - <alloc[2fdc3f7464fcf288]::vec::Vec<u8> as core[7c831bd917ebf35f]::io::write::Write>::write_fmt
[INFO] [stdout]    3:     0x647a9b8da796 - std[104cf6e2632825ea]::panicking::default_hook::{closure#0}
[INFO] [stdout]    4:     0x647a9b8f68c9 - std[104cf6e2632825ea]::panicking::default_hook
[INFO] [stdout]    5:     0x647a9b892d80 - test[73009c9f9aebf890]::test_main_inner::<test[73009c9f9aebf890]::test_main_static::{closure#0}>::{closure#0}
[INFO] [stdout]    6:     0x647a9b8f6a82 - std[104cf6e2632825ea]::panicking::panic_with_hook
[INFO] [stdout]    7:     0x647a9b8da842 - std[104cf6e2632825ea]::panicking::panic_handler::{closure#0}
[INFO] [stdout]    8:     0x647a9b8d31e9 - std[104cf6e2632825ea]::sys::backtrace::__rust_end_short_backtrace::<std[104cf6e2632825ea]::panicking::panic_handler::{closure#0}, !>
[INFO] [stdout]    9:     0x647a9b8db43d - __rustc[b0d56fa5b193ad05]::rust_begin_unwind
[INFO] [stdout]   10:     0x647a9b912e3c - core[7c831bd917ebf35f]::panicking::panic_fmt
[INFO] [stdout]   11:     0x647a9b912c12 - core[7c831bd917ebf35f]::result::unwrap_failed
[INFO] [stdout]   12:     0x647a9b87bdc9 - advent_of_rust[95ec064d3dd2b795]::utils::lines::lines_from_file::<&str>
[INFO] [stdout]   13:     0x647a9b87af0e - advent_of_rust[95ec064d3dd2b795]::y2023::day03::tests::test_part_1
[INFO] [stdout]   14:     0x647a9b883069 - <advent_of_rust[95ec064d3dd2b795]::y2023::day03::tests::test_part_1::{closure#0} as core[7c831bd917ebf35f]::ops::function::FnOnce<()>>::call_once
[INFO] [stdout]   15:     0x647a9b88606b - test[73009c9f9aebf890]::__rust_begin_short_backtrace::<core[7c831bd917ebf35f]::result::Result<(), alloc[2fdc3f7464fcf288]::string::String>, fn() -> core[7c831bd917ebf35f]::result::Result<(), alloc[2fdc3f7464fcf288]::string::String>>
[INFO] [stdout]   16:     0x647a9b8936d5 - test[73009c9f9aebf890]::run_test::{closure#0}
[INFO] [stdout]   17:     0x647a9b88ca94 - std[104cf6e2632825ea]::sys::backtrace::__rust_begin_short_backtrace::<test[73009c9f9aebf890]::run_test::{closure#1}, ()>
[INFO] [stdout]   18:     0x647a9b896832 - <std[104cf6e2632825ea]::thread::lifecycle::spawn_unchecked<test[73009c9f9aebf890]::run_test::{closure#1}, ()>::{closure#1} as core[7c831bd917ebf35f]::ops::function::FnOnce<()>>::call_once::{shim:vtable#0}
[INFO] [stdout]   19:     0x647a9b8fda89 - <std[104cf6e2632825ea]::sys::thread::unix::Thread>::new::thread_start
[INFO] [stdout]   20:     0x7018d0a7807a - <unknown>
[INFO] [stdout]   21:     0x7018d0b0b534 - clone
[INFO] [stdout]   22:                0x0 - <unknown>
[INFO] [stdout] 
[INFO] [stdout] ---- y2023::day04::tests::test_part_1 stdout ----
[INFO] [stdout] 
[INFO] [stdout] thread 'y2023::day04::tests::test_part_1' (249) panicked at src/utils/lines.rs:7:46:
[INFO] [stdout] no such file: Os { code: 2, kind: NotFound, message: "No such file or directory" }
[INFO] [stdout] stack backtrace:
[INFO] [stdout]    0:     0x647a9b8fe1b1 - <<std[104cf6e2632825ea]::sys::backtrace::BacktraceLock>::print::DisplayBacktrace as core[7c831bd917ebf35f]::fmt::Display>::fmt
[INFO] [stdout]    1:     0x647a9b91270a - core[7c831bd917ebf35f]::fmt::write
[INFO] [stdout]    2:     0x647a9b90264c - <alloc[2fdc3f7464fcf288]::vec::Vec<u8> as core[7c831bd917ebf35f]::io::write::Write>::write_fmt
[INFO] [stdout]    3:     0x647a9b8da796 - std[104cf6e2632825ea]::panicking::default_hook::{closure#0}
[INFO] [stdout]    4:     0x647a9b8f68c9 - std[104cf6e2632825ea]::panicking::default_hook
[INFO] [stdout]    5:     0x647a9b892d80 - test[73009c9f9aebf890]::test_main_inner::<test[73009c9f9aebf890]::test_main_static::{closure#0}>::{closure#0}
[INFO] [stdout]    6:     0x647a9b8f6a82 - std[104cf6e2632825ea]::panicking::panic_with_hook
[INFO] [stdout]    7:     0x647a9b8da842 - std[104cf6e2632825ea]::panicking::panic_handler::{closure#0}
[INFO] [stdout]    8:     0x647a9b8d31e9 - std[104cf6e2632825ea]::sys::backtrace::__rust_end_short_backtrace::<std[104cf6e2632825ea]::panicking::panic_handler::{closure#0}, !>
[INFO] [stdout]    9:     0x647a9b8db43d - __rustc[b0d56fa5b193ad05]::rust_begin_unwind
[INFO] [stdout]   10:     0x647a9b912e3c - core[7c831bd917ebf35f]::panicking::panic_fmt
[INFO] [stdout]   11:     0x647a9b912c12 - core[7c831bd917ebf35f]::result::unwrap_failed
[INFO] [stdout]   12:     0x647a9b87bdc9 - advent_of_rust[95ec064d3dd2b795]::utils::lines::lines_from_file::<&str>
[INFO] [stdout]   13:     0x647a9b86ecee - advent_of_rust[95ec064d3dd2b795]::y2023::day04::tests::test_part_1
[INFO] [stdout]   14:     0x647a9b8830e9 - <advent_of_rust[95ec064d3dd2b795]::y2023::day04::tests::test_part_1::{closure#0} as core[7c831bd917ebf35f]::ops::function::FnOnce<()>>::call_once
[INFO] [stdout]   15:     0x647a9b88606b - test[73009c9f9aebf890]::__rust_begin_short_backtrace::<core[7c831bd917ebf35f]::result::Result<(), alloc[2fdc3f7464fcf288]::string::String>, fn() -> core[7c831bd917ebf35f]::result::Result<(), alloc[2fdc3f7464fcf288]::string::String>>
[INFO] [stdout]   16:     0x647a9b8936d5 - test[73009c9f9aebf890]::run_test::{closure#0}
[INFO] [stdout]   17:     0x647a9b88ca94 - std[104cf6e2632825ea]::sys::backtrace::__rust_begin_short_backtrace::<test[73009c9f9aebf890]::run_test::{closure#1}, ()>
[INFO] [stdout]   18:     0x647a9b896832 - <std[104cf6e2632825ea]::thread::lifecycle::spawn_unchecked<test[73009c9f9aebf890]::run_test::{closure#1}, ()>::{closure#1} as core[7c831bd917ebf35f]::ops::function::FnOnce<()>>::call_once::{shim:vtable#0}
[INFO] [stdout]   19:     0x647a9b8fda89 - <std[104cf6e2632825ea]::sys::thread::unix::Thread>::new::thread_start
[INFO] [stdout]   20:     0x7018d0a7807a - <unknown>
[INFO] [stdout]   21:     0x7018d0b0b534 - clone
[INFO] [stdout]   22:                0x0 - <unknown>
[INFO] [stdout] 
[INFO] [stdout] ---- y2023::day04::tests::test_part_2 stdout ----
[INFO] [stdout] 
[INFO] [stdout] thread 'y2023::day04::tests::test_part_2' (251) panicked at src/utils/lines.rs:7:46:
[INFO] [stdout] no such file: Os { code: 2, kind: NotFound, message: "No such file or directory" }
[INFO] [stdout] stack backtrace:
[INFO] [stdout]    0:     0x647a9b8fe1b1 - <<std[104cf6e2632825ea]::sys::backtrace::BacktraceLock>::print::DisplayBacktrace as core[7c831bd917ebf35f]::fmt::Display>::fmt
[INFO] [stdout]    1:     0x647a9b91270a - core[7c831bd917ebf35f]::fmt::write
[INFO] [stdout]    2:     0x647a9b90264c - <alloc[2fdc3f7464fcf288]::vec::Vec<u8> as core[7c831bd917ebf35f]::io::write::Write>::write_fmt
[INFO] [stdout]    3:     0x647a9b8da796 - std[104cf6e2632825ea]::panicking::default_hook::{closure#0}
[INFO] [stdout]    4:     0x647a9b8f68c9 - std[104cf6e2632825ea]::panicking::default_hook
[INFO] [stdout]    5:     0x647a9b892d80 - test[73009c9f9aebf890]::test_main_inner::<test[73009c9f9aebf890]::test_main_static::{closure#0}>::{closure#0}
[INFO] [stdout]    6:     0x647a9b8f6a82 - std[104cf6e2632825ea]::panicking::panic_with_hook
[INFO] [stdout]    7:     0x647a9b8da842 - std[104cf6e2632825ea]::panicking::panic_handler::{closure#0}
[INFO] [stdout]    8:     0x647a9b8d31e9 - std[104cf6e2632825ea]::sys::backtrace::__rust_end_short_backtrace::<std[104cf6e2632825ea]::panicking::panic_handler::{closure#0}, !>
[INFO] [stdout]    9:     0x647a9b8db43d - __rustc[b0d56fa5b193ad05]::rust_begin_unwind
[INFO] [stdout]   10:     0x647a9b912e3c - core[7c831bd917ebf35f]::panicking::panic_fmt
[INFO] [stdout]   11:     0x647a9b912c12 - core[7c831bd917ebf35f]::result::unwrap_failed
[INFO] [stdout]   12:     0x647a9b87bdc9 - advent_of_rust[95ec064d3dd2b795]::utils::lines::lines_from_file::<&str>
[INFO] [stdout]   13:     0x647a9b86ed9e - advent_of_rust[95ec064d3dd2b795]::y2023::day04::tests::test_part_2
[INFO] [stdout]   14:     0x647a9b883109 - <advent_of_rust[95ec064d3dd2b795]::y2023::day04::tests::test_part_2::{closure#0} as core[7c831bd917ebf35f]::ops::function::FnOnce<()>>::call_once
[INFO] [stdout]   15:     0x647a9b88606b - test[73009c9f9aebf890]::__rust_begin_short_backtrace::<core[7c831bd917ebf35f]::result::Result<(), alloc[2fdc3f7464fcf288]::string::String>, fn() -> core[7c831bd917ebf35f]::result::Result<(), alloc[2fdc3f7464fcf288]::string::String>>
[INFO] [stdout]   16:     0x647a9b8936d5 - test[73009c9f9aebf890]::run_test::{closure#0}
[INFO] [stdout]   17:     0x647a9b88ca94 - std[104cf6e2632825ea]::sys::backtrace::__rust_begin_short_backtrace::<test[73009c9f9aebf890]::run_test::{closure#1}, ()>
[INFO] [stdout]   18:     0x647a9b896832 - <std[104cf6e2632825ea]::thread::lifecycle::spawn_unchecked<test[73009c9f9aebf890]::run_test::{closure#1}, ()>::{closure#1} as core[7c831bd917ebf35f]::ops::function::FnOnce<()>>::call_once::{shim:vtable#0}
[INFO] [stdout]   19:     0x647a9b8fda89 - <std[104cf6e2632825ea]::sys::thread::unix::Thread>::new::thread_start
[INFO] [stdout]   20:     0x7018d0a7807a - <unknown>
[INFO] [stdout]   21:     0x7018d0b0b534 - clone
[INFO] [stdout]   22:                0x0 - <unknown>
[INFO] [stdout] 
[INFO] [stdout] 
[INFO] [stdout] failures:
[INFO] [stdout]     y2023::day01::tests::test_part_1
[INFO] [stdout]     y2023::day01::tests::test_part_2
[INFO] [stdout]     y2023::day02::tests::test_part_1
[INFO] [stdout]     y2023::day03::tests::test_part_1
[INFO] [stdout]     y2023::day03::tests::test_part_2
[INFO] [stdout]     y2023::day04::tests::test_part_1
[INFO] [stdout]     y2023::day04::tests::test_part_2
[INFO] [stdout] 
[INFO] [stdout] test result: FAILED. 22 passed; 7 failed; 0 ignored; 0 measured; 0 filtered out; finished in 0.01s
[INFO] [stdout] 
[INFO] [stderr] error: test failed, to rerun pass `--bin advent-of-rust`
[INFO] running `Command { std: "docker" "inspect" "9cfead5ee434d79e07134fa64f0de01a30871219549c012c3a660335d12baf47", kill_on_drop: false }`
[INFO] running `Command { std: "docker" "rm" "-f" "9cfead5ee434d79e07134fa64f0de01a30871219549c012c3a660335d12baf47", kill_on_drop: false }`
[INFO] [stdout] 9cfead5ee434d79e07134fa64f0de01a30871219549c012c3a660335d12baf47
