[INFO] cloning repository https://github.com/jrmoulton/dacx0501
[INFO] running `Command { std: "git" "-c" "credential.helper=" "-c" "credential.helper=/workspace/cargo-home/bin/git-credential-null" "clone" "--bare" "https://github.com/jrmoulton/dacx0501" "/workspace/cache/git-repos/https%3A%2F%2Fgithub.com%2Fjrmoulton%2Fdacx0501", kill_on_drop: false }`
[INFO] [stderr] Cloning into bare repository '/workspace/cache/git-repos/https%3A%2F%2Fgithub.com%2Fjrmoulton%2Fdacx0501'...
[INFO] running `Command { std: "git" "rev-parse" "HEAD", kill_on_drop: false }`
[INFO] [stdout] 19ce54f0382ffb9f5cef3df9d8e5d576981adf14
[INFO] testing jrmoulton/dacx0501 against 1.99.0-beta.1+cargoflags=--release for beta-release-1.99-2
[INFO] running `Command { std: "git" "clone" "/workspace/cache/git-repos/https%3A%2F%2Fgithub.com%2Fjrmoulton%2Fdacx0501" "/workspace/builds/worker-4-tc2/source", kill_on_drop: false }`
[INFO] [stderr] Cloning into '/workspace/builds/worker-4-tc2/source'...
[INFO] [stderr] done.
[INFO] started tweaking git repo https://github.com/jrmoulton/dacx0501
[INFO] finished tweaking git repo https://github.com/jrmoulton/dacx0501
[INFO] tweaked toml for git repo https://github.com/jrmoulton/dacx0501 written to /workspace/builds/worker-4-tc2/source/Cargo.toml
[INFO] validating manifest of git repo https://github.com/jrmoulton/dacx0501 on toolchain 1.99.0-beta.1
[INFO] running `Command { std: CARGO_HOME="/workspace/cargo-home" RUSTUP_HOME="/workspace/rustup-home" "/workspace/cargo-home/bin/cargo" "+1.99.0-beta.1" "metadata" "--manifest-path" "Cargo.toml" "--no-deps", kill_on_drop: false }`
[INFO] crate git repo https://github.com/jrmoulton/dacx0501 already has a lockfile, it will not be regenerated
[INFO] running `Command { std: CARGO_HOME="/workspace/cargo-home" RUSTUP_HOME="/workspace/rustup-home" "/workspace/cargo-home/bin/cargo" "+1.99.0-beta.1" "fetch" "--manifest-path" "Cargo.toml", kill_on_drop: false }`
[INFO] running `Command { std: "docker" "create" "-v" "/var/lib/crater-agent-workspace/builds/worker-4-tc2/source:/opt/rustwide/workdir:ro,Z" "-v" "/var/lib/crater-agent-workspace/builds/worker-4-tc2/target:/opt/rustwide/target:rw,Z" "-v" "/var/lib/crater-agent-workspace/cargo-home:/opt/rustwide/cargo-home:ro,Z" "-v" "/var/lib/crater-agent-workspace/rustup-home:/opt/rustwide/rustup-home:ro,Z" "-m" "1610612736" "--network" "none" "ghcr.io/rust-lang/crates-build-env/linux@sha256:8683fc1fc2eb5c9ac98e0d076ab094b2ffac7f99da555d2b6a2e27f346de2ec7" "sleep" "infinity", kill_on_drop: false }`
[INFO] [stdout] e5633abaf971a7b92ec40e67c8706e0b5fd4bb470f40ec67756c43cd6a0bd658
[INFO] running `Command { std: "docker" "start" "e5633abaf971a7b92ec40e67c8706e0b5fd4bb470f40ec67756c43cd6a0bd658", kill_on_drop: false }`
[INFO] running `Command { std: "docker" "inspect" "e5633abaf971a7b92ec40e67c8706e0b5fd4bb470f40ec67756c43cd6a0bd658", kill_on_drop: false }`
[INFO] running `Command { std: "docker" "exec" "-e" "SOURCE_DIR=/opt/rustwide/workdir" "-e" "CARGO_HOME=/opt/rustwide/cargo-home" "-e" "RUSTUP_HOME=/opt/rustwide/rustup-home" "-e" "CARGO_TARGET_DIR=/opt/rustwide/target" "-w" "/opt/rustwide/workdir" "--user" "0:0" "e5633abaf971a7b92ec40e67c8706e0b5fd4bb470f40ec67756c43cd6a0bd658" "/opt/rustwide/cargo-home/bin/cargo" "+1.99.0-beta.1" "metadata" "--no-deps" "--format-version=1", kill_on_drop: false }`
[INFO] running `Command { std: "docker" "inspect" "e5633abaf971a7b92ec40e67c8706e0b5fd4bb470f40ec67756c43cd6a0bd658", kill_on_drop: false }`
[INFO] running `Command { std: "docker" "exec" "-e" "SOURCE_DIR=/opt/rustwide/workdir" "-e" "CARGO_HOME=/opt/rustwide/cargo-home" "-e" "RUSTUP_HOME=/opt/rustwide/rustup-home" "-e" "CARGO_TARGET_DIR=/opt/rustwide/target" "-e" "CARGO_INCREMENTAL=0" "-e" "RUST_BACKTRACE=full" "-e" "RUSTFLAGS=--cap-lints=warn" "-e" "RUSTDOCFLAGS=--cap-lints=warn" "-w" "/opt/rustwide/workdir" "--user" "0:0" "e5633abaf971a7b92ec40e67c8706e0b5fd4bb470f40ec67756c43cd6a0bd658" "/opt/rustwide/cargo-home/bin/cargo" "+1.99.0-beta.1" "build" "--frozen" "--message-format=json" "--release", kill_on_drop: false }`
[INFO] [stderr]    Compiling embedded-hal v1.0.0
[INFO] [stderr]    Compiling dacx0501 v0.2.2 (/opt/rustwide/workdir)
[INFO] [stderr]     Finished `release` profile [optimized] target(s) in 0.38s
[INFO] running `Command { std: "docker" "inspect" "e5633abaf971a7b92ec40e67c8706e0b5fd4bb470f40ec67756c43cd6a0bd658", kill_on_drop: false }`
[INFO] running `Command { std: "docker" "exec" "-e" "SOURCE_DIR=/opt/rustwide/workdir" "-e" "CARGO_HOME=/opt/rustwide/cargo-home" "-e" "RUSTUP_HOME=/opt/rustwide/rustup-home" "-e" "CARGO_TARGET_DIR=/opt/rustwide/target" "-e" "CARGO_INCREMENTAL=0" "-e" "RUST_BACKTRACE=full" "-e" "RUSTFLAGS=--cap-lints=warn" "-e" "RUSTDOCFLAGS=--cap-lints=warn" "-w" "/opt/rustwide/workdir" "--user" "0:0" "e5633abaf971a7b92ec40e67c8706e0b5fd4bb470f40ec67756c43cd6a0bd658" "/opt/rustwide/cargo-home/bin/cargo" "+1.99.0-beta.1" "test" "--frozen" "--no-run" "--message-format=json" "--release", kill_on_drop: false }`
[INFO] [stderr]    Compiling autocfg v1.5.1
[INFO] [stderr]    Compiling nb v1.1.0
[INFO] [stderr]    Compiling void v1.0.2
[INFO] [stderr]    Compiling nb v0.1.3
[INFO] [stderr]    Compiling embedded-hal-nb v1.0.0
[INFO] [stderr]    Compiling embedded-hal v0.2.7
[INFO] [stderr]    Compiling num-traits v0.2.19
[INFO] [stderr]    Compiling num-rational v0.3.2
[INFO] [stderr]    Compiling num-integer v0.1.46
[INFO] [stderr]    Compiling num-complex v0.3.1
[INFO] [stderr]    Compiling num-iter v0.1.46
[INFO] [stderr]    Compiling num v0.3.1
[INFO] [stderr]    Compiling embedded-time v0.12.1
[INFO] [stderr]    Compiling embedded-hal-mock v0.11.1
[INFO] [stderr]    Compiling dacx0501 v0.2.2 (/opt/rustwide/workdir)
[INFO] [stdout] warning: use of deprecated module `std::u16`: all constants in this module replaced by associated constants on the type
[INFO] [stdout]  --> tests/spi_test.rs:2:10
[INFO] [stdout]   |
[INFO] [stdout] 2 | use std::u16;
[INFO] [stdout]   |          ^^^
[INFO] [stdout]   |
[INFO] [stdout]   = note: `#[warn(deprecated)]` on by default
[INFO] [stdout] 
[INFO] [stdout] 
[INFO] [stdout] warning: use of deprecated constant `std::u16::MAX`: replaced by the `MAX` associated constant on this type
[INFO] [stdout]    --> tests/spi_test.rs:215:35
[INFO] [stdout]     |
[INFO] [stdout] 215 |         d12.set_output_level(u16::MAX),
[INFO] [stdout]     |                                   ^^^
[INFO] [stdout] 
[INFO] [stdout] 
[INFO] [stderr]     Finished `release` profile [optimized] target(s) in 5.79s
[INFO] running `Command { std: "docker" "inspect" "e5633abaf971a7b92ec40e67c8706e0b5fd4bb470f40ec67756c43cd6a0bd658", kill_on_drop: false }`
[INFO] running `Command { std: "docker" "exec" "-e" "SOURCE_DIR=/opt/rustwide/workdir" "-e" "CARGO_HOME=/opt/rustwide/cargo-home" "-e" "RUSTUP_HOME=/opt/rustwide/rustup-home" "-e" "CARGO_TARGET_DIR=/opt/rustwide/target" "-e" "CARGO_INCREMENTAL=0" "-e" "RUST_BACKTRACE=full" "-e" "RUSTFLAGS=--cap-lints=warn" "-e" "RUSTDOCFLAGS=--cap-lints=warn" "-w" "/opt/rustwide/workdir" "--user" "0:0" "e5633abaf971a7b92ec40e67c8706e0b5fd4bb470f40ec67756c43cd6a0bd658" "/opt/rustwide/cargo-home/bin/cargo" "+1.99.0-beta.1" "test" "--frozen" "--release", kill_on_drop: false }`
[INFO] [stderr] warning: use of deprecated module `std::u16`: all constants in this module replaced by associated constants on the type
[INFO] [stderr]  --> tests/spi_test.rs:2:10
[INFO] [stderr]   |
[INFO] [stderr] 2 | use std::u16;
[INFO] [stderr]   |          ^^^
[INFO] [stderr]   |
[INFO] [stderr]   = note: `#[warn(deprecated)]` on by default
[INFO] [stderr] 
[INFO] [stderr] warning: use of deprecated constant `std::u16::MAX`: replaced by the `MAX` associated constant on this type
[INFO] [stderr]    --> tests/spi_test.rs:215:35
[INFO] [stderr]     |
[INFO] [stderr] 215 |         d12.set_output_level(u16::MAX),
[INFO] [stderr]     |                                   ^^^
[INFO] [stderr] 
[INFO] [stderr] warning: `dacx0501` (test "spi_test") generated 2 warnings
[INFO] [stderr]     Finished `release` profile [optimized] target(s) in 0.03s
[INFO] [stderr]      Running unittests src/lib.rs (/opt/rustwide/target/release/deps/dacx0501-d2a984aafdf90aed)
[INFO] [stdout] 
[INFO] [stdout] running 0 tests
[INFO] [stderr]      Running tests/spi_test.rs (/opt/rustwide/target/release/deps/spi_test-6a8973fdce516541)
[INFO] [stdout] 
[INFO] [stdout] test result: ok. 0 passed; 0 failed; 0 ignored; 0 measured; 0 filtered out; finished in 0.00s
[INFO] [stdout] 
[INFO] [stdout] 
[INFO] [stdout] running 14 tests
[INFO] [stdout] test construction_12 ... ok
[INFO] [stdout] test construction_14 ... ok
[INFO] [stdout] test set_buffer_gain ... ok
[INFO] [stdout] test set_output_0 ... ok
[INFO] [stdout] test set_output_mid_scale ... ok
[INFO] [stdout] test set_load_dac ... FAILED
[INFO] [stdout] test set_noop ... FAILED
[INFO] [stdout] test construction_16 ... ok
[INFO] [stdout] test set_output_max_err ... ok
[INFO] [stdout] test set_powerdown ... ok
[INFO] [stdout] test set_reference ... ok
[INFO] [stdout] test set_reference_divider ... ok
[INFO] [stdout] test set_soft_reset ... FAILED
[INFO] [stdout] test set_sync ... FAILED
[INFO] [stdout] 
[INFO] [stdout] failures:
[INFO] [stdout] 
[INFO] [stdout] ---- set_load_dac stdout ----
[INFO] [stdout] 
[INFO] [stdout] thread 'set_load_dac' (405) panicked at tests/spi_test.rs:173:5:
[INFO] [stdout] not implemented: Triggering DAC load is unsopported
[INFO] [stdout] stack backtrace:
[INFO] [stdout]    0:     0x58ea45a5d5f1 - <<std[104cf6e2632825ea]::sys::backtrace::BacktraceLock>::print::DisplayBacktrace as core[7c831bd917ebf35f]::fmt::Display>::fmt
[INFO] [stdout]    1:     0x58ea45a71aea - core[7c831bd917ebf35f]::fmt::write
[INFO] [stdout]    2:     0x58ea45a61dac - <alloc[2fdc3f7464fcf288]::vec::Vec<u8> as core[7c831bd917ebf35f]::io::write::Write>::write_fmt
[INFO] [stdout]    3:     0x58ea45a39bd6 - std[104cf6e2632825ea]::panicking::default_hook::{closure#0}
[INFO] [stdout]    4:     0x58ea45a55d09 - std[104cf6e2632825ea]::panicking::default_hook
[INFO] [stdout]    5:     0x58ea459f1e30 - test[73009c9f9aebf890]::test_main_inner::<test[73009c9f9aebf890]::test_main_static::{closure#0}>::{closure#0}
[INFO] [stdout]    6:     0x58ea45a55ec2 - std[104cf6e2632825ea]::panicking::panic_with_hook
[INFO] [stdout]    7:     0x58ea45a39cb4 - std[104cf6e2632825ea]::panicking::panic_handler::{closure#0}
[INFO] [stdout]    8:     0x58ea45a32629 - std[104cf6e2632825ea]::sys::backtrace::__rust_end_short_backtrace::<std[104cf6e2632825ea]::panicking::panic_handler::{closure#0}, !>
[INFO] [stdout]    9:     0x58ea45a3a87d - __rustc[b0d56fa5b193ad05]::rust_begin_unwind
[INFO] [stdout]   10:     0x58ea45a7221c - core[7c831bd917ebf35f]::panicking::panic_fmt
[INFO] [stdout]   11:     0x58ea459e29f8 - spi_test[fa814ac3019fc39d]::set_load_dac
[INFO] [stdout]   12:     0x58ea459e35b6 - <spi_test[fa814ac3019fc39d]::set_load_dac::{closure#0} as core[7c831bd917ebf35f]::ops::function::FnOnce<()>>::call_once
[INFO] [stdout]   13:     0x58ea459e511b - test[73009c9f9aebf890]::__rust_begin_short_backtrace::<core[7c831bd917ebf35f]::result::Result<(), alloc[2fdc3f7464fcf288]::string::String>, fn() -> core[7c831bd917ebf35f]::result::Result<(), alloc[2fdc3f7464fcf288]::string::String>>
[INFO] [stdout]   14:     0x58ea459f2785 - test[73009c9f9aebf890]::run_test::{closure#0}
[INFO] [stdout]   15:     0x58ea459ebb44 - std[104cf6e2632825ea]::sys::backtrace::__rust_begin_short_backtrace::<test[73009c9f9aebf890]::run_test::{closure#1}, ()>
[INFO] [stdout]   16:     0x58ea459f58e2 - <std[104cf6e2632825ea]::thread::lifecycle::spawn_unchecked<test[73009c9f9aebf890]::run_test::{closure#1}, ()>::{closure#1} as core[7c831bd917ebf35f]::ops::function::FnOnce<()>>::call_once::{shim:vtable#0}
[INFO] [stdout]   17:     0x58ea45a5cec9 - <std[104cf6e2632825ea]::sys::thread::unix::Thread>::new::thread_start
[INFO] [stdout]   18:     0x780a07f4b07a - <unknown>
[INFO] [stdout]   19:     0x780a07fde534 - clone
[INFO] [stdout]   20:                0x0 - <unknown>
[INFO] [stdout] 
[INFO] [stdout] ---- set_noop stdout ----
[INFO] [stdout] 
[INFO] [stdout] thread 'set_noop' (406) panicked at tests/spi_test.rs:50:5:
[INFO] [stdout] not implemented: Writing to NOOP not supported
[INFO] [stdout] stack backtrace:
[INFO] [stdout]    0:     0x58ea45a5d5f1 - <<std[104cf6e2632825ea]::sys::backtrace::BacktraceLock>::print::DisplayBacktrace as core[7c831bd917ebf35f]::fmt::Display>::fmt
[INFO] [stdout]    1:     0x58ea45a71aea - core[7c831bd917ebf35f]::fmt::write
[INFO] [stdout]    2:     0x58ea45a61dac - <alloc[2fdc3f7464fcf288]::vec::Vec<u8> as core[7c831bd917ebf35f]::io::write::Write>::write_fmt
[INFO] [stdout]    3:     0x58ea45a39bd6 - std[104cf6e2632825ea]::panicking::default_hook::{closure#0}
[INFO] [stdout]    4:     0x58ea45a55d09 - std[104cf6e2632825ea]::panicking::default_hook
[INFO] [stdout]    5:     0x58ea459f1e30 - test[73009c9f9aebf890]::test_main_inner::<test[73009c9f9aebf890]::test_main_static::{closure#0}>::{closure#0}
[INFO] [stdout]    6:     0x58ea45a55ec2 - std[104cf6e2632825ea]::panicking::panic_with_hook
[INFO] [stdout]    7:     0x58ea45a39cb4 - std[104cf6e2632825ea]::panicking::panic_handler::{closure#0}
[INFO] [stdout]    8:     0x58ea45a32629 - std[104cf6e2632825ea]::sys::backtrace::__rust_end_short_backtrace::<std[104cf6e2632825ea]::panicking::panic_handler::{closure#0}, !>
[INFO] [stdout]    9:     0x58ea45a3a87d - __rustc[b0d56fa5b193ad05]::rust_begin_unwind
[INFO] [stdout]   10:     0x58ea45a7221c - core[7c831bd917ebf35f]::panicking::panic_fmt
[INFO] [stdout]   11:     0x58ea459e4ebd - <spi_test[fa814ac3019fc39d]::set_noop::{closure#0} as core[7c831bd917ebf35f]::ops::function::FnOnce<()>>::call_once
[INFO] [stdout]   12:     0x58ea459e511b - test[73009c9f9aebf890]::__rust_begin_short_backtrace::<core[7c831bd917ebf35f]::result::Result<(), alloc[2fdc3f7464fcf288]::string::String>, fn() -> core[7c831bd917ebf35f]::result::Result<(), alloc[2fdc3f7464fcf288]::string::String>>
[INFO] [stdout]   13:     0x58ea459f2785 - test[73009c9f9aebf890]::run_test::{closure#0}
[INFO] [stdout]   14:     0x58ea459ebb44 - std[104cf6e2632825ea]::sys::backtrace::__rust_begin_short_backtrace::<test[73009c9f9aebf890]::run_test::{closure#1}, ()>
[INFO] [stdout]   15:     0x58ea459f58e2 - <std[104cf6e2632825ea]::thread::lifecycle::spawn_unchecked<test[73009c9f9aebf890]::run_test::{closure#1}, ()>::{closure#1} as core[7c831bd917ebf35f]::ops::function::FnOnce<()>>::call_once::{shim:vtable#0}
[INFO] [stdout]   16:     0x58ea45a5cec9 - <std[104cf6e2632825ea]::sys::thread::unix::Thread>::new::thread_start
[INFO] [stdout]   17:     0x780a07f4b07a - <unknown>
[INFO] [stdout]   18:     0x780a07fde534 - clone
[INFO] [stdout]   19:                0x0 - <unknown>
[INFO] [stdout] 
[INFO] [stdout] ---- set_soft_reset stdout ----
[INFO] [stdout] 
[INFO] [stdout] thread 'set_soft_reset' (413) panicked at tests/spi_test.rs:186:5:
[INFO] [stdout] not implemented: Soft reset not supported
[INFO] [stdout] stack backtrace:
[INFO] [stdout]    0:     0x58ea45a5d5f1 - <<std[104cf6e2632825ea]::sys::backtrace::BacktraceLock>::print::DisplayBacktrace as core[7c831bd917ebf35f]::fmt::Display>::fmt
[INFO] [stdout]    1:     0x58ea45a71aea - core[7c831bd917ebf35f]::fmt::write
[INFO] [stdout]    2:     0x58ea45a61dac - <alloc[2fdc3f7464fcf288]::vec::Vec<u8> as core[7c831bd917ebf35f]::io::write::Write>::write_fmt
[INFO] [stdout]    3:     0x58ea45a39bd6 - std[104cf6e2632825ea]::panicking::default_hook::{closure#0}
[INFO] [stdout]    4:     0x58ea45a55d09 - std[104cf6e2632825ea]::panicking::default_hook
[INFO] [stdout]    5:     0x58ea459f1e30 - test[73009c9f9aebf890]::test_main_inner::<test[73009c9f9aebf890]::test_main_static::{closure#0}>::{closure#0}
[INFO] [stderr] error: test failed, to rerun pass `--test spi_test`
[INFO] [stdout]    6:     0x58ea45a55ec2 - std[104cf6e2632825ea]::panicking::panic_with_hook
[INFO] [stdout]    7:     0x58ea45a39cb4 - std[104cf6e2632825ea]::panicking::panic_handler::{closure#0}
[INFO] [stdout]    8:     0x58ea45a32629 - std[104cf6e2632825ea]::sys::backtrace::__rust_end_short_backtrace::<std[104cf6e2632825ea]::panicking::panic_handler::{closure#0}, !>
[INFO] [stdout]    9:     0x58ea45a3a87d - __rustc[b0d56fa5b193ad05]::rust_begin_unwind
[INFO] [stdout]   10:     0x58ea45a7221c - core[7c831bd917ebf35f]::panicking::panic_fmt
[INFO] [stdout]   11:     0x58ea459e41cd - <spi_test[fa814ac3019fc39d]::set_soft_reset::{closure#0} as core[7c831bd917ebf35f]::ops::function::FnOnce<()>>::call_once
[INFO] [stdout]   12:     0x58ea459e511b - test[73009c9f9aebf890]::__rust_begin_short_backtrace::<core[7c831bd917ebf35f]::result::Result<(), alloc[2fdc3f7464fcf288]::string::String>, fn() -> core[7c831bd917ebf35f]::result::Result<(), alloc[2fdc3f7464fcf288]::string::String>>
[INFO] [stdout]   13:     0x58ea459f2785 - test[73009c9f9aebf890]::run_test::{closure#0}
[INFO] [stdout]   14:     0x58ea459ebb44 - std[104cf6e2632825ea]::sys::backtrace::__rust_begin_short_backtrace::<test[73009c9f9aebf890]::run_test::{closure#1}, ()>
[INFO] [stdout]   15:     0x58ea459f58e2 - <std[104cf6e2632825ea]::thread::lifecycle::spawn_unchecked<test[73009c9f9aebf890]::run_test::{closure#1}, ()>::{closure#1} as core[7c831bd917ebf35f]::ops::function::FnOnce<()>>::call_once::{shim:vtable#0}
[INFO] [stdout]   16:     0x58ea45a5cec9 - <std[104cf6e2632825ea]::sys::thread::unix::Thread>::new::thread_start
[INFO] [stdout]   17:     0x780a07f4b07a - <unknown>
[INFO] [stdout]   18:     0x780a07fde534 - clone
[INFO] [stdout]   19:                0x0 - <unknown>
[INFO] [stdout] 
[INFO] [stdout] ---- set_sync stdout ----
[INFO] [stdout] 
[INFO] [stdout] thread 'set_sync' (414) panicked at tests/spi_test.rs:68:5:
[INFO] [stdout] not implemented: Enabling sync not supported
[INFO] [stdout] stack backtrace:
[INFO] [stdout]    0:     0x58ea45a5d5f1 - <<std[104cf6e2632825ea]::sys::backtrace::BacktraceLock>::print::DisplayBacktrace as core[7c831bd917ebf35f]::fmt::Display>::fmt
[INFO] [stdout]    1:     0x58ea45a71aea - core[7c831bd917ebf35f]::fmt::write
[INFO] [stdout]    2:     0x58ea45a61dac - <alloc[2fdc3f7464fcf288]::vec::Vec<u8> as core[7c831bd917ebf35f]::io::write::Write>::write_fmt
[INFO] [stdout]    3:     0x58ea45a39bd6 - std[104cf6e2632825ea]::panicking::default_hook::{closure#0}
[INFO] [stdout]    4:     0x58ea45a55d09 - std[104cf6e2632825ea]::panicking::default_hook
[INFO] [stdout]    5:     0x58ea459f1e30 - test[73009c9f9aebf890]::test_main_inner::<test[73009c9f9aebf890]::test_main_static::{closure#0}>::{closure#0}
[INFO] [stdout]    6:     0x58ea45a55ec2 - std[104cf6e2632825ea]::panicking::panic_with_hook
[INFO] [stdout]    7:     0x58ea45a39cb4 - std[104cf6e2632825ea]::panicking::panic_handler::{closure#0}
[INFO] [stdout]    8:     0x58ea45a32629 - std[104cf6e2632825ea]::sys::backtrace::__rust_end_short_backtrace::<std[104cf6e2632825ea]::panicking::panic_handler::{closure#0}, !>
[INFO] [stdout]    9:     0x58ea45a3a87d - __rustc[b0d56fa5b193ad05]::rust_begin_unwind
[INFO] [stdout]   10:     0x58ea45a7221c - core[7c831bd917ebf35f]::panicking::panic_fmt
[INFO] [stdout]   11:     0x58ea459e504d - <spi_test[fa814ac3019fc39d]::set_sync::{closure#0} as core[7c831bd917ebf35f]::ops::function::FnOnce<()>>::call_once
[INFO] [stdout]   12:     0x58ea459e511b - test[73009c9f9aebf890]::__rust_begin_short_backtrace::<core[7c831bd917ebf35f]::result::Result<(), alloc[2fdc3f7464fcf288]::string::String>, fn() -> core[7c831bd917ebf35f]::result::Result<(), alloc[2fdc3f7464fcf288]::string::String>>
[INFO] [stdout]   13:     0x58ea459f2785 - test[73009c9f9aebf890]::run_test::{closure#0}
[INFO] [stdout]   14:     0x58ea459ebb44 - std[104cf6e2632825ea]::sys::backtrace::__rust_begin_short_backtrace::<test[73009c9f9aebf890]::run_test::{closure#1}, ()>
[INFO] [stdout]   15:     0x58ea459f58e2 - <std[104cf6e2632825ea]::thread::lifecycle::spawn_unchecked<test[73009c9f9aebf890]::run_test::{closure#1}, ()>::{closure#1} as core[7c831bd917ebf35f]::ops::function::FnOnce<()>>::call_once::{shim:vtable#0}
[INFO] [stdout]   16:     0x58ea45a5cec9 - <std[104cf6e2632825ea]::sys::thread::unix::Thread>::new::thread_start
[INFO] [stdout]   17:     0x780a07f4b07a - <unknown>
[INFO] [stdout]   18:     0x780a07fde534 - clone
[INFO] [stdout]   19:                0x0 - <unknown>
[INFO] [stdout] 
[INFO] [stdout] 
[INFO] [stdout] failures:
[INFO] [stdout]     set_load_dac
[INFO] [stdout]     set_noop
[INFO] [stdout]     set_soft_reset
[INFO] [stdout]     set_sync
[INFO] [stdout] 
[INFO] [stdout] test result: FAILED. 10 passed; 4 failed; 0 ignored; 0 measured; 0 filtered out; finished in 0.01s
[INFO] [stdout] 
[INFO] running `Command { std: "docker" "inspect" "e5633abaf971a7b92ec40e67c8706e0b5fd4bb470f40ec67756c43cd6a0bd658", kill_on_drop: false }`
[INFO] running `Command { std: "docker" "rm" "-f" "e5633abaf971a7b92ec40e67c8706e0b5fd4bb470f40ec67756c43cd6a0bd658", kill_on_drop: false }`
[INFO] [stdout] e5633abaf971a7b92ec40e67c8706e0b5fd4bb470f40ec67756c43cd6a0bd658
